-- Table structure for table `ops_personne_morale_audit`
--

CREATE TABLE `ops_personne_morale_audit` (
  `id` char(36) NOT NULL,
  `parent_id` char(36) NOT NULL,
  `date_created` datetime DEFAULT NULL,
  `created_by` varchar(36) DEFAULT NULL,
  `field_name` varchar(100) DEFAULT NULL,
  `data_type` varchar(100) DEFAULT NULL,
  `before_value_string` varchar(255) DEFAULT NULL,
  `after_value_string` varchar(255) DEFAULT NULL,
  `before_value_text` text DEFAULT NULL,
  `after_value_text` text DEFAULT NULL,
  PRIMARY KEY (`id`),
  KEY `idx_ops_personne_morale_parent_id` (`parent_id`)
) ENGINE=MyISAM DEFAULT CHARSET=utf8mb3 COLLATE=utf8mb3_general_ci;

--
-- Dumping data for table `ops_personne_morale_audit`
--

INSERT INTO `ops_personne_morale_audit` VALUES ('dd799f7d-a66d-bc1f-3ea7-66e40275de1a','61bfa23d-bed6-48e4-77b0-66e3ff27c15a','2024-09-13 09:14:37','1','effectif','enum','','11',NULL,NULL),('6d6629eb-c307-8e39-f236-66e4025e5ecc','3776353d-ed20-8a5d-d3fb-66e40020ee6f','2024-09-13 09:15:08','984bab36-6ea9-3a3f-cc48-66e15b39ccb8','phone_office','phone','06.08.27.25.20','06 08 27 25 20',NULL,NULL),('6d87c4e4-a3ff-10dc-77fd-66e402697061','3776353d-ed20-8a5d-d3fb-66e40020ee6f','2024-09-13 09:15:08','984bab36-6ea9-3a3f-cc48-66e15b39ccb8','siret','varchar','494-670-821-00011','494 670 821 00011',NULL,NULL),('6d984c80-1051-061b-fdde-66e402f70935','3776353d-ed20-8a5d-d3fb-66e40020ee6f','2024-09-13 09:15:08','984bab36-6ea9-3a3f-cc48-66e15b39ccb8','secteur_activite','enum','commerce_artisanat','',NULL,NULL),('6da82cb2-7885-9959-85fa-66e40272f704','3776353d-ed20-8a5d-d3fb-66e40020ee6f','2024-09-13 09:15:08','984bab36-6ea9-3a3f-cc48-66e15b39ccb8','thematique','multienum',NULL,NULL,'N',''),('a441e4f1-e9e8-f9fc-d6fb-66e40344d616','3776353d-ed20-8a5d-d3fb-66e40020ee6f','2024-09-13 09:18:14','984bab36-6ea9-3a3f-cc48-66e15b39ccb8','secteur_activite','enum','','commerce_artisanat',NULL,NULL),('a461eaa8-aa6b-0ad2-55e1-66e4034925b6','3776353d-ed20-8a5d-d3fb-66e40020ee6f','2024-09-13 09:18:14','984bab36-6ea9-3a3f-cc48-66e15b39ccb8','thematique','multienum',NULL,NULL,'N',''),('104ce6d9-a7b6-f2d1-e5b4-67336a814060','7b350470-14ba-0c35-7ed9-673367d75d19','2024-11-12 14:47:39','1','effectif','enum','','1',NULL,NULL),('10c4346e-afef-8bc3-5d4c-67336a63f1bd','7b350470-14ba-0c35-7ed9-673367d75d19','2024-11-12 14:47:39','1','secteur_activite','enum','','agriculture_agroalimentaire',NULL,NULL),('dbaffb45-80ed-c276-fe7e-6756beefd199','650e0e0c-ae31-7695-766a-674d8a7c0195','2024-12-09 09:54:39','c4250303-bf3c-53d5-45a9-66e15bb9cb43','phone_office','phone','04.71.43.84.37','04 71 43 84 37',NULL,NULL),('dc0e9462-d812-97f4-a8bb-6756beb81d0f','650e0e0c-ae31-7695-766a-674d8a7c0195','2024-12-09 09:54:39','c4250303-bf3c-53d5-45a9-66e15bb9cb43','website','url','','http://',NULL,NULL),('dc20fd61-c33b-43d3-5648-6756befa5d02','650e0e0c-ae31-7695-766a-674d8a7c0195','2024-12-09 09:54:39','c4250303-bf3c-53d5-45a9-66e15bb9cb43','thematique','multienum',NULL,NULL,'N',''),('64890308-7d90-0f64-9f68-67a5d6782b32','8d5b2138-a898-e0f6-2793-67a5d544248f','2025-02-07 09:45:16','984bab36-6ea9-3a3f-cc48-66e15b39ccb8','name','name','QQ','QQ DE QL FAMILY',NULL,NULL),('64f40a70-0a75-81c9-3129-67a5d6186f79','8d5b2138-a898-e0f6-2793-67a5d544248f','2025-02-07 09:45:16','984bab36-6ea9-3a3f-cc48-66e15b39ccb8','thematique','multienum',NULL,NULL,'N',''),('d1d6ced6-9504-dbd0-bb2d-67a5d7385cb0','8d5b2138-a898-e0f6-2793-67a5d544248f','2025-02-07 09:50:17','984bab36-6ea9-3a3f-cc48-66e15b39ccb8','name','name','QQ DE QL FAMILY','QL',NULL,NULL),('d1f1969a-3eb9-8d38-b2f2-67a5d75afd6b','8d5b2138-a898-e0f6-2793-67a5d544248f','2025-02-07 09:50:17','984bab36-6ea9-3a3f-cc48-66e15b39ccb8','thematique','multienum',NULL,NULL,'N',''),('268fc212-a5d0-ad3b-6852-67aa086e12e9','22cdea5d-431d-166d-d5ae-67aa073730fe','2025-02-10 14:09:52','c4250303-bf3c-53d5-45a9-66e15bb9cb43','name','name','ASSO1','SP_ASSO1',NULL,NULL),('270a7997-8fe7-8cac-87ec-67aa08521579','22cdea5d-431d-166d-d5ae-67aa073730fe','2025-02-10 14:09:52','c4250303-bf3c-53d5-45a9-66e15bb9cb43','website','url','','http://',NULL,NULL),('271d80ac-d4c9-217d-a9ff-67aa08b7ad5d','22cdea5d-431d-166d-d5ae-67aa073730fe','2025-02-10 14:09:52','c4250303-bf3c-53d5-45a9-66e15bb9cb43','siret','varchar','111-111-111-11112','111 111 111 11112',NULL,NULL),('2731c34b-0513-3ff5-f4d5-67aa081f78c6','22cdea5d-431d-166d-d5ae-67aa073730fe','2025-02-10 14:09:52','c4250303-bf3c-53d5-45a9-66e15bb9cb43','thematique','multienum',NULL,NULL,'N','');

--
-- Table structure for table `ops_personne_morale_documents`
--

CREATE TABLE `ops_personne_morale_documents` (
  `id` varchar(36) NOT NULL,
  `date_modified` datetime DEFAULT NULL,
  `deleted` tinyint(1) DEFAULT 0,
  `ops_personne_morale_id` varchar(36) DEFAULT NULL,
  `document_id` varchar(36) DEFAULT NULL,
  `document_revision_id` varchar(36) DEFAULT NULL,
  PRIMARY KEY (`id`),
  KEY `ops_personne_morale_documents_ida1` (`ops_personne_morale_id`),
  KEY `ops_personne_morale_documents_alt` (`document_id`)
) ENGINE=MyISAM DEFAULT CHARSET=utf8mb3 COLLATE=utf8mb3_general_ci;

--
-- Dumping data for table `ops_personne_morale_documents`
--


--
-- Table structure for table `ops_personne_morale_individu`
--

CREATE TABLE `ops_personne_morale_individu` (
  `id` char(36) NOT NULL,
  `name` varchar(255) DEFAULT NULL,
  `date_entered` datetime DEFAULT NULL,
  `date_modified` datetime DEFAULT NULL,
  `modified_user_id` char(36) DEFAULT NULL,
  `created_by` char(36) DEFAULT NULL,
  `description` text DEFAULT NULL,
  `deleted` tinyint(1) DEFAULT 0,
  `role` varchar(100) DEFAULT NULL,
  `acces_usager` tinyint(1) DEFAULT 0,
  `statut_clef` varchar(100) DEFAULT NULL,
  `clef` varchar(255) DEFAULT NULL,
  `date_expiration` date DEFAULT NULL,
  `responsable` tinyint(1) DEFAULT 0,
  `date_activation` date DEFAULT NULL,
  `date_revocation` date DEFAULT NULL,
  `individu_rattache` varchar(255) DEFAULT NULL,
  `mode_garde` varchar(100) DEFAULT NULL,
  `autorite_parentale` tinyint(1) DEFAULT 0,
  `referent_tarifaire` tinyint(1) DEFAULT 0,
  `payeur` varchar(100) DEFAULT NULL,
  `presence` varchar(100) DEFAULT NULL,
  `assurance_compagnie` varchar(255) DEFAULT NULL,
  `assurance_numero` varchar(255) DEFAULT NULL,
  `date_debut_validite` date DEFAULT NULL,
  `date_fin_validite` date DEFAULT NULL,
  PRIMARY KEY (`id`)
) ENGINE=InnoDB DEFAULT CHARSET=utf8mb3 COLLATE=utf8mb3_general_ci;

--
-- Dumping data for table `ops_personne_morale_individu`
--

INSERT INTO `ops_personne_morale_individu` VALUES ('13eb8582-0516-2efb-4968-68da417fcab7','','2025-09-29 08:20:50','2025-09-29 08:20:50','1','1',NULL,0,'administrateur',1,NULL,NULL,NULL,1,NULL,NULL,'Geoff RICHEZ',NULL,0,0,NULL,NULL,NULL,NULL,NULL,NULL),('33a76409-ae18-3a53-b06d-670786ed4eaa','','2024-10-10 07:45:12','2024-10-10 07:45:12','1','1',NULL,0,'parent',1,NULL,NULL,'2024-10-15',1,NULL,NULL,'Evelyne DALLOT',NULL,0,0,NULL,NULL,NULL,NULL,NULL,NULL),('351e9869-32e7-0865-26b0-68da3fa2617d','','2025-09-29 08:14:54','2025-09-29 08:14:54','1','1',NULL,0,'administrateur',1,NULL,NULL,NULL,1,NULL,NULL,'Christine DEMONFOND',NULL,0,0,NULL,NULL,NULL,NULL,NULL,NULL),('404af413-75bd-6d6f-3642-66e3ff05185e','','2024-09-13 09:02:51','2024-09-13 09:02:51','1','1',NULL,0,NULL,0,'nouveau','MmlY9u8tmCyE','2024-09-18',0,NULL,NULL,NULL,NULL,0,0,NULL,NULL,NULL,NULL,NULL,NULL),('4156500b-1d9a-7134-ec9b-67aa07261371','','2025-02-10 14:05:34','2025-02-10 14:05:34','1','1',NULL,0,'administrateur',1,NULL,NULL,NULL,1,NULL,NULL,'Sylvain PILORGET',NULL,0,0,NULL,NULL,NULL,NULL,NULL,NULL),('47d66edf-2438-a3ea-38fd-68e3bf6be9e6','','2025-10-06 13:07:24','2025-10-06 13:07:24','1','1',NULL,0,'gerant',1,NULL,NULL,NULL,1,NULL,NULL,'Olivier PEYLET',NULL,0,0,NULL,NULL,NULL,NULL,NULL,NULL),('4e5cfe26-0398-50b8-b5bf-68da421f241e','','2025-09-29 08:27:23','2025-09-29 08:28:05','1','1',NULL,0,'medecin',1,'utilise','qs6rh7GfY2Uq',NULL,0,'2025-09-29',NULL,'Damien VINCELOT',NULL,0,0,NULL,NULL,NULL,NULL,NULL,NULL),('4eefce12-4c26-021b-bcf7-68b6a15d357e','','2025-09-02 07:47:58','2025-09-02 07:47:58','984bab36-6ea9-3a3f-cc48-66e15b39ccb8','984bab36-6ea9-3a3f-cc48-66e15b39ccb8',NULL,0,'employe',1,'','',NULL,1,NULL,NULL,'Alice BELGACEM','',0,0,'','','','',NULL,NULL),('5019d190-dbdf-582d-4175-67aa064c963a','','2025-02-10 14:02:06','2025-02-10 14:02:06','1','1',NULL,0,'contact',1,NULL,NULL,NULL,1,NULL,NULL,'Maxime LENOIR',NULL,0,0,NULL,NULL,NULL,NULL,NULL,NULL),('5349d57d-8ba3-074a-0d12-68da43d65792','','2025-09-29 08:31:04','2025-09-29 08:31:04','1','1',NULL,0,NULL,0,'nouveau','UQaaBmwEMAPl',NULL,0,NULL,NULL,NULL,NULL,0,0,NULL,NULL,NULL,NULL,NULL,NULL),('5670f2d7-fd45-614e-0b60-68e3be9af24e','','2025-10-06 13:06:33','2025-10-06 13:06:33','1','1',NULL,0,'tresorier',1,NULL,NULL,NULL,1,NULL,NULL,'Natalia THIBERT',NULL,0,0,NULL,NULL,NULL,NULL,NULL,NULL),('56dc7933-5ea5-dcd2-591d-68b6f8b9d6c7','','2025-09-02 14:01:07','2025-09-02 14:01:07','1','1',NULL,0,'parent',1,NULL,NULL,NULL,1,NULL,NULL,'Alice BELGACEM',NULL,0,0,NULL,NULL,NULL,NULL,NULL,NULL),('5731598e-402d-add8-aea8-67a5d0e112e6','','2025-02-07 09:22:00','2025-02-07 09:22:00','1','1',NULL,0,NULL,0,'nouveau','XqFWuZ7rxNPb',NULL,0,NULL,NULL,NULL,NULL,0,0,NULL,NULL,NULL,NULL,NULL,NULL),('59ac6291-7517-f356-e2cd-68da435cc355','','2025-09-29 08:30:47','2025-09-29 08:32:16','1','1',NULL,0,'secretaire',1,'utilise','TeQ1N6Ro62pp',NULL,0,'2025-09-29',NULL,'Christine DEMONFOND',NULL,0,0,NULL,NULL,NULL,NULL,NULL,NULL),('59ba625e-2883-5ed3-e442-68b6fc26ee41','','2025-09-02 14:18:00','2025-09-02 14:18:00','1','1',NULL,0,'enfant',0,NULL,NULL,NULL,0,NULL,NULL,'Blabla BLABLA',NULL,0,0,NULL,NULL,NULL,NULL,NULL,NULL),('5d296e42-4ff5-75a2-fe00-66f556fef2e9','','2024-09-26 12:40:16','2024-09-26 12:40:16','1','1',NULL,0,NULL,0,'nouveau','UZ0MaQ6ZVYrK','2024-10-01',0,NULL,NULL,NULL,NULL,0,0,NULL,NULL,NULL,NULL,NULL,NULL),('5e477044-2760-b433-5e5b-66e400d2788e','','2024-09-13 09:05:11','2024-09-13 09:05:11','1','1',NULL,0,'daf',1,NULL,NULL,'2024-09-18',1,NULL,NULL,'Laurent DÉOUX',NULL,0,0,NULL,NULL,NULL,NULL,NULL,NULL),('5ff1019c-ceb4-71de-2762-66e402c9417b','','2024-09-13 09:15:19','2025-11-04 13:36:32','1','1',NULL,1,'employe',1,NULL,NULL,'2024-09-18',1,NULL,NULL,'Patricia DUBESSY',NULL,0,0,NULL,NULL,NULL,NULL,NULL,NULL),('64c81486-f209-f834-54fa-68da420e4668','','2025-09-29 08:25:50','2025-09-29 08:25:50','1','1',NULL,0,'administrateur',1,NULL,NULL,NULL,1,NULL,NULL,'Natalia THIBERT',NULL,0,0,NULL,NULL,NULL,NULL,NULL,NULL),('6d7c4ff7-975e-424b-5c38-66e3ff433c8f','','2024-09-13 09:01:40','2024-09-13 09:01:40','1','1',NULL,0,'president',1,NULL,NULL,'2024-09-18',1,NULL,NULL,'Sara CHAHBI',NULL,0,0,NULL,NULL,NULL,NULL,NULL,NULL),('734bbdd7-b1e4-77a8-ac84-674d8a436ded','','2024-12-02 10:20:49','2024-12-02 10:20:49','1','1',NULL,0,'parent',1,NULL,NULL,'2024-12-07',1,NULL,NULL,'Elsa DESHAIES',NULL,0,0,NULL,NULL,NULL,NULL,NULL,NULL),('7615702c-9f9f-68f6-f14c-67a5d1223783','','2025-02-07 09:24:46','2025-02-07 09:25:57','1','1',NULL,0,'parent',0,'revoque',NULL,NULL,0,NULL,'2025-02-07','Monsieur Test TOTO',NULL,0,0,NULL,NULL,NULL,NULL,NULL,NULL),('7758fac0-2b74-3221-ece8-682348302107','','2025-05-13 13:25:15','2025-05-13 13:25:15','1','1',NULL,0,'president',1,NULL,NULL,NULL,1,NULL,NULL,'Delphine DEJOLLAT',NULL,0,0,NULL,NULL,NULL,NULL,NULL,NULL),('7abc7696-71ca-dc59-79f1-68e3c123ff24','','2025-10-06 13:19:03','2025-10-06 13:19:03','1','1',NULL,0,'tresorier',1,'','',NULL,1,NULL,NULL,'Monsieur Damien VINCELOT','',0,0,'','','','',NULL,NULL),('7f5d0b4b-9455-a5c1-8949-673368c066e3','','2024-11-12 14:38:42','2024-11-12 14:38:42','1','1',NULL,0,'administrateur',1,NULL,NULL,'2024-11-17',1,NULL,NULL,'Cédric GALOU',NULL,0,0,NULL,NULL,NULL,NULL,NULL,NULL),('80fe7200-0062-25fe-1fc3-66e4000db6c2','','2024-09-13 09:07:43','2024-09-13 09:07:43','1','1',NULL,0,'employe',1,NULL,NULL,'2024-09-18',1,NULL,NULL,'Philippe ASTIER',NULL,0,0,NULL,NULL,NULL,NULL,NULL,NULL),('82caf351-c39f-897a-cc76-67a5d3fceb04','','2025-02-07 09:31:56','2025-02-07 09:31:56','1','1',NULL,0,'parent',1,NULL,NULL,NULL,1,NULL,NULL,'Catherine PICHON',NULL,0,0,NULL,NULL,NULL,NULL,NULL,NULL),('874f96ed-dbfc-5709-8e08-673367e74220','','2024-11-12 14:35:35','2024-11-12 14:35:35','1','1',NULL,0,'president',1,NULL,NULL,'2024-11-17',1,NULL,NULL,'Nicolas D',NULL,0,0,NULL,NULL,NULL,NULL,NULL,NULL),('8c960e22-dba7-ef77-b8a4-68fa284e3538','','2025-10-23 13:06:07','2025-10-23 13:06:07','1','1',NULL,0,'administrateur',1,NULL,NULL,NULL,1,NULL,NULL,'Alessio BEDARD',NULL,0,0,NULL,NULL,NULL,NULL,NULL,NULL),('8f8c2c9a-7461-c2ac-8906-670517f3096a','','2024-10-08 11:28:02','2024-10-08 11:28:02','1','1',NULL,0,'contact',1,'','','2024-10-13',0,NULL,NULL,'Natalia THIBERT','',0,0,'','','','',NULL,NULL),('957c6ad8-7857-4611-4413-67336a7b0e4a','','2024-11-12 14:45:24','2024-11-12 14:45:24','1','1',NULL,0,'administrateur',1,NULL,NULL,'2024-11-17',1,NULL,NULL,'Sara CHAHBI',NULL,0,0,NULL,NULL,NULL,NULL,NULL,NULL),('a1e5d90b-7f1f-f10c-31d3-67a5d131b2b5','','2025-02-07 09:24:12','2025-02-07 09:24:12','1','1',NULL,0,'parent',1,NULL,NULL,NULL,1,NULL,NULL,'Sara CHAHBI',NULL,0,0,NULL,NULL,NULL,NULL,NULL,NULL),('a31e8017-1e71-2b7c-14e9-66f413945094','','2024-09-25 13:42:50','2024-09-25 13:42:50','1','1',NULL,0,NULL,0,'nouveau','P3nibsQETsWx','2024-09-30',0,NULL,NULL,NULL,NULL,0,0,NULL,NULL,NULL,NULL,NULL,NULL),('a6216985-0edf-fdc6-3ac1-68da44267d4d','','2025-09-29 08:35:26','2025-09-29 08:35:26','1','1',NULL,0,NULL,0,'nouveau','FOlJTnOTJ28Y',NULL,0,NULL,NULL,NULL,NULL,0,0,NULL,NULL,NULL,NULL,NULL,NULL),('ac5c028c-d47f-e0e0-7b82-67337210c0d9','','2024-11-12 15:21:46','2024-11-12 15:21:46','1','1',NULL,0,'gerant',1,NULL,NULL,'2024-11-17',1,NULL,NULL,'Noram DEGLAS',NULL,0,0,NULL,NULL,NULL,NULL,NULL,NULL),('b87dc9e7-ac9a-4bb5-117b-67a5d16bb83e','','2025-02-07 09:25:08','2025-02-07 09:25:08','1','1',NULL,0,'enfant',0,NULL,NULL,NULL,0,NULL,NULL,'Lina TOTO',NULL,0,0,NULL,NULL,NULL,NULL,NULL,NULL),('ba455f2f-98ee-0aa8-99e4-66e406f1891a','','2024-09-13 09:29:38','2024-09-13 09:29:38','1','1',NULL,0,'administrateur',1,NULL,NULL,'2024-09-18',1,NULL,NULL,'Formation6 LANTEAS',NULL,0,0,NULL,NULL,NULL,NULL,NULL,NULL),('baa1a2fa-28bf-9347-4e96-67a5d2e456ff','','2025-02-07 09:29:13','2025-02-07 09:29:13','1','1',NULL,0,'tresorier',1,NULL,NULL,NULL,1,NULL,NULL,'Thomas GOBIN',NULL,0,0,NULL,NULL,NULL,NULL,NULL,NULL),('c416bcf2-a0d1-1c70-e87b-68da3f77679b','','2025-09-29 08:12:48','2025-09-29 08:12:48','1','1',NULL,0,'tuteur',1,NULL,NULL,NULL,1,NULL,NULL,'Damien VINCELOT',NULL,0,0,NULL,NULL,NULL,NULL,NULL,NULL),('d02b8530-a472-08b0-ed5d-6707895e8e00','','2024-10-10 08:00:21','2024-10-10 08:00:21','1','1',NULL,0,'parent',1,NULL,NULL,'2024-10-15',1,NULL,NULL,'Ee CH',NULL,0,0,NULL,NULL,NULL,NULL,NULL,NULL),('d03a3bde-f71e-86d1-49b6-66e402037524','','2024-09-13 09:14:15','2024-09-13 09:14:15','1','1',NULL,0,'drh',1,NULL,NULL,'2024-09-18',1,NULL,NULL,'Philippe ASTIER',NULL,0,0,NULL,NULL,NULL,NULL,NULL,NULL),('e212ba09-0007-2c30-376e-682347e8d441','','2025-05-13 13:23:51','2025-05-13 13:23:51','1','1',NULL,0,'a_preciser',1,NULL,NULL,NULL,1,NULL,NULL,'Marc GABILLAT',NULL,0,0,NULL,NULL,NULL,NULL,NULL,NULL),('e6ef7a6c-fb06-6c65-da62-674d89763189','','2024-12-02 10:19:37','2024-12-02 10:19:37','1','1',NULL,0,'enfant',1,NULL,NULL,'2024-12-07',1,NULL,NULL,'Sara CHAHBI',NULL,0,0,NULL,NULL,NULL,NULL,NULL,NULL),('eee5c2bc-7104-e8f5-2755-66e3fac82dea','','2024-09-13 08:39:29','2024-09-13 08:39:29','1','1',NULL,0,'administrateur',1,NULL,NULL,'2024-09-18',1,NULL,NULL,'Val CHAZ',NULL,0,0,NULL,NULL,NULL,NULL,NULL,NULL);

--
-- Table structure for table `ops_personne_morale_individu_2_ops_calendrier_garde`
--

CREATE TABLE `ops_personne_morale_individu_2_ops_calendrier_garde` (
  `id` varchar(36) NOT NULL,
  `date_modified` datetime DEFAULT NULL,
  `deleted` tinyint(1) DEFAULT 0,
  `ops_personne_morale_individu_id2` varchar(36) DEFAULT NULL,
  `ops_calendrier_garde_id` varchar(36) DEFAULT NULL,
  PRIMARY KEY (`id`),
  KEY `ops_personne_morale_individu_2_ops_calendrier_garde_ida1` (`ops_personne_morale_individu_id2`),
  KEY `ops_personne_morale_individu_2_ops_calendrier_garde_alt` (`ops_calendrier_garde_id`)
) ENGINE=InnoDB DEFAULT CHARSET=utf8mb3 COLLATE=utf8mb3_general_ci;

--
-- Dumping data for table `ops_personne_morale_individu_2_ops_calendrier_garde`
--


--
-- Table structure for table `ops_personne_morale_individu_audit`
--

CREATE TABLE `ops_personne_morale_individu_audit` (
  `id` char(36) NOT NULL,
  `parent_id` char(36) NOT NULL,
  `date_created` datetime DEFAULT NULL,
  `created_by` varchar(36) DEFAULT NULL,
  `field_name` varchar(100) DEFAULT NULL,
  `data_type` varchar(100) DEFAULT NULL,
  `before_value_string` varchar(255) DEFAULT NULL,
  `after_value_string` varchar(255) DEFAULT NULL,
  `before_value_text` text DEFAULT NULL,
  `after_value_text` text DEFAULT NULL,
  PRIMARY KEY (`id`),
  KEY `idx_ops_personne_morale_individu_parent_id` (`parent_id`)
) ENGINE=InnoDB DEFAULT CHARSET=utf8mb3 COLLATE=utf8mb3_general_ci;

--
-- Dumping data for table `ops_personne_morale_individu_audit`
--

INSERT INTO `ops_personne_morale_individu_audit` VALUES ('31355e6b-7277-86ca-29d3-68da431065a6','4e5cfe26-0398-50b8-b5bf-68da421f241e','2025-09-29 08:28:05','1','role','enum','','medecin',NULL,NULL),('3231280e-8e32-19e3-a5a7-68da43b7c438','4e5cfe26-0398-50b8-b5bf-68da421f241e','2025-09-29 08:28:05','1','acces_usager','bool','0','1',NULL,NULL),('32c18b20-b177-6998-71f4-68da4361eff5','4e5cfe26-0398-50b8-b5bf-68da421f241e','2025-09-29 08:28:05','1','statut_clef','enum','nouveau','utilise',NULL,NULL),('3356305f-5ec6-406e-466f-68da439833bc','4e5cfe26-0398-50b8-b5bf-68da421f241e','2025-09-29 08:28:05','1','individu_rattache','varchar','','Damien VINCELOT',NULL,NULL),('33a91fc9-b16c-978a-5844-68da4377a385','4e5cfe26-0398-50b8-b5bf-68da421f241e','2025-09-29 08:28:05','1','date_activation','date','','2025-09-29',NULL,NULL),('3eb93bff-20b6-e66f-a849-67a5d1461d0a','7615702c-9f9f-68f6-f14c-67a5d1223783','2025-02-07 09:25:57','1','statut_clef','enum','','revoque',NULL,NULL),('3fca625a-0236-351b-babf-67a5d1c5dcb9','7615702c-9f9f-68f6-f14c-67a5d1223783','2025-02-07 09:25:57','1','date_revocation','date','','2025-02-07',NULL,NULL),('953c7c98-0609-dfa0-044f-68da44f324ba','59ac6291-7517-f356-e2cd-68da435cc355','2025-09-29 08:32:16','1','role','enum','','secretaire',NULL,NULL),('959cb3eb-cef0-274b-a6c4-68da4477a0bd','59ac6291-7517-f356-e2cd-68da435cc355','2025-09-29 08:32:16','1','acces_usager','bool','0','1',NULL,NULL),('962a95ef-9779-970f-1988-68da44e1b622','59ac6291-7517-f356-e2cd-68da435cc355','2025-09-29 08:32:16','1','statut_clef','enum','nouveau','utilise',NULL,NULL),('96f679c2-f036-2a46-eea8-68da44ec75c8','59ac6291-7517-f356-e2cd-68da435cc355','2025-09-29 08:32:16','1','individu_rattache','varchar','','Christine DEMONFOND',NULL,NULL),('9758091b-473a-9a8c-c03f-68da440ad0ab','59ac6291-7517-f356-e2cd-68da435cc355','2025-09-29 08:32:16','1','date_activation','date','','2025-09-29',NULL,NULL);

--
-- Table structure for table `ops_personne_morale_individu_ops_calendrier_garde`
--

CREATE TABLE `ops_personne_morale_individu_ops_calendrier_garde` (
  `id` varchar(36) NOT NULL,
  `date_modified` datetime DEFAULT NULL,
  `deleted` tinyint(1) DEFAULT 0,
  `ops_personne_morale_individu_id` varchar(36) DEFAULT NULL,
  `ops_calendrier_garde_id` varchar(36) DEFAULT NULL,
  PRIMARY KEY (`id`),
  KEY `ops_personne_morale_individu_ops_calendrier_garde_ida1` (`ops_personne_morale_individu_id`),
  KEY `ops_personne_morale_individu_ops_calendrier_garde_alt` (`ops_calendrier_garde_id`)
) ENGINE=InnoDB DEFAULT CHARSET=utf8mb3 COLLATE=utf8mb3_general_ci;

--
-- Dumping data for table `ops_personne_morale_individu_ops_calendrier_garde`
--


--
-- Table structure for table `ops_personne_morale_notes`
--

CREATE TABLE `ops_personne_morale_notes` (
  `id` varchar(36) NOT NULL,
  `date_modified` datetime DEFAULT NULL,
  `deleted` tinyint(1) DEFAULT 0,
  `ops_personne_morale_id` varchar(36) DEFAULT NULL,
  `note_id` varchar(36) DEFAULT NULL,
  PRIMARY KEY (`id`),
  KEY `ops_personne_morale_notes_ida1` (`ops_personne_morale_id`),
  KEY `ops_personne_morale_notes_alt` (`note_id`)
) ENGINE=MyISAM DEFAULT CHARSET=utf8mb3 COLLATE=utf8mb3_general_ci;

--
-- Dumping data for table `ops_personne_morale_notes`
--


--
-- Table structure for table `ops_personne_morale_ops_domiciliation`
--

CREATE TABLE `ops_personne_morale_ops_domiciliation` (
  `id` varchar(36) NOT NULL,
  `date_modified` datetime DEFAULT NULL,
  `deleted` tinyint(1) DEFAULT 0,
  `ops_personne_morale_id` varchar(36) DEFAULT NULL,
  `ops_domiciliation_id` varchar(36) DEFAULT NULL,
  PRIMARY KEY (`id`),
  KEY `ops_personne_morale_ops_domiciliation_ida1` (`ops_personne_morale_id`),
  KEY `ops_personne_morale_ops_domiciliation_alt` (`ops_domiciliation_id`)
) ENGINE=MyISAM DEFAULT CHARSET=utf8mb3 COLLATE=utf8mb3_general_ci;

--
-- Dumping data for table `ops_personne_morale_ops_domiciliation`
--


--
-- Table structure for table `ops_personne_morale_ops_dossier`
--

CREATE TABLE `ops_personne_morale_ops_dossier` (
  `id` varchar(36) NOT NULL,
  `date_modified` datetime DEFAULT NULL,
  `deleted` tinyint(1) DEFAULT 0,
  `ops_personne_morale_id` varchar(36) DEFAULT NULL,
  `ops_dossier_id` varchar(36) DEFAULT NULL,
  PRIMARY KEY (`id`),
  KEY `ops_personne_morale_ops_dossier_ida1` (`ops_personne_morale_id`),
  KEY `ops_personne_morale_ops_dossier_alt` (`ops_dossier_id`)
) ENGINE=MyISAM DEFAULT CHARSET=utf8mb3 COLLATE=utf8mb3_general_ci;

--
-- Dumping data for table `ops_personne_morale_ops_dossier`
--


--
-- Table structure for table `ops_personne_morale_ops_historique_adresse`
--

CREATE TABLE `ops_personne_morale_ops_historique_adresse` (
  `id` varchar(36) NOT NULL,
  `date_modified` datetime DEFAULT NULL,
  `deleted` tinyint(1) DEFAULT 0,
  `ops_personne_morale_id` varchar(36) DEFAULT NULL,
  `ops_historique_adresse_id` varchar(36) DEFAULT NULL,
  PRIMARY KEY (`id`),
  KEY `ops_personne_morale_ops_historique_adresse_ida1` (`ops_personne_morale_id`),
  KEY `ops_personne_morale_ops_historique_adresse_alt` (`ops_historique_adresse_id`)
) ENGINE=InnoDB DEFAULT CHARSET=utf8mb3 COLLATE=utf8mb3_general_ci;

--
-- Dumping data for table `ops_personne_morale_ops_historique_adresse`
--


--
-- Table structure for table `ops_personne_morale_ops_individu`
--

CREATE TABLE `ops_personne_morale_ops_individu` (
  `id` varchar(36) NOT NULL,
  `date_modified` datetime DEFAULT NULL,
  `deleted` tinyint(1) DEFAULT 0,
  `ops_personne_morale_id` varchar(36) DEFAULT NULL,
  `ops_individu_id` varchar(36) DEFAULT NULL,
  PRIMARY KEY (`id`),
  KEY `ops_personne_morale_ops_individu_alt` (`ops_personne_morale_id`,`ops_individu_id`)
) ENGINE=MyISAM DEFAULT CHARSET=utf8mb3 COLLATE=utf8mb3_general_ci;

--
-- Dumping data for table `ops_personne_morale_ops_individu`
--


--
-- Table structure for table `ops_personne_morale_ops_information_fiscale`
--

CREATE TABLE `ops_personne_morale_ops_information_fiscale` (
  `id` varchar(36) NOT NULL,
  `date_modified` datetime DEFAULT NULL,
  `deleted` tinyint(1) DEFAULT 0,
  `ops_personne_morale_id` varchar(36) DEFAULT NULL,
  `ops_information_fiscale_id` varchar(36) DEFAULT NULL,
  PRIMARY KEY (`id`),
  KEY `ops_personne_morale_ops_information_fiscale_ida1` (`ops_personne_morale_id`),
  KEY `ops_personne_morale_ops_information_fiscale_alt` (`ops_information_fiscale_id`)
) ENGINE=InnoDB DEFAULT CHARSET=utf8mb3 COLLATE=utf8mb3_general_ci;

--
-- Dumping data for table `ops_personne_morale_ops_information_fiscale`
--


--
-- Table structure for table `ops_personne_morale_ops_justificatif`
--

CREATE TABLE `ops_personne_morale_ops_justificatif` (
  `id` varchar(36) NOT NULL,
  `date_modified` datetime DEFAULT NULL,
  `deleted` tinyint(1) DEFAULT 0,
  `ops_personne_morale_id` varchar(36) DEFAULT NULL,
  `ops_justificatif_id` varchar(36) DEFAULT NULL,
  PRIMARY KEY (`id`),
  KEY `ops_personne_morale_ops_justificatif_ida1` (`ops_personne_morale_id`),
  KEY `ops_personne_morale_ops_justificatif_alt` (`ops_justificatif_id`)
) ENGINE=InnoDB DEFAULT CHARSET=utf8mb3 COLLATE=utf8mb3_general_ci;

--
-- Dumping data for table `ops_personne_morale_ops_justificatif`
--

INSERT INTO `ops_personne_morale_ops_justificatif` VALUES ('3b85a63a-47c3-f002-5676-682c47b05583','2025-05-20 09:12:18',0,'81b97988-eec6-8385-fdc0-6823477af871','25cf0ec0-5ff6-7a6d-025f-682c4713bfc5'),('53f2006d-fa76-83de-4130-682c46f994fe','2025-05-20 09:07:10',0,'81b97988-eec6-8385-fdc0-6823477af871','e59f59e5-a031-caf5-4052-682c46b9776c'),('bbd8efca-53f9-c994-1f1a-68346398dbe3','2025-05-26 12:49:08',0,'81b97988-eec6-8385-fdc0-6823477af871','af74b3f8-f176-99ee-7d01-683463a5fc66');

--
-- Table structure for table `ops_personne_morale_ops_personne_morale_individu`
--

CREATE TABLE `ops_personne_morale_ops_personne_morale_individu` (
  `id` varchar(36) NOT NULL,
  `date_modified` datetime DEFAULT NULL,
  `deleted` tinyint(1) DEFAULT 0,
  `ops_personne_morale_id` varchar(36) DEFAULT NULL,
  `ops_personne_morale_individu_id` varchar(36) DEFAULT NULL,
  PRIMARY KEY (`id`),
  KEY `ops_personne_morale_ops_personne_morale_individu_ida1` (`ops_personne_morale_id`),
  KEY `ops_personne_morale_ops_personne_morale_individu_alt` (`ops_personne_morale_individu_id`)
) ENGINE=InnoDB DEFAULT CHARSET=utf8mb3 COLLATE=utf8mb3_general_ci;

--
-- Dumping data for table `ops_personne_morale_ops_personne_morale_individu`
--

INSERT INTO `ops_personne_morale_ops_personne_morale_individu` VALUES ('14496856-c85b-f19d-f551-68da41cb50b8','2025-09-29 08:20:50',0,'e21bd1f0-fb08-9e39-8a4a-68da4132f23a','13eb8582-0516-2efb-4968-68da417fcab7'),('33f8d768-f7ed-9ee1-c8f9-670786ed283c','2024-10-10 07:45:12',0,'18a7d7b1-b308-603a-4768-67078602b2ef','33a76409-ae18-3a53-b06d-670786ed4eaa'),('3576514f-4a61-6651-f9d5-68da3f6a6d1d','2025-09-29 08:14:54',0,'f3fe06ca-4619-ef03-67b4-68da3fe11506','351e9869-32e7-0865-26b0-68da3fa2617d'),('40ca494c-5855-2300-bb24-66e3ff833d84','2024-09-13 09:02:51',0,'61bfa23d-bed6-48e4-77b0-66e3ff27c15a','404af413-75bd-6d6f-3642-66e3ff05185e'),('41b1199e-0e3a-f918-9d20-67aa07d98db6','2025-02-10 14:05:34',0,'22cdea5d-431d-166d-d5ae-67aa073730fe','4156500b-1d9a-7134-ec9b-67aa07261371'),('482c8666-3106-011d-79f6-68e3bf23b1d9','2025-10-06 13:07:24',0,'26d45266-1b3f-3be2-39c7-68e3bf5ec1ce','47d66edf-2438-a3ea-38fd-68e3bf6be9e6'),('4ea44ff2-3295-5383-a202-68da426e7976','2025-09-29 08:27:23',0,'404e9648-e78b-3c2d-d850-68da420c18d2','4e5cfe26-0398-50b8-b5bf-68da421f241e'),('50f67f23-5f97-fcc4-e05a-67aa0672ddb3','2025-02-10 14:02:06',0,'2526f1bf-75a8-abad-e04e-67aa06155727','5019d190-dbdf-582d-4175-67aa064c963a'),('520508c4-c24f-fa3a-7861-68b6a1600ea3','2025-09-02 07:47:58',0,'95cc217a-c46c-f5f9-7335-68b6a0f5c9e2','4eefce12-4c26-021b-bcf7-68b6a15d357e'),('538e922e-2036-5d60-d3d2-68da436592cc','2025-09-29 08:31:04',0,'404e9648-e78b-3c2d-d850-68da420c18d2','5349d57d-8ba3-074a-0d12-68da43d65792'),('56d927d2-7dd8-e5f0-05cc-68e3be01f619','2025-10-06 13:06:33',0,'3303a4d7-1754-4491-8787-68e3be5c7faf','5670f2d7-fd45-614e-0b60-68e3be9af24e'),('5749de98-202e-00ad-5257-68b6f88b71f9','2025-09-02 14:01:07',0,'326718ed-cc95-7d92-bb50-68b6f8770ac4','56dc7933-5ea5-dcd2-591d-68b6f8b9d6c7'),('57893c22-93b2-2d5e-7199-67a5d0151c43','2025-02-07 09:22:00',0,'61bfa23d-bed6-48e4-77b0-66e3ff27c15a','5731598e-402d-add8-aea8-67a5d0e112e6'),('59fd00ca-f08b-afdb-2978-68da431e93a8','2025-09-29 08:30:47',0,'404e9648-e78b-3c2d-d850-68da420c18d2','59ac6291-7517-f356-e2cd-68da435cc355'),('59fe4820-122b-e2c5-f358-68b6fc021e8d','2025-09-02 14:18:00',0,'326718ed-cc95-7d92-bb50-68b6f8770ac4','59ba625e-2883-5ed3-e442-68b6fc26ee41'),('5db97d8d-66c9-0639-00b2-66f556f2ae8a','2024-09-26 12:40:16',0,'61bfa23d-bed6-48e4-77b0-66e3ff27c15a','5d296e42-4ff5-75a2-fe00-66f556fef2e9'),('5e9727e4-380b-073f-9b1d-66e4009e7093','2024-09-13 09:05:11',0,'3776353d-ed20-8a5d-d3fb-66e40020ee6f','5e477044-2760-b433-5e5b-66e400d2788e'),('65251f84-56cb-10bf-b63b-68da423d4c88','2025-09-29 08:25:50',0,'404e9648-e78b-3c2d-d850-68da420c18d2','64c81486-f209-f834-54fa-68da420e4668'),('68380e45-44e7-f561-88df-66e402689d52','2025-11-04 13:36:32',1,'ea8ec2fd-23d3-0858-353a-66e4023cfdb9','5ff1019c-ceb4-71de-2762-66e402c9417b'),('6dcd3858-540d-8cb4-cf49-66e3ff31b03b','2024-09-13 09:01:40',0,'61bfa23d-bed6-48e4-77b0-66e3ff27c15a','6d7c4ff7-975e-424b-5c38-66e3ff433c8f'),('73937618-0d56-4fc5-dad2-674d8ada8b8c','2024-12-02 10:20:49',0,'650e0e0c-ae31-7695-766a-674d8a7c0195','734bbdd7-b1e4-77a8-ac84-674d8a436ded'),('7656b5f0-d36f-20e5-f92a-67a5d116fa3f','2025-02-07 09:24:46',0,'853c9f6f-3b59-36df-9fb9-67a5d109c2c2','7615702c-9f9f-68f6-f14c-67a5d1223783'),('77b26e61-c6f5-b6e2-83db-682348c203e6','2025-05-13 13:25:15',0,'4eb8453f-d088-a217-cbb0-682348ddd5cd','7758fac0-2b74-3221-ece8-682348302107'),('7be127cb-2f46-06a3-aa9d-68e3c191a7c5','2025-10-06 13:19:03',0,'404e9648-e78b-3c2d-d850-68da420c18d2','7abc7696-71ca-dc59-79f1-68e3c123ff24'),('7fa97495-3ab7-05d2-3583-673368746514','2024-11-12 14:38:42',0,'733523ec-91b4-fc4f-65c5-6733688525aa','7f5d0b4b-9455-a5c1-8949-673368c066e3'),('816e601c-f4a3-a7b6-9636-66e400c51c1f','2024-09-13 09:07:43',0,'71492415-b84e-dda1-621b-66e400e031be','80fe7200-0062-25fe-1fc3-66e4000db6c2'),('832443c0-f611-c8de-1b89-67a5d3bc5b3b','2025-02-07 09:31:56',0,'68436796-a537-430f-51c3-67a5d37fd8af','82caf351-c39f-897a-cc76-67a5d3fceb04'),('893e8969-8348-3b28-0391-673367414ff3','2024-11-12 14:35:35',0,'7b350470-14ba-0c35-7ed9-673367d75d19','874f96ed-dbfc-5709-8e08-673367e74220'),('91ac03d9-9c00-76d0-e90c-670517b17b4e','2024-10-08 11:28:02',0,'71492415-b84e-dda1-621b-66e400e031be','8f8c2c9a-7461-c2ac-8906-670517f3096a'),('95f52136-c4c7-7dd7-7c25-67336a7d1a5c','2024-11-12 14:45:24',0,'892916a6-fb24-05eb-105e-67336adff301','957c6ad8-7857-4611-4413-67336a7b0e4a'),('96dd0e42-6ec7-d1b4-d5d2-68fa28552bde','2025-10-23 13:06:07',0,'b8a5d114-c5b2-9721-646f-68fa2821399b','8c960e22-dba7-ef77-b8a4-68fa284e3538'),('a2331993-633b-30c2-b7f0-67a5d1d48227','2025-02-07 09:24:12',0,'853c9f6f-3b59-36df-9fb9-67a5d109c2c2','a1e5d90b-7f1f-f10c-31d3-67a5d131b2b5'),('a38cf985-9ecb-3038-362f-66f4132fcb40','2024-09-25 13:42:50',0,'61bfa23d-bed6-48e4-77b0-66e3ff27c15a','a31e8017-1e71-2b7c-14e9-66f413945094'),('a66983df-5f3d-e30e-5c04-68da44fd9016','2025-09-29 08:35:26',0,'404e9648-e78b-3c2d-d850-68da420c18d2','a6216985-0edf-fdc6-3ac1-68da44267d4d'),('b12c0078-39aa-62ec-b225-6733720e8126','2024-11-12 15:21:46',0,'35fa076b-b609-9291-c831-673372973600','ac5c028c-d47f-e0e0-7b82-67337210c0d9'),('b8c3d541-9d9e-1f42-e539-67a5d173365d','2025-02-07 09:25:08',0,'853c9f6f-3b59-36df-9fb9-67a5d109c2c2','b87dc9e7-ac9a-4bb5-117b-67a5d16bb83e'),('ba8bb5e3-2f43-f08e-02ad-66e40688f2a6','2024-09-13 09:29:38',0,'ae3f3f23-a8b7-51e6-2ad9-66e406933c79','ba455f2f-98ee-0aa8-99e4-66e406f1891a'),('baf03ad7-8410-1c55-06cb-67a5d286a404','2025-02-07 09:29:13',0,'ee50f578-e704-d9eb-2961-67a5d224e2f3','baa1a2fa-28bf-9347-4e96-67a5d2e456ff'),('c4d4f98c-2c70-7247-78fb-68da3f7835b3','2025-09-29 08:12:48',0,'9e6d9e0f-a093-b050-8acc-68da3fa18ccd','c416bcf2-a0d1-1c70-e87b-68da3f77679b'),('d07e1318-e1ad-7e72-2f5c-66e4025f61db','2024-09-13 09:14:15',0,'c540bcd9-c445-e66f-3c6d-66e402b720e2','d03a3bde-f71e-86d1-49b6-66e402037524'),('d083db12-15e6-2317-9fd0-6707896b28c0','2024-10-10 08:00:21',0,'c824a724-e6db-0834-a095-670789595a1c','d02b8530-a472-08b0-ed5d-6707895e8e00'),('e2807d4b-bd38-6ae3-c2b6-68234772073a','2025-05-13 13:23:51',0,'81b97988-eec6-8385-fdc0-6823477af871','e212ba09-0007-2c30-376e-682347e8d441'),('e7be1cd8-6771-114c-bc58-674d89bb3ea7','2024-12-02 10:19:37',0,'c81b3ecf-92d8-7ba5-da59-674d89d16d9f','e6ef7a6c-fb06-6c65-da62-674d89763189'),('ef88443c-7336-069f-bdab-66e3fafc15f6','2024-09-13 08:39:29',0,'e2f49972-f8d6-8f88-ce30-66e3faa20320','eee5c2bc-7104-e8f5-2755-66e3fac82dea');

--
-- Table structure for table `ops_piece`
--

CREATE TABLE `ops_piece` (
  `id` char(36) NOT NULL,
  `name` varchar(255) DEFAULT NULL,
  `date_entered` datetime DEFAULT NULL,
  `date_modified` datetime DEFAULT NULL,
  `modified_user_id` char(36) DEFAULT NULL,
  `created_by` char(36) DEFAULT NULL,
  `description` text DEFAULT NULL,
  `deleted` tinyint(1) DEFAULT 0,
  `assigned_user_id` char(36) DEFAULT NULL,
  PRIMARY KEY (`id`)
) ENGINE=MyISAM DEFAULT CHARSET=utf8mb3 COLLATE=utf8mb3_general_ci;

--
-- Dumping data for table `ops_piece`
--


--
-- Table structure for table `ops_piece_audit`
--

CREATE TABLE `ops_piece_audit` (
  `id` char(36) NOT NULL,
  `parent_id` char(36) NOT NULL,
  `date_created` datetime DEFAULT NULL,
  `created_by` varchar(36) DEFAULT NULL,
  `field_name` varchar(100) DEFAULT NULL,
  `data_type` varchar(100) DEFAULT NULL,
  `before_value_string` varchar(255) DEFAULT NULL,
  `after_value_string` varchar(255) DEFAULT NULL,
  `before_value_text` text DEFAULT NULL,
  `after_value_text` text DEFAULT NULL,
  PRIMARY KEY (`id`),
  KEY `idx_ops_piece_parent_id` (`parent_id`)
) ENGINE=MyISAM DEFAULT CHARSET=utf8mb3 COLLATE=utf8mb3_general_ci;

--
-- Dumping data for table `ops_piece_audit`
--


--
-- Table structure for table `ops_plage_ouverture`
--

CREATE TABLE `ops_plage_ouverture` (
  `id` char(36) NOT NULL,
  `name` varchar(255) DEFAULT NULL,
  `date_entered` datetime DEFAULT NULL,
  `date_modified` datetime DEFAULT NULL,
  `modified_user_id` char(36) DEFAULT NULL,
  `created_by` char(36) DEFAULT NULL,
  `description` text DEFAULT NULL,
  `deleted` tinyint(1) DEFAULT 0,
  `assigned_user_id` char(36) DEFAULT NULL,
  `jours` varchar(100) DEFAULT 'lundi',
  `a_partir_de` varchar(255) DEFAULT NULL,
  `jusqu_a` varchar(255) DEFAULT NULL,
  `nb_disponible` int(255) DEFAULT NULL,
  `nb_disponible_bo` int(255) DEFAULT NULL,
  `recurrence_date_deb` date DEFAULT NULL,
  `date_derniere_occurrence` date DEFAULT NULL,
  `recurrence` varchar(255) DEFAULT NULL,
  `recurrence_active` tinyint(1) DEFAULT NULL,
  `date_derniere_maj` datetime DEFAULT NULL,
  PRIMARY KEY (`id`)
) ENGINE=MyISAM DEFAULT CHARSET=utf8mb3 COLLATE=utf8mb3_general_ci;

--
-- Dumping data for table `ops_plage_ouverture`
--

INSERT INTO `ops_plage_ouverture` VALUES ('5fdb7e8e-2cb7-723a-a925-6425c616ceb3','1','2023-03-30 17:28:01','2023-03-30 17:28:14','1','1',NULL,0,'','jeudi','08:00','18:00',2,2,NULL,NULL,'* undefined undefined',0,NULL),('f35f9c04-7c30-516c-f938-6425c66d61dc','2','2023-03-30 17:28:41','2023-03-30 17:28:41','1','1',NULL,0,NULL,'vendredi','12:00','19:00',2,2,NULL,NULL,'* undefined undefined',0,NULL),('2cef0329-3b6d-4950-4d74-6425d0af860c','1','2023-03-30 18:08:32','2023-03-30 18:08:32','1','1',NULL,0,NULL,'dimanche','08:00','10:00',2,2,NULL,NULL,'* undefined undefined',0,NULL),('ed8aeab7-c37a-03c7-9543-65f37e34539c','Journée','2024-03-14 22:46:38','2024-03-14 22:46:38','1','1',NULL,0,NULL,'lundi','08:00','18:00',1,1,NULL,NULL,'* * *',0,NULL),('d3b6c938-0647-f568-2390-65f37e54cfbf','Réservé clubs','2024-03-14 22:47:42','2024-03-14 22:47:42','1','1',NULL,0,NULL,'mercredi','08:00','18:00',1,1,NULL,NULL,'* * *',0,NULL),('eac1a55e-c68b-7ba1-ee44-65f37e54702f','Week-end','2024-03-14 22:48:13','2024-03-14 22:48:13','1','1',NULL,0,NULL,'samedi','08:00','18:00',1,1,NULL,NULL,'* * *',0,NULL),('65913090-94a0-a803-0817-65f37e948e33','Week-end','2024-03-14 22:48:52','2024-03-14 22:48:52','1','1',NULL,0,NULL,'dimanche','08:00','17:00',1,1,NULL,NULL,'* * *',0,NULL),('abce5ef4-8296-62bd-7e66-662f50714668','Jeudi après-midi','2024-04-29 07:45:46','2024-04-29 07:45:46','1','1',NULL,0,NULL,'jeudi','14:00','18:00',1,1,NULL,NULL,'* * *',0,NULL),('146619d1-d3a5-d0f4-a879-662f50902f87','Mercredi matin','2024-04-29 07:47:26','2024-04-29 07:47:26','1','1',NULL,0,NULL,'mercredi','09:00','12:00',1,1,NULL,NULL,'* * *',0,NULL),('bb65289a-0acd-228f-8b5b-662f50251ab2','Samedi en journée','2024-04-29 07:48:34','2024-04-29 07:48:34','1','1',NULL,0,NULL,'samedi','09:00','18:00',1,1,NULL,NULL,'* * *',0,NULL),('264a014c-51af-7423-6c31-662f51047133','Samedi en soirée','2024-04-29 07:49:56','2024-04-29 07:49:56','1','1',NULL,0,NULL,'samedi','20:00','23:59',1,1,NULL,NULL,'* * *',0,NULL),('d9858afa-6512-a674-e255-662f700d5d47','Lundi matin','2024-04-29 10:02:59','2024-04-29 10:02:59','1','1',NULL,0,NULL,'lundi','09:00','18:00',1,1,NULL,NULL,'* * *',0,NULL),('86dca4fd-559e-fdab-1116-662f703f32d1','Vendredi matin','2024-04-29 10:04:39','2024-04-29 10:04:39','1','1',NULL,0,NULL,'vendredi','09:00','12:00',1,1,NULL,NULL,'* * *',0,NULL),('b83b90da-1710-fc9f-524b-662f71264e37','Lundi après-midi','2024-04-29 10:06:19','2024-04-29 10:06:19','1','1',NULL,0,NULL,'lundi','14:00','17:00',1,1,NULL,NULL,'* * *',0,NULL),('59533bb0-8806-e2de-fe1b-662f7121b52a','Vendredi après-midi','2024-04-29 10:07:06','2024-04-29 10:07:06','1','1',NULL,0,NULL,'vendredi','14:00','17:00',1,1,NULL,NULL,'* * *',0,NULL),('b407a6b7-e7fe-7509-bec0-662f71d5509f','Mardi après-midi','2024-04-29 10:08:21','2024-04-29 10:12:06','1','1',NULL,0,'','mardi','14:00','18:00',1,1,NULL,NULL,'* * *',0,NULL);

--
-- Table structure for table `ops_plage_ouverture_audit`
--

CREATE TABLE `ops_plage_ouverture_audit` (
  `id` char(36) NOT NULL,
  `parent_id` char(36) NOT NULL,
  `date_created` datetime DEFAULT NULL,
  `created_by` varchar(36) DEFAULT NULL,
  `field_name` varchar(100) DEFAULT NULL,
  `data_type` varchar(100) DEFAULT NULL,
  `before_value_string` varchar(255) DEFAULT NULL,
  `after_value_string` varchar(255) DEFAULT NULL,
  `before_value_text` text DEFAULT NULL,
  `after_value_text` text DEFAULT NULL,
  PRIMARY KEY (`id`),
  KEY `idx_ops_plage_ouverture_parent_id` (`parent_id`)
) ENGINE=MyISAM DEFAULT CHARSET=utf8mb3 COLLATE=utf8mb3_general_ci;

--
-- Dumping data for table `ops_plage_ouverture_audit`
--

INSERT INTO `ops_plage_ouverture_audit` VALUES ('b27766d1-4693-67c1-e107-662f728eb4c3','b407a6b7-e7fe-7509-bec0-662f71d5509f','2024-04-29 10:12:06','1','name','varchar','Mercredi après-midi','Mardi après-midi',NULL,NULL);

--
-- Table structure for table `ops_programmation`
--

CREATE TABLE `ops_programmation` (
  `id` char(36) NOT NULL,
  `name` varchar(255) DEFAULT NULL,
  `date_entered` datetime DEFAULT NULL,
  `date_modified` datetime DEFAULT NULL,
  `modified_user_id` char(36) DEFAULT NULL,
  `created_by` char(36) DEFAULT NULL,
  `description` longtext DEFAULT NULL,
  `deleted` tinyint(1) DEFAULT 0,
  `assigned_user_id` char(36) DEFAULT NULL,
  `type_programmation` varchar(100) DEFAULT NULL,
  `montant` int(11) DEFAULT NULL,
  `date_vote` date DEFAULT NULL,
  `date_signature` date DEFAULT NULL,
  PRIMARY KEY (`id`)
) ENGINE=InnoDB DEFAULT CHARSET=utf8mb3 COLLATE=utf8mb3_general_ci;

--
-- Dumping data for table `ops_programmation`
--

INSERT INTO `ops_programmation` VALUES ('682ae8dd-8ebc-bd69-e9a9-651adb5949b3','Programme n° A2','2023-10-02 15:02:30','2023-10-02 15:02:30','1','1','',0,NULL,'avenant',5600,NULL,NULL),('e3c8dc44-dee7-c86d-8e82-651adb3360e9','Programme n° A1','2023-10-02 15:02:12','2023-10-02 15:02:37','1','1',NULL,0,'','initiale',6000,NULL,NULL),('e4f0faeb-7be3-9a4f-6d2b-651adb0701f8','Programme n° B','2023-10-02 15:02:52','2023-10-02 15:03:01','1','1',NULL,0,'','initiale',4000,NULL,NULL);

--
-- Table structure for table `ops_programmation_audit`
--

CREATE TABLE `ops_programmation_audit` (
  `id` char(36) NOT NULL,
  `parent_id` char(36) NOT NULL,
  `date_created` datetime DEFAULT NULL,
  `created_by` varchar(36) DEFAULT NULL,
  `field_name` varchar(100) DEFAULT NULL,
  `data_type` varchar(100) DEFAULT NULL,
  `before_value_string` varchar(255) DEFAULT NULL,
  `after_value_string` varchar(255) DEFAULT NULL,
  `before_value_text` text DEFAULT NULL,
  `after_value_text` text DEFAULT NULL,
  PRIMARY KEY (`id`),
  KEY `idx_ops_programmation_parent_id` (`parent_id`)
) ENGINE=InnoDB DEFAULT CHARSET=utf8mb3 COLLATE=utf8mb3_general_ci;

--
-- Dumping data for table `ops_programmation_audit`
--

INSERT INTO `ops_programmation_audit` VALUES ('2db76ff5-0d37-eb26-e156-651adb1992b2','e4f0faeb-7be3-9a4f-6d2b-651adb0701f8','2023-10-02 15:03:01','1','montant','int','0','4000',NULL,NULL),('d7abfe7f-4f7f-f560-a942-651adbe4f5c6','e3c8dc44-dee7-c86d-8e82-651adb3360e9','2023-10-02 15:02:37','1','montant','int','0','6000',NULL,NULL);

--
-- Table structure for table `ops_programmation_documents`
--

CREATE TABLE `ops_programmation_documents` (
  `id` varchar(36) NOT NULL,
  `date_modified` datetime DEFAULT NULL,
  `deleted` tinyint(1) DEFAULT 0,
  `ops_programmation_id` varchar(36) DEFAULT NULL,
  `document_id` varchar(36) DEFAULT NULL,
  `document_revision_id` varchar(36) DEFAULT NULL,
  PRIMARY KEY (`id`),
  KEY `ops_programmation_documents_ida1` (`ops_programmation_id`),
  KEY `ops_programmation_documents_alt` (`document_id`)
) ENGINE=InnoDB DEFAULT CHARSET=utf8mb3 COLLATE=utf8mb3_general_ci;

--
-- Dumping data for table `ops_programmation_documents`
--


--
-- Table structure for table `ops_programmation_ops_dossier`
--

CREATE TABLE `ops_programmation_ops_dossier` (
  `id` varchar(36) NOT NULL,
  `date_modified` datetime DEFAULT NULL,
  `deleted` tinyint(1) DEFAULT 0,
  `ops_programmation_id` varchar(36) DEFAULT NULL,
  `ops_dossier_id` varchar(36) DEFAULT NULL,
  PRIMARY KEY (`id`),
  KEY `ops_programmation_ops_dossier_ida1` (`ops_programmation_id`),
  KEY `ops_programmation_ops_dossier_alt` (`ops_dossier_id`)
) ENGINE=InnoDB DEFAULT CHARSET=utf8mb3 COLLATE=utf8mb3_general_ci;

--
-- Dumping data for table `ops_programmation_ops_dossier`
--

INSERT INTO `ops_programmation_ops_dossier` VALUES ('25e13cc1-8378-bad1-86c3-662b9ce96542','2024-04-26 12:22:34',0,'e3c8dc44-dee7-c86d-8e82-651adb3360e9','ec29044f-995f-bf37-d33a-65fbdc633948'),('b0ca58be-9efb-de0c-8045-662b920a365e','2024-04-26 11:41:46',0,'e3c8dc44-dee7-c86d-8e82-651adb3360e9','efd2480c-54cd-8e37-9538-65044da1b799');

--
-- Table structure for table `ops_rapport`
--

CREATE TABLE `ops_rapport` (
  `id` char(36) NOT NULL,
  `name` varchar(255) DEFAULT NULL,
  `date_entered` datetime DEFAULT NULL,
  `date_modified` datetime DEFAULT NULL,
  `modified_user_id` char(36) DEFAULT NULL,
  `created_by` char(36) DEFAULT NULL,
  `description` text DEFAULT NULL,
  `deleted` tinyint(1) DEFAULT 0,
  `assigned_user_id` char(36) DEFAULT NULL,
  `parent_type` varchar(255) DEFAULT NULL,
  `parent_id` char(36) DEFAULT NULL,
  PRIMARY KEY (`id`)
) ENGINE=MyISAM DEFAULT CHARSET=utf8mb3 COLLATE=utf8mb3_general_ci;

--
-- Dumping data for table `ops_rapport`
--

INSERT INTO `ops_rapport` VALUES ('3df2935c-5364-914b-e242-6720f1ae3666','test sara','2024-10-29 14:29:04','2024-10-29 14:29:04','984bab36-6ea9-3a3f-cc48-66e15b39ccb8','984bab36-6ea9-3a3f-cc48-66e15b39ccb8',NULL,0,NULL,'AOR_Reports','a6ad9e3d-df6c-d1eb-bc33-66e40c807ac7'),('6111b2b6-831c-c8fe-217c-6720f1638fbd','mon rapport','2024-10-29 14:29:12','2024-10-29 14:29:12','984bab36-6ea9-3a3f-cc48-66e15b39ccb8','984bab36-6ea9-3a3f-cc48-66e15b39ccb8',NULL,0,NULL,'AOR_Reports','59ee08b4-43b0-8031-5e0a-66e40c2526be');

--
-- Table structure for table `ops_rapport_audit`
--

CREATE TABLE `ops_rapport_audit` (
  `id` char(36) NOT NULL,
  `parent_id` char(36) NOT NULL,
  `date_created` datetime DEFAULT NULL,
  `created_by` varchar(36) DEFAULT NULL,
  `field_name` varchar(100) DEFAULT NULL,
  `data_type` varchar(100) DEFAULT NULL,
  `before_value_string` varchar(255) DEFAULT NULL,
  `after_value_string` varchar(255) DEFAULT NULL,
  `before_value_text` text DEFAULT NULL,
  `after_value_text` text DEFAULT NULL,
  PRIMARY KEY (`id`),
  KEY `idx_ops_rapport_parent_id` (`parent_id`)
) ENGINE=MyISAM DEFAULT CHARSET=utf8mb3 COLLATE=utf8mb3_general_ci;

--
-- Dumping data for table `ops_rapport_audit`
--


--
-- Table structure for table `ops_rapport_securitygroups`
--

CREATE TABLE `ops_rapport_securitygroups` (
  `id` varchar(36) NOT NULL,
  `date_modified` datetime DEFAULT NULL,
  `deleted` tinyint(1) DEFAULT 0,
  `ops_rapport_id` varchar(36) DEFAULT NULL,
  `securitygroups_id` varchar(36) DEFAULT NULL,
  PRIMARY KEY (`id`),
  KEY `ops_rapport_securitygroups_alt` (`ops_rapport_id`,`securitygroups_id`)
) ENGINE=MyISAM DEFAULT CHARSET=utf8mb3 COLLATE=utf8mb3_general_ci;

--
-- Dumping data for table `ops_rapport_securitygroups`
--

INSERT INTO `ops_rapport_securitygroups` VALUES ('3e8794b0-c49c-5222-56d4-6720f10e32dc','2024-10-29 14:29:04',0,'3df2935c-5364-914b-e242-6720f1ae3666','219d6651-b050-8894-0847-66632076bab7'),('61559789-14c0-3c25-8b64-6720f12130de','2024-10-29 14:29:12',0,'6111b2b6-831c-c8fe-217c-6720f1638fbd','219d6651-b050-8894-0847-66632076bab7');

--
-- Table structure for table `ops_registre_suppression_dossier`
--

CREATE TABLE `ops_registre_suppression_dossier` (
  `id` char(36) NOT NULL,
  `name` varchar(255) DEFAULT NULL,
  `date_entered` datetime DEFAULT NULL,
  `date_modified` datetime DEFAULT NULL,
  `modified_user_id` char(36) DEFAULT NULL,
  `created_by` char(36) DEFAULT NULL,
  `description` text DEFAULT NULL,
  `deleted` tinyint(1) DEFAULT 0,
  `assigned_user_id` char(36) DEFAULT NULL,
  `ops_personne_morale` char(36) DEFAULT NULL,
  `ops_dispositif` char(36) DEFAULT NULL,
  `demandeur_id` char(36) DEFAULT NULL,
  `beneficiaire_id` char(36) DEFAULT NULL,
  `date_creation` date DEFAULT NULL,
  `origine_suppression` varchar(100) DEFAULT NULL,
  PRIMARY KEY (`id`)
) ENGINE=MyISAM DEFAULT CHARSET=utf8mb3 COLLATE=utf8mb3_general_ci;

--
-- Dumping data for table `ops_registre_suppression_dossier`
--

INSERT INTO `ops_registre_suppression_dossier` VALUES ('293e8072-6a46-a0ea-3a13-6677fd3bc614','34','2024-06-23 10:50:13','2024-06-23 10:50:13','1','1',NULL,0,NULL,'1ee92c9b-fe4c-020f-d483-6425d0f9c4e3','e9d37f46-c0ce-67cb-51d3-6425d9de4a0b','75d91e18-1ab7-99c3-a6be-6421f221b20b','','2023-03-30','agent'),('7e0b70e4-6121-f040-99f0-6677fd295900','9','2024-06-23 10:50:13','2024-06-23 10:50:13','1','1',NULL,0,NULL,'','a2b6f825-6d9d-e07c-bae0-64257c12186c','75d91e18-1ab7-99c3-a6be-6421f221b20b','','2023-03-30','agent'),('4d26eef8-429e-f2a7-49a8-6677fde5e51d','8','2024-06-23 10:50:13','2024-06-23 10:50:13','1','1',NULL,0,NULL,'','c3be02c8-287a-4a25-d84a-64257c174cab','75d91e18-1ab7-99c3-a6be-6421f221b20b','','2023-03-30','agent'),('d3354f06-2480-6519-36f4-6677fdf613c2','7','2024-06-23 10:50:13','2024-06-23 10:50:13','1','1',NULL,0,NULL,'','c3be02c8-287a-4a25-d84a-64257c174cab','75d91e18-1ab7-99c3-a6be-6421f221b20b','','2023-03-30','agent'),('67b98ffe-9a04-853a-a6cb-6677fd3f9685','6','2024-06-23 10:50:13','2024-06-23 10:50:13','1','1',NULL,0,NULL,'','c3be02c8-287a-4a25-d84a-64257c174cab','75d91e18-1ab7-99c3-a6be-6421f221b20b','','2023-03-30','agent'),('eaee5a82-f95b-596f-62e7-6677fd5fd680','5','2024-06-23 10:50:13','2024-06-23 10:50:13','1','1',NULL,0,NULL,'','c3be02c8-287a-4a25-d84a-64257c174cab','75d91e18-1ab7-99c3-a6be-6421f221b20b','','2023-03-30','agent'),('72841f64-a451-6dae-5953-6677fdf348b0','1','2024-06-23 10:50:13','2024-06-23 10:50:13','1','1',NULL,0,NULL,'25dd371d-dfb2-e6f1-b918-6421f3e04d30','1b493aa6-92d4-e51a-b1ec-6421f5dc12a9','75d91e18-1ab7-99c3-a6be-6421f221b20b','','2023-03-27','agent'),('ee1fc747-f74f-59f1-2b1d-6677fd16c630','123','2024-06-23 10:50:30','2024-06-23 10:50:30','1','1',NULL,0,NULL,'','9cea920f-7b82-f93e-f000-6426f5e413b2','75d91e18-1ab7-99c3-a6be-6421f221b20b','','2023-04-03','agent'),('92eff51c-cc4c-698a-38f7-6677fd74b0b6','120','2024-06-23 10:50:30','2024-06-23 10:50:30','1','1',NULL,0,NULL,'','7acae861-2064-1d9f-fc7b-64257cebed49','75d91e18-1ab7-99c3-a6be-6421f221b20b','','2023-04-03','agent'),('a94e8b67-5d1c-a896-4c64-6677fd62635d','119','2024-06-23 10:50:30','2024-06-23 10:50:30','1','1',NULL,0,NULL,'','da99e11a-81c0-a4d5-d2d3-6426daf10d6a','75d91e18-1ab7-99c3-a6be-6421f221b20b','','2023-04-03','agent'),('bf5fa045-b3b0-e2e0-7b70-6677fdd2606f','118','2024-06-23 10:50:30','2024-06-23 10:50:30','1','1',NULL,0,NULL,'','7acae861-2064-1d9f-fc7b-64257cebed49','75d91e18-1ab7-99c3-a6be-6421f221b20b','','2023-04-03','agent'),('d7a9e6be-4c6d-8e64-2762-6677fd726eee','116','2024-06-23 10:50:30','2024-06-23 10:50:30','1','1',NULL,0,NULL,'','c3be02c8-287a-4a25-d84a-64257c174cab','75d91e18-1ab7-99c3-a6be-6421f221b20b','','2023-04-03','agent'),('f052858f-1793-c056-696a-6677fd55c04d','115','2024-06-23 10:50:30','2024-06-23 10:50:30','1','1',NULL,0,NULL,'25dd371d-dfb2-e6f1-b918-6421f3e04d30','1b493aa6-92d4-e51a-b1ec-6421f5dc12a9','75d91e18-1ab7-99c3-a6be-6421f221b20b','','2023-04-03','agent'),('3a305d5f-c024-e45c-2fa3-6677fd7bab9d','114','2024-06-23 10:50:30','2024-06-23 10:50:30','1','1',NULL,0,NULL,'','7acae861-2064-1d9f-fc7b-64257cebed49','75d91e18-1ab7-99c3-a6be-6421f221b20b','','2023-04-03','agent'),('51e49a99-a877-97cb-39f7-6677fded933b','113','2024-06-23 10:50:30','2024-06-23 10:50:30','1','1',NULL,0,NULL,'','7acae861-2064-1d9f-fc7b-64257cebed49','75d91e18-1ab7-99c3-a6be-6421f221b20b','','2023-04-03','agent'),('664efc1b-166e-dad1-2b00-6677fd07ebf2','112','2024-06-23 10:50:30','2024-06-23 10:50:30','1','1',NULL,0,NULL,'','c3be02c8-287a-4a25-d84a-64257c174cab','75d91e18-1ab7-99c3-a6be-6421f221b20b','','2023-04-03','agent'),('7bfb3091-e556-5655-39e3-6677fd175cc8','111','2024-06-23 10:50:30','2024-06-23 10:50:30','1','1',NULL,0,NULL,'','da99e11a-81c0-a4d5-d2d3-6426daf10d6a','75d91e18-1ab7-99c3-a6be-6421f221b20b','','2023-04-03','agent'),('9becea3b-3254-5ebc-3bae-6677fd07be1d','109','2024-06-23 10:50:30','2024-06-23 10:50:30','1','1',NULL,0,NULL,'','9cea920f-7b82-f93e-f000-6426f5e413b2','75d91e18-1ab7-99c3-a6be-6421f221b20b','','2023-04-03','agent'),('b74f3e1f-a6da-621f-a384-6677fd638353','107','2024-06-23 10:50:30','2024-06-23 10:50:30','1','1',NULL,0,NULL,'','c3be02c8-287a-4a25-d84a-64257c174cab','75d91e18-1ab7-99c3-a6be-6421f221b20b','','2023-04-03','agent'),('cc4b846a-7b42-8c21-8dde-6677fd54696c','106','2024-06-23 10:50:30','2024-06-23 10:50:30','1','1',NULL,0,NULL,'','abdff2be-1f35-5461-76f8-6429889ae166','75d91e18-1ab7-99c3-a6be-6421f221b20b','','2023-04-02','agent'),('e234b8b1-4627-7615-28cc-6677fdba7e7e','104','2024-06-23 10:50:30','2024-06-23 10:50:30','1','1',NULL,0,NULL,'bbb24b04-e59c-675e-b3d6-6425d0f21866','17fd4279-6e25-f4eb-da74-64270451cb3e','75d91e18-1ab7-99c3-a6be-6421f221b20b','','2023-04-01','agent'),('1b589474-50fc-c1a7-5f28-6677fd7b4ffb','75','2024-06-23 10:50:30','2024-06-23 10:50:30','1','1',NULL,0,NULL,'25dd371d-dfb2-e6f1-b918-6421f3e04d30','33dc7288-deb7-f187-0f8e-6426f781f994','75d91e18-1ab7-99c3-a6be-6421f221b20b','','2023-03-31','agent'),('3988cb4e-cbb3-af22-160f-6677fd6b233f','70','2024-06-23 10:50:30','2024-06-23 10:50:30','1','1',NULL,0,NULL,'25dd371d-dfb2-e6f1-b918-6421f3e04d30','1b493aa6-92d4-e51a-b1ec-6421f5dc12a9','75d91e18-1ab7-99c3-a6be-6421f221b20b','','2023-03-31','agent'),('635fd588-aac9-e1b7-ec61-6677fdae6d89','69','2024-06-23 10:50:30','2024-06-23 10:50:30','1','1',NULL,0,NULL,'bbb24b04-e59c-675e-b3d6-6425d0f21866','51db42fa-5d94-79bc-bc29-64270421873e','75d91e18-1ab7-99c3-a6be-6421f221b20b','','2023-03-31','agent'),('87067d4e-efba-a1dd-12d0-6677fdda32f9','65','2024-06-23 10:50:30','2024-06-23 10:50:30','1','1',NULL,0,NULL,'1ee92c9b-fe4c-020f-d483-6425d0f9c4e3','e9d37f46-c0ce-67cb-51d3-6425d9de4a0b','75d91e18-1ab7-99c3-a6be-6421f221b20b','','2023-03-31','agent'),('9683e186-9b44-0d5a-6797-6677fd802d6d','64','2024-06-23 10:50:30','2024-06-23 10:50:30','1','1',NULL,0,NULL,'','da99e11a-81c0-a4d5-d2d3-6426daf10d6a','75d91e18-1ab7-99c3-a6be-6421f221b20b','','2023-03-31','agent'),('aee63a0d-d4b8-b8c8-72f7-6677fdd6b46b','63','2024-06-23 10:50:30','2024-06-23 10:50:30','1','1',NULL,0,NULL,'','9cea920f-7b82-f93e-f000-6426f5e413b2','75d91e18-1ab7-99c3-a6be-6421f221b20b','','2023-03-31','agent'),('bfedd78f-445f-cd2d-6eba-6677fd7d9c24','62','2024-06-23 10:50:30','2024-06-23 10:50:30','1','1',NULL,0,NULL,'25dd371d-dfb2-e6f1-b918-6421f3e04d30','1b493aa6-92d4-e51a-b1ec-6421f5dc12a9','75d91e18-1ab7-99c3-a6be-6421f221b20b','','2023-03-31','agent'),('cfd9aa19-7536-c526-ee19-6677fd87e212','61','2024-06-23 10:50:30','2024-06-23 10:50:30','1','1',NULL,0,NULL,'25dd371d-dfb2-e6f1-b918-6421f3e04d30','33dc7288-deb7-f187-0f8e-6426f781f994','75d91e18-1ab7-99c3-a6be-6421f221b20b','','2023-03-31','agent'),('dd360bc6-c7ea-8b08-d0a8-6677fd22b559','60','2024-06-23 10:50:30','2024-06-23 10:50:30','1','1',NULL,0,NULL,'25dd371d-dfb2-e6f1-b918-6421f3e04d30','33dc7288-deb7-f187-0f8e-6426f781f994','75d91e18-1ab7-99c3-a6be-6421f221b20b','','2023-03-31','agent'),('f15bff30-dec4-aed7-f19d-6677fda69d41','59','2024-06-23 10:50:30','2024-06-23 10:50:30','1','1',NULL,0,NULL,'25dd371d-dfb2-e6f1-b918-6421f3e04d30','33dc7288-deb7-f187-0f8e-6426f781f994','75d91e18-1ab7-99c3-a6be-6421f221b20b','','2023-03-31','agent'),('944b0b1c-f45a-67cf-4fb4-6677fd9d3a04','58','2024-06-23 10:50:30','2024-06-23 10:50:30','1','1',NULL,0,NULL,'25dd371d-dfb2-e6f1-b918-6421f3e04d30','33dc7288-deb7-f187-0f8e-6426f781f994','75d91e18-1ab7-99c3-a6be-6421f221b20b','','2023-03-31','agent'),('151d0db5-d0b8-24b9-4121-6677fdab7226','57','2024-06-23 10:50:30','2024-06-23 10:50:30','1','1',NULL,0,NULL,'25dd371d-dfb2-e6f1-b918-6421f3e04d30','33dc7288-deb7-f187-0f8e-6426f781f994','75d91e18-1ab7-99c3-a6be-6421f221b20b','','2023-03-31','agent'),('24d5a22e-f0fc-7883-271b-6677fd4b183d','55','2024-06-23 10:50:30','2024-06-23 10:50:30','1','1',NULL,0,NULL,'','da99e11a-81c0-a4d5-d2d3-6426daf10d6a','75d91e18-1ab7-99c3-a6be-6421f221b20b','','2023-03-31','agent'),('3f4df43d-6b5a-064b-a86f-6677fdb9b6e8','54','2024-06-23 10:50:30','2024-06-23 10:50:30','1','1',NULL,0,NULL,'','da99e11a-81c0-a4d5-d2d3-6426daf10d6a','75d91e18-1ab7-99c3-a6be-6421f221b20b','','2023-03-31','agent'),('5600fd4f-ca55-0b2c-cd5a-6677fdce19c5','53','2024-06-23 10:50:30','2024-06-23 10:50:30','1','1',NULL,0,NULL,'','da99e11a-81c0-a4d5-d2d3-6426daf10d6a','75d91e18-1ab7-99c3-a6be-6421f221b20b','','2023-03-31','agent'),('6ae0cc63-3fad-b512-7f5f-6677fdce8d3d','48','2024-06-23 10:50:30','2024-06-23 10:50:30','1','1',NULL,0,NULL,'','da99e11a-81c0-a4d5-d2d3-6426daf10d6a','75d91e18-1ab7-99c3-a6be-6421f221b20b','','2023-03-31','agent'),('23819243-5395-210b-1846-6677fee0cd28','141','2024-06-23 10:51:11','2024-06-23 10:51:11','1','1',NULL,0,NULL,'25dd371d-dfb2-e6f1-b918-6421f3e04d30','89590cb7-b4c7-e5a5-a79e-642b104068ff','75d91e18-1ab7-99c3-a6be-6421f221b20b','','2023-04-04','agent'),('3dd43ff5-e914-a214-748f-6677feadf2b4','134','2024-06-23 10:51:11','2024-06-23 10:51:11','1','1',NULL,0,NULL,'25dd371d-dfb2-e6f1-b918-6421f3e04d30','89590cb7-b4c7-e5a5-a79e-642b104068ff','75d91e18-1ab7-99c3-a6be-6421f221b20b','','2023-04-03','agent'),('51d95925-081d-8065-5ad0-6677fe4c2a99','133','2024-06-23 10:51:11','2024-06-23 10:51:11','1','1',NULL,0,NULL,'25dd371d-dfb2-e6f1-b918-6421f3e04d30','89590cb7-b4c7-e5a5-a79e-642b104068ff','75d91e18-1ab7-99c3-a6be-6421f221b20b','','2023-04-03','agent'),('657e5421-3dfe-e9de-e15e-6677fe776e3b','132','2024-06-23 10:51:11','2024-06-23 10:51:11','1','1',NULL,0,NULL,'25dd371d-dfb2-e6f1-b918-6421f3e04d30','89590cb7-b4c7-e5a5-a79e-642b104068ff','75d91e18-1ab7-99c3-a6be-6421f221b20b','','2023-04-03','agent'),('efed0806-8b7c-594a-212e-6677fe82fef4','131','2024-06-23 10:51:11','2024-06-23 10:51:11','1','1',NULL,0,NULL,'','7acae861-2064-1d9f-fc7b-64257cebed49','75d91e18-1ab7-99c3-a6be-6421f221b20b','','2023-04-03','agent'),('feda0b4a-c5a7-c1ea-c875-6677fe40f5e9','130','2024-06-23 10:51:11','2024-06-23 10:51:11','1','1',NULL,0,NULL,'1ee92c9b-fe4c-020f-d483-6425d0f9c4e3','e9d37f46-c0ce-67cb-51d3-6425d9de4a0b','75d91e18-1ab7-99c3-a6be-6421f221b20b','','2023-04-03','agent'),('47449b97-8e8f-3199-ce5b-6677fe1653f9','129','2024-06-23 10:51:11','2024-06-23 10:51:11','1','1',NULL,0,NULL,'','da99e11a-81c0-a4d5-d2d3-6426daf10d6a','75d91e18-1ab7-99c3-a6be-6421f221b20b','','2023-04-03','agent'),('97c9acd7-30f3-931d-79a4-6679212941b3','217','2024-06-24 07:33:46','2024-06-24 07:33:46','1','1',NULL,0,NULL,'bbb24b04-e59c-675e-b3d6-6425d0f21866','59a5525c-2260-5fc6-7a43-64285bdda194','75d91e18-1ab7-99c3-a6be-6421f221b20b','','2023-05-26','agent'),('96a2a8ea-9e7f-2d9a-8e30-66792126ff01','163','2024-06-24 07:34:59','2024-06-24 07:34:59','1','1',NULL,0,NULL,'25dd371d-dfb2-e6f1-b918-6421f3e04d30','89590cb7-b4c7-e5a5-a79e-642b104068ff','75d91e18-1ab7-99c3-a6be-6421f221b20b','','2023-04-13','agent'),('cc355b9d-61ce-8a5d-c5d1-667921d5db9f','390','2024-06-24 07:35:57','2024-06-24 07:35:57','1','1',NULL,0,NULL,'1ee92c9b-fe4c-020f-d483-6425d0f9c4e3','59a5525c-2260-5fc6-7a43-64285bdda194','7de513d8-e608-61fe-db3c-643aa818bfe9','','2024-04-04','agent'),('bc87ef05-62e0-2bea-1a5a-66792af6bfe9','144','2024-06-24 08:12:55','2024-06-24 08:12:55','1','1',NULL,0,NULL,'','9cea920f-7b82-f93e-f000-6426f5e413b2','75d91e18-1ab7-99c3-a6be-6421f221b20b','','2023-04-10','agent'),('dc693ef9-db53-3c9e-6055-66792ab32222','291','2024-06-24 08:13:42','2024-06-24 08:13:42','1','1',NULL,0,NULL,'25dd371d-dfb2-e6f1-b918-6421f3e04d30','dd218a0a-3362-d21f-0ba9-651be8716792','75d91e18-1ab7-99c3-a6be-6421f221b20b','','2023-10-03','agent'),('2b9dd467-82db-a745-dfc6-66792a149fff','224','2024-06-24 08:14:06','2024-06-24 08:14:06','1','1',NULL,0,NULL,'25dd371d-dfb2-e6f1-b918-6421f3e04d30','e9d37f46-c0ce-67cb-51d3-6425d9de4a0b','75d91e18-1ab7-99c3-a6be-6421f221b20b','','2023-05-26','agent'),('5dbb2673-b140-2f76-b86f-66792a6f1dd1','216','2024-06-24 08:14:06','2024-06-24 08:14:06','1','1',NULL,0,NULL,'25dd371d-dfb2-e6f1-b918-6421f3e04d30','e9d37f46-c0ce-67cb-51d3-6425d9de4a0b','75d91e18-1ab7-99c3-a6be-6421f221b20b','','2023-05-26','agent'),('6f0a026a-c809-dcec-2e87-66792a509e01','162','2024-06-24 08:14:06','2024-06-24 08:14:06','1','1',NULL,0,NULL,'25dd371d-dfb2-e6f1-b918-6421f3e04d30','e9d37f46-c0ce-67cb-51d3-6425d9de4a0b','75d91e18-1ab7-99c3-a6be-6421f221b20b','','2023-04-13','agent'),('84d7b843-b801-e566-9b01-66792a021ee6','150','2024-06-24 08:14:06','2024-06-24 08:14:06','1','1',NULL,0,NULL,'bbb24b04-e59c-675e-b3d6-6425d0f21866','e9d37f46-c0ce-67cb-51d3-6425d9de4a0b','75d91e18-1ab7-99c3-a6be-6421f221b20b','','2023-04-12','agent'),('9f888a4d-87e3-f8c8-88e2-66792a1ca2d3','139','2024-06-24 08:14:06','2024-06-24 08:14:06','1','1',NULL,0,NULL,'25dd371d-dfb2-e6f1-b918-6421f3e04d30','e9d37f46-c0ce-67cb-51d3-6425d9de4a0b','75d91e18-1ab7-99c3-a6be-6421f221b20b','','2023-04-04','agent'),('75d38a09-037d-f92d-f903-66792affa25a','283','2024-06-24 08:14:32','2024-06-24 08:14:32','1','1',NULL,0,NULL,'25dd371d-dfb2-e6f1-b918-6421f3e04d30','51db42fa-5d94-79bc-bc29-64270421873e','75d91e18-1ab7-99c3-a6be-6421f221b20b','','2023-09-15','agent'),('b04f52d1-4e33-17fd-0b98-66792a782034','136','2024-06-24 08:14:32','2024-06-24 08:14:32','1','1',NULL,0,NULL,'bbb24b04-e59c-675e-b3d6-6425d0f21866','51db42fa-5d94-79bc-bc29-64270421873e','75d91e18-1ab7-99c3-a6be-6421f221b20b','','2023-04-03','agent'),('3f5f6368-8d30-d6d1-4f02-6679528efb15','208','2024-06-24 11:02:22','2024-06-24 11:02:22','1','1',NULL,0,NULL,'e3af89e3-448d-07df-9ef2-6448ca44d754','1b493aa6-92d4-e51a-b1ec-6421f5dc12a9','3ca021e7-29a6-af43-141f-6448c9527cb6','','2023-04-26','agent'),('6f10ad1e-5919-0452-7509-66d84a98753b','286','2024-09-04 11:52:38','2024-09-04 11:52:38','1','1',NULL,0,NULL,'25dd371d-dfb2-e6f1-b918-6421f3e04d30','1b493aa6-92d4-e51a-b1ec-6421f5dc12a9','75d91e18-1ab7-99c3-a6be-6421f221b20b','','2023-09-23','agent'),('ca58396a-bde7-ffc1-5674-66d84a59bb70','275','2024-09-04 11:52:38','2024-09-04 11:52:38','1','1',NULL,0,NULL,'','53c09749-3b24-6a91-5f91-6429883c5613','75d91e18-1ab7-99c3-a6be-6421f221b20b','','2023-08-24','agent'),('83680a4c-655d-0f1a-a2ec-66d84a93ee5c','273','2024-09-04 11:52:38','2024-09-04 11:52:38','1','1',NULL,0,NULL,'25dd371d-dfb2-e6f1-b918-6421f3e04d30','1b493aa6-92d4-e51a-b1ec-6421f5dc12a9','75d91e18-1ab7-99c3-a6be-6421f221b20b','','2023-08-24','agent'),('854b3fdb-647e-213d-4c33-66d84a278f24','272','2024-09-04 11:52:38','2024-09-04 11:52:38','1','1',NULL,0,NULL,'25dd371d-dfb2-e6f1-b918-6421f3e04d30','1b493aa6-92d4-e51a-b1ec-6421f5dc12a9','75d91e18-1ab7-99c3-a6be-6421f221b20b','','2023-08-24','agent'),('cc9cdbac-b4f3-cd7d-f274-66d84a5b0f1a','225','2024-09-04 11:52:38','2024-09-04 11:52:38','1','1',NULL,0,NULL,'25dd371d-dfb2-e6f1-b918-6421f3e04d30','1b493aa6-92d4-e51a-b1ec-6421f5dc12a9','75d91e18-1ab7-99c3-a6be-6421f221b20b','','2023-05-26','agent'),('e483aba6-8d90-b9fd-a3e0-66d84a984330','206','2024-09-04 11:52:38','2024-09-04 11:52:38','1','1',NULL,0,NULL,'25dd371d-dfb2-e6f1-b918-6421f3e04d30','549f678a-5733-3d1a-47c4-64479b9203b0','75d91e18-1ab7-99c3-a6be-6421f221b20b','','2023-04-25','agent'),('3e5b03e8-b952-3fcb-d7ff-66d84aa64238','199','2024-09-04 11:52:38','2024-09-04 11:52:38','1','1',NULL,0,NULL,'','','1bb9663e-b47f-03da-2fb8-643ce516ea74','','2023-04-20','agent'),('188d613f-0f4c-2373-798a-66d84a2e95aa','192','2024-09-04 11:52:38','2024-09-04 11:52:38','1','1',NULL,0,NULL,'','','1bb9663e-b47f-03da-2fb8-643ce516ea74','','2023-04-19','agent'),('3578379c-352d-d3e4-7707-66d84a76959b','191','2024-09-04 11:52:38','2024-09-04 11:52:38','1','1',NULL,0,NULL,'','','1bb9663e-b47f-03da-2fb8-643ce516ea74','','2023-04-19','agent'),('49588149-2230-01ca-d30e-66d84a503a85','190','2024-09-04 11:52:38','2024-09-04 11:52:38','1','1',NULL,0,NULL,'','','1bb9663e-b47f-03da-2fb8-643ce516ea74','','2023-04-19','agent'),('59bf4504-9516-0233-79ae-66d84a18bcf5','189','2024-09-04 11:52:38','2024-09-04 11:52:38','1','1',NULL,0,NULL,'','','1bb9663e-b47f-03da-2fb8-643ce516ea74','','2023-04-19','agent'),('913b0e1a-2b0e-ad90-d1d3-66d84a864109','140','2024-09-04 11:53:43','2024-09-04 11:53:43','1','1',NULL,0,NULL,'','7acae861-2064-1d9f-fc7b-64257cebed49','75d91e18-1ab7-99c3-a6be-6421f221b20b','','2023-04-04','agent'),('9582a034-3eaa-b6ac-7e96-66d84a7e9f2b','138','2024-09-04 11:53:49','2024-09-04 11:53:49','1','1',NULL,0,NULL,'','da99e11a-81c0-a4d5-d2d3-6426daf10d6a','75d91e18-1ab7-99c3-a6be-6421f221b20b','','2023-04-04','agent'),('74c88aa9-efbb-6db8-d743-66d84a4c350e','156','2024-09-04 11:54:11','2024-09-04 11:54:11','1','1',NULL,0,NULL,'','9bb0fe09-eac2-5134-8bb1-643717202ab7','75d91e18-1ab7-99c3-a6be-6421f221b20b','','2023-04-13','agent'),('a7a40fcb-bc4f-8aeb-2efc-66d84a69c31c','154','2024-09-04 11:54:11','2024-09-04 11:54:11','1','1',NULL,0,NULL,'bbb24b04-e59c-675e-b3d6-6425d0f21866','8e588c1e-82ca-f5bc-c5aa-6436edc8a236','75d91e18-1ab7-99c3-a6be-6421f221b20b','effdd822-9a7e-1012-0fcb-64288629f5fc','2023-04-13','agent'),('e67d3277-cf6c-5430-9488-66d84affe575','153','2024-09-04 11:54:11','2024-09-04 11:54:11','1','1',NULL,0,NULL,'','9bb0fe09-eac2-5134-8bb1-643717202ab7','75d91e18-1ab7-99c3-a6be-6421f221b20b','','2023-04-12','agent'),('4a1c7bac-7083-0b9b-3694-66d84a902201','152','2024-09-04 11:54:11','2024-09-04 11:54:11','1','1',NULL,0,NULL,'bbb24b04-e59c-675e-b3d6-6425d0f21866','8e588c1e-82ca-f5bc-c5aa-6436edc8a236','75d91e18-1ab7-99c3-a6be-6421f221b20b','effdd822-9a7e-1012-0fcb-64288629f5fc','2023-04-12','agent'),('74c0dc9b-087c-d603-5d46-66d84a56f8b9','149','2024-09-04 11:54:11','2024-09-04 11:54:11','1','1',NULL,0,NULL,'bbb24b04-e59c-675e-b3d6-6425d0f21866','8e588c1e-82ca-f5bc-c5aa-6436edc8a236','75d91e18-1ab7-99c3-a6be-6421f221b20b','effdd822-9a7e-1012-0fcb-64288629f5fc','2023-04-12','agent'),('56826c3c-d6d9-a6a6-3012-66d84aeb8922','148','2024-09-04 11:54:11','2024-09-04 11:54:11','1','1',NULL,0,NULL,'','7acae861-2064-1d9f-fc7b-64257cebed49','75d91e18-1ab7-99c3-a6be-6421f221b20b','','2023-04-12','agent'),('69409ac5-b685-8347-d1cc-66d84a563f0d','145','2024-09-04 11:54:11','2024-09-04 11:54:11','1','1',NULL,0,NULL,'','7acae861-2064-1d9f-fc7b-64257cebed49','75d91e18-1ab7-99c3-a6be-6421f221b20b','','2023-04-10','agent'),('5536f37c-fd19-d5fe-111a-66d84ad336d7','329','2024-09-04 11:55:02','2024-09-04 11:55:02','1','1',NULL,0,NULL,'','abdff2be-1f35-5461-76f8-6429889ae166','75d91e18-1ab7-99c3-a6be-6421f221b20b','','2024-01-30','agent'),('74f05ed6-0c68-0372-0b6d-66d84a8b16fd','327','2024-09-04 11:55:02','2024-09-04 11:55:02','1','1',NULL,0,NULL,'25dd371d-dfb2-e6f1-b918-6421f3e04d30','1b493aa6-92d4-e51a-b1ec-6421f5dc12a9','75d91e18-1ab7-99c3-a6be-6421f221b20b','','2024-01-30','agent'),('1665a459-3737-2ce0-d8f6-66d84a7cd311','322','2024-09-04 11:55:02','2024-09-04 11:55:02','1','1',NULL,0,NULL,'25dd371d-dfb2-e6f1-b918-6421f3e04d30','1b493aa6-92d4-e51a-b1ec-6421f5dc12a9','75d91e18-1ab7-99c3-a6be-6421f221b20b','','2024-01-24','agent'),('890fffe9-4aec-5e3d-9919-66d84a392580','321','2024-09-04 11:55:02','2024-09-04 11:55:02','1','1',NULL,0,NULL,'25dd371d-dfb2-e6f1-b918-6421f3e04d30','1b493aa6-92d4-e51a-b1ec-6421f5dc12a9','75d91e18-1ab7-99c3-a6be-6421f221b20b','','2024-01-24','agent'),('b4457f05-7531-5172-1f48-66d84a9438eb','319','2024-09-04 11:55:02','2024-09-04 11:55:02','1','1',NULL,0,NULL,'25dd371d-dfb2-e6f1-b918-6421f3e04d30','1b493aa6-92d4-e51a-b1ec-6421f5dc12a9','75d91e18-1ab7-99c3-a6be-6421f221b20b','','2024-01-23','agent'),('28e8463d-c663-c8f3-7778-66d84a8a9658','307','2024-09-04 11:55:02','2024-09-04 11:55:02','1','1',NULL,0,NULL,'25dd371d-dfb2-e6f1-b918-6421f3e04d30','1b493aa6-92d4-e51a-b1ec-6421f5dc12a9','75d91e18-1ab7-99c3-a6be-6421f221b20b','','2023-12-12','agent'),('5d1ec639-b215-525f-cffc-66d84a2125a8','305','2024-09-04 11:55:02','2024-09-04 11:55:02','1','1',NULL,0,NULL,'25dd371d-dfb2-e6f1-b918-6421f3e04d30','1b493aa6-92d4-e51a-b1ec-6421f5dc12a9','75d91e18-1ab7-99c3-a6be-6421f221b20b','','2023-12-08','agent'),('13b82795-3121-fd3c-07f4-66d852309955','302','2024-09-04 12:28:42','2024-09-04 12:28:42','1','1',NULL,0,NULL,'25dd371d-dfb2-e6f1-b918-6421f3e04d30','1b493aa6-92d4-e51a-b1ec-6421f5dc12a9','75d91e18-1ab7-99c3-a6be-6421f221b20b','','2023-11-13','agent'),('79e93325-2e7f-35c0-2de4-66d852655161','294','2024-09-04 12:28:42','2024-09-04 12:28:42','1','1',NULL,0,NULL,'25dd371d-dfb2-e6f1-b918-6421f3e04d30','1b493aa6-92d4-e51a-b1ec-6421f5dc12a9','75d91e18-1ab7-99c3-a6be-6421f221b20b','','2023-10-11','agent'),('cb100f70-7846-c86a-bcae-66d852840787','292','2024-09-04 12:28:42','2024-09-04 12:28:42','1','1',NULL,0,NULL,'25dd371d-dfb2-e6f1-b918-6421f3e04d30','1b493aa6-92d4-e51a-b1ec-6421f5dc12a9','75d91e18-1ab7-99c3-a6be-6421f221b20b','','2023-10-03','agent'),('995cd72b-fec7-1de3-a1dc-66d852b04116','344','2024-09-04 12:29:46','2024-09-04 12:29:46','1','1',NULL,0,NULL,'25dd371d-dfb2-e6f1-b918-6421f3e04d30','1b493aa6-92d4-e51a-b1ec-6421f5dc12a9','75d91e18-1ab7-99c3-a6be-6421f221b20b','','2024-02-23','agent'),('ef46aeb5-b93e-896d-581b-66d8520ab83f','343','2024-09-04 12:29:46','2024-09-04 12:29:46','1','1',NULL,0,NULL,'25dd371d-dfb2-e6f1-b918-6421f3e04d30','1b493aa6-92d4-e51a-b1ec-6421f5dc12a9','75d91e18-1ab7-99c3-a6be-6421f221b20b','','2024-02-22','agent'),('7ee42f0f-73b5-f524-b545-66d852d8ca2f','536','2024-09-04 12:30:28','2024-09-04 12:30:28','1','1',NULL,0,NULL,'25dd371d-dfb2-e6f1-b918-6421f3e04d30','1b493aa6-92d4-e51a-b1ec-6421f5dc12a9','75d91e18-1ab7-99c3-a6be-6421f221b20b','','2024-09-02','agent'),('9c7aa904-aac1-5da5-8ea8-66d8531504d7','481','2024-09-04 12:31:30','2024-09-04 12:31:30','1','1',NULL,0,NULL,'25dd371d-dfb2-e6f1-b918-6421f3e04d30','1b493aa6-92d4-e51a-b1ec-6421f5dc12a9','75d91e18-1ab7-99c3-a6be-6421f221b20b','','2024-06-04','agent'),('b5f07359-0156-5d7d-186e-66d85cde4845','541','2024-09-04 13:10:53','2024-09-04 13:10:53','1','1',NULL,0,NULL,'bbb24b04-e59c-675e-b3d6-6425d0f21866','9bb0fe09-eac2-5134-8bb1-643717202ab7','75d91e18-1ab7-99c3-a6be-6421f221b20b','','2024-09-04','agent'),('6752b500-78de-e6d2-5168-6798e062f962','58','2025-01-28 13:49:39','2025-01-28 13:49:39','1','1',NULL,0,NULL,'','4a11ed24-0f1d-91a8-b387-66d1da342fd1','ec6e56dc-83fc-535a-3d27-6798e0a31a71','','2025-01-28','agent'),('733509d7-8685-8b9d-9ca7-68346e2d990b','111','2025-05-26 13:35:02','2025-05-26 13:35:02','984bab36-6ea9-3a3f-cc48-66e15b39ccb8','984bab36-6ea9-3a3f-cc48-66e15b39ccb8',NULL,0,NULL,'81b97988-eec6-8385-fdc0-6823477af871','ed8681d5-f25e-e8ab-d4e3-682351186b9d','34ef2300-ccfa-2af0-a317-682346eaeeea','','2025-05-26','agent');

--
-- Table structure for table `ops_registre_suppression_dossier_audit`
--

CREATE TABLE `ops_registre_suppression_dossier_audit` (
  `id` char(36) NOT NULL,
  `parent_id` char(36) NOT NULL,
  `date_created` datetime DEFAULT NULL,
  `created_by` varchar(36) DEFAULT NULL,
  `field_name` varchar(100) DEFAULT NULL,
  `data_type` varchar(100) DEFAULT NULL,
  `before_value_string` varchar(255) DEFAULT NULL,
  `after_value_string` varchar(255) DEFAULT NULL,
  `before_value_text` text DEFAULT NULL,
  `after_value_text` text DEFAULT NULL,
  PRIMARY KEY (`id`),
  KEY `idx_ops_registre_suppression_dossier_parent_id` (`parent_id`)
) ENGINE=MyISAM DEFAULT CHARSET=utf8mb3 COLLATE=utf8mb3_general_ci;

--
-- Dumping data for table `ops_registre_suppression_dossier_audit`
--


--
-- Table structure for table `ops_registre_suppression_individu`
--

CREATE TABLE `ops_registre_suppression_individu` (
  `id` char(36) NOT NULL,
  `name` varchar(255) DEFAULT NULL,
  `date_entered` datetime DEFAULT NULL,
  `date_modified` datetime DEFAULT NULL,
  `modified_user_id` char(36) DEFAULT NULL,
  `created_by` char(36) DEFAULT NULL,
  `description` text DEFAULT NULL,
  `deleted` tinyint(1) DEFAULT 0,
  `assigned_user_id` char(36) DEFAULT NULL,
  `last_name` varchar(255) DEFAULT NULL,
  `first_name` varchar(255) DEFAULT NULL,
  `salutation` varchar(255) DEFAULT NULL,
  `date_creation` date DEFAULT NULL,
  `origine_suppression` varchar(100) DEFAULT NULL,
  `nom_usage` varchar(255) DEFAULT NULL,
  PRIMARY KEY (`id`)
) ENGINE=MyISAM DEFAULT CHARSET=utf8mb3 COLLATE=utf8mb3_general_ci;

--
-- Dumping data for table `ops_registre_suppression_individu`
--

INSERT INTO `ops_registre_suppression_individu` VALUES ('cd4036f2-fe3f-3cb0-ca0e-66e1f75651d0','AZERTY Emilie','2024-09-11 20:04:48','2024-09-11 20:04:48','1','1',NULL,0,NULL,'AZERTY','Emilie','Mme','2024-09-11','agent',NULL),('682f3185-d342-3d6d-59c8-66e41118833b','DUBREUIL Benjamin','2024-09-13 10:20:34','2024-09-13 10:20:34','c4250303-bf3c-53d5-45a9-66e15bb9cb43','c4250303-bf3c-53d5-45a9-66e15bb9cb43',NULL,0,NULL,'DUBREUIL','Benjamin','','2024-09-13','agent',NULL),('2fb9dda2-bb16-3892-3bb8-66e4120feaa2','NOM Mon','2024-09-13 10:22:16','2024-09-13 10:22:16','570ffb24-bf80-fd75-034a-66e15c297641','570ffb24-bf80-fd75-034a-66e15c297641',NULL,0,NULL,'NOM','Mon','M.','2024-09-13','agent',NULL),('d2fc02f7-2010-66a7-b7cb-66e412514050','COOL Baba','2024-09-13 10:22:50','2024-09-13 10:22:50','984bab36-6ea9-3a3f-cc48-66e15b39ccb8','984bab36-6ea9-3a3f-cc48-66e15b39ccb8',NULL,0,NULL,'COOL','Baba','M.','2024-09-13','agent',NULL),('9054bf61-f5ea-00fd-41de-68baaeed0b9d','BIDULE ','2025-09-05 09:32:46','2025-09-05 09:32:46','984bab36-6ea9-3a3f-cc48-66e15b39ccb8','984bab36-6ea9-3a3f-cc48-66e15b39ccb8',NULL,0,NULL,'BIDULE','','M.','2025-09-05','agent',''),('e14964a3-cfeb-cfca-d6bf-690a01f24563','DUBESSY Patricia','2025-11-04 13:36:32','2025-11-04 13:36:32','1','1',NULL,0,NULL,'DUBESSY','Patricia','','2024-09-13','agent',''),('15fd1cd9-ef35-9da8-93d5-690a018fa136','DUBESSY Patricia','2025-11-04 13:36:39','2025-11-04 13:36:39','1','1',NULL,0,NULL,'DUBESSY','Patricia','','2025-02-07','agent','');

--
-- Table structure for table `ops_registre_suppression_individu_audit`
--

CREATE TABLE `ops_registre_suppression_individu_audit` (
  `id` char(36) NOT NULL,
  `parent_id` char(36) NOT NULL,
  `date_created` datetime DEFAULT NULL,
  `created_by` varchar(36) DEFAULT NULL,
  `field_name` varchar(100) DEFAULT NULL,
  `data_type` varchar(100) DEFAULT NULL,
  `before_value_string` varchar(255) DEFAULT NULL,
  `after_value_string` varchar(255) DEFAULT NULL,
  `before_value_text` text DEFAULT NULL,
  `after_value_text` text DEFAULT NULL,
  PRIMARY KEY (`id`),
  KEY `idx_ops_registre_suppression_individu_parent_id` (`parent_id`)
) ENGINE=MyISAM DEFAULT CHARSET=utf8mb3 COLLATE=utf8mb3_general_ci;

--
-- Dumping data for table `ops_registre_suppression_individu_audit`
--


--
-- Table structure for table `ops_reunion`
--

CREATE TABLE `ops_reunion` (
  `id` char(36) NOT NULL,
  `name` varchar(255) DEFAULT NULL,
  `date_entered` datetime DEFAULT NULL,
  `date_modified` datetime DEFAULT NULL,
  `modified_user_id` char(36) DEFAULT NULL,
  `created_by` char(36) DEFAULT NULL,
  `description` text DEFAULT NULL,
  `deleted` tinyint(1) DEFAULT 0,
  `assigned_user_id` char(36) DEFAULT NULL,
  `date_reunion` date DEFAULT NULL,
  `type_reunion` varchar(100) DEFAULT NULL,
  PRIMARY KEY (`id`)
) ENGINE=MyISAM DEFAULT CHARSET=utf8mb3 COLLATE=utf8mb3_general_ci;

--
-- Dumping data for table `ops_reunion`
--

INSERT INTO `ops_reunion` VALUES ('c1f8235b-c12d-164b-0653-642995a37c7f','CD - 12/09/2023',NULL,'2024-06-24 10:45:56','1','1',NULL,1,'','2023-09-12','cd'),('b5ad2844-1ed7-df34-55e3-64a83a25cb80','CP - 17/10/2023',NULL,'2024-06-24 10:45:53','1','1',NULL,1,'','2023-10-17','cp'),('807ccccf-83f4-d92c-5ce5-66794e5f9ff2','CP - 23/09/2024',NULL,'2024-06-24 10:45:23','1','1',NULL,0,NULL,'2024-09-23','cp'),('bb15acd2-17a6-3332-8c3e-674dbf482156','CD - 18/12/2024',NULL,'2024-12-02 14:10:07','c4250303-bf3c-53d5-45a9-66e15bb9cb43','c4250303-bf3c-53d5-45a9-66e15bb9cb43',NULL,0,NULL,'2024-12-18','cd'),('b773dd53-e921-712c-29da-67b72dec83c9','CD - 20/02/2025',NULL,'2025-02-20 13:28:07','984bab36-6ea9-3a3f-cc48-66e15b39ccb8','984bab36-6ea9-3a3f-cc48-66e15b39ccb8',NULL,0,NULL,'2025-02-20','cd'),('ca038e0b-5049-32b6-2f6e-67b72e9537ef','CD - 14/02/2025',NULL,'2025-02-20 13:28:41','c4250303-bf3c-53d5-45a9-66e15bb9cb43','c4250303-bf3c-53d5-45a9-66e15bb9cb43',NULL,0,NULL,'2025-02-14','cd'),('8273037e-5d63-83ae-3f58-68b6b37d8072','CP - 09/09/2025',NULL,'2025-09-02 09:07:10','984bab36-6ea9-3a3f-cc48-66e15b39ccb8','984bab36-6ea9-3a3f-cc48-66e15b39ccb8',NULL,0,NULL,'2025-09-09','cp'),('8971a80e-5182-ada0-20a3-68dcd87c8871','CP - 15/10/2025',NULL,'2025-10-01 07:30:26','1','1',NULL,0,NULL,'2025-10-15','cp'),('b932082f-1476-2cd9-c12c-690479168bdf','CP - 31/10/2025',NULL,'2025-10-31 08:54:58','1','1',NULL,0,NULL,'2025-10-31','cp'),('2a290c6c-d66b-3eb5-0bd2-69047a4be546','CD - 15/10/2025',NULL,'2025-10-31 09:00:29','81297ee7-4d44-54e8-1090-66e15bd4b75c','81297ee7-4d44-54e8-1090-66e15bd4b75c',NULL,0,NULL,'2025-10-15','cd');

--
-- Table structure for table `ops_reunion_audit`
--

CREATE TABLE `ops_reunion_audit` (
  `id` char(36) NOT NULL,
  `parent_id` char(36) NOT NULL,
  `date_created` datetime DEFAULT NULL,
  `created_by` varchar(36) DEFAULT NULL,
  `field_name` varchar(100) DEFAULT NULL,
  `data_type` varchar(100) DEFAULT NULL,
  `before_value_string` varchar(255) DEFAULT NULL,
  `after_value_string` varchar(255) DEFAULT NULL,
  `before_value_text` text DEFAULT NULL,
  `after_value_text` text DEFAULT NULL,
  PRIMARY KEY (`id`),
  KEY `idx_ops_reunion_parent_id` (`parent_id`)
) ENGINE=MyISAM DEFAULT CHARSET=utf8mb3 COLLATE=utf8mb3_general_ci;

--
-- Dumping data for table `ops_reunion_audit`
--


--
-- Table structure for table `ops_reunion_ops_contrat`
--

CREATE TABLE `ops_reunion_ops_contrat` (
  `id` varchar(36) NOT NULL,
  `date_modified` datetime DEFAULT NULL,
  `deleted` tinyint(1) DEFAULT 0,
  `ops_reunion_id` varchar(36) DEFAULT NULL,
  `ops_contrat_id` varchar(36) DEFAULT NULL,
  PRIMARY KEY (`id`),
  KEY `ops_reunion_ops_contrat_ida1` (`ops_reunion_id`),
  KEY `ops_reunion_ops_contrat_alt` (`ops_contrat_id`)
) ENGINE=InnoDB DEFAULT CHARSET=utf8mb3 COLLATE=utf8mb3_general_ci;

--
-- Dumping data for table `ops_reunion_ops_contrat`
--


--
-- Table structure for table `ops_reunion_ops_dossier`
--

CREATE TABLE `ops_reunion_ops_dossier` (
  `id` varchar(36) NOT NULL,
  `date_modified` datetime DEFAULT NULL,
  `deleted` tinyint(1) DEFAULT 0,
  `ops_reunion_id` varchar(36) DEFAULT NULL,
  `ops_dossier_id` varchar(36) DEFAULT NULL,
  PRIMARY KEY (`id`),
  KEY `ops_reunion_ops_dossier_alt` (`ops_reunion_id`,`ops_dossier_id`)
) ENGINE=MyISAM DEFAULT CHARSET=utf8mb3 COLLATE=utf8mb3_general_ci;

--
-- Dumping data for table `ops_reunion_ops_dossier`
--

INSERT INTO `ops_reunion_ops_dossier` VALUES ('ef4e387a-7b55-4d6a-a8b4-4d1239d84bf3','2024-03-28 06:48:37',1,'b5ad2844-1ed7-df34-55e3-64a83a25cb80','c163e312-eed0-0fa5-f445-652fd1f41035'),('fd7bca10-b54e-421b-9447-492126f0dd77','2024-06-24 16:31:08',1,'b5ad2844-1ed7-df34-55e3-64a83a25cb80','c475ada6-69cb-0074-1797-65f49d7207dd'),('60f58a72-bbb1-4ec4-a492-60ce899b3d60','2024-06-24 12:47:35',1,'b5ad2844-1ed7-df34-55e3-64a83a25cb80','f1ddcda2-81e6-bd86-f73a-6614e1e86361'),('4b49da06-668a-4669-a706-1e120b8d113b','2024-08-30 20:47:37',1,'b5ad2844-1ed7-df34-55e3-64a83a25cb80','132b929b-16bd-c189-3569-663e1267b729'),('7a2c4a2e-fe5f-468b-badd-0b89302355fa','2024-06-24 12:47:35',1,'b5ad2844-1ed7-df34-55e3-64a83a25cb80','f1ddcda2-81e6-bd86-f73a-6614e1e86361'),('204f1ea8-54f9-4894-9656-bda19728e9dd','2024-06-24 16:31:08',1,'b5ad2844-1ed7-df34-55e3-64a83a25cb80','c475ada6-69cb-0074-1797-65f49d7207dd'),('e00f8e93-fb46-4d89-9207-a518714fa73a','2024-12-02 15:14:59',0,'807ccccf-83f4-d92c-5ce5-66794e5f9ff2','d8f54698-39a9-47b6-2796-6748315c11cb');

--
-- Table structure for table `ops_revenu`
--

CREATE TABLE `ops_revenu` (
  `id` char(36) NOT NULL,
  `name` varchar(255) DEFAULT NULL,
  `date_entered` datetime DEFAULT NULL,
  `date_modified` datetime DEFAULT NULL,
  `modified_user_id` char(36) DEFAULT NULL,
  `created_by` char(36) DEFAULT NULL,
  `description` text DEFAULT NULL,
  `deleted` tinyint(1) DEFAULT 0,
  `assigned_user_id` char(36) DEFAULT NULL,
  `revenu` varchar(100) DEFAULT NULL,
  `periode` varchar(100) DEFAULT NULL,
  `montant` decimal(26,6) DEFAULT NULL,
  `currency_id` char(36) DEFAULT NULL,
  `commentaire` varchar(255) DEFAULT NULL,
  PRIMARY KEY (`id`)
) ENGINE=InnoDB DEFAULT CHARSET=utf8mb3 COLLATE=utf8mb3_general_ci;

--
-- Dumping data for table `ops_revenu`
--


--
-- Table structure for table `ops_revenu_audit`
--

CREATE TABLE `ops_revenu_audit` (
  `id` char(36) NOT NULL,
  `parent_id` char(36) NOT NULL,
  `date_created` datetime DEFAULT NULL,
  `created_by` varchar(36) DEFAULT NULL,
  `field_name` varchar(100) DEFAULT NULL,
  `data_type` varchar(100) DEFAULT NULL,
  `before_value_string` varchar(255) DEFAULT NULL,
  `after_value_string` varchar(255) DEFAULT NULL,
  `before_value_text` text DEFAULT NULL,
  `after_value_text` text DEFAULT NULL,
  PRIMARY KEY (`id`),
  KEY `idx_ops_revenu_parent_id` (`parent_id`)
) ENGINE=InnoDB DEFAULT CHARSET=utf8mb3 COLLATE=utf8mb3_general_ci;

--
-- Dumping data for table `ops_revenu_audit`
--


--
-- Table structure for table `ops_sous_territoire`
--

CREATE TABLE `ops_sous_territoire` (
  `id` char(36) NOT NULL,
  `name` varchar(255) DEFAULT NULL,
  `date_entered` datetime DEFAULT NULL,
  `date_modified` datetime DEFAULT NULL,
  `modified_user_id` char(36) DEFAULT NULL,
  `created_by` char(36) DEFAULT NULL,
  `description` text DEFAULT NULL,
  `deleted` tinyint(1) DEFAULT 0,
  `assigned_user_id` char(36) DEFAULT NULL,
  `code` varchar(255) DEFAULT NULL,
  `numero_debut` varchar(255) DEFAULT NULL,
  `numero_fin` varchar(255) DEFAULT NULL,
  `parite` varchar(100) DEFAULT NULL,
  `code_postal` varchar(255) DEFAULT NULL,
  `rue` varchar(255) DEFAULT NULL,
  PRIMARY KEY (`id`)
) ENGINE=MyISAM DEFAULT CHARSET=utf8mb3 COLLATE=utf8mb3_general_ci;

--
-- Dumping data for table `ops_sous_territoire`
--

INSERT INTO `ops_sous_territoire` VALUES ('4ffcddfc-356e-99c3-0d09-6429968e2574','Le Bourg-d\'Hem','2023-04-02 14:52:19','2023-10-02 13:28:41','1','1',NULL,0,'',NULL,NULL,NULL,NULL,'23220',NULL),('43300f61-c7e7-4427-307b-6429965c87ff','Bonnat','2023-04-02 14:52:30','2025-02-20 14:29:17','984bab36-6ea9-3a3f-cc48-66e15b39ccb8','1',NULL,0,'',NULL,NULL,NULL,NULL,'23220',NULL),('9b6f63ba-c73b-0438-2988-642996dbf847','Chambon-Sainte-Croix','2023-04-02 14:52:42','2023-10-02 13:30:00','1','1',NULL,0,'',NULL,NULL,NULL,NULL,'23220',NULL),('d5db3e04-de9c-1860-f525-642996497ccb','La Cellette','2023-04-02 14:52:52','2023-10-02 13:29:09','1','1',NULL,0,'',NULL,NULL,NULL,NULL,'23350',NULL),('87b1ec64-109b-c250-136c-651ac5c46931','Champsanglard','2023-10-02 13:30:25','2023-10-02 13:30:25','1','1','',0,NULL,'','','',NULL,'23220',''),('5018144c-1e51-76da-9e6d-651ac69f7c2f','Châtelus-Malvaleix','2023-10-02 13:31:20','2023-10-02 13:31:20','1','1','',0,NULL,'','','',NULL,'23270',''),('d715da12-b53f-0da2-ef8e-651ac650df20','Chéniers','2023-10-02 13:31:49','2023-10-02 13:31:49','1','1','',0,NULL,'','','',NULL,'23220',''),('c02e2932-0f4d-8aef-1818-651ac6ccdc65','La Forêt-du-Temple','2023-10-02 13:32:13','2023-10-02 13:32:13','1','1','',0,NULL,'','','',NULL,'23360',''),('e418d54c-8e53-3769-9912-651ac6b54f84','Arfeuille-Châtain','2023-10-02 13:32:41','2023-10-02 13:32:41','1','1','',0,NULL,'','','',NULL,'23700',''),('3983bf7a-d973-2dc9-6216-651ac6ff50dd','Auge','2023-10-02 13:32:58','2023-10-02 13:32:58','1','1','',0,NULL,'','','',NULL,'23170',''),('5f6f6df0-f2a1-4d83-5746-651ac6dd32fe','Budelière','2023-10-02 13:33:13','2023-10-02 13:33:13','1','1','',0,NULL,'','','',NULL,'23170',''),('60dc1a39-bdd2-5b27-7576-651ac68b4fd2','Chambon-sur-Voueize','2023-10-02 13:33:31','2023-10-02 13:33:31','1','1','',0,NULL,'','','',NULL,'23170',''),('12ac4ffc-7d3c-4984-b257-651ac6fbf844','Chambonchard','2023-10-02 13:33:50','2023-10-02 13:33:50','1','1','',0,NULL,'','','',NULL,'23110',''),('6e92aa23-b0b2-b335-eb00-68347bba0099','Ma ville','2025-05-26 14:31:24','2025-05-26 14:31:24','1','1','',0,NULL,'','','',NULL,'23000',''),('6ae44233-66f8-1e09-ccf6-68dcfaa5b67b','secteur 1','2025-10-01 09:56:45','2025-10-01 09:56:45','1','1','',0,NULL,'','','',NULL,'13300','25 rue des cigales'),('e9470769-d369-c48a-2107-68dcfc8a4bf2','dv_commune_1','2025-10-01 10:02:00','2025-10-01 10:02:00','e64475cf-02f9-b7e1-4f19-66e15ba04a6c','e64475cf-02f9-b7e1-4f19-66e15ba04a6c','',0,NULL,'','','',NULL,'65165','idbfviueb'),('8f7580a2-cc0a-3e0b-89d4-68dcfc192d0a','dv_commune_2','2025-10-01 10:02:13','2025-10-01 10:02:13','e64475cf-02f9-b7e1-4f19-66e15ba04a6c','e64475cf-02f9-b7e1-4f19-66e15ba04a6c','',0,NULL,'','','',NULL,'98498',''),('5bdf5a04-962d-4f7d-04ab-68dcfc4d5920','ISSOUDUN','2025-10-01 10:02:51','2025-10-01 10:02:51','c4250303-bf3c-53d5-45a9-66e15bb9cb43','c4250303-bf3c-53d5-45a9-66e15bb9cb43','',0,NULL,'','','',NULL,'36100',''),('1ffd18f3-bd04-5b5a-956d-68dcfc811a57','GR _ Ma commune cd36','2025-10-01 10:04:06','2025-10-01 10:04:06','984bab36-6ea9-3a3f-cc48-66e15b39ccb8','984bab36-6ea9-3a3f-cc48-66e15b39ccb8','',0,NULL,'','','',NULL,'36000','');

--
-- Table structure for table `ops_sous_territoire_audit`
--

CREATE TABLE `ops_sous_territoire_audit` (
  `id` char(36) NOT NULL,
  `parent_id` char(36) NOT NULL,
  `date_created` datetime DEFAULT NULL,
  `created_by` varchar(36) DEFAULT NULL,
  `field_name` varchar(100) DEFAULT NULL,
  `data_type` varchar(100) DEFAULT NULL,
  `before_value_string` varchar(255) DEFAULT NULL,
  `after_value_string` varchar(255) DEFAULT NULL,
  `before_value_text` text DEFAULT NULL,
  `after_value_text` text DEFAULT NULL,
  PRIMARY KEY (`id`),
  KEY `idx_ops_sous_territoire_parent_id` (`parent_id`)
) ENGINE=MyISAM DEFAULT CHARSET=utf8mb3 COLLATE=utf8mb3_general_ci;

--
-- Dumping data for table `ops_sous_territoire_audit`
--


--
-- Table structure for table `ops_sous_territoire_ops_dossier`
--

CREATE TABLE `ops_sous_territoire_ops_dossier` (
  `id` varchar(36) NOT NULL,
  `date_modified` datetime DEFAULT NULL,
  `deleted` tinyint(1) DEFAULT 0,
  `ops_sous_territoire_id` varchar(36) DEFAULT NULL,
  `ops_dossier_id` varchar(36) DEFAULT NULL,
  PRIMARY KEY (`id`),
  KEY `ops_sous_territoire_ops_dossier_alt` (`ops_sous_territoire_id`,`ops_dossier_id`)
) ENGINE=MyISAM DEFAULT CHARSET=utf8mb3 COLLATE=utf8mb3_general_ci;

--
-- Dumping data for table `ops_sous_territoire_ops_dossier`
--

INSERT INTO `ops_sous_territoire_ops_dossier` VALUES ('b4ee0c50-d455-966f-009f-6429968c7205','2023-04-02 14:53:28',0,'d5db3e04-de9c-1860-f525-642996497ccb','dec717c3-944b-c29e-32b5-642859513777'),('6f4cac62-cf0d-fb30-46af-64a8455b2261','2023-11-13 13:29:49',0,'9b6f63ba-c73b-0438-2988-642996dbf847','e757d5b0-4f34-19df-4824-6494b0c1c0a5'),('98efe171-dc16-ca17-478b-64a983b350ff','2024-06-04 15:20:42',0,'9b6f63ba-c73b-0438-2988-642996dbf847','43e8be37-4378-892a-4d1a-64a7d2f4e2b0'),('95461598-983e-7741-6953-650457b2b272','2023-10-02 15:40:06',0,'9b6f63ba-c73b-0438-2988-642996dbf847','efd2480c-54cd-8e37-9538-65044da1b799'),('8228ad4a-18af-d12d-e4ef-6504574aebe7','2024-06-24 08:14:32',1,'9b6f63ba-c73b-0438-2988-642996dbf847','66f600d4-5449-c136-fedc-6504573ac0d2'),('bf49e496-ffed-1933-d5fb-651066867322','2024-09-04 11:52:38',1,'d5db3e04-de9c-1860-f525-642996497ccb','c1a5dcca-33db-768f-e6ba-650f03bd43fe'),('71184f34-9f49-5db5-53aa-651c113bb3ef','2024-09-04 12:28:42',1,'12ac4ffc-7d3c-4984-b257-651ac6fbf844','4ff66170-1baf-c948-93bb-651c08a5c978'),('b623ad16-de7c-17a5-7241-66e40da5c155','2024-09-13 10:03:36',0,'3983bf7a-d973-2dc9-6216-651ac6ff50dd','3db8f573-67e5-ea57-4527-66e405bc5f66'),('664b3f71-76c0-ac67-ac85-66e40e2376ed','2024-09-13 10:04:59',0,'3983bf7a-d973-2dc9-6216-651ac6ff50dd','94e9b92a-f584-eaad-c9eb-66e405cddfe6'),('461360c7-2948-317d-403d-66e40e8d6d68','2024-09-13 10:05:09',0,'12ac4ffc-7d3c-4984-b257-651ac6fbf844','1ec51801-17c2-872d-b71b-66e1545bc854'),('a940eb0a-0bb0-ab81-faf1-670633f5da4e','2024-10-09 07:42:24',0,'3983bf7a-d973-2dc9-6216-651ac6ff50dd','9d087e62-e401-2c77-4523-670633e76433'),('8de14b3a-defe-0feb-898d-670792d65519','2025-05-13 14:23:10',0,'12ac4ffc-7d3c-4984-b257-651ac6fbf844','904cbd95-439c-244a-e0cf-670652625224'),('8e4fc823-631a-db2d-3cfc-670792f89144','2024-10-10 08:36:48',0,'60dc1a39-bdd2-5b27-7576-651ac68b4fd2','904cbd95-439c-244a-e0cf-670652625224'),('8eafc52b-0984-6ef9-3f27-670792645877','2024-10-10 08:36:48',0,'5f6f6df0-f2a1-4d83-5746-651ac6dd32fe','904cbd95-439c-244a-e0cf-670652625224'),('8f117c9b-a3ba-1d87-1ba0-67079255762f','2024-10-10 08:36:48',0,'3983bf7a-d973-2dc9-6216-651ac6ff50dd','904cbd95-439c-244a-e0cf-670652625224'),('8faf5043-70c7-e100-63f9-6707921f433e','2024-10-10 08:36:48',0,'43300f61-c7e7-4427-307b-6429965c87ff','904cbd95-439c-244a-e0cf-670652625224'),('126e54c8-3b50-b108-c784-67b73bc70459','2025-05-13 12:23:18',0,'3983bf7a-d973-2dc9-6216-651ac6ff50dd','e13a3f5c-1717-a9f6-35c6-67ae08a59617'),('50819f96-c6ee-01a2-a59a-67b73b661c22','2025-02-20 14:27:47',0,'43300f61-c7e7-4427-307b-6429965c87ff','e20a0770-c13c-6a39-08e8-67aa106ff10d'),('6522ee34-fefd-9bfa-0f0d-67b73ca94f86','2025-02-20 15:24:50',0,'43300f61-c7e7-4427-307b-6429965c87ff','4524beee-c181-2410-0562-67ae01d4d63b'),('f37821ec-24cd-f7ea-7b56-67b73d300781','2025-02-20 14:35:45',0,'43300f61-c7e7-4427-307b-6429965c87ff','480ffde2-c6b2-6562-0ad3-67a5da080a8f'),('c3580261-df0a-d63b-4429-68dcfb0920b0','2025-10-01 10:04:25',1,'6ae44233-66f8-1e09-ccf6-68dcfaa5b67b','33810856-a9c6-ba64-e09d-68dcf05a9c2a'),('1280b794-b539-1cc8-8186-68dcfc0a6d6f','2025-10-01 10:03:30',0,'e9470769-d369-c48a-2107-68dcfc8a4bf2','ffeb0a31-01a2-9f63-8e91-68dcea88ad9c'),('9b74164b-45e5-6c63-9c8d-68dcfc5e5b58','2025-10-06 07:55:40',0,'5bdf5a04-962d-4f7d-04ab-68dcfc4d5920','33810856-a9c6-ba64-e09d-68dcf05a9c2a'),('7a46975e-1674-6ca7-71cc-68dcfdd750fc','2025-10-01 10:07:34',0,'1ffd18f3-bd04-5b5a-956d-68dcfc811a57','22c61a71-0e6e-cb90-99d0-68dcef38b498'),('de07e2bc-4972-f2cc-44ef-69047ecf0fb0','2025-10-31 09:16:51',0,'1ffd18f3-bd04-5b5a-956d-68dcfc811a57','d19d0946-e7c3-330b-a2ed-68ff947a00d6');

--
-- Table structure for table `ops_sous_territoire_ops_personne_morale`
--

CREATE TABLE `ops_sous_territoire_ops_personne_morale` (
  `id` varchar(36) NOT NULL,
  `date_modified` datetime DEFAULT NULL,
  `deleted` tinyint(1) DEFAULT 0,
  `ops_sous_territoire_id` varchar(36) DEFAULT NULL,
  `ops_personne_morale_id` varchar(36) DEFAULT NULL,
  PRIMARY KEY (`id`),
  KEY `ops_sous_territoire_ops_personne_morale_alt` (`ops_sous_territoire_id`,`ops_personne_morale_id`)
) ENGINE=InnoDB DEFAULT CHARSET=utf8mb3 COLLATE=utf8mb3_general_ci;

--
-- Dumping data for table `ops_sous_territoire_ops_personne_morale`
--

INSERT INTO `ops_sous_territoire_ops_personne_morale` VALUES ('65e5701c-c6da-b743-c1d8-67b73c71ec7f','2025-02-20 14:29:17',0,'43300f61-c7e7-4427-307b-6429965c87ff','2526f1bf-75a8-abad-e04e-67aa06155727');

--
-- Table structure for table `ops_sous_territoire_ops_territoire`
--

CREATE TABLE `ops_sous_territoire_ops_territoire` (
  `id` varchar(36) NOT NULL,
  `date_modified` datetime DEFAULT NULL,
  `deleted` tinyint(1) DEFAULT 0,
  `ops_territoire_id` varchar(36) DEFAULT NULL,
  `ops_sous_territoire_id` varchar(36) DEFAULT NULL,
  PRIMARY KEY (`id`),
  KEY `ops_sous_territoire_ops_territoire_alt` (`ops_territoire_id`,`ops_sous_territoire_id`)
) ENGINE=MyISAM DEFAULT CHARSET=utf8mb3 COLLATE=utf8mb3_general_ci;

--
-- Dumping data for table `ops_sous_territoire_ops_territoire`
--

INSERT INTO `ops_sous_territoire_ops_territoire` VALUES ('50d4e92a-223a-fc22-59ca-642996b9d7f0','2023-10-02 13:28:41',0,'559f4906-2ae4-ed51-44e8-6429960eb7dd','4ffcddfc-356e-99c3-0d09-6429968e2574'),('43e0220a-7e4b-3bdc-33ce-64299629faaa','2025-02-20 14:29:17',0,'559f4906-2ae4-ed51-44e8-6429960eb7dd','43300f61-c7e7-4427-307b-6429965c87ff'),('9c25a490-a46f-b78a-383f-642996e09364','2023-10-02 13:30:00',0,'559f4906-2ae4-ed51-44e8-6429960eb7dd','9b6f63ba-c73b-0438-2988-642996dbf847'),('d73e0cc1-5a6a-67f2-a4b6-64299634b389','2023-10-02 13:29:09',0,'559f4906-2ae4-ed51-44e8-6429960eb7dd','d5db3e04-de9c-1860-f525-642996497ccb'),('888c1927-74ac-e0ef-d5e8-651ac591e434','2023-10-02 13:30:25',0,'559f4906-2ae4-ed51-44e8-6429960eb7dd','87b1ec64-109b-c250-136c-651ac5c46931'),('50ab3e00-c3d3-1d0e-b958-651ac677b4e8','2023-10-02 13:31:20',0,'559f4906-2ae4-ed51-44e8-6429960eb7dd','5018144c-1e51-76da-9e6d-651ac69f7c2f'),('d7ef73cc-11d5-aa3f-7304-651ac6331ba2','2023-10-02 13:31:49',0,'559f4906-2ae4-ed51-44e8-6429960eb7dd','d715da12-b53f-0da2-ef8e-651ac650df20'),('c0dea569-4954-b4a2-a85a-651ac61f3f9b','2023-10-02 13:32:13',0,'559f4906-2ae4-ed51-44e8-6429960eb7dd','c02e2932-0f4d-8aef-1818-651ac6ccdc65'),('e4c218b4-3165-c771-6dce-651ac65746a1','2023-10-02 13:32:41',0,'8791826b-d847-6894-35f2-6429969badf8','e418d54c-8e53-3769-9912-651ac6b54f84'),('3a2fdfa3-2f07-00a2-d540-651ac6b3727e','2023-10-02 13:32:58',0,'8791826b-d847-6894-35f2-6429969badf8','3983bf7a-d973-2dc9-6216-651ac6ff50dd'),('6037e3c8-98d8-2890-d86c-651ac641a08d','2023-10-02 13:33:13',0,'8791826b-d847-6894-35f2-6429969badf8','5f6f6df0-f2a1-4d83-5746-651ac6dd32fe'),('61821eba-c430-2bb4-aa3f-651ac6611775','2023-10-02 13:33:31',0,'8791826b-d847-6894-35f2-6429969badf8','60dc1a39-bdd2-5b27-7576-651ac68b4fd2'),('1356d419-7f38-80b9-8fd8-651ac68c9f2b','2023-10-02 13:33:50',0,'8791826b-d847-6894-35f2-6429969badf8','12ac4ffc-7d3c-4984-b257-651ac6fbf844'),('6f382f94-346d-9f5c-686d-68347b765131','2025-05-26 14:31:24',0,'29e7f815-3f7a-b7df-0613-68347b243a45','6e92aa23-b0b2-b335-eb00-68347bba0099'),('6b7e3e3b-4334-a71c-853b-68dcfae45418','2025-10-01 09:56:45',0,'17ccb5a8-693b-af76-bc84-68dcfa9bbde4','6ae44233-66f8-1e09-ccf6-68dcfaa5b67b'),('f2f004cf-5201-59c9-6c58-68dcfc6d5e53','2025-10-01 10:02:00',0,'2c7cf511-01ac-c17b-2225-68dcfb27e379','e9470769-d369-c48a-2107-68dcfc8a4bf2'),('8ffdc110-0831-05f6-3392-68dcfcd88152','2025-10-01 10:02:13',0,'2c7cf511-01ac-c17b-2225-68dcfb27e379','8f7580a2-cc0a-3e0b-89d4-68dcfc192d0a'),('5c91b064-6e9b-266a-f1cc-68dcfc802b42','2025-10-01 10:02:51',0,'11ccf6c5-d31c-5e65-88e1-68dcfc357e6b','5bdf5a04-962d-4f7d-04ab-68dcfc4d5920'),('20bcd61b-41ea-b318-8d41-68dcfcfb37e8','2025-10-01 10:04:06',0,'25876c2a-a463-ea07-2632-68dcfcc78a47','1ffd18f3-bd04-5b5a-956d-68dcfc811a57');

--
-- Table structure for table `ops_statut`
--

CREATE TABLE `ops_statut` (
  `id` char(36) NOT NULL,
  `name` varchar(255) DEFAULT NULL,
  `date_entered` datetime DEFAULT NULL,
  `date_modified` datetime DEFAULT NULL,
  `modified_user_id` char(36) DEFAULT NULL,
  `created_by` char(36) DEFAULT NULL,
  `description` text DEFAULT NULL,
  `deleted` tinyint(1) DEFAULT 0,
  `assigned_user_id` char(36) DEFAULT NULL,
  `ordre` int(255) DEFAULT NULL,
  `code_couleur` varchar(255) DEFAULT NULL,
  `avancement` varchar(100) DEFAULT 'suivant',
  `nom_statut_gru` varchar(255) DEFAULT NULL,
  `visible_usager` tinyint(1) DEFAULT 0,
  `libelle_usager` varchar(255) DEFAULT NULL,
  `cle` varchar(255) DEFAULT NULL,
  `dossier_incomplet` tinyint(1) DEFAULT 0,
  `modifiable_usager` tinyint(1) DEFAULT 0,
  `demande_paiement_autorise` tinyint(1) DEFAULT 0,
  `ops_statut_completude_partenaire_id` char(36) DEFAULT NULL,
  `visible_partenaire` tinyint(1) DEFAULT 1,
  `modifiable_partenaire` tinyint(1) DEFAULT 0,
  `libelle_partenaire` varchar(255) DEFAULT NULL,
  `visible_agent` tinyint(1) DEFAULT 1,
  `ops_statut_completude_id` char(36) DEFAULT NULL,
  `cloture` tinyint(1) DEFAULT 0,
  PRIMARY KEY (`id`)
) ENGINE=MyISAM DEFAULT CHARSET=utf8mb3 COLLATE=utf8mb3_general_ci;

--
-- Dumping data for table `ops_statut`
--

INSERT INTO `ops_statut` VALUES ('17c81561-5175-fd79-a39e-6421f4e5fcc7','Reçu','2023-03-27 19:56:46','2023-04-03 09:11:45','1','1',NULL,0,'',10,'rgb(123, 213, 125)','courant',NULL,1,NULL,NULL,0,0,0,NULL,1,0,NULL,1,NULL,0),('1a01579f-c927-73d3-921b-6421f427b99c','Complet','2023-03-27 19:56:46','2024-03-28 14:03:25','604ce6b2-0113-9588-7fa6-65f42e2efabe','1',NULL,0,'',20,'rgb(123, 213, 125)','suivant',NULL,1,NULL,NULL,0,0,0,'',1,0,NULL,1,'',0),('1b88d916-2b9a-5bba-9632-6421f4d8624e','Incomplet','2023-03-27 19:56:46','2023-03-27 19:56:46','1','1','',0,NULL,30,'rgb(245, 128, 149)','courant','',1,NULL,NULL,0,0,0,NULL,1,0,NULL,1,NULL,0),('1e8ab9b6-a770-7105-782c-6421f40eacc1','Accord','2023-03-27 19:56:46','2023-10-03 10:15:40','1','1',NULL,0,'',10,'rgb(123, 213, 125)','suivant',NULL,1,NULL,NULL,0,0,1,NULL,1,0,NULL,1,NULL,0),('201be920-9bce-fe30-93dd-6421f4e081dc','Refus','2023-03-27 19:56:46','2023-03-27 19:56:46','1','1','',0,NULL,20,'rgb(245, 128, 149)','suivant','',1,NULL,NULL,0,0,0,NULL,1,0,NULL,1,NULL,0),('231f7d56-6cac-f831-3af2-6421f45fe3be','Engagé','2023-03-27 19:56:46','2023-10-03 10:15:59','1','1',NULL,0,'',10,'rgb(123, 213, 125)','suivant',NULL,1,NULL,NULL,0,0,1,NULL,1,0,NULL,1,NULL,0),('268b1c91-ab32-e7c0-74d9-6421f48f0abe','Avis défavorable','2023-03-27 19:56:46','2023-03-27 19:56:46','1','1','',0,NULL,20,'rgb(245, 128, 149)','suivant','',1,NULL,NULL,0,0,0,NULL,1,0,NULL,1,NULL,0),('285bd7d3-0f40-8331-761c-6421f4410216','Ajournée','2023-03-27 19:56:46','2023-03-27 19:56:46','1','1','',0,NULL,30,'rgb(221, 227, 51)','courant','',1,NULL,NULL,0,0,0,NULL,1,0,NULL,1,NULL,0),('2a31ef2e-b4a3-1386-5f89-6421f46762fa','Avis favorable','2023-03-27 19:56:46','2023-03-27 19:56:46','1','1','',0,NULL,10,'rgb(123, 213, 125)','suivant','',1,NULL,NULL,0,0,0,NULL,1,0,NULL,1,NULL,0),('2d54fd36-b49b-ff9f-d65b-6421f44db974','Accord envoyé','2023-03-27 19:56:46','2023-12-27 15:04:06','1','1',NULL,0,'',10,'rgb(123, 213, 125)','suivant','Envoi de la notification',1,NULL,NULL,0,0,1,'',1,1,NULL,1,'',0),('2ef4e803-ed11-c3d1-3375-6421f4fed950','Ajournée','2023-03-27 19:56:46','2023-03-27 19:56:46','1','1','',0,NULL,20,'rgb(221, 227, 51)','courant','',1,NULL,NULL,0,0,0,NULL,1,0,NULL,1,NULL,0),('30a1b648-64e9-c824-c319-6421f4317458','Refus envoyé','2023-03-27 19:56:46','2023-03-27 19:56:46','1','1','',0,NULL,30,'rgb(245, 128, 149)','termine','Envoi de la notification de refus',1,NULL,NULL,0,0,0,NULL,1,0,NULL,1,NULL,0),('323cbbb3-64cd-1bc4-ae52-6421f4f97be4','A notifier','2023-03-27 19:56:46','2023-03-27 19:56:46','1','1','',0,NULL,5,'rgb(221, 227, 51)','courant','',1,NULL,NULL,0,0,0,NULL,1,0,NULL,1,NULL,0),('35ebdce0-2a35-a7d9-23fa-6421f44839fd','Mandatement','2023-03-27 19:56:46','2023-03-27 19:56:46','1','1','',0,NULL,10,'rgb(123, 213, 125)','suivant','',1,NULL,NULL,0,0,0,NULL,1,0,NULL,1,NULL,0),('37b565d8-2bc0-d0bc-ee48-6421f4226ada','liquidation','2023-03-27 19:56:46','2023-03-27 19:56:46','1','1','',0,NULL,20,'rgb(123, 213, 125)','suivant','',1,NULL,NULL,0,0,0,NULL,1,0,NULL,1,NULL,0),('398577db-25a3-d4bf-48ae-6421f4a03dd6','Cloture','2023-03-27 19:56:46','2023-03-27 19:56:46','1','1','',0,NULL,30,'rgb(245, 128, 149)','termine','Clôture',1,NULL,NULL,0,0,0,NULL,1,0,NULL,1,NULL,0),('3cd60ca8-b3d7-1c38-6ca6-6421f4f6ab12','A clôturer','2023-03-27 19:56:46','2023-03-27 19:56:46','1','1','',0,NULL,10,'rgb(123, 213, 125)','courant','',1,NULL,NULL,0,0,0,NULL,1,0,NULL,1,NULL,0),('3e90ed17-956f-504a-f68d-6421f433b601','Clos','2023-03-27 19:56:46','2023-03-27 19:56:46','1','1','',0,NULL,20,'rgb(123, 213, 125)','termine','',1,NULL,NULL,0,0,0,NULL,1,0,NULL,1,NULL,0),('41c9c6c1-8353-b8b4-7b38-6421f4217c86','Inscrit sur crédit budgétaire','2023-03-27 19:56:46','2023-03-27 19:56:46','1','1','',0,NULL,1,'rgb(123, 213, 125)','suivant','',1,NULL,NULL,0,0,0,NULL,1,0,NULL,1,NULL,0),('438020d2-bf55-ec32-d86a-6421f4cc4920','Sauter l\'étape budget','2023-03-27 19:56:46','2023-03-27 19:56:46','1','1','',0,NULL,2,'rgb(245, 128, 149)','suivant','',1,NULL,NULL,0,0,0,NULL,1,0,NULL,1,NULL,0),('69b52946-dc89-c193-a941-6421fd2111db','Nouveau','2023-03-27 20:34:05','2023-03-27 20:34:31','1','1',NULL,0,'',1,'rgb(123, 213, 125)','suivant',NULL,1,NULL,NULL,0,0,0,NULL,1,0,NULL,1,NULL,0),('81e32ecb-9eb3-2dd7-6a94-6421fd8a262d','Accepté','2023-03-27 20:35:00','2023-03-27 20:35:00','1','1',NULL,0,NULL,1,'rgb(123, 213, 125)','suivant','',1,'','',0,0,0,NULL,1,0,NULL,1,NULL,0),('3f53000c-d89f-176c-fce8-6421fefdb083','Refusé','2023-03-27 20:35:37','2023-03-27 20:35:37','1','1',NULL,0,NULL,2,'rgb(245, 128, 149)','termine','',1,'','',0,0,0,NULL,1,0,NULL,1,NULL,0),('88adf8cd-bb69-afd8-1555-6421fe8bb96a','Clos','2023-03-27 20:37:09','2023-03-27 20:37:09','1','1',NULL,0,NULL,1,'rgb(62, 116, 170)','termine','',1,'','',0,0,0,NULL,1,0,NULL,1,NULL,0),('737771a2-ccae-3cd8-fafc-64257cac103b','Archivé','2023-03-30 12:11:38','2023-03-30 12:11:38','1','1','',0,NULL,10,'rgb(95, 153, 215)','termine','',1,NULL,NULL,0,0,0,NULL,1,0,NULL,1,NULL,0),('76d03b5b-aac5-1435-1837-64257c115122','Sans suite','2023-03-30 12:11:38','2023-03-30 12:11:38','1','1','',0,NULL,50,'rgb(236, 129, 134)','suivant','',1,NULL,NULL,0,0,0,NULL,1,0,NULL,1,NULL,0),('78881acc-5b70-a2b9-3ba4-64257c1b8ed1','Intervention planifiée','2023-03-30 12:11:38','2023-03-30 12:11:38','1','1','',0,NULL,10,'rgb(123, 213, 125)','suivant','',1,NULL,NULL,0,0,0,NULL,1,0,NULL,1,NULL,0),('7a3b12fb-3034-fa2c-c84b-64257c241b4b','Retour complément demandé','2023-03-30 12:11:38','2023-03-30 12:11:38','1','1','',0,NULL,30,'rgb(123, 213, 125)','suivant','',1,NULL,NULL,0,0,0,NULL,1,0,NULL,1,NULL,0),('7bf2c17d-f1bc-56ef-81ba-64257c44d671','Demande compléments par chef service','2023-03-30 12:11:38','2023-03-30 12:11:38','1','1','',0,NULL,20,'rgb(213, 194, 123)','courant','',1,NULL,NULL,0,0,0,NULL,1,0,NULL,1,NULL,0),('7d90e81c-cc30-a649-21fc-64257c7fe28e','Problème résolu','2023-03-30 12:11:38','2023-03-30 12:11:38','1','1','',0,NULL,40,'rgb(123, 213, 125)','suivant','',1,NULL,NULL,0,0,0,NULL,1,0,NULL,1,NULL,0),('80b40710-4d57-ea81-5c3f-64257c513467','Dossier abandonné','2023-03-30 12:11:38','2023-03-30 12:11:38','1','1','',0,NULL,20,'rgb(236, 129, 134)','suivant','',1,NULL,NULL,0,0,0,NULL,1,0,NULL,1,NULL,0),('825e4ec4-30c7-7e82-550a-64257c9e6178','Clôturé','2023-03-30 12:11:38','2023-03-30 12:11:38','1','1','',0,NULL,10,'rgb(95, 220, 90)','suivant','',1,NULL,NULL,0,0,0,NULL,1,0,NULL,1,NULL,0),('85a26d2b-8fe8-1975-f9d9-64257c705ba0','Dossier à assigner','2023-03-30 12:11:38','2024-10-08 10:20:30','1','1',NULL,0,'',10,'rgb(123, 213, 125)','suivant',NULL,1,NULL,NULL,0,1,0,'',1,0,NULL,1,'',0),('87ad27e6-7b84-3038-de38-64257c3422cb','Classement sans suite','2023-03-30 12:11:38','2023-03-30 12:11:38','1','1','',0,NULL,20,'rgb(231, 38, 18)','termine','',1,NULL,NULL,0,0,0,NULL,1,0,NULL,1,NULL,0),('8ad89689-e29d-caf8-d0be-64257cb9e90a','Dossier assigné Service A','2023-03-30 12:11:38','2023-03-30 12:11:38','1','1','',0,NULL,10,'rgb(123, 213, 125)','suivant','',1,NULL,NULL,0,0,0,NULL,1,0,NULL,1,NULL,0),('8c8a972d-596f-39b1-4af9-64257cc7e692','Dossier assigné Service B','2023-03-30 12:11:38','2023-03-30 12:11:38','1','1','',0,NULL,50,'rgb(123, 213, 125)','suivant','',1,NULL,NULL,0,0,0,NULL,1,0,NULL,1,NULL,0),('c0e7043b-4c1b-ae67-1922-6425cfc4cd82','Reçu','2023-03-30 18:07:54','2023-03-31 16:03:37','1','1','',1,NULL,10,'rgb(123, 213, 125)','courant','',1,NULL,NULL,0,0,0,NULL,1,0,NULL,1,NULL,0),('c2fa1af0-9b07-4189-9b85-6425cf993d4a','Complet','2023-03-30 18:07:54','2023-03-31 16:03:37','1','1','',1,NULL,20,'rgb(123, 213, 125)','suivant','',1,NULL,NULL,0,0,0,NULL,1,0,NULL,1,NULL,0),('c4ae0ec1-454d-a48d-26d7-6425cfc12e7c','Incomplet','2023-03-30 18:07:54','2023-03-31 16:03:37','1','1','',1,NULL,30,'rgb(245, 128, 149)','courant','',1,NULL,NULL,0,0,0,NULL,1,0,NULL,1,NULL,0),('c64e4e2c-22c0-c766-ae80-6425cfc298a5','Complété par l\'usager','2023-03-30 18:07:54','2023-03-31 16:03:37','1','1','',1,NULL,40,'rgb(235, 157, 34)','courant','',1,NULL,NULL,0,0,0,NULL,1,0,NULL,1,NULL,0),('c974408d-1f32-be53-6267-6425cf5f26fe','Engagé','2023-03-30 18:07:54','2023-03-31 16:03:37','1','1','',1,NULL,10,'rgb(123, 213, 125)','suivant','',1,NULL,NULL,0,0,0,NULL,1,0,NULL,1,NULL,0),('cc97ca0b-d327-f934-d220-6425cf89dc46','Accord envoyé','2023-03-30 18:07:54','2023-03-31 16:03:37','1','1','',1,NULL,10,'rgb(123, 213, 125)','suivant','Envoi de la notification',1,NULL,NULL,0,0,0,NULL,1,0,NULL,1,NULL,0),('ce45ca12-aa51-34db-e200-6425cf14bb21','Ajournée','2023-03-30 18:07:54','2023-03-31 16:03:37','1','1','',1,NULL,20,'rgb(221, 227, 51)','courant','',1,NULL,NULL,0,0,0,NULL,1,0,NULL,1,NULL,0),('cff7e830-d5f9-9f60-4eb5-6425cf096224','Refus envoyé','2023-03-30 18:07:54','2023-03-31 16:03:37','1','1','',1,NULL,30,'rgb(245, 128, 149)','termine','Envoi de la notification de refus',1,NULL,NULL,0,0,0,NULL,1,0,NULL,1,NULL,0),('d1ae7607-6293-8818-b682-6425cf8f0e0d','A notifier','2023-03-30 18:07:54','2023-03-31 16:03:37','1','1','',1,NULL,5,'rgb(221, 227, 51)','courant','',1,NULL,NULL,0,0,0,NULL,1,0,NULL,1,NULL,0),('d4cf11a7-88b3-afe6-0b46-6425cf0c25c7','Mandatement','2023-03-30 18:07:54','2023-03-31 16:03:37','1','1','',1,NULL,10,'rgb(123, 213, 125)','suivant','',1,NULL,NULL,0,0,0,NULL,1,0,NULL,1,NULL,0),('d67a4962-38c5-6a6e-e976-6425cfc009e8','liquidation','2023-03-30 18:07:54','2023-03-31 16:03:37','1','1','',1,NULL,20,'rgb(123, 213, 125)','suivant','',1,NULL,NULL,0,0,0,NULL,1,0,NULL,1,NULL,0),('d83fe3da-c65a-42b0-2e7f-6425cf69c3cd','Cloture','2023-03-30 18:07:54','2023-03-31 16:03:37','1','1','',1,NULL,30,'rgb(245, 128, 149)','termine','Clôture',1,NULL,NULL,0,0,0,NULL,1,0,NULL,1,NULL,0),('db7f58f6-3eb6-3d5b-dad0-6425cf521637','A clôturer','2023-03-30 18:07:54','2023-03-31 16:03:37','1','1','',1,NULL,10,'rgb(123, 213, 125)','courant','',1,NULL,NULL,0,0,0,NULL,1,0,NULL,1,NULL,0),('dd3c994d-6feb-7dcb-9a05-6425cf046c23','Clos','2023-03-30 18:07:54','2023-03-31 16:03:37','1','1','',1,NULL,20,'rgb(123, 213, 125)','termine','',1,NULL,NULL,0,0,0,NULL,1,0,NULL,1,NULL,0),('46f7f16c-5783-34a7-e86f-6425e40899aa','Nouveau','2023-03-30 19:36:11','2023-03-30 19:36:11','1','1','',0,NULL,1,'rgb(123, 213, 125)','suivant','',1,NULL,NULL,0,0,0,NULL,1,0,NULL,1,NULL,0),('4b5d7cdf-adfb-e9ea-5d7c-6425e48b669d','Accepté','2023-03-30 19:36:11','2023-03-30 20:49:51','1','1',NULL,0,'',1,'rgb(123, 213, 125)','courant',NULL,1,NULL,NULL,0,0,0,NULL,1,0,NULL,1,NULL,0),('4d3c93f9-2124-2aae-e4db-6425e47ca6ab','Refusé','2023-03-30 19:36:11','2023-03-30 19:36:11','1','1','',0,NULL,2,'rgb(245, 128, 149)','termine','',1,NULL,NULL,0,0,0,NULL,1,0,NULL,1,NULL,0),('50a8a071-b19c-5536-c289-6425e42dde26','Clos','2023-03-30 19:36:11','2023-03-30 19:36:11','1','1','',0,NULL,1,'rgb(62, 116, 170)','termine','',1,NULL,NULL,0,0,0,NULL,1,0,NULL,1,NULL,0),('50abeb75-a604-7e27-ada9-6425f11c2695','Test','2023-03-30 20:31:42','2023-03-30 20:31:42','1','1',NULL,0,NULL,3,'','courant','',1,'','',0,0,0,NULL,1,0,NULL,1,NULL,0),('bd5c033e-3a21-76af-4434-6426f65eef21','Reçu','2023-03-31 15:06:12','2023-03-31 15:06:12','1','1','',0,NULL,10,'rgb(123, 213, 125)','courant','',1,NULL,NULL,0,0,0,NULL,1,0,NULL,1,NULL,0),('bf87fefc-2522-9b95-98e8-6426f6f46fe3','Complet','2023-03-31 15:06:12','2023-03-31 15:06:12','1','1','',0,NULL,20,'rgb(123, 213, 125)','suivant','',1,NULL,NULL,0,0,0,NULL,1,0,NULL,1,NULL,0),('c13c198a-1b3c-0afa-fa60-6426f6f79c62','Incomplet','2023-03-31 15:06:12','2023-03-31 15:06:12','1','1','',0,NULL,30,'rgb(245, 128, 149)','courant','',1,NULL,NULL,0,0,0,NULL,1,0,NULL,1,NULL,0),('c49445b9-5209-fcee-dc89-6426f6eac5a5','Engagé','2023-03-31 15:06:12','2023-03-31 15:06:12','1','1','',0,NULL,10,'rgb(123, 213, 125)','suivant','',1,NULL,NULL,0,0,0,NULL,1,0,NULL,1,NULL,0),('c7f4edbb-0cfb-071e-66d0-6426f6fda11b','Non éligible : hors agglomération','2023-03-31 15:06:12','2023-03-31 15:06:12','1','1','',0,NULL,20,'rgb(245, 128, 149)','termine','',1,NULL,NULL,0,0,0,NULL,1,0,NULL,1,NULL,0),('c9aa19b5-863e-085a-7b67-6426f6aaa66c','Non éligible : critères de revenus','2023-03-31 15:06:12','2023-03-31 15:06:12','1','1','',0,NULL,30,'rgb(245, 128, 149)','termine','',1,NULL,NULL,0,0,0,NULL,1,0,NULL,1,NULL,0),('cb5a8860-ad9a-64c1-5b2c-6426f6e1ebef','Eligible','2023-03-31 15:06:12','2023-03-31 15:06:12','1','1','',0,NULL,10,'rgb(123, 213, 125)','suivant','',1,NULL,NULL,0,0,0,NULL,1,0,NULL,1,NULL,0),('cecf58d6-d5d0-493b-9b4f-6426f652c047','Accord envoyé','2023-03-31 15:06:12','2023-03-31 15:06:12','1','1','',0,NULL,10,'rgb(123, 213, 125)','suivant','Envoi de la notification',1,NULL,NULL,0,0,0,NULL,1,0,NULL,1,NULL,0),('d08e67a8-f888-4865-bf71-6426f63fe856','Ajournée','2023-03-31 15:06:12','2023-03-31 15:06:12','1','1','',0,NULL,20,'rgb(221, 227, 51)','courant','',1,NULL,NULL,0,0,0,NULL,1,0,NULL,1,NULL,0),('d267e9ee-d1d6-c696-5226-6426f66a024c','Refus envoyé','2023-03-31 15:06:12','2023-03-31 15:06:12','1','1','',0,NULL,30,'rgb(245, 128, 149)','termine','Envoi de la notification de refus',1,NULL,NULL,0,0,0,NULL,1,0,NULL,1,NULL,0),('d440dd28-fbe1-46a9-df67-6426f64dfca4','A notifier','2023-03-31 15:06:12','2023-03-31 15:06:12','1','1','',0,NULL,5,'rgb(221, 227, 51)','courant','',1,NULL,NULL,0,0,0,NULL,1,0,NULL,1,NULL,0),('d7bf676e-49c9-16a5-f4b2-6426f64b95e4','Mandatement','2023-03-31 15:06:12','2023-03-31 15:06:12','1','1','',0,NULL,10,'rgb(123, 213, 125)','suivant','',1,NULL,NULL,0,0,0,NULL,1,0,NULL,1,NULL,0),('d97dbbe1-59b9-c21c-9a4d-6426f64b6eb6','liquidation','2023-03-31 15:06:12','2023-03-31 15:06:12','1','1','',0,NULL,20,'rgb(123, 213, 125)','suivant','',1,NULL,NULL,0,0,0,NULL,1,0,NULL,1,NULL,0),('db27de93-a0ae-cd19-7795-6426f63e758f','Cloture','2023-03-31 15:06:12','2023-03-31 15:06:12','1','1','',0,NULL,30,'rgb(245, 128, 149)','termine','Clôture',1,NULL,NULL,0,0,0,NULL,1,0,NULL,1,NULL,0),('de6ab4f1-f810-9678-e822-6426f6ba04d2','A clôturer','2023-03-31 15:06:12','2023-03-31 15:06:12','1','1','',0,NULL,10,'rgb(123, 213, 125)','courant','',1,NULL,NULL,0,0,0,NULL,1,0,NULL,1,NULL,0),('e01d0f8c-27f4-13c3-8831-6426f6262da3','Clos','2023-03-31 15:06:12','2023-03-31 15:06:12','1','1','',0,NULL,20,'rgb(123, 213, 125)','termine','',1,NULL,NULL,0,0,0,NULL,1,0,NULL,1,NULL,0),('ecec1032-5266-80ff-9548-6426f6a13372','Reçu','2023-03-31 15:06:12','2023-03-31 15:06:12','1','1','',0,NULL,10,'rgb(123, 213, 125)','courant','',1,NULL,NULL,0,0,0,NULL,1,0,NULL,1,NULL,0),('ef108264-d105-14b1-e106-6426f6a2d391','Complet','2023-03-31 15:06:12','2023-03-31 15:06:12','1','1','',0,NULL,20,'rgb(123, 213, 125)','suivant','',1,NULL,NULL,0,0,0,NULL,1,0,NULL,1,NULL,0),('f0d9a914-307f-6e86-4d38-6426f6c289cb','Incomplet','2023-03-31 15:06:12','2023-03-31 15:06:12','1','1','',0,NULL,30,'rgb(245, 128, 149)','courant','',1,NULL,NULL,0,0,0,NULL,1,0,NULL,1,NULL,0),('ca000e4f-7cb8-e0f2-ff06-6426f6214068','Accord','2023-03-31 15:06:12','2023-03-31 15:06:12','1','1','',0,NULL,10,'rgb(123, 213, 125)','suivant','',1,NULL,NULL,0,0,0,NULL,1,0,NULL,1,NULL,0),('1cf6066c-2451-45ec-8e83-6426f6cf77b7','Refus','2023-03-31 15:06:12','2023-03-31 15:06:12','1','1','',0,NULL,20,'rgb(245, 128, 149)','suivant','',1,NULL,NULL,0,0,0,NULL,1,0,NULL,1,NULL,0),('56b6078b-336a-8a6b-8f11-6426f6765bd2','Engagé','2023-03-31 15:06:12','2023-03-31 15:06:12','1','1','',0,NULL,10,'rgb(123, 213, 125)','suivant','',1,NULL,NULL,0,0,0,NULL,1,0,NULL,1,NULL,0),('9002004e-f222-08c1-1f49-6426f61877cb','Avis défavorable','2023-03-31 15:06:12','2023-03-31 15:06:12','1','1','',0,NULL,20,'rgb(245, 128, 149)','suivant','',1,NULL,NULL,0,0,0,NULL,1,0,NULL,1,NULL,0),('b0040d36-5e77-6d65-a2f0-6426f644da7a','Ajournée','2023-03-31 15:06:12','2023-03-31 15:06:12','1','1','',0,NULL,30,'rgb(221, 227, 51)','courant','',1,NULL,NULL,0,0,0,NULL,1,0,NULL,1,NULL,0),('cce20ba5-a877-cb0b-a746-6426f66ceead','Avis favorable','2023-03-31 15:06:12','2023-03-31 15:06:12','1','1','',0,NULL,10,'rgb(123, 213, 125)','suivant','',1,NULL,NULL,0,0,0,NULL,1,0,NULL,1,NULL,0),('11933a68-22c1-0cfa-34d9-6426f6f82dd1','Accord envoyé','2023-03-31 15:06:12','2023-03-31 15:06:12','1','1','',0,NULL,10,'rgb(123, 213, 125)','suivant','Envoi de la notification',1,NULL,NULL,0,0,0,NULL,1,0,NULL,1,NULL,0),('1420ea10-401a-f8a1-f2f3-6426f61a6a91','Ajournée','2023-03-31 15:06:12','2023-03-31 15:06:12','1','1','',0,NULL,20,'rgb(221, 227, 51)','courant','',1,NULL,NULL,0,0,0,NULL,1,0,NULL,1,NULL,0),('16b8b497-656a-0e2d-76f1-6426f66b51e9','Refus envoyé','2023-03-31 15:06:12','2023-03-31 15:06:12','1','1','',0,NULL,30,'rgb(245, 128, 149)','termine','Envoi de la notification de refus',1,NULL,NULL,0,0,0,NULL,1,0,NULL,1,NULL,0),('1921e923-ae0b-4c58-1879-6426f6563ce7','A notifier','2023-03-31 15:06:12','2023-03-31 15:06:12','1','1','',0,NULL,5,'rgb(221, 227, 51)','courant','',1,NULL,NULL,0,0,0,NULL,1,0,NULL,1,NULL,0),('1cc85bac-0f42-866e-c78f-6426f66be0e0','Mandatement','2023-03-31 15:06:12','2023-03-31 15:06:12','1','1','',0,NULL,10,'rgb(123, 213, 125)','suivant','',1,NULL,NULL,0,0,0,NULL,1,0,NULL,1,NULL,0),('1edf9108-7c29-2f02-d1b7-6426f6073ba7','liquidation','2023-03-31 15:06:12','2023-03-31 15:06:12','1','1','',0,NULL,20,'rgb(123, 213, 125)','suivant','',1,NULL,NULL,0,0,0,NULL,1,0,NULL,1,NULL,0),('20f469b7-75ba-2ae2-c4c8-6426f661c062','Cloture','2023-03-31 15:06:12','2023-03-31 15:06:12','1','1','',0,NULL,30,'rgb(245, 128, 149)','termine','Clôture',1,NULL,NULL,0,0,0,NULL,1,0,NULL,1,NULL,0),('2425814a-d6a7-99db-2899-6426f63af821','A clôturer','2023-03-31 15:06:12','2023-03-31 15:06:12','1','1','',0,NULL,10,'rgb(123, 213, 125)','courant','',1,NULL,NULL,0,0,0,NULL,1,0,NULL,1,NULL,0),('25c28c80-e10a-377b-c962-6426f62b91ea','Clos','2023-03-31 15:06:12','2023-03-31 15:06:12','1','1','',0,NULL,20,'rgb(123, 213, 125)','termine','',1,NULL,NULL,0,0,0,NULL,1,0,NULL,1,NULL,0),('28fa63e4-d515-f042-3602-6426f6774fc4','Inscrit sur crédit budgétaire','2023-03-31 15:06:12','2023-03-31 15:06:12','1','1','',0,NULL,1,'rgb(123, 213, 125)','suivant','',1,NULL,NULL,0,0,0,NULL,1,0,NULL,1,NULL,0),('2a95e1f4-641b-70c2-d378-6426f61f9257','Sauter l\'étape budget','2023-03-31 15:06:12','2023-03-31 15:06:12','1','1','',0,NULL,2,'rgb(245, 128, 149)','suivant','',1,NULL,NULL,0,0,0,NULL,1,0,NULL,1,NULL,0),('4f18d720-d265-0f00-e406-642704cd2e33','Dossier refusé','2023-03-31 16:03:48','2023-03-31 16:03:48','1','1','',0,NULL,30,'rgb(243, 22, 34)','courant','',1,NULL,NULL,0,0,0,NULL,1,0,NULL,1,NULL,0),('50bbdc5b-34f3-2892-e2f2-6427049a8258','Dossier déposé','2023-03-31 16:03:48','2023-03-31 16:03:48','1','1','',0,NULL,0,'rgb(123, 213, 125)','courant','',1,NULL,NULL,0,0,0,NULL,1,0,NULL,1,NULL,0),('529d0bef-9592-9434-6d51-642704f1c5f6','Dossier accepté','2023-03-31 16:03:48','2023-03-31 16:03:48','1','1','',0,NULL,10,'rgb(24, 76, 199)','suivant','',1,NULL,NULL,0,0,0,NULL,1,0,NULL,1,NULL,0),('54282050-02f9-1eba-2788-6427048c6431','Doublon detecté','2023-03-31 16:03:48','2023-03-31 16:03:48','1','1','',0,NULL,5,'rgb(21, 94, 32)','courant','',1,NULL,NULL,0,0,0,NULL,1,0,NULL,1,NULL,0),('55aea478-b5e8-7504-9ee5-64270410c7d4','En attente de pièces justificatives valide','2023-03-31 16:03:48','2023-03-31 16:03:48','1','1','',0,NULL,20,'rgb(241, 179, 61)','courant','',1,NULL,NULL,0,0,0,NULL,1,0,NULL,1,NULL,0),('588f4ce9-6315-82db-44f2-64270406f4e9','Paiement émis','2023-03-31 16:03:48','2023-03-31 16:03:48','1','1','',0,NULL,0,'rgb(210, 215, 55)','termine','',1,NULL,NULL,0,0,0,NULL,1,0,NULL,1,NULL,0),('5b96f942-dd0a-72c5-6b21-6427049a096f','Bon en paiement','2023-03-31 16:03:48','2023-03-31 16:03:48','1','1','',0,NULL,1,'rgb(210, 215, 55)','suivant','',1,NULL,NULL,0,0,0,NULL,1,0,NULL,1,NULL,0),('6249eaa5-45ea-e28e-1875-642704f0c3ea','Dossier refusé','2023-03-31 16:03:48','2023-03-31 16:03:48','1','1','',0,NULL,30,'rgb(243, 22, 34)','courant','',1,NULL,NULL,0,0,0,NULL,1,0,NULL,1,NULL,0),('642b9ee7-462e-e98c-7d83-642704ac3651','Dossier déposé','2023-03-31 16:03:48','2023-03-31 16:03:48','1','1','',0,NULL,0,'rgb(123, 213, 125)','courant','',1,NULL,NULL,0,0,0,NULL,1,0,NULL,1,NULL,0),('6686336c-41be-903d-cdc2-6427048ed643','Dossier accepté','2023-03-31 16:03:48','2023-03-31 16:03:48','1','1','',0,NULL,10,'rgb(24, 76, 199)','suivant','',1,NULL,NULL,0,0,0,NULL,1,0,NULL,1,NULL,0),('686b08ff-628c-223e-d2be-642704184624','Doublon detecté','2023-03-31 16:03:48','2023-03-31 16:03:48','1','1','',0,NULL,5,'rgb(21, 94, 32)','courant','',1,NULL,NULL,0,0,0,NULL,1,0,NULL,1,NULL,0),('6a276327-ecf4-113f-7d57-64270438159c','En attente de pièces justificatives valide','2023-03-31 16:03:48','2023-03-31 16:03:48','1','1','',0,NULL,20,'rgb(241, 179, 61)','courant','',1,NULL,NULL,0,0,0,NULL,1,0,NULL,1,NULL,0),('6d566846-df21-339f-73b2-642704847e3f','Paiement émis','2023-03-31 16:03:48','2023-03-31 16:03:48','1','1','',0,NULL,0,'rgb(210, 215, 55)','termine','',1,NULL,NULL,0,0,0,NULL,1,0,NULL,1,NULL,0),('7072aa69-3835-1205-acb2-6427042bedfb','Bon en paiement','2023-03-31 16:03:48','2023-03-31 16:03:48','1','1','',0,NULL,1,'rgb(210, 215, 55)','suivant','',1,NULL,NULL,0,0,0,NULL,1,0,NULL,1,NULL,0),('75fd58ac-f2b9-7d21-8343-643716f293fa','Non payé','2023-04-12 20:37:08','2023-04-12 20:37:08','1','1','',0,NULL,20,'rgb(236, 129, 134)','courant','',1,NULL,NULL,0,0,0,NULL,1,0,NULL,1,NULL,0),('77cf0243-e7d1-bb4e-e318-64371603b16a','Relance non payé','2023-04-12 20:37:08','2023-04-12 20:37:08','1','1','',0,NULL,25,'rgb(236, 129, 134)','courant','',1,NULL,NULL,0,0,0,NULL,1,0,NULL,1,NULL,0),('7980c063-7bc0-c24d-f62c-643716cb3dcd','Payé','2023-04-12 20:37:08','2023-04-12 20:37:08','1','1','',0,NULL,10,'rgb(123, 213, 125)','suivant','',1,NULL,NULL,0,0,0,NULL,1,0,NULL,1,NULL,0),('7b1c0b00-1dc6-8a89-383b-643716bb1c75','Rejet','2023-04-12 20:37:08','2023-04-12 20:37:08','1','1','',0,NULL,40,'rgb(236, 129, 134)','suivant','',1,NULL,NULL,0,0,0,NULL,1,0,NULL,1,NULL,0),('7e7bc5e3-fcd7-9f76-51b9-6437169cebb8','Dossier abondonné Non payé','2023-04-12 20:37:08','2023-04-12 20:37:08','1','1','',0,NULL,40,'rgb(236, 129, 134)','suivant','',1,NULL,NULL,0,0,0,NULL,1,0,NULL,1,NULL,0),('801862b0-a55c-b12d-23a1-6437166cc260','Dossier abondonné Refus','2023-04-12 20:37:08','2023-04-12 20:37:08','1','1','',0,NULL,20,'rgb(236, 129, 134)','suivant','',1,NULL,NULL,0,0,0,NULL,1,0,NULL,1,NULL,0),('81ab43ca-263d-39d9-58ef-6437165558c2','Dossier  traité','2023-04-12 20:37:08','2023-04-12 20:37:08','1','1','',0,NULL,10,'rgb(95, 153, 215)','suivant','',1,NULL,NULL,0,0,0,NULL,1,0,NULL,1,NULL,0),('83480b62-90e2-2c6d-e0d7-64371656dfbe','Dossier abondonné Sans réponse','2023-04-12 20:37:08','2023-04-12 20:37:08','1','1','',0,NULL,30,'rgb(236, 129, 134)','suivant','',1,NULL,NULL,0,0,0,NULL,1,0,NULL,1,NULL,0),('84d8ebbb-78be-89e1-e25c-643716f193d2','Dossier abondonné Rejet de paiement','2023-04-12 20:37:08','2023-04-12 20:37:08','1','1','',0,NULL,50,'rgb(236, 129, 134)','suivant','',1,NULL,NULL,0,0,0,NULL,1,0,NULL,1,NULL,0),('87e6e9a7-a157-320e-dcc0-64371610c7f0','Dossier reçu','2023-04-12 20:37:08','2023-04-12 20:37:08','1','1','',0,NULL,1,'rgb(123, 213, 125)','suivant','',1,NULL,NULL,0,0,0,NULL,1,0,NULL,1,NULL,0),('8b5930b0-512f-dad1-67f8-643716b95b68','Refus','2023-04-12 20:37:08','2023-04-12 20:37:08','1','1','',0,NULL,2,'rgb(236, 129, 134)','termine','',1,NULL,NULL,0,0,0,NULL,1,0,NULL,1,NULL,0),('8cfbaa1a-43c2-2272-48f3-643716d5bdb4','Accord','2023-04-12 20:37:08','2023-04-12 20:37:08','1','1','',0,NULL,1,'rgb(123, 213, 125)','suivant','',1,NULL,NULL,0,0,0,NULL,1,0,NULL,1,NULL,0),('9014a8bb-1960-3d2b-6bca-6437166ea837','Envoyé','2023-04-12 20:37:08','2023-04-12 20:37:08','1','1','',0,NULL,2,'rgb(123, 213, 125)','suivant','',1,NULL,NULL,0,0,0,NULL,1,0,NULL,1,NULL,0),('91b25fe1-3ab6-67e5-8bf3-643716f1a16b','Non envoyé','2023-04-12 20:37:08','2023-04-12 20:37:08','1','1','',0,NULL,1,'rgb(236, 129, 134)','courant','',1,NULL,NULL,0,0,0,NULL,1,0,NULL,1,NULL,0),('94e86c1e-d6b7-258d-969e-643716cb7b1e','A envoyer','2023-04-12 20:37:08','2023-04-12 20:37:08','1','1','',0,NULL,20,'rgb(213, 194, 123)','suivant','',1,NULL,NULL,0,0,0,NULL,1,0,NULL,1,NULL,0),('96714e2c-209b-00c7-82ce-643716a05199','Non requis','2023-04-12 20:37:08','2023-04-12 20:37:08','1','1','',0,NULL,10,'rgb(123, 213, 125)','suivant','',1,NULL,NULL,0,0,0,NULL,1,0,NULL,1,NULL,0),('997868e7-42b1-0e7a-986b-643716b20b28','En attente de pièces justificatives valides','2023-04-12 20:37:08','2023-04-12 20:37:08','1','1','',0,NULL,30,'rgb(236, 129, 134)','courant','',1,NULL,NULL,0,0,0,NULL,1,0,NULL,1,NULL,0),('9b19a59a-91f1-7362-2050-643716485034','Complet','2023-04-12 20:37:08','2023-04-12 20:37:08','1','1','',0,NULL,20,'rgb(123, 213, 125)','suivant','',1,NULL,NULL,0,0,0,NULL,1,0,NULL,1,NULL,0),('9cbb1b07-e511-2dbf-e34d-643716482e48','Relance usager','2023-04-12 20:37:08','2023-04-12 20:37:08','1','1','',0,NULL,40,'rgb(236, 129, 134)','courant','',1,NULL,NULL,0,0,0,NULL,1,0,NULL,1,NULL,0),('9fb68347-f55c-c5b4-e6cf-643716665897','Archivé','2023-04-12 20:37:08','2023-04-12 20:37:08','1','1','',0,NULL,10,'rgb(95, 153, 215)','termine','',1,NULL,NULL,0,0,0,NULL,1,0,NULL,1,NULL,0),('77e27b8d-16e2-2424-6e5b-64396162bdd4','Saisie terminée','2023-04-14 14:23:56','2024-08-30 15:14:49','1','1','',1,NULL,10,'rgb(74, 221, 185)','suivant','Saisie terminée',1,NULL,NULL,0,0,0,NULL,1,0,NULL,1,NULL,0),('7bc6074b-4d25-9c22-7234-6439613f5f30','Réponse accueil mail BDC','2023-04-14 14:23:56','2024-08-30 15:14:49','1','1','',1,NULL,10,'rgb(74, 221, 185)','termine','Répondu accueil par mail BDC',1,NULL,NULL,0,0,0,NULL,1,0,NULL,1,NULL,0),('7d8daf9e-8cc8-686d-f35f-6439610a7777','Réponse accueil compte','2023-04-14 14:23:56','2023-11-04 08:30:21','1','1',NULL,1,'',20,'rgb(74, 221, 185)','termine','Répondu accueil compte usager',1,NULL,NULL,0,0,0,NULL,1,0,NULL,1,NULL,0),('7f40ea41-be58-883f-5bc4-64396149fe09','Orientation Amélio','2023-04-14 14:23:56','2024-08-30 15:14:49','1','1',NULL,1,'',30,'rgb(0, 127, 31)','suivant','Orientation Amélio',1,NULL,NULL,0,0,0,NULL,1,0,NULL,1,NULL,0),('80fac275-df3b-fee1-702c-64396180b8b1','Orientation FSL','2023-04-14 14:23:56','2024-08-30 15:14:49','1','1',NULL,1,'',40,'rgb(53, 155, 255)','suivant','Orientation FSL',1,NULL,NULL,0,0,0,NULL,1,0,NULL,1,NULL,0),('82ccb426-84a3-a39d-9e00-643961fc11d2','Réponse accueil mail complet','2023-04-14 14:23:56','2024-08-30 15:14:49','1','1','',1,NULL,15,'rgb(77, 221, 186)','termine','Répondu accueil par mail complet',1,NULL,NULL,0,0,0,NULL,1,0,NULL,1,NULL,0),('8674d24e-3707-0174-8e5b-643961bfdb29','Réponse service mail','2023-04-14 14:23:56','2024-08-30 15:15:20','1','1','',1,NULL,10,'rgb(77, 221, 186)','termine','Répondu service par mail',1,NULL,NULL,0,0,0,NULL,1,0,NULL,1,NULL,0),('883b78ab-760b-2a15-b619-64396152d92e','Répondu servie compte','2023-04-14 14:23:56','2023-11-04 09:28:46','1','1','',1,NULL,20,'rgb(77, 221, 186)','termine','Répondu service compte usager',1,NULL,NULL,0,0,0,NULL,1,0,NULL,1,NULL,0),('89f6408c-b91d-9584-c315-643961c0a3e7','En validation','2023-04-14 14:23:56','2024-08-30 15:15:20','1','1',NULL,1,'',20,'rgb(1, 118, 118)','suivant','En cours de Validation',1,NULL,NULL,0,0,0,NULL,1,0,NULL,1,NULL,0),('8d3712b5-0b70-6e7d-02df-6439618a36f5','Réponse à envoyer usager','2023-04-14 14:23:56','2023-11-04 10:07:10','1','1',NULL,0,'',10,'rgb(0, 170, 6)','termine','Réponse validée',1,NULL,NULL,0,0,0,NULL,1,0,NULL,1,NULL,0),('11f9f4a3-c2c1-88f8-6028-643cf68134a6','Orientation SEDAP','2023-04-17 07:34:44','2024-08-30 15:14:49','1','6f8ff2e0-a1c9-778f-332a-643aa04a16d7',NULL,1,'',50,'rgb(164, 170, 1)','suivant','Orientation SEDAP',1,NULL,NULL,0,0,0,NULL,1,0,NULL,1,NULL,0),('766984d6-1385-9995-d668-643cf6efbbe6','Orientation SRM','2023-04-17 07:35:30','2024-08-30 15:14:49','1','6f8ff2e0-a1c9-778f-332a-643aa04a16d7',NULL,1,'',60,'rgb(134, 0, 1)','suivant','Orientation SRM',1,NULL,NULL,0,0,0,NULL,1,0,NULL,1,NULL,0),('ae3b2274-02c1-e09e-ce00-643cf6b3fcf1','Orientation Direction','2023-04-17 07:35:58','2024-08-30 15:14:49','1','6f8ff2e0-a1c9-778f-332a-643aa04a16d7',NULL,1,'',70,'rgb(1, 118, 118)','suivant','Orientation Direction',1,NULL,NULL,0,0,0,NULL,1,0,NULL,1,NULL,0),('92eaed35-4d69-1d05-753c-643d341bd590','Réponse à valider Directeur','2023-04-17 11:58:59','2023-04-19 11:05:05','eb11b140-bfc7-7d6d-fdac-643bd1bebcd1','eb11b140-bfc7-7d6d-fdac-643bd1bebcd1',NULL,0,'',0,'rgb(0, 90, 90)','courant','Réponse à valider Directeur',1,NULL,NULL,0,0,0,NULL,1,0,NULL,1,NULL,0),('1e65b3f0-1e84-870a-98dc-643fc9e3a643','Validation RC','2023-04-19 11:01:10','2023-11-04 09:51:14','1','eb11b140-bfc7-7d6d-fdac-643bd1bebcd1',NULL,1,'',25,'rgb(0, 170, 155)','courant','Validation RC',1,NULL,NULL,0,0,0,NULL,1,0,NULL,1,NULL,0),('46eabcbf-8211-2969-d87f-643fca4115da','Validation dir','2023-04-19 11:02:47','2023-11-04 09:51:27','1','eb11b140-bfc7-7d6d-fdac-643bd1bebcd1',NULL,1,'',45,'rgb(0, 90, 90)','suivant','Validation dir',1,NULL,NULL,0,0,0,NULL,1,0,NULL,1,NULL,0),('d1d30477-249f-476f-213d-643fd81efe73','Réponse automatique accession propriété','2023-04-19 12:02:58','2024-08-30 15:14:49','1','6f8ff2e0-a1c9-778f-332a-643aa04a16d7',NULL,1,'',5,'rgb(74, 221, 185)','termine','Réponse accueil accession propriété',1,NULL,NULL,0,0,0,NULL,1,0,NULL,1,NULL,0),('ce71136e-6c82-9433-00ce-643fddaf4cfa','Réponse automatique FSL','2023-04-19 12:25:10','2024-08-30 15:14:49','1','6f8ff2e0-a1c9-778f-332a-643aa04a16d7',NULL,1,'',0,'rgb(74, 221, 185)','termine','Réponse automatique FSL',1,NULL,NULL,0,0,0,NULL,1,0,NULL,1,NULL,0),('9cb2079f-ab8c-5cac-3145-64819a3eace8','Non payé','2023-06-08 09:06:08','2024-08-30 15:13:05','1','1','',1,NULL,20,'rgb(236, 129, 134)','courant','',1,NULL,NULL,0,0,0,NULL,1,0,NULL,1,NULL,0),('e94007cb-a42a-1f32-3c89-64819a6b79cb','Relance non payé','2023-06-08 09:06:08','2024-08-30 15:13:05','1','1','',1,NULL,25,'rgb(236, 129, 134)','courant','',1,NULL,NULL,0,0,0,NULL,1,0,NULL,1,NULL,0),('120e144f-fd32-c188-d46a-64819a4bd88c','Payé','2023-06-08 09:06:08','2024-08-30 15:13:05','1','1','',1,NULL,10,'rgb(123, 213, 125)','suivant','',1,NULL,NULL,0,0,0,NULL,1,0,NULL,1,NULL,0),('16b1d7eb-d73e-ac57-f86a-64819a3911da','Rejet','2023-06-08 09:06:08','2024-08-30 15:13:05','1','1','',1,NULL,40,'rgb(236, 129, 134)','suivant','',1,NULL,NULL,0,0,0,NULL,1,0,NULL,1,NULL,0),('1e8a90dc-047e-9dd1-578d-64819a5c7ca3','Dossier abondonné Non payé','2023-06-08 09:06:08','2024-08-30 15:13:05','1','1','',1,NULL,40,'rgb(236, 129, 134)','suivant','',1,NULL,NULL,0,0,0,NULL,1,0,NULL,1,NULL,0),('244ff5e6-8044-14d5-3c27-64819a33f3bb','Dossier abondonné Refus','2023-06-08 09:06:08','2024-08-30 15:13:05','1','1','',1,NULL,20,'rgb(236, 129, 134)','suivant','',1,NULL,NULL,0,0,0,NULL,1,0,NULL,1,NULL,0),('29e0a6c8-61ab-1401-9793-64819a59451c','Dossier  traité','2023-06-08 09:06:08','2024-08-30 15:13:05','1','1','',1,NULL,10,'rgb(95, 153, 215)','suivant','',1,NULL,NULL,0,0,0,NULL,1,0,NULL,1,NULL,0),('2d63b2e9-ce37-b4c4-efa8-64819af9e50b','Dossier abondonné Sans réponse','2023-06-08 09:06:08','2024-08-30 15:13:05','1','1','',1,NULL,30,'rgb(236, 129, 134)','suivant','',1,NULL,NULL,0,0,0,NULL,1,0,NULL,1,NULL,0),('301bc10c-abc3-b110-0ad9-64819a5d1492','Dossier abondonné Rejet de paiement','2023-06-08 09:06:08','2024-08-30 15:13:05','1','1','',1,NULL,50,'rgb(236, 129, 134)','suivant','',1,NULL,NULL,0,0,0,NULL,1,0,NULL,1,NULL,0),('36ed68b4-1167-1aa7-36e9-64819a674717','Dossier reçu','2023-06-08 09:06:08','2024-08-30 15:13:05','1','1','',1,NULL,1,'rgb(123, 213, 125)','suivant','',1,NULL,NULL,0,0,0,NULL,1,0,NULL,1,NULL,0),('3ff287e1-7e82-c2aa-ec38-64819a20edbd','Refus','2023-06-08 09:06:08','2024-08-30 15:13:05','1','1','',1,NULL,2,'rgb(236, 129, 134)','termine','',1,NULL,NULL,0,0,0,NULL,1,0,NULL,1,NULL,0),('427853d4-f5a2-68de-58ce-64819a6efad8','Accord','2023-06-08 09:06:08','2024-08-30 15:13:05','1','1','',1,NULL,1,'rgb(123, 213, 125)','suivant','',1,NULL,NULL,0,0,0,NULL,1,0,NULL,1,NULL,0),('49b51038-4334-c4a1-2edf-64819ae75c5e','Envoyé','2023-06-08 09:06:08','2024-08-30 15:13:05','1','1','',1,NULL,2,'rgb(123, 213, 125)','suivant','',1,NULL,NULL,0,0,0,NULL,1,0,NULL,1,NULL,0),('4de63f88-6dc3-0f92-bbee-64819aafa654','Non envoyé','2023-06-08 09:06:08','2024-08-30 15:13:05','1','1','',1,NULL,1,'rgb(236, 129, 134)','courant','',1,NULL,NULL,0,0,0,NULL,1,0,NULL,1,NULL,0),('53eaa263-fb60-38f0-b9c4-64819a4e19c7','A envoyer','2023-06-08 09:06:08','2024-08-30 15:13:05','1','1','',1,NULL,20,'rgb(213, 194, 123)','suivant','',1,NULL,NULL,0,0,0,NULL,1,0,NULL,1,NULL,0),('584ba896-1438-ace8-9c8d-64819a8800bd','Non requis','2023-06-08 09:06:08','2024-08-30 15:13:05','1','1','',1,NULL,10,'rgb(123, 213, 125)','suivant','',1,NULL,NULL,0,0,0,NULL,1,0,NULL,1,NULL,0),('609c14a3-5d36-4f67-56bd-64819a1d26f7','En attente de pièces justificatives valides','2023-06-08 09:06:08','2024-08-30 15:13:05','1','1','',1,NULL,30,'rgb(236, 129, 134)','courant','',1,NULL,NULL,0,0,0,NULL,1,0,NULL,1,NULL,0),('638eed93-ba32-df09-6c54-64819ab2cbe7','Complet','2023-06-08 09:06:08','2024-08-30 15:13:05','1','1','',1,NULL,20,'rgb(123, 213, 125)','suivant','',1,NULL,NULL,0,0,0,NULL,1,0,NULL,1,NULL,0),('66bd9f97-291e-df0f-a066-64819aaa878e','Relance usager','2023-06-08 09:06:08','2024-08-30 15:13:05','1','1','',1,NULL,40,'rgb(236, 129, 134)','courant','',1,NULL,NULL,0,0,0,NULL,1,0,NULL,1,NULL,0),('6eca7c78-a632-e799-8ee6-64819a6d9edd','Archivé','2023-06-08 09:06:08','2024-08-30 15:13:05','1','1','',1,NULL,10,'rgb(95, 153, 215)','termine','',1,NULL,NULL,0,0,0,NULL,1,0,NULL,1,NULL,0),('c9507ba3-d740-bfa3-c71a-64a7091d5251','Envoi formulaire Appui Logement','2023-07-06 18:36:26','2024-08-30 15:14:49','1','1',NULL,1,NULL,27,'rgb(74, 221, 185)','termine','Envoi formulaire Appui Logement',1,'','',0,0,0,NULL,1,0,NULL,1,NULL,0),('49cb27a9-015a-2ed8-24cc-651be51de84a','Complet','2023-10-03 09:59:07','2023-10-03 10:23:05','1','1',NULL,0,'',20,'rgb(123, 213, 125)','suivant',NULL,1,NULL,NULL,0,0,0,NULL,1,0,NULL,1,NULL,0),('60052a64-12a6-3768-704b-651be5b48269','Incomplet','2023-10-03 09:59:07','2023-10-03 09:59:07','1','1','',0,NULL,30,'rgb(245, 128, 149)','courant','',1,NULL,NULL,0,0,0,NULL,1,0,NULL,1,NULL,0),('78fefb35-cbab-c6ca-9474-651be5387751','Reçu','2023-10-03 09:59:07','2023-10-03 09:59:07','1','1','',0,NULL,10,'rgb(123, 213, 125)','courant','',1,NULL,NULL,0,0,0,NULL,1,0,NULL,1,NULL,0),('f2622c0d-1a8b-57fb-25a3-651beb2fdb5a','Paiement accepté','2023-10-03 10:21:52','2023-10-03 10:24:19','1','1',NULL,0,'',1,'rgb(123, 213, 125)','suivant',NULL,1,NULL,NULL,0,0,0,NULL,1,0,NULL,1,NULL,0),('20cd0607-73c2-b05b-7b43-651beb6e497c','Paiement refusé','2023-10-03 10:22:33','2023-10-03 10:22:49','1','1',NULL,0,'',2,'rgb(245, 128, 149)','termine',NULL,1,NULL,NULL,0,0,0,NULL,1,0,NULL,1,NULL,0),('e8f55eb1-cddd-ee3e-1e14-651beb6a618a','Clos','2023-10-03 10:23:59','2023-10-03 10:24:05','1','1',NULL,0,'',1,'rgb(123, 213, 125)','courant',NULL,1,NULL,NULL,0,0,0,NULL,1,0,NULL,1,NULL,0),('e87fa96b-df4a-85cd-df68-655b0e5801b5','Cloturé','2023-11-20 07:45:11','2023-11-20 07:45:20','1','1',NULL,0,'',0,'rgb(187, 91, 91)','termine',NULL,1,NULL,NULL,0,0,0,NULL,1,0,NULL,1,NULL,0),('a0f6b91e-b04c-95f5-5c6b-65803260b02d','En attente avis','2023-12-18 11:51:16','2024-01-30 14:05:02','1','1',NULL,0,'',5,'rgb(123, 213, 125)','courant',NULL,1,NULL,NULL,0,0,0,'5f863557-da67-26f2-a556-658033929572',1,1,'En attente avis',1,'',0),('5f863557-da67-26f2-a556-658033929572','Avis renseigné','2023-12-18 11:57:26','2023-12-18 19:20:37','1','1',NULL,0,'',8,'rgb(123, 213, 125)','suivant',NULL,1,NULL,NULL,0,0,0,'',1,0,NULL,1,'',0),('7bd61880-a532-a975-39ba-65913180532e','Dossier non retenu','2023-12-31 09:16:00','2023-12-31 09:16:00','1','1','',0,NULL,20,'rgb(251, 172, 154)','termine','',1,'',NULL,0,0,0,NULL,1,0,NULL,1,'',0),('92b13109-d9cd-2762-69ac-65913129a52a','Dossier abandonné par l\'usager après attribution subvention','2023-12-31 09:16:00','2023-12-31 09:16:00','1','1','',0,NULL,30,'rgb(251, 172, 154)','termine','',1,'',NULL,0,0,0,NULL,1,0,NULL,1,'',0),('9c5bd2d3-9966-8d67-0f7a-6591310b56fe','Subvention attribuée','2023-12-31 09:16:00','2023-12-31 10:03:12','1','1',NULL,0,'',10,'rgb(166, 251, 154)','suivant',NULL,1,NULL,NULL,0,0,0,'',1,1,NULL,1,'',0),('bf535c0a-5b74-8ddb-8633-6591318f81d5','En instruction BAF','2023-12-31 09:16:00','2023-12-31 09:23:16','1','1',NULL,0,'',20,'rgb(251, 222, 154)','courant',NULL,1,NULL,NULL,0,0,0,'',1,1,NULL,1,'',0),('d376baba-b7e2-4019-7f2c-659131db8887','Transféré au BAF','2023-12-31 09:16:00','2023-12-31 09:23:07','1','1',NULL,0,'',10,'rgb(251, 222, 154)','courant',NULL,1,NULL,NULL,0,0,0,'',1,1,NULL,1,'',0),('de127f15-d9eb-db71-16dc-65913147323e','Demande de paiement autorisée','2023-12-31 09:16:00','2023-12-31 09:23:49','1','1',NULL,0,'',30,'rgb(68, 116, 209)','suivant',NULL,1,NULL,NULL,0,0,1,'',1,1,NULL,1,'',0),('ec7a52d2-819e-f10a-4e98-659131d2ee64','Dossier clôturé','2023-12-31 09:16:00','2023-12-31 09:16:00','1','1','',0,NULL,10,'rgb(153, 153, 153)','termine','',1,'',NULL,0,0,0,NULL,1,0,NULL,1,'',0),('a378035a-1956-540a-9a3e-65913111f9a9','En cours d\'instruction','2023-12-31 09:16:00','2023-12-31 09:20:11','1','1',NULL,0,'',10,'rgb(251, 236, 154)','suivant',NULL,1,NULL,NULL,0,0,0,'',1,1,NULL,1,'',0),('28dc0e3d-cb12-40de-3665-659131ae5061','Dossier transmis','2023-12-31 09:16:00','2023-12-31 09:16:00','1','1','',0,NULL,10,'rgb(251, 236, 154)','suivant','',1,'',NULL,0,0,0,NULL,1,0,NULL,1,'',0),('1376a699-7fc4-e370-3bb5-65bfd1341dd7','inscription réceptionnée','2024-02-04 18:02:16','2024-02-04 19:33:43','1','1',NULL,0,'',10,'rgba(30, 186, 78, 0.53)','suivant','inscription réceptionnée',1,NULL,NULL,0,0,0,'',1,0,NULL,1,'',0),('7904d095-137e-22fa-8757-65bfd1b2fe4a','Envoyer la convocation','2024-02-04 18:03:34','2024-03-18 17:26:34','1','1',NULL,0,'',10,'rgba(30, 186, 78, 0.53)','suivant',NULL,1,'Convocation',NULL,0,0,0,'',1,0,NULL,1,'',0),('64af7d27-0f95-8a24-beee-65bfd11db678','Relancer par SMS','2024-02-04 18:04:51','2024-03-17 08:11:49','1','1',NULL,1,'',20,'rgba(255, 149, 31, 0.53)','courant',NULL,1,NULL,NULL,0,0,0,'',1,0,NULL,1,'',0),('52eaa887-fd99-4f81-ad3a-65bfd1a70757','Gérer les présences','2024-02-04 18:05:42','2024-03-17 08:16:27','1','1',NULL,1,NULL,30,'rgba(30, 186, 78, 0.53)','suivant','',0,'','',0,0,0,'',1,0,'',1,'',0),('2f30290f-8d28-9458-c0c8-65f2e2acadc0','valorisation','2024-03-14 11:40:55','2024-03-14 11:40:55','1','1',NULL,0,NULL,15,'rgba(30, 186, 78, 0.53)','courant','',0,'','',0,0,0,'',1,0,'',1,'',0),('75a909c1-5d71-0731-1558-65f6a5e58851','Relancer par SMS','2024-03-17 08:12:47','2024-03-17 08:12:47','1','1',NULL,0,NULL,10,'rgba(30, 186, 78, 0.53)','suivant','',1,'','',0,0,0,NULL,1,0,NULL,1,'',0),('211f9023-a0ad-133d-01c1-65f6a76e928c','Gérer les présences','2024-03-17 08:17:27','2024-03-17 08:17:27','1','1',NULL,0,NULL,10,'rgba(30, 186, 78, 0.53)','courant','',0,'','',0,0,0,NULL,1,0,NULL,1,'',0),('3fa5bd1c-d7cf-40c4-a35f-65f6acc85fac','Courrier de remerciements','2024-03-17 08:41:13','2024-03-17 08:41:13','1','1',NULL,0,NULL,20,'rgba(30, 186, 78, 0.53)','suivant','',1,'','',0,0,0,NULL,1,0,NULL,1,'',0),('7eeb4041-2606-5516-b9af-660585d9d865','Dossier transmis','2024-03-28 14:56:36','2024-08-30 15:13:12','1','604ce6b2-0113-9588-7fa6-65f42e2efabe',NULL,1,'',1,'rgb(12, 250, 152)','suivant',NULL,1,NULL,NULL,0,0,0,'',1,0,NULL,1,'',0),('a1a6ece8-56b5-39fd-8be4-660586303552','Complet','2024-03-28 15:02:10','2024-08-30 15:13:12','1','604ce6b2-0113-9588-7fa6-65f42e2efabe',NULL,1,NULL,10,'rgb(11, 246, 120)','suivant','',1,'en cours','',0,0,0,NULL,1,0,NULL,1,'',0),('254aa575-cdd2-d265-b140-6605865b295f','Incomplet','2024-03-28 15:03:46','2024-08-30 15:13:12','1','604ce6b2-0113-9588-7fa6-65f42e2efabe',NULL,1,NULL,20,'rgb(250, 73, 12)','courant','',1,'En attente complément','',0,0,0,NULL,1,0,NULL,1,'',0),('42692445-b4a9-e81f-3f92-660594169b15','Annulé','2024-03-28 16:02:58','2024-03-28 16:02:58','604ce6b2-0113-9588-7fa6-65f42e2efabe','604ce6b2-0113-9588-7fa6-65f42e2efabe','',0,NULL,40,'rgb(239, 132, 157)','suivant','',1,NULL,NULL,0,0,0,NULL,1,0,NULL,1,NULL,0),('4965cef4-8e03-ccc4-9e93-660594fa0f6c','Révision','2024-03-28 16:02:58','2024-03-28 16:02:58','604ce6b2-0113-9588-7fa6-65f42e2efabe','604ce6b2-0113-9588-7fa6-65f42e2efabe','',0,NULL,50,'rgb(123, 213, 125)','suivant','',1,NULL,NULL,0,0,0,NULL,1,0,NULL,1,NULL,0),('4e35552f-31b9-7e76-0c71-660594ba48fc','Solde mandaté','2024-03-28 16:02:58','2024-03-28 16:02:58','604ce6b2-0113-9588-7fa6-65f42e2efabe','604ce6b2-0113-9588-7fa6-65f42e2efabe','',0,NULL,30,'rgb(123, 213, 125)','suivant','',1,NULL,NULL,0,0,0,NULL,1,0,NULL,1,NULL,0),('530cc413-3bc3-0eb9-af11-660594663af7','Acompte payé','2024-03-28 16:02:58','2024-03-28 16:02:58','604ce6b2-0113-9588-7fa6-65f42e2efabe','604ce6b2-0113-9588-7fa6-65f42e2efabe','',0,NULL,20,'rgb(123, 213, 125)','courant','',1,NULL,NULL,0,0,0,NULL,1,0,NULL,1,NULL,0),('57f5f43e-2ae6-cfa8-5ae9-660594dd04a1','Mandaté','2024-03-28 16:02:58','2024-03-28 16:02:58','604ce6b2-0113-9588-7fa6-65f42e2efabe','604ce6b2-0113-9588-7fa6-65f42e2efabe','',0,NULL,10,'rgb(123, 213, 125)','courant','',1,NULL,NULL,0,0,0,NULL,1,0,NULL,1,NULL,0),('5f31da06-1569-83da-317a-6605940a5780','A conventionner','2024-03-28 16:02:58','2024-03-28 16:02:58','604ce6b2-0113-9588-7fa6-65f42e2efabe','604ce6b2-0113-9588-7fa6-65f42e2efabe','',0,NULL,15,'rgb(123, 213, 125)','courant','',1,NULL,NULL,0,0,0,NULL,1,0,NULL,1,NULL,0),('618ad79a-03f0-fffc-5eb2-6605946b0d9e','Générée','2024-03-28 16:02:58','2024-03-28 16:02:58','604ce6b2-0113-9588-7fa6-65f42e2efabe','604ce6b2-0113-9588-7fa6-65f42e2efabe','',0,NULL,10,'rgb(123, 213, 125)','courant','',1,NULL,NULL,0,0,0,NULL,1,0,NULL,1,NULL,0),('63c7b5c7-7ed6-7097-1c95-660594af95f3','Envoyée','2024-03-28 16:02:58','2024-03-28 16:02:58','604ce6b2-0113-9588-7fa6-65f42e2efabe','604ce6b2-0113-9588-7fa6-65f42e2efabe','',0,NULL,20,'rgb(123, 213, 125)','suivant','',1,NULL,NULL,0,0,0,NULL,1,0,NULL,1,NULL,0),('68161efa-0a9c-866d-b00c-660594fb1355','Revision','2024-03-28 16:02:58','2024-03-28 16:02:58','604ce6b2-0113-9588-7fa6-65f42e2efabe','604ce6b2-0113-9588-7fa6-65f42e2efabe','',0,NULL,30,'rgb(123, 213, 125)','courant','',1,NULL,NULL,0,0,0,NULL,1,0,NULL,1,NULL,0),('6a4e9ef2-dcfc-f465-453c-66059401de65','Défavorable','2024-03-28 16:02:58','2024-03-28 16:02:58','604ce6b2-0113-9588-7fa6-65f42e2efabe','604ce6b2-0113-9588-7fa6-65f42e2efabe','',0,NULL,20,'rgb(239, 132, 157)','suivant','',1,NULL,NULL,0,0,0,NULL,1,0,NULL,1,NULL,0),('6f034b6e-0b06-5de9-1f4b-660594a2eee1','Annulé','2024-03-28 16:02:58','2024-03-28 16:02:58','604ce6b2-0113-9588-7fa6-65f42e2efabe','604ce6b2-0113-9588-7fa6-65f42e2efabe','',0,NULL,40,'rgb(239, 132, 157)','suivant','',1,NULL,NULL,0,0,0,NULL,1,0,NULL,1,NULL,0),('73b7efe7-557f-b27d-1daa-6605947e0ab3','Favorable','2024-03-28 16:02:58','2024-03-28 16:02:58','604ce6b2-0113-9588-7fa6-65f42e2efabe','604ce6b2-0113-9588-7fa6-65f42e2efabe','',0,NULL,10,'rgb(123, 213, 125)','suivant','',1,NULL,NULL,0,0,0,NULL,1,0,NULL,1,NULL,0),('789ff9e1-f529-c0f9-60d7-6605946bed1c','Retour MVA','2024-03-28 16:02:58','2024-03-28 16:02:58','604ce6b2-0113-9588-7fa6-65f42e2efabe','604ce6b2-0113-9588-7fa6-65f42e2efabe','',0,NULL,30,'rgb(239, 132, 157)','suivant','',1,NULL,NULL,0,0,0,NULL,1,0,NULL,1,NULL,0),('836a2373-4b7f-f8a9-18d6-660594a0543a','Annulé','2024-03-28 16:02:58','2024-03-28 16:02:58','604ce6b2-0113-9588-7fa6-65f42e2efabe','604ce6b2-0113-9588-7fa6-65f42e2efabe','',0,NULL,40,'rgb(239, 132, 157)','suivant','',1,NULL,NULL,0,0,0,NULL,1,0,NULL,1,NULL,0),('8a78b2da-4e5a-1fa9-edcb-66059464b0fa','Favorable','2024-03-28 16:02:58','2024-03-28 16:02:58','604ce6b2-0113-9588-7fa6-65f42e2efabe','604ce6b2-0113-9588-7fa6-65f42e2efabe','',0,NULL,10,'rgb(123, 213, 125)','suivant','',1,NULL,NULL,0,0,0,NULL,1,0,NULL,1,NULL,0),('8d8452c2-b7e5-0edd-1eda-66059414976d','Complet à instruire par les directions','2024-03-28 16:02:58','2024-03-28 16:02:58','604ce6b2-0113-9588-7fa6-65f42e2efabe','604ce6b2-0113-9588-7fa6-65f42e2efabe','',0,NULL,5,'','courant','',1,NULL,NULL,0,0,0,NULL,1,0,NULL,1,NULL,0),('90b0351d-0ac4-5eff-151a-6605944ed1b8','Défavorable','2024-03-28 16:02:58','2024-03-28 16:02:58','604ce6b2-0113-9588-7fa6-65f42e2efabe','604ce6b2-0113-9588-7fa6-65f42e2efabe','',0,NULL,20,'rgb(239, 132, 157)','suivant','',1,NULL,NULL,0,0,0,NULL,1,0,NULL,1,NULL,0),('9b8dc24e-b096-015e-a12e-660594bd75b5','Favorable','2024-03-28 16:02:58','2024-03-28 16:02:58','604ce6b2-0113-9588-7fa6-65f42e2efabe','604ce6b2-0113-9588-7fa6-65f42e2efabe','',0,NULL,10,'rgb(123, 213, 125)','suivant','',1,NULL,NULL,0,0,0,NULL,1,0,NULL,1,NULL,0),('9e2eaefb-bdc3-ba4d-6d70-66059407c841','Annulé','2024-03-28 16:02:58','2024-03-28 16:02:58','604ce6b2-0113-9588-7fa6-65f42e2efabe','604ce6b2-0113-9588-7fa6-65f42e2efabe','',0,NULL,30,'rgb(239, 132, 157)','suivant','',1,NULL,NULL,0,0,0,NULL,1,0,NULL,1,NULL,0),('a378c871-b168-695e-1945-6605946faae3','Défavorable','2024-03-28 16:02:58','2024-03-28 16:02:58','604ce6b2-0113-9588-7fa6-65f42e2efabe','604ce6b2-0113-9588-7fa6-65f42e2efabe','',0,NULL,20,'rgb(239, 132, 157)','suivant','',1,NULL,NULL,0,0,0,NULL,1,0,NULL,1,NULL,0),('ab0f338a-4a12-13c6-642e-66059420946d','Clôturé - Inéligible','2024-03-28 16:02:58','2024-03-28 16:02:58','604ce6b2-0113-9588-7fa6-65f42e2efabe','604ce6b2-0113-9588-7fa6-65f42e2efabe','',0,NULL,40,'rgb(239, 132, 157)','termine','',1,NULL,NULL,0,0,0,NULL,1,0,NULL,1,NULL,0),('ada7e43f-c7fb-33a8-1c3a-6605946cacba','Clôturé - défavorable','2024-03-28 16:02:58','2024-03-28 16:02:58','604ce6b2-0113-9588-7fa6-65f42e2efabe','604ce6b2-0113-9588-7fa6-65f42e2efabe','',0,NULL,30,'rgb(239, 132, 157)','termine','',1,NULL,NULL,0,0,0,NULL,1,0,NULL,1,NULL,0),('b07b8c72-9a0f-758f-96e8-660594411bb5','Clôturé - annulé','2024-03-28 16:02:58','2024-03-28 16:02:58','604ce6b2-0113-9588-7fa6-65f42e2efabe','604ce6b2-0113-9588-7fa6-65f42e2efabe','',0,NULL,20,'rgb(239, 132, 157)','termine','',1,NULL,NULL,0,0,0,NULL,1,0,NULL,1,NULL,0),('b301c449-f4ce-7d2d-0bd0-6605946825e1','Clôturé - soldé','2024-03-28 16:02:58','2024-03-28 16:02:58','604ce6b2-0113-9588-7fa6-65f42e2efabe','604ce6b2-0113-9588-7fa6-65f42e2efabe','',0,NULL,10,'rgb(123, 213, 125)','termine','',1,NULL,NULL,0,0,0,NULL,1,0,NULL,1,NULL,0),('b7d6a495-ca61-1eff-6a21-660594c2545c','Incomplet','2024-03-28 16:02:58','2024-03-28 16:02:58','604ce6b2-0113-9588-7fa6-65f42e2efabe','604ce6b2-0113-9588-7fa6-65f42e2efabe','',0,NULL,20,'rgb(239, 132, 157)','courant','',1,NULL,NULL,0,0,0,NULL,1,0,NULL,1,NULL,0),('bd5dd908-2ab0-898e-abc3-6605948dc7cf','Retour direction','2024-03-28 16:02:58','2024-03-28 16:02:58','604ce6b2-0113-9588-7fa6-65f42e2efabe','604ce6b2-0113-9588-7fa6-65f42e2efabe','',0,NULL,40,'rgb(239, 132, 157)','courant','',1,NULL,NULL,0,0,0,NULL,1,0,NULL,1,NULL,0),('c29bd117-e4e9-d81e-0000-6605949f1efe','Inéligible','2024-03-28 16:02:58','2024-03-28 16:02:58','604ce6b2-0113-9588-7fa6-65f42e2efabe','604ce6b2-0113-9588-7fa6-65f42e2efabe','',0,NULL,30,'rgb(239, 132, 157)','suivant','',1,NULL,NULL,0,0,0,NULL,1,0,NULL,1,NULL,0),('ca3f1b35-b065-53c4-a77b-660594fd524a','Complet','2024-03-28 16:02:58','2024-03-28 16:02:58','604ce6b2-0113-9588-7fa6-65f42e2efabe','604ce6b2-0113-9588-7fa6-65f42e2efabe','',0,NULL,10,'rgb(123, 213, 125)','suivant','',1,NULL,NULL,0,0,0,NULL,1,0,NULL,1,NULL,0),('dc01f7cc-2a96-a2dd-d530-660594ab186c','Reçu','2024-03-28 16:02:58','2024-03-28 16:02:58','604ce6b2-0113-9588-7fa6-65f42e2efabe','604ce6b2-0113-9588-7fa6-65f42e2efabe','',0,NULL,10,'rgb(123, 213, 125)','suivant','',1,NULL,NULL,0,0,0,NULL,1,0,NULL,1,NULL,0),('1202141a-6317-7db0-ddf0-662237fbdacf','Demande réceptionnée','2024-04-19 09:19:21','2024-04-19 09:57:28','1','1',NULL,0,'',10,'rgba(30, 186, 78, 0.53)','suivant',NULL,1,NULL,NULL,0,0,0,'',1,0,NULL,1,'',0),('bf327162-55c2-2a50-5f19-662237376095','Recopie tableau','2024-04-19 09:21:02','2024-04-19 09:22:35','1','1',NULL,0,'',10,'rgba(30, 186, 78, 0.53)','courant',NULL,1,'Traitement en cours',NULL,0,0,0,'',1,0,NULL,1,'',0),('4272086e-9c0a-0d7b-4f43-662237364a70','Ajustements terminés','2024-04-19 09:21:32','2024-04-19 09:21:32','1','1',NULL,0,NULL,20,'rgba(30, 186, 78, 0.53)','suivant','',1,'','',0,0,0,'',1,0,'',1,'',0),('4bde0927-d4e9-ae4a-af1b-662237476216','Demande refusée','2024-04-19 09:22:15','2024-04-19 09:22:15','1','1',NULL,0,NULL,30,'rgb(255, 42, 100)','termine','',1,'Demande refusée','',0,0,0,'',1,0,'',1,'',0),('2901bbf9-508d-09e2-d090-6622386d5f83','Autoriser demande de paiement','2024-04-19 09:23:58','2024-04-19 09:50:45','1','1',NULL,0,'',10,'rgba(30, 186, 78, 0.53)','suivant',NULL,1,'Ouverture demande de paiement',NULL,0,0,0,'',1,0,NULL,1,'',0),('1e16c43a-e9ff-c4bc-55e6-6622383e1525','Envoi en Gestion financière','2024-04-19 09:24:39','2024-04-19 09:24:39','1','1',NULL,0,NULL,10,'rgba(30, 186, 78, 0.53)','suivant','',0,'','',0,0,0,'',1,0,'',1,'',0),('77b466f9-f26c-4d21-0755-662f62086ef9','Réservé','2024-04-29 09:04:33','2024-04-29 09:04:33','1','1',NULL,0,NULL,1,'rgb(46, 161, 42)','courant','',1,'Dossier reçu','',0,1,0,'',1,0,'',1,'',0),('4796081c-1fca-ec62-289b-66327763a7ad','Candidat absent à l\'entretien','2024-05-01 17:11:26','2024-05-01 17:11:26','1','1','',0,NULL,10,'rgb(221, 87, 81)','termine','',1,'',NULL,0,0,0,NULL,1,0,NULL,1,'',0),('4c54f642-5345-f84e-c619-663277f2ff87','Candidat non retenu','2024-05-01 17:11:26','2024-05-01 17:11:26','1','1','',0,NULL,20,'rgb(170, 210, 245)','termine','',1,'',NULL,0,0,0,NULL,1,0,NULL,1,'',0),('5848a946-0d2c-66c5-32bc-6632773d51b5','Candidat retenu','2024-05-01 17:11:26','2024-05-01 17:11:26','1','1','',0,NULL,30,'rgb(53, 179, 197)','suivant','',1,'',NULL,0,0,0,NULL,1,0,NULL,1,'',0),('5fec33bf-277b-370f-8ed2-663277759af0','Lettre d\'embauche','2024-05-01 17:11:26','2024-05-01 17:11:26','1','1','',0,NULL,10,'rgb(53, 179, 197)','courant','',1,'',NULL,0,0,0,NULL,1,0,NULL,1,'',0),('7a519304-2431-bd3b-2c89-663277eea6bb','Candidat recruté','2024-05-01 17:11:26','2024-05-01 17:11:26','1','1','',0,NULL,20,'rgb(3, 179, 146)','termine','',1,'',NULL,0,0,0,NULL,1,0,NULL,1,'',0),('83471b68-2f4d-b147-573a-663277fcee64','Convocation entretien en présentiel','2024-05-01 17:11:26','2024-05-01 17:11:26','1','1','',0,NULL,10,'rgb(215, 152, 233)','courant','',1,'',NULL,0,0,0,NULL,1,0,NULL,1,'',0),('87bbb633-f2eb-3ba8-845c-663277b4a942','Refus d\'entretien','2024-05-01 17:11:26','2024-05-01 17:11:26','1','1','',0,NULL,30,'rgb(221, 87, 81)','termine','',1,'',NULL,0,0,0,NULL,1,0,NULL,1,'',0),('8c95d673-799d-445b-30e5-663277e5c644','Confirmation présence à l\'entretien','2024-05-01 17:11:26','2024-05-01 17:11:26','1','1','',0,NULL,40,'rgb(170, 210, 245)','suivant','',1,'',NULL,0,0,0,NULL,1,0,NULL,1,'',0),('9199277a-308d-bdea-796e-6632773b555c','Convocation entretien en visio','2024-05-01 17:11:26','2024-05-02 19:46:05','48a63cd2-75e2-483c-a664-6633b7dbeeb6','1',NULL,0,'',20,'rgb(215, 152, 233)','courant',NULL,1,NULL,NULL,0,0,0,'',1,0,NULL,1,'',0),('a5ddc7e1-817d-8511-16d5-6632779ce938','Candidature sélectionnée','2024-05-01 17:11:26','2024-05-01 17:11:26','1','1','',0,NULL,20,'rgb(123, 213, 125)','suivant','',1,'',NULL,0,0,0,NULL,1,0,NULL,1,'',0),('aa520a73-5b82-3179-9698-6632778c4609','Candidature non sélectionnée','2024-05-01 17:11:26','2024-05-01 17:11:26','1','1','',0,NULL,10,'rgb(221, 87, 81)','termine','',1,'',NULL,0,0,0,NULL,1,0,NULL,1,'',0),('b4837a54-e8c5-21dd-1d64-6632772024a5','Nouvelle candidature','2024-05-01 17:11:26','2024-05-02 19:34:53','1','1',NULL,0,'',10,'rgb(130, 217, 208)','suivant',NULL,1,NULL,NULL,0,0,0,'',1,0,NULL,1,'',0),('bbe70fc8-8df4-6d2c-a8fb-66327772e67e','Candidature transmise au service','2024-05-01 17:11:26','2024-05-02 19:34:34','1','1',NULL,1,'',30,'rgb(170, 210, 245)','suivant',NULL,1,NULL,NULL,0,0,0,'',1,0,NULL,1,'',0),('c166dfb3-e209-373a-a04f-663277247020','Candidature non retenue','2024-05-01 17:11:26','2024-05-02 19:34:23','1','1',NULL,1,'',20,'rgb(221, 87, 81)','termine',NULL,1,NULL,NULL,0,0,0,'',1,0,NULL,1,'',0),('94de87d1-dc27-0808-2da0-663396175b75','Convocation entretien en présentiel','2024-05-02 13:33:06','2024-05-02 13:33:06','1','1','',0,NULL,10,'rgb(215, 152, 233)','courant','',1,'',NULL,0,0,0,NULL,1,0,NULL,1,'',0),('99268a83-ac9d-25a2-9026-663396a2532b','Refus d\'entretien','2024-05-02 13:33:06','2024-05-02 13:33:06','1','1','',0,NULL,30,'rgb(221, 87, 81)','termine','',1,'',NULL,0,0,0,NULL,1,0,NULL,1,'',0),('9e045446-ea65-399a-1866-6633963a790e','Confirmation présence à l\'entretien','2024-05-02 13:33:06','2024-05-02 13:33:06','1','1','',0,NULL,40,'rgb(170, 210, 245)','suivant','',1,'',NULL,0,0,0,NULL,1,0,NULL,1,'',0),('a24c0736-6d65-c0db-b143-663396c37434','Convocation entretien en visio','2024-05-02 13:33:06','2024-05-02 13:33:06','1','1','',0,NULL,20,'rgb(215, 152, 233)','courant','',1,'',NULL,0,0,0,NULL,1,0,NULL,1,'',0),('aa6a8d4f-cc4b-80b0-52c8-663396c47e66','Répond à un besoin','2024-05-02 13:33:06','2024-05-02 13:33:06','1','1','',0,NULL,20,'rgb(123, 213, 125)','suivant','',0,'',NULL,0,0,0,NULL,1,0,NULL,1,'',0),('ae86abf5-c06a-4e86-540f-663396e9bf2a','Pas de besoin','2024-05-02 13:33:06','2024-05-02 13:33:06','1','1','',0,NULL,10,'rgb(221, 87, 81)','termine','',0,'',NULL,0,0,0,NULL,1,0,NULL,1,'',0),('bc39db6a-708c-1f8f-8132-663396c0704d','Candidat absent à l\'entretien','2024-05-02 13:33:06','2024-05-02 13:33:06','1','1','',0,NULL,10,'rgb(221, 87, 81)','termine','',1,'',NULL,0,0,0,NULL,1,0,NULL,1,'',0),('c04d4ff5-348a-1f61-022e-663396fc2230','Candidat non retenu','2024-05-02 13:33:06','2024-05-02 13:33:06','1','1','',0,NULL,20,'rgb(170, 210, 245)','termine','',1,'',NULL,0,0,0,NULL,1,0,NULL,1,'',0),('c543a15e-33cf-b98d-98dd-663396b0f0bf','Candidat retenu','2024-05-02 13:33:06','2024-05-02 13:33:06','1','1','',0,NULL,30,'rgb(53, 179, 197)','suivant','',1,'',NULL,0,0,0,NULL,1,0,NULL,1,'',0),('cf0c8cd9-c782-33e2-140c-663396bb3c43','Lettre d\'embauche','2024-05-02 13:33:06','2024-05-02 13:33:06','1','1','',0,NULL,10,'rgb(53, 179, 197)','courant','',0,'',NULL,0,0,0,NULL,1,0,NULL,1,'',0),('edb37ded-a154-4fce-be2e-663396b7f285','Candidat recruté','2024-05-02 13:33:06','2024-05-02 13:33:06','1','1','',0,NULL,20,'rgb(3, 179, 146)','termine','',1,'',NULL,0,0,0,NULL,1,0,NULL,1,'',0),('3f8f0623-26cc-ff2d-1ccf-6633960a85f5','Candidature transmise aux services','2024-05-02 13:33:06','2024-05-02 13:33:06','1','1','',0,NULL,30,'rgb(170, 210, 245)','suivant','',1,'',NULL,0,0,0,NULL,1,0,NULL,1,'',0),('944d019d-6a92-0eea-2c01-663396226f0b','Candidature non retenue','2024-05-02 13:33:06','2024-05-02 13:33:06','1','1','',0,NULL,20,'rgb(221, 87, 81)','termine','',1,'',NULL,0,0,0,NULL,1,0,NULL,1,'',0),('130667ca-e7a4-efff-d2f6-66339604581c','Nouvelle candidature','2024-05-02 13:33:06','2024-05-02 13:33:06','1','1','',0,NULL,10,'rgb(130, 217, 208)','courant','',1,'',NULL,0,0,0,NULL,1,0,NULL,1,'',0),('9cc0091b-58ba-8b44-2a23-6633abd01f82','Candidature non sélectionnée','2024-05-02 15:03:06','2024-05-02 15:03:06','1','1',NULL,0,NULL,10,'rgb(221, 87, 81)','termine','',1,'','',0,0,0,'',1,0,'',1,'',0),('6f15ed19-eeec-1487-e377-6633ab681caf','Candidature sélectionnée','2024-05-02 15:03:37','2024-05-02 15:03:37','1','1',NULL,0,NULL,20,'rgb(123, 213, 125)','suivant','',1,'','',0,0,0,'',1,0,'',1,'',0),('e603b874-98b3-babf-9355-6633ab9afc8b','Convocation entretien en présentiel','2024-05-02 15:06:39','2024-05-02 15:06:39','1','1',NULL,0,NULL,10,'rgb(215, 152, 233)','courant','',1,'','',0,0,0,'',1,0,'',1,'',0),('91853f1a-ffcb-41f4-7eda-6633ac8c114a','Convocation entretien en visio','2024-05-02 15:07:03','2024-05-02 15:07:03','1','1',NULL,0,NULL,20,'rgb(215, 152, 233)','courant','',1,'','',0,0,0,'',1,0,'',1,'',0),('4d19d221-fbb2-7fb1-18b9-6633ac55e118','Refus d\'entretien','2024-05-02 15:07:27','2024-05-02 15:07:55','1','1',NULL,0,'',30,'rgb(211, 23, 23)','termine',NULL,1,NULL,NULL,0,0,0,'',1,0,NULL,1,'',0),('a41030aa-60a2-d191-02e6-6633acad0a03','Confirmation présence à l\'entretien','2024-05-02 15:08:34','2024-05-02 15:08:34','1','1',NULL,0,NULL,40,'rgb(170, 210, 245)','suivant','',1,'','',0,0,0,'',1,0,'',1,'',0),('db998c3c-9c55-b246-7383-6633b12f50fe','Candidature retenue','2024-05-02 15:30:52','2024-05-02 15:30:52','1','1',NULL,0,NULL,10,'rgb(123, 213, 125)','suivant','',0,'','',0,0,0,'',0,0,'',1,'',0),('a1845d14-58a5-4722-acb5-6633b146b597','Candidature non retenue','2024-05-02 15:31:37','2024-05-02 15:31:37','1','1',NULL,0,NULL,20,'rgb(221, 87, 81)','termine','',1,'','',0,0,0,'',0,0,'',1,'',0),('dbf24cb1-4b1d-d42a-c819-6633b227b50c','Candidature retenue','2024-05-02 15:34:00','2024-05-02 15:34:00','1','1',NULL,0,NULL,10,'rgb(123, 213, 125)','suivant','',0,'','',0,0,0,'',0,0,'',1,'',0),('6f7f692d-b579-76b2-bfb0-6633b2843d04','Candidature non retenue','2024-05-02 15:34:39','2024-05-02 15:34:39','1','1',NULL,0,NULL,20,'rgb(221, 87, 81)','termine','',0,'','',0,0,0,'',0,0,'',1,'',0),('7ca36ee3-30a0-9c2b-7df2-6638cfeb7330','Orientation RH','2024-05-06 12:37:53','2024-08-30 15:14:49','1','1',NULL,1,NULL,65,'rgba(30, 186, 78, 0.53)','suivant','',0,'','',0,0,0,'',1,0,'',1,'',0),('7e8bc80d-52de-c539-70bb-6662f4973041','Initié','2024-06-07 11:50:30','2024-06-07 11:52:33','1','1',NULL,0,'',1,'rgb(123, 213, 125)','courant',NULL,1,NULL,NULL,0,0,0,'',1,0,NULL,1,'',0),('6deb0093-a653-65ef-abf6-6662f49aa9f6','Validé','2024-06-07 11:50:57','2024-06-07 11:52:40','1','1',NULL,0,'',2,'rgb(123, 213, 125)','suivant',NULL,1,NULL,NULL,0,0,0,'',1,0,NULL,1,'',0),('e336b6cf-daab-a553-c342-6662f489e0ad','Suspendu','2024-06-07 11:51:09','2024-06-07 11:53:23','1','1',NULL,0,'',3,'rgb(170, 210, 245)','courant',NULL,1,NULL,NULL,0,0,0,'',1,0,NULL,1,'',0),('5aed6ec3-1985-73b3-913c-6662f49cc9a2','Abandonné','2024-06-07 11:51:19','2024-06-07 11:52:13','1','1',NULL,0,'',4,'rgb(221, 87, 81)','termine',NULL,1,NULL,NULL,0,0,0,'',1,0,NULL,1,'',0),('b52a4b0a-7ff0-6760-a325-6662fdc6c175','Financement(s) sollicité(s)','2024-06-07 12:29:37','2024-06-07 12:29:37','1','1',NULL,0,NULL,1,'rgb(123, 213, 125)','courant','',1,'','',0,0,0,'',1,0,'',1,'',0),('ac81211e-0bf4-a576-c8cb-6662fdd17a4b','Financement complet','2024-06-07 12:30:45','2024-06-10 07:19:37','1','1',NULL,0,'',2,'rgb(123, 213, 125)','suivant',NULL,1,NULL,NULL,0,0,0,'',1,0,NULL,1,'',0),('45d24b10-0b62-159b-94f4-6662fd3329d3','Financement insuffisant','2024-06-07 12:31:23','2024-06-10 07:19:29','1','1',NULL,0,'',3,'rgb(221, 87, 81)','termine',NULL,1,NULL,NULL,0,0,0,'',1,0,NULL,1,'',0),('ecd55ebd-006e-3e7a-7b9d-6662fed6665f','Réalisation en cours','2024-06-07 12:33:42','2024-06-07 12:33:42','1','1',NULL,0,NULL,1,'rgb(123, 213, 125)','courant','',1,'','',0,0,0,'',1,0,'',1,'',0),('5e0c24a7-99b2-b084-3626-6662fed6e6b2','Réalisation terminée','2024-06-07 12:34:01','2024-06-07 12:34:01','1','1',NULL,0,NULL,2,'rgb(123, 213, 125)','suivant','',1,'','',0,0,0,'',1,0,'',1,'',0),('7cb0df4a-997e-0596-0159-666302947df9','Clos','2024-06-07 12:53:15','2024-07-06 10:21:06','1','1',NULL,0,'',1,'rgb(118, 180, 233)','termine',NULL,1,NULL,NULL,0,0,0,'',1,0,NULL,1,'',0),('dcb50c6f-1d2e-b474-0f39-6663085018a9','Financement à demander','2024-06-07 13:16:38','2024-06-07 14:50:10','1','1',NULL,0,'',1,'rgb(123, 213, 125)','courant',NULL,1,NULL,NULL,0,0,0,'',1,0,NULL,1,'',0),('a7cf7fdc-3ee6-eac2-edd8-666308dcfd91','Financement demandé','2024-06-07 13:17:00','2024-06-07 13:18:28','1','1',NULL,1,NULL,2,'rgb(123, 213, 125)','suivant','',1,'','',0,0,0,'',1,0,'',1,'',0),('e7dbbf38-3a05-138b-05c1-666308086ffb','Financement demandé','2024-06-07 13:18:59','2024-06-07 13:18:59','1','1',NULL,0,NULL,1,'rgb(123, 213, 125)','suivant','',1,'','',0,0,0,'',1,0,'',1,'',0),('6c58b1fa-9dd4-a33a-ebe4-666308dbd630','Accord','2024-06-07 13:19:21','2024-06-07 13:19:21','1','1',NULL,0,NULL,1,'rgb(123, 213, 125)','termine','',1,'','',0,0,0,'',1,0,'',1,'',0),('1536ebe2-6cd5-373b-453e-66630871e5c5','Accord partiel','2024-06-07 13:19:49','2024-06-07 13:19:49','1','1',NULL,0,NULL,2,'rgb(170, 210, 245)','termine','',1,'','',0,0,0,'',1,0,'',1,'',0),('4f62975b-b965-e935-6e31-666309b8caa8','Refus','2024-06-07 13:20:09','2024-06-07 13:20:09','1','1',NULL,0,NULL,3,'rgb(221, 87, 81)','termine','',1,'','',0,0,0,'',1,0,'',1,'',0),('de5f6477-79ee-c788-c0a8-66631effef47','Demande effectuée','2024-06-07 14:50:24','2024-06-07 14:50:24','1','1',NULL,0,NULL,2,'rgb(123, 213, 125)','suivant','',1,'','',0,0,0,'',1,0,'',1,'',0),('c0996311-18af-98c6-2d02-66713a4f8cff','A instruire','2024-06-18 07:44:57','2024-08-30 15:13:12','1','604ce6b2-0113-9588-7fa6-65f42e2efabe',NULL,1,'',10,'rgb(78, 213, 105)','suivant',NULL,1,'Dossier transmis',NULL,0,0,0,'',1,0,NULL,1,'',0),('e1b5d395-fd1a-66ee-0e32-66713b6e48b4','Favorable','2024-06-18 07:47:28','2024-08-30 15:13:12','1','604ce6b2-0113-9588-7fa6-65f42e2efabe',NULL,1,'',10,'rgb(37, 229, 75)','courant',NULL,1,NULL,NULL,0,0,0,'',1,0,NULL,1,'',0),('1046618f-dd65-8ea7-2274-66713b2e3156','En attente de complément','2024-06-18 07:48:57','2024-08-30 15:13:12','1','604ce6b2-0113-9588-7fa6-65f42e2efabe',NULL,1,NULL,20,'rgb(235, 106, 26)','courant','',1,'','',0,0,0,'',1,0,'',1,'',0),('42faedae-ad24-3d05-0409-66713f9e4ca3','Eligible','2024-06-18 08:05:28','2024-08-30 15:13:12','1','604ce6b2-0113-9588-7fa6-65f42e2efabe',NULL,1,'',20,'rgba(89, 229, 102, 0.83)','suivant',NULL,1,NULL,NULL,0,0,0,'',1,0,NULL,1,'',0),('d564087d-4e90-d4ac-dae2-66713f3437ef','Non Eligible','2024-06-18 08:06:14','2024-08-30 15:13:12','1','604ce6b2-0113-9588-7fa6-65f42e2efabe',NULL,1,NULL,30,'rgb(248, 66, 66)','termine','',1,'','',0,0,0,'',1,0,'',1,'',0),('f06a93bd-294c-4050-d97c-66714053289a','Non Favorable','2024-06-18 08:08:07','2024-08-30 15:13:12','1','604ce6b2-0113-9588-7fa6-65f42e2efabe',NULL,1,NULL,30,'rgb(242, 62, 62)','termine','',1,'','',0,0,0,'',1,0,'',1,'',0),('c4cb0163-483c-e808-c6b2-66714789750e','Clôturée acceptée','2024-06-18 08:40:05','2024-08-30 15:13:12','1','604ce6b2-0113-9588-7fa6-65f42e2efabe',NULL,1,'',10,'rgba(27, 239, 60, 0.52)','termine',NULL,1,'Demande acceptée',NULL,0,0,0,'',1,0,NULL,1,'',0),('33de8e29-63cc-81ba-7241-6671484f41c7','Demande rejetée','2024-06-18 08:41:28','2024-08-30 15:13:12','1','604ce6b2-0113-9588-7fa6-65f42e2efabe',NULL,1,'',10,'rgb(230, 22, 22)','termine',NULL,1,'Demande refusée',NULL,0,0,0,'',1,0,NULL,1,'',0),('2a87c369-e2d6-2ed7-565f-66e15cb84e22','Nouveau','2024-09-11 09:03:00','2024-09-11 09:03:00','1','1','',0,NULL,1,'rgb(123, 213, 125)','suivant','',1,'',NULL,0,0,0,NULL,1,0,NULL,1,NULL,0),('3a53bb63-0549-b16f-84ab-66e15ce47f8c','Accepté','2024-09-11 09:03:00','2024-09-11 09:03:00','1','1','',0,NULL,1,'rgb(123, 213, 125)','suivant','',1,'',NULL,0,0,0,NULL,1,0,NULL,1,NULL,0),('407447b8-15d1-fc54-a8d7-66e15c6adef0','Refusé','2024-09-11 09:03:00','2024-09-11 09:03:00','1','1','',0,NULL,2,'rgb(245, 128, 149)','termine','',1,'',NULL,0,0,0,NULL,1,0,NULL,1,NULL,0),('457b7071-3ecc-7193-123b-66e15c218d86','valorisation','2024-09-11 09:03:00','2024-09-11 09:03:00','1','1','',0,NULL,15,'rgba(30, 186, 78, 0.53)','courant','',0,'',NULL,0,0,0,NULL,1,0,NULL,1,NULL,0),('5cc2a338-3e8c-ab77-3e17-66e15c1385ac','Clos','2024-09-11 09:03:00','2024-09-11 09:03:00','1','1','',0,NULL,1,'rgb(62, 116, 170)','termine','',1,'',NULL,0,0,0,NULL,1,0,NULL,1,NULL,0),('9f23280f-4f2c-9d8d-37de-66e15ceb79ad','Nouveau','2024-09-11 09:03:06','2024-09-11 09:03:06','1','1','',0,NULL,1,'rgb(123, 213, 125)','suivant','',1,'',NULL,0,0,0,NULL,1,0,NULL,1,NULL,0),('aa6020a9-ae2d-6aa4-274c-66e15c9da3b9','Accepté','2024-09-11 09:03:06','2024-09-11 09:03:06','1','1','',0,NULL,1,'rgb(123, 213, 125)','suivant','',1,'',NULL,0,0,0,NULL,1,0,NULL,1,NULL,0),('afb7a230-9d1b-8cf1-3a49-66e15c11f76e','Refusé','2024-09-11 09:03:06','2024-09-11 09:03:06','1','1','',0,NULL,2,'rgb(245, 128, 149)','termine','',1,'',NULL,0,0,0,NULL,1,0,NULL,1,NULL,0),('b55d05a0-19ad-3a4f-acbd-66e15c040684','valorisation','2024-09-11 09:03:06','2024-09-11 09:03:06','1','1','',0,NULL,15,'rgba(30, 186, 78, 0.53)','courant','',0,'',NULL,0,0,0,NULL,1,0,NULL,1,NULL,0),('c69096d3-1344-0524-d0ec-66e15c1aa446','Clos','2024-09-11 09:03:06','2024-09-11 09:03:06','1','1','',0,NULL,1,'rgb(62, 116, 170)','termine','',1,'',NULL,0,0,0,NULL,1,0,NULL,1,NULL,0),('6f64f6f3-8f5a-994a-75f4-66e15ca2ef01','Nouveau','2024-09-11 09:03:11','2024-09-11 09:03:11','1','1','',0,NULL,1,'rgb(123, 213, 125)','suivant','',1,'',NULL,0,0,0,NULL,1,0,NULL,1,NULL,0),('7aa58d2c-93d7-4553-862b-66e15cb14109','Accepté','2024-09-11 09:03:11','2024-09-11 09:03:11','1','1','',0,NULL,1,'rgb(123, 213, 125)','suivant','',1,'',NULL,0,0,0,NULL,1,0,NULL,1,NULL,0),('7f43d934-25f9-05b9-f885-66e15ca5817e','Refusé','2024-09-11 09:03:11','2024-09-11 09:03:11','1','1','',0,NULL,2,'rgb(245, 128, 149)','termine','',1,'',NULL,0,0,0,NULL,1,0,NULL,1,NULL,0),('8416fb5a-1a63-faa2-c40e-66e15cd3baf7','valorisation','2024-09-11 09:03:11','2024-09-11 09:03:11','1','1','',0,NULL,15,'rgba(30, 186, 78, 0.53)','courant','',0,'',NULL,0,0,0,NULL,1,0,NULL,1,NULL,0),('956572d4-1130-f43b-cb73-66e15c151887','Clos','2024-09-11 09:03:11','2024-09-11 09:03:11','1','1','',0,NULL,1,'rgb(62, 116, 170)','termine','',1,'',NULL,0,0,0,NULL,1,0,NULL,1,NULL,0),('b037379d-8a12-700c-df1f-66e15c771b03','Nouveau','2024-09-11 09:03:17','2024-09-11 09:03:17','1','1','',0,NULL,1,'rgb(123, 213, 125)','suivant','',1,'',NULL,0,0,0,NULL,1,0,NULL,1,NULL,0),('bf43a4bc-b73a-10ca-dbc1-66e15c7d74f7','Accepté','2024-09-11 09:03:17','2024-09-11 09:03:17','1','1','',0,NULL,1,'rgb(123, 213, 125)','suivant','',1,'',NULL,0,0,0,NULL,1,0,NULL,1,NULL,0),('c5a6de41-9e8d-2b0d-354d-66e15c119830','Refusé','2024-09-11 09:03:17','2024-09-11 09:03:17','1','1','',0,NULL,2,'rgb(245, 128, 149)','termine','',1,'',NULL,0,0,0,NULL,1,0,NULL,1,NULL,0),('cc0c546b-4897-5904-6ee9-66e15c19f22a','valorisation','2024-09-11 09:03:17','2024-09-11 09:03:17','1','1','',0,NULL,15,'rgba(30, 186, 78, 0.53)','courant','',0,'',NULL,0,0,0,NULL,1,0,NULL,1,NULL,0),('e4095d2b-31a6-3229-0cb7-66e15c8dfa0a','Clos','2024-09-11 09:03:17','2024-09-11 09:03:17','1','1','',0,NULL,1,'rgb(62, 116, 170)','termine','',1,'',NULL,0,0,0,NULL,1,0,NULL,1,NULL,0),('2648a08c-2ba2-16db-26e0-66e15c2bcfd0','Nouveau','2024-09-11 09:03:22','2024-09-11 09:03:22','1','1','',0,NULL,1,'rgb(123, 213, 125)','suivant','',1,'',NULL,0,0,0,NULL,1,0,NULL,1,NULL,0),('31356a5d-9a66-e223-935a-66e15cc1d3bf','Accepté','2024-09-11 09:03:22','2024-09-11 09:03:22','1','1','',0,NULL,1,'rgb(123, 213, 125)','suivant','',1,'',NULL,0,0,0,NULL,1,0,NULL,1,NULL,0),('356ccdf3-d561-f218-e40c-66e15c3b2499','Refusé','2024-09-11 09:03:22','2024-09-11 09:03:22','1','1','',0,NULL,2,'rgb(245, 128, 149)','termine','',1,'',NULL,0,0,0,NULL,1,0,NULL,1,NULL,0),('3a0ea712-e37c-a98f-76d0-66e15c272829','valorisation','2024-09-11 09:03:22','2024-09-11 09:03:22','1','1','',0,NULL,15,'rgba(30, 186, 78, 0.53)','courant','',0,'',NULL,0,0,0,NULL,1,0,NULL,1,NULL,0),('4af4874c-db7a-55fb-4e52-66e15c6ca32c','Clos','2024-09-11 09:03:22','2024-09-11 09:03:22','1','1','',0,NULL,1,'rgb(62, 116, 170)','termine','',1,'',NULL,0,0,0,NULL,1,0,NULL,1,NULL,0),('b86007a2-f31a-a82e-f7e9-66e15cfd0bed','Nouveau','2024-09-11 09:03:27','2024-09-11 09:03:27','1','1','',0,NULL,1,'rgb(123, 213, 125)','suivant','',1,'',NULL,0,0,0,NULL,1,0,NULL,1,NULL,0),('c2624a39-82eb-33c2-0069-66e15c7e9614','Accepté','2024-09-11 09:03:27','2024-09-11 09:03:27','1','1','',0,NULL,1,'rgb(123, 213, 125)','suivant','',1,'',NULL,0,0,0,NULL,1,0,NULL,1,NULL,0),('c6cb7176-6e8f-9683-7cf4-66e15c729852','Refusé','2024-09-11 09:03:27','2024-09-11 09:03:27','1','1','',0,NULL,2,'rgb(245, 128, 149)','termine','',1,'',NULL,0,0,0,NULL,1,0,NULL,1,NULL,0),('cb758f5e-04b4-7e3d-ce80-66e15ca1141d','valorisation','2024-09-11 09:03:27','2024-09-11 09:03:27','1','1','',0,NULL,15,'rgba(30, 186, 78, 0.53)','courant','',0,'',NULL,0,0,0,NULL,1,0,NULL,1,NULL,0),('dd52f7fb-02d8-fbe6-8a11-66e15cb38b58','Clos','2024-09-11 09:03:27','2024-09-11 09:03:27','1','1','',0,NULL,1,'rgb(62, 116, 170)','termine','',1,'',NULL,0,0,0,NULL,1,0,NULL,1,NULL,0),('4622fe75-1105-1bf1-b2c9-66e15c684019','Nouveau','2024-09-11 09:03:32','2024-09-11 09:03:32','1','1','',0,NULL,1,'rgb(123, 213, 125)','suivant','',1,'',NULL,0,0,0,NULL,1,0,NULL,1,NULL,0),('5026df07-5009-78b8-4df4-66e15cba697e','Accepté','2024-09-11 09:03:32','2024-09-11 09:03:32','1','1','',0,NULL,1,'rgb(123, 213, 125)','suivant','',1,'',NULL,0,0,0,NULL,1,0,NULL,1,NULL,0),('548266d8-04e4-955a-919d-66e15c0dc8b8','Refusé','2024-09-11 09:03:32','2024-09-11 09:03:32','1','1','',0,NULL,2,'rgb(245, 128, 149)','termine','',1,'',NULL,0,0,0,NULL,1,0,NULL,1,NULL,0),('58c3d56d-59cf-bb0a-8880-66e15c193c57','valorisation','2024-09-11 09:03:32','2024-09-11 09:03:32','1','1','',0,NULL,15,'rgba(30, 186, 78, 0.53)','courant','',0,'',NULL,0,0,0,NULL,1,0,NULL,1,NULL,0),('682eb3af-6d5c-2687-a6fc-66e15c07e697','Clos','2024-09-11 09:03:32','2024-09-11 09:03:32','1','1','',0,NULL,1,'rgb(62, 116, 170)','termine','',1,'',NULL,0,0,0,NULL,1,0,NULL,1,NULL,0),('1758fc73-517a-ce01-7b9b-66fab7175b9b','A Instruire ','2024-09-30 14:37:57','2024-09-30 14:50:03','81297ee7-4d44-54e8-1090-66e15bd4b75c','81297ee7-4d44-54e8-1090-66e15bd4b75c',NULL,0,'',1,'rgb(32, 204, 55)','suivant',NULL,1,NULL,NULL,0,0,0,'',1,0,NULL,1,'',0),('68b78ddd-f5b5-8a10-14d1-66fab7da0648','Statut 1','2024-09-30 14:38:04','2024-09-30 14:38:04','c4250303-bf3c-53d5-45a9-66e15bb9cb43','c4250303-bf3c-53d5-45a9-66e15bb9cb43',NULL,0,NULL,1,'rgb(153, 20, 227)','suivant','',1,'','',0,0,0,NULL,1,0,NULL,1,'',0),('43da1c7c-fa5a-5350-709a-66fab7d0ff02','Demande ouverte','2024-09-30 14:38:23','2024-09-30 14:38:23','d84bd81b-83f8-4df1-9bf8-66e15cabfa6b','d84bd81b-83f8-4df1-9bf8-66e15cabfa6b',NULL,0,NULL,1,'','suivant','',1,'','',0,0,0,NULL,1,0,NULL,1,'',0),('14277a09-ba15-6cd5-6e20-66fab7bfe502','Reçu','2024-09-30 14:38:39','2024-09-30 14:39:19','1','1',NULL,0,'',1,'rgb(55, 239, 59)','suivant',NULL,1,NULL,NULL,0,0,0,'',1,0,NULL,1,'',0),('4f3bef23-40f0-3769-d5a0-66fab8f101b0','En cours de qualification','2024-09-30 14:38:57','2024-09-30 14:38:57','d84bd81b-83f8-4df1-9bf8-66e15cabfa6b','d84bd81b-83f8-4df1-9bf8-66e15cabfa6b',NULL,0,NULL,2,'','suivant','',1,'','',0,0,0,NULL,1,0,NULL,1,'',0),('78dd49ee-48d6-dc59-95f7-66fab8bf8b18','Demande qualifiée','2024-09-30 14:39:40','2024-09-30 14:39:40','d84bd81b-83f8-4df1-9bf8-66e15cabfa6b','d84bd81b-83f8-4df1-9bf8-66e15cabfa6b',NULL,0,NULL,3,'','suivant','',1,'','',0,0,0,NULL,1,0,NULL,1,'',0),('2b48e8f8-87bb-d110-f36b-66fab8708e0d','Complet','2024-09-30 14:40:36','2024-09-30 14:41:30','1','1',NULL,0,'',1,'rgb(241, 32, 130)','suivant',NULL,1,NULL,NULL,0,0,0,'',1,0,NULL,1,'',0),('57ee8a81-66da-313d-7f34-66fab8b82f5c','Validation en cours','2024-09-30 14:41:20','2024-09-30 14:41:20','d84bd81b-83f8-4df1-9bf8-66e15cabfa6b','d84bd81b-83f8-4df1-9bf8-66e15cabfa6b',NULL,0,NULL,1,'','suivant','',1,'','',0,0,0,NULL,1,0,NULL,1,'',0),('86e9e961-f9d3-5edc-e7b5-66fab8674950','Favorable','2024-09-30 14:42:07','2024-09-30 14:53:56','81297ee7-4d44-54e8-1090-66e15bd4b75c','81297ee7-4d44-54e8-1090-66e15bd4b75c',NULL,0,'',1,'rgb(36, 240, 111)','suivant',NULL,1,NULL,NULL,0,0,0,'',1,0,NULL,1,'',0),('37cc3400-b7f6-75f2-90f1-66fab8af83e4','Demande validée','2024-09-30 14:42:35','2024-09-30 14:45:50','d84bd81b-83f8-4df1-9bf8-66e15cabfa6b','d84bd81b-83f8-4df1-9bf8-66e15cabfa6b',NULL,0,'',2,NULL,'termine',NULL,1,'Demande Validée',NULL,0,0,0,'',1,0,NULL,1,'',0),('d1ac1761-5300-7f4e-ba5c-66fabab8ecbb','A instruire','2024-09-30 14:50:27','2024-09-30 14:52:28','c4250303-bf3c-53d5-45a9-66e15bb9cb43','c4250303-bf3c-53d5-45a9-66e15bb9cb43',NULL,0,'',1,NULL,'suivant',NULL,1,NULL,NULL,0,0,0,'',1,0,NULL,1,'',0),('8ff1acd4-6e75-2eee-71f0-66faba419df3','Eligible','2024-09-30 14:50:37','2024-09-30 14:52:50','c4250303-bf3c-53d5-45a9-66e15bb9cb43','c4250303-bf3c-53d5-45a9-66e15bb9cb43',NULL,0,'',2,NULL,'suivant',NULL,1,NULL,NULL,0,0,0,'',1,0,NULL,1,'',0),('423f7727-cf53-c213-7139-66faba46ce55','Eligible','2024-09-30 14:51:10','2024-09-30 14:51:10','81297ee7-4d44-54e8-1090-66e15bd4b75c','81297ee7-4d44-54e8-1090-66e15bd4b75c',NULL,0,NULL,2,'rgb(7, 255, 98)','suivant','',1,'','',0,0,0,NULL,1,0,NULL,1,'',0),('c33b2f5a-dc68-7463-6837-66faba84c8dd','Non eligible','2024-09-30 14:51:12','2024-09-30 14:52:58','c4250303-bf3c-53d5-45a9-66e15bb9cb43','c4250303-bf3c-53d5-45a9-66e15bb9cb43',NULL,0,'',3,NULL,'suivant',NULL,1,NULL,NULL,0,0,0,'',1,0,NULL,1,'',0),('8d8af5be-747e-63c4-5663-66fabb5625c8','Non Eligible','2024-09-30 14:52:08','2024-09-30 14:52:08','81297ee7-4d44-54e8-1090-66e15bd4b75c','81297ee7-4d44-54e8-1090-66e15bd4b75c',NULL,0,NULL,3,'rgb(244, 29, 29)','suivant','',1,'','',0,0,0,NULL,1,0,NULL,1,'',0),('4dbad45c-5240-58d4-7a5c-66fabb40001e','Favorable','2024-09-30 14:53:56','2024-09-30 14:53:56','c4250303-bf3c-53d5-45a9-66e15bb9cb43','c4250303-bf3c-53d5-45a9-66e15bb9cb43',NULL,0,NULL,NULL,'','suivant','',1,'','',0,0,0,NULL,1,0,NULL,1,'',0),('50d3547c-1457-1018-9a75-66fabb38e701','Favorable','2024-09-30 14:54:13','2024-09-30 14:54:13','d84bd81b-83f8-4df1-9bf8-66e15cabfa6b','d84bd81b-83f8-4df1-9bf8-66e15cabfa6b',NULL,0,NULL,1,'','suivant','',1,'','',0,0,0,NULL,1,0,NULL,1,'',0),('e2422c60-9a74-a8e5-2287-66fabbd66e84','Non favorable','2024-09-30 14:54:18','2024-09-30 14:54:18','c4250303-bf3c-53d5-45a9-66e15bb9cb43','c4250303-bf3c-53d5-45a9-66e15bb9cb43',NULL,0,NULL,NULL,'','suivant','',1,'','',0,0,0,NULL,1,0,NULL,1,'',0),('62c31a6e-bd49-28d5-758d-66fabb433d8d','Non favorable','2024-09-30 14:54:43','2024-09-30 14:55:33','d84bd81b-83f8-4df1-9bf8-66e15cabfa6b','d84bd81b-83f8-4df1-9bf8-66e15cabfa6b',NULL,0,'',2,NULL,'suivant',NULL,1,NULL,NULL,0,0,0,'',1,0,NULL,1,'',0),('c87e0235-aed4-1e07-0885-66fabbbf5fca','Non Favorable ','2024-09-30 14:55:24','2024-09-30 14:55:24','81297ee7-4d44-54e8-1090-66e15bd4b75c','81297ee7-4d44-54e8-1090-66e15bd4b75c',NULL,0,NULL,2,'rgb(246, 1, 1)','termine','',1,'','',0,0,0,NULL,1,0,NULL,1,'',0),('886325b4-3140-d896-0fbb-66fabc7d0c25','Pas encore d\'avis','2024-09-30 15:00:03','2024-09-30 15:00:36','d84bd81b-83f8-4df1-9bf8-66e15cabfa6b','d84bd81b-83f8-4df1-9bf8-66e15cabfa6b',NULL,0,'',0,NULL,'courant',NULL,1,NULL,NULL,0,0,0,'',1,0,NULL,1,'',0),('853ed4ab-59ab-e90a-339c-66fabeb861df','A notifier','2024-09-30 15:07:32','2024-09-30 15:07:32','c4250303-bf3c-53d5-45a9-66e15bb9cb43','c4250303-bf3c-53d5-45a9-66e15bb9cb43',NULL,0,NULL,NULL,'','suivant','',1,'','',0,0,0,NULL,1,0,NULL,1,'',0),('98ac0839-1135-5b76-70ca-66fabe4e1007','Notification','2024-09-30 15:07:37','2024-09-30 15:07:37','81297ee7-4d44-54e8-1090-66e15bd4b75c','81297ee7-4d44-54e8-1090-66e15bd4b75c',NULL,0,NULL,4,'','suivant','',1,'','',0,0,0,NULL,1,0,NULL,1,'',0),('8801ca2a-e963-ddba-6088-66fabe612f9a','Accord envoyé','2024-09-30 15:07:48','2024-09-30 15:07:48','c4250303-bf3c-53d5-45a9-66e15bb9cb43','c4250303-bf3c-53d5-45a9-66e15bb9cb43',NULL,0,NULL,NULL,'','suivant','',1,'','',0,0,0,NULL,1,0,NULL,1,'',0),('9121a8a2-3d2a-2e55-a44e-66fabe50b2c4','Refus envoyé','2024-09-30 15:08:02','2024-09-30 15:08:02','c4250303-bf3c-53d5-45a9-66e15bb9cb43','c4250303-bf3c-53d5-45a9-66e15bb9cb43',NULL,0,NULL,NULL,'','suivant','',1,'','',0,0,0,NULL,1,0,NULL,1,'',0),('48f1a8d8-fd55-6e91-4767-66fabedcb3d2','A notifier','2024-09-30 15:08:15','2024-09-30 15:08:15','d84bd81b-83f8-4df1-9bf8-66e15cabfa6b','d84bd81b-83f8-4df1-9bf8-66e15cabfa6b',NULL,0,NULL,1,'','suivant','',1,'','',0,0,0,NULL,1,0,NULL,1,'',0),('eda5a43b-7110-bfb6-339b-66fabe97ee7f','Accord envoyé','2024-09-30 15:08:34','2024-09-30 15:08:34','d84bd81b-83f8-4df1-9bf8-66e15cabfa6b','d84bd81b-83f8-4df1-9bf8-66e15cabfa6b',NULL,0,NULL,2,'','suivant','',1,'','',0,0,0,NULL,1,0,NULL,1,'',0),('ed165735-1bb7-d954-83a5-66fabfc74ce9','Refus envoyé','2024-09-30 15:08:51','2024-09-30 15:08:51','d84bd81b-83f8-4df1-9bf8-66e15cabfa6b','d84bd81b-83f8-4df1-9bf8-66e15cabfa6b',NULL,0,NULL,3,'','suivant','',1,'','',0,0,0,NULL,1,0,NULL,1,'',0),('1a10d1d5-4abd-5bd0-1dd5-66fac097f458','Eligible','2024-09-30 15:14:33','2024-09-30 15:14:33','d84bd81b-83f8-4df1-9bf8-66e15cabfa6b','d84bd81b-83f8-4df1-9bf8-66e15cabfa6b',NULL,0,NULL,1,'','suivant','',1,'','',0,0,0,NULL,1,0,NULL,1,'',0),('a6946b89-8cd4-04c7-0d70-66fac0bb2d9a','non éligible','2024-09-30 15:14:49','2024-09-30 15:14:49','d84bd81b-83f8-4df1-9bf8-66e15cabfa6b','d84bd81b-83f8-4df1-9bf8-66e15cabfa6b',NULL,0,NULL,2,'','suivant','',1,'','',0,0,0,NULL,1,0,NULL,1,'',0),('67d1bba7-087a-5c27-24fb-674dcbbb99de','reçu','2024-12-02 14:58:18','2024-12-02 14:58:18','c4250303-bf3c-53d5-45a9-66e15bb9cb43','c4250303-bf3c-53d5-45a9-66e15bb9cb43',NULL,0,NULL,NULL,'rgb(10, 139, 73)','suivant','',0,'','',0,0,0,NULL,1,0,NULL,1,'',0),('954f95db-2f82-a93f-453d-674dcd4ef58d','Favorable','2024-12-02 15:10:34','2024-12-02 15:10:34','984bab36-6ea9-3a3f-cc48-66e15b39ccb8','984bab36-6ea9-3a3f-cc48-66e15b39ccb8','',0,NULL,10,'','suivant','',1,'',NULL,0,0,0,NULL,1,0,NULL,1,NULL,0),('97da868b-a6b8-8ffe-1945-674dcd2c79fb','Non favorable','2024-12-02 15:10:34','2024-12-02 15:10:34','984bab36-6ea9-3a3f-cc48-66e15b39ccb8','984bab36-6ea9-3a3f-cc48-66e15b39ccb8','',0,NULL,20,'','suivant','',1,'',NULL,0,0,0,NULL,1,0,NULL,1,NULL,0),('9c9c2cc5-ee86-9da6-7daa-674dcd315398','Non éligible','2024-12-02 15:10:34','2024-12-09 09:22:08','984bab36-6ea9-3a3f-cc48-66e15b39ccb8','984bab36-6ea9-3a3f-cc48-66e15b39ccb8',NULL,0,'',30,NULL,'termine',NULL,1,NULL,NULL,0,0,0,'',1,0,NULL,1,'',0),('9ef73663-42bc-191d-ed69-674dcdc4d30b','Eligible','2024-12-02 15:10:34','2024-12-02 15:16:06','984bab36-6ea9-3a3f-cc48-66e15b39ccb8','984bab36-6ea9-3a3f-cc48-66e15b39ccb8',NULL,0,'',20,'rgb(11, 161, 42)','suivant',NULL,1,NULL,NULL,0,0,0,'',1,0,NULL,1,'',0),('a1283ad3-f62e-6064-799e-674dcdfb2e37','A instruire','2024-12-02 15:10:34','2024-12-02 15:10:34','984bab36-6ea9-3a3f-cc48-66e15b39ccb8','984bab36-6ea9-3a3f-cc48-66e15b39ccb8','',0,NULL,10,'','courant','',1,'',NULL,0,0,0,NULL,1,0,NULL,1,NULL,0),('5e76a921-eca1-73ca-11e9-6756b6a5a959','A notifier','2024-12-09 09:19:58','2024-12-09 09:21:15','984bab36-6ea9-3a3f-cc48-66e15b39ccb8','984bab36-6ea9-3a3f-cc48-66e15b39ccb8',NULL,0,'',10,'rgb(11, 161, 42)','suivant',NULL,1,NULL,NULL,0,0,0,'',1,0,NULL,1,'',0),('2d4c09f3-d6e3-181f-7abe-6756b6251202','Accord envoyé','2024-12-09 09:20:21','2024-12-09 09:21:30','984bab36-6ea9-3a3f-cc48-66e15b39ccb8','984bab36-6ea9-3a3f-cc48-66e15b39ccb8',NULL,0,'',20,'rgb(11, 161, 42)','suivant',NULL,1,NULL,NULL,0,0,0,'',1,0,NULL,1,'',0),('d352eef1-373e-d1e2-8a8e-6756b675f6ac','Refus envoyé','2024-12-09 09:20:47','2024-12-09 09:21:40','984bab36-6ea9-3a3f-cc48-66e15b39ccb8','984bab36-6ea9-3a3f-cc48-66e15b39ccb8',NULL,0,'',30,'rgb(11, 161, 42)','suivant',NULL,1,NULL,NULL,0,0,0,'',1,0,NULL,1,'',0),('6dfcbb43-8000-fe8d-6475-67adfe60b887','Pris en compte','2025-02-13 14:16:11','2025-02-13 14:16:11','984bab36-6ea9-3a3f-cc48-66e15b39ccb8','984bab36-6ea9-3a3f-cc48-66e15b39ccb8',NULL,0,NULL,10,'rgb(242, 7, 7)','suivant','Nom internet',1,'','',0,0,0,NULL,1,0,NULL,1,'',0),('c888edc0-b737-2788-f856-67adfebac566','Valider','2025-02-13 14:17:32','2025-02-13 14:22:03','984bab36-6ea9-3a3f-cc48-66e15b39ccb8','984bab36-6ea9-3a3f-cc48-66e15b39ccb8',NULL,0,'',10,'rgb(0, 255, 90)','suivant',NULL,1,'Dossier validé',NULL,0,0,0,'',1,0,NULL,1,'',0),('99cd02d6-54e4-3e69-e6ad-67adffab7656','Reçu','2025-02-13 14:17:54','2025-02-13 14:17:54','1','1',NULL,0,NULL,10,'rgb(81, 221, 84)','suivant','',1,'Nom internet','',0,0,0,NULL,1,0,NULL,1,'',0),('aa707575-d67e-aef9-1b0c-67adff0e5131','SP_StatutEtape','2025-02-13 14:18:02','2025-02-13 14:18:02','c4250303-bf3c-53d5-45a9-66e15bb9cb43','c4250303-bf3c-53d5-45a9-66e15bb9cb43',NULL,0,NULL,10,'rgb(37, 34, 122)','suivant','',1,'Statut1 internet','',0,0,0,NULL,1,0,NULL,1,'',0),('c0631438-43ae-8fb4-45e9-67adff34edc3','Refus','2025-02-13 14:18:08','2025-02-13 14:22:11','984bab36-6ea9-3a3f-cc48-66e15b39ccb8','984bab36-6ea9-3a3f-cc48-66e15b39ccb8',NULL,0,'',20,'rgb(199, 81, 81)','suivant','Refus',1,'Dossier refusé',NULL,0,0,0,'',1,0,NULL,1,'',1),('e6abb7ae-bfd2-11bb-8b54-67adffa4d775','Fin','2025-02-13 14:18:42','2025-02-13 14:45:56','984bab36-6ea9-3a3f-cc48-66e15b39ccb8','984bab36-6ea9-3a3f-cc48-66e15b39ccb8',NULL,0,'',10,'rgb(87, 188, 89)','suivant',NULL,0,NULL,NULL,0,0,0,'',1,0,NULL,1,'',1),('6132f28f-375b-6c02-581f-67adffadfbd4','En cours d\'étude','2025-02-13 14:20:11','2025-02-13 14:21:54','1','1',NULL,0,'',10,'rgb(227, 239, 87)','courant',NULL,1,NULL,NULL,0,0,0,'',1,0,NULL,1,'',0),('e05f9559-049a-3d83-5544-67adff1a848e','Validé','2025-02-13 14:21:38','2025-02-13 14:21:38','1','1',NULL,0,NULL,20,'rgb(233, 54, 96)','suivant','',1,'','',0,0,0,NULL,1,0,NULL,1,'',0),('5f76d9ec-a41d-8c53-1606-67ae0094ffaf','SP_Valide','2025-02-13 14:21:52','2025-02-13 14:21:52','c4250303-bf3c-53d5-45a9-66e15bb9cb43','c4250303-bf3c-53d5-45a9-66e15bb9cb43',NULL,0,NULL,20,'rgb(28, 98, 102)','suivant','',1,'SP_Valide internet','',0,0,0,NULL,1,0,NULL,1,'',0),('251419ec-bec8-d354-eb1a-67ae005bae20','Incomplet','2025-02-13 14:22:52','2025-02-13 14:22:52','984bab36-6ea9-3a3f-cc48-66e15b39ccb8','984bab36-6ea9-3a3f-cc48-66e15b39ccb8',NULL,0,NULL,30,'rgb(109, 97, 245)','courant','',1,'','',0,1,0,NULL,1,0,NULL,1,'6dfcbb43-8000-fe8d-6475-67adfe60b887',0),('64480171-57c7-8884-6705-67ae00e84b05','Incomplet','2025-02-13 14:22:59','2025-02-13 14:24:06','1','1',NULL,0,'',30,'rgb(217, 223, 22)','courant',NULL,1,NULL,NULL,0,1,0,'',1,0,NULL,1,'3f5b47fe-d950-57a2-7465-67ae00a3d462',0),('c0ab0dd0-cc47-0114-acb6-67ae00355a24','Incomplet','2025-02-13 14:23:02','2025-02-13 14:23:02','c4250303-bf3c-53d5-45a9-66e15bb9cb43','c4250303-bf3c-53d5-45a9-66e15bb9cb43',NULL,0,NULL,30,'rgb(118, 117, 54)','courant','',1,'','',0,1,0,NULL,1,0,NULL,1,'',0),('3f5b47fe-d950-57a2-7465-67ae00a3d462','Complété par l\'usager','2025-02-13 14:23:28','2025-02-13 14:23:28','1','1',NULL,0,NULL,40,'rgb(129, 236, 156)','courant','',1,'','',0,0,0,NULL,1,0,NULL,1,'',0),('38aaa347-6561-0aa3-ca71-67ae0000a8d2','Complété par l\'usager','2025-02-13 14:23:47','2025-02-13 14:24:10','c4250303-bf3c-53d5-45a9-66e15bb9cb43','c4250303-bf3c-53d5-45a9-66e15bb9cb43',NULL,0,'',40,'rgb(255, 255, 255)','suivant',NULL,1,NULL,NULL,0,0,0,'',1,0,NULL,1,'',0),('e87e58b7-042a-83db-7076-67ae01566128','En cours','2025-02-13 14:29:19','2025-02-13 14:29:19','984bab36-6ea9-3a3f-cc48-66e15b39ccb8','984bab36-6ea9-3a3f-cc48-66e15b39ccb8',NULL,0,NULL,5,'rgb(255, 202, 202)','courant','',0,'','',0,0,0,NULL,1,0,NULL,1,'',0),('39c20959-88d3-1537-8af3-67ae03772b97','A instruire','2025-02-13 14:35:24','2025-02-13 14:44:57','984bab36-6ea9-3a3f-cc48-66e15b39ccb8','984bab36-6ea9-3a3f-cc48-66e15b39ccb8',NULL,0,'',10,'rgb(184, 78, 78)','courant',NULL,1,NULL,NULL,0,0,0,'',1,0,NULL,1,'',0),('130c8e1e-8ffa-e78e-c227-67ae0313bef0','Eligible','2025-02-13 14:35:40','2025-02-13 14:45:08','984bab36-6ea9-3a3f-cc48-66e15b39ccb8','984bab36-6ea9-3a3f-cc48-66e15b39ccb8',NULL,0,'',20,'rgb(92, 163, 228)','suivant',NULL,1,NULL,NULL,0,0,0,'',1,0,NULL,1,'',0),('4c16a6ac-f2b4-c608-3282-67ae03a3d0b6','Non éligible','2025-02-13 14:36:02','2025-02-13 15:35:58','984bab36-6ea9-3a3f-cc48-66e15b39ccb8','984bab36-6ea9-3a3f-cc48-66e15b39ccb8',NULL,0,'',30,'rgb(232, 130, 239)','courant',NULL,1,NULL,NULL,0,0,0,'',1,0,NULL,1,'',1),('325a0846-b1d1-371a-f7e4-67ae03d80b06','SP_A_instruire','2025-02-13 14:37:37','2025-02-13 14:58:35','c4250303-bf3c-53d5-45a9-66e15bb9cb43','c4250303-bf3c-53d5-45a9-66e15bb9cb43',NULL,0,'',10,'rgb(171, 49, 77)','courant',NULL,1,'Réception internet',NULL,0,0,0,'',1,0,NULL,1,'',0),('edc340ea-27ec-e154-d631-67ae03f988c1','SP_Eligible','2025-02-13 14:38:34','2025-02-13 14:39:05','c4250303-bf3c-53d5-45a9-66e15bb9cb43','c4250303-bf3c-53d5-45a9-66e15bb9cb43',NULL,0,'',20,'rgb(151, 179, 48)','suivant',NULL,1,NULL,NULL,0,0,0,'',1,0,NULL,1,'',0),('13101cd6-bfa6-e461-2306-67ae04966166','SP_Non Eligible','2025-02-13 14:40:00','2025-02-13 15:44:49','c4250303-bf3c-53d5-45a9-66e15bb9cb43','c4250303-bf3c-53d5-45a9-66e15bb9cb43',NULL,0,'',30,'rgb(50, 145, 65)','courant',NULL,1,NULL,NULL,0,0,0,'',1,0,NULL,1,'',1),('d71ede28-8a07-e1ec-f741-67ae0468070c','Favorable','2025-02-13 14:42:49','2025-02-13 14:43:24','984bab36-6ea9-3a3f-cc48-66e15b39ccb8','984bab36-6ea9-3a3f-cc48-66e15b39ccb8',NULL,0,'',10,'rgb(25, 253, 0)','termine',NULL,1,NULL,NULL,0,0,0,'',1,0,NULL,1,'',1),('d3359193-d1d6-0800-4db4-67ae05c9e7c8','Défavorable','2025-02-13 14:43:19','2025-02-13 14:43:19','984bab36-6ea9-3a3f-cc48-66e15b39ccb8','984bab36-6ea9-3a3f-cc48-66e15b39ccb8',NULL,0,NULL,20,'rgb(250, 1, 1)','termine','',1,'','',0,0,0,NULL,1,0,NULL,1,'',1),('6534d7b0-0e0a-1ce3-cf16-67ae05970282','Favorable','2025-02-13 14:43:55','2025-02-13 15:05:51','1','c4250303-bf3c-53d5-45a9-66e15bb9cb43',NULL,0,'',10,'rgb(32, 163, 71)','suivant',NULL,1,NULL,NULL,0,0,0,'',1,0,NULL,1,'',0),('e08c6582-77d7-73c4-eed6-67ae05ebf190','Non Favorable','2025-02-13 14:44:22','2025-02-13 14:44:22','c4250303-bf3c-53d5-45a9-66e15bb9cb43','c4250303-bf3c-53d5-45a9-66e15bb9cb43',NULL,0,NULL,20,'rgb(175, 66, 66)','termine','',1,'','',0,0,0,NULL,1,0,NULL,1,'',0),('e60914fd-3c92-1c2e-cb13-67ae0af64bd8','SP_A_instruire','2025-02-13 15:08:33','2025-02-13 15:08:33','1','1','',0,NULL,10,'rgb(171, 49, 77)','courant','',1,'Réception internet',NULL,0,0,0,NULL,1,0,NULL,1,NULL,0),('ebac804d-8c7d-304f-12fd-67ae0ace38c4','SP_Eligible','2025-02-13 15:08:33','2025-02-13 15:08:33','1','1','',0,NULL,20,'rgb(151, 179, 48)','suivant','',1,'',NULL,0,0,0,NULL,1,0,NULL,1,NULL,0),('ef563e0e-ef50-50e3-5b72-67ae0a3b7802','SP_Non Eligible','2025-02-13 15:08:33','2025-02-13 15:08:33','1','1','',0,NULL,30,'rgb(50, 145, 65)','termine','',1,'',NULL,0,0,0,NULL,1,0,NULL,1,NULL,0),('275204b0-499e-ec02-ed6c-67ae0ae60a12','Favorable','2025-02-13 15:08:33','2025-02-13 15:08:33','1','1','',0,NULL,10,'rgb(32, 163, 71)','suivant','',1,'',NULL,0,0,0,NULL,1,0,NULL,1,NULL,0),('6ecb0d1a-bba1-9ef3-c6a7-67ae0a9e9dce','Non Favorable','2025-02-13 15:08:33','2025-02-13 15:08:33','1','1','',0,NULL,20,'rgb(175, 66, 66)','termine','',1,'',NULL,0,0,0,NULL,1,0,NULL,1,NULL,0),('3a8e8aa3-2583-18a7-04b2-67ae10f26dac','A notifier','2025-02-13 15:32:35','2025-02-13 15:33:06','984bab36-6ea9-3a3f-cc48-66e15b39ccb8','984bab36-6ea9-3a3f-cc48-66e15b39ccb8',NULL,0,'',10,'rgb(186, 21, 21)','courant',NULL,1,NULL,NULL,0,0,0,'',1,0,NULL,1,'',0),('cbe94d7e-2146-d2bf-0612-67ae10a33303','Accord envoyé','2025-02-13 15:32:54','2025-02-13 15:32:54','984bab36-6ea9-3a3f-cc48-66e15b39ccb8','984bab36-6ea9-3a3f-cc48-66e15b39ccb8',NULL,0,NULL,20,'rgb(42, 90, 159)','termine','',1,'','',0,0,0,NULL,1,0,NULL,1,'',0),('caabc5ce-02de-27a8-9958-67ae10828a92','Refus envoyé','2025-02-13 15:33:28','2025-02-13 15:33:28','984bab36-6ea9-3a3f-cc48-66e15b39ccb8','984bab36-6ea9-3a3f-cc48-66e15b39ccb8',NULL,0,NULL,30,'rgb(19, 207, 184)','termine','',1,'','',0,0,0,NULL,1,0,NULL,1,'',0),('bbd2971b-27ab-c49f-c911-67ae1166255b','SP_A notifier','2025-02-13 15:34:44','2025-02-13 15:47:24','1','c4250303-bf3c-53d5-45a9-66e15bb9cb43',NULL,0,'',10,'rgb(163, 76, 76)','courant',NULL,1,NULL,NULL,0,0,0,'',1,0,NULL,1,'',0),('98870592-0472-4342-9bbf-67ae11448c55','SP Accord envoyé','2025-02-13 15:36:14','2025-02-13 15:36:14','c4250303-bf3c-53d5-45a9-66e15bb9cb43','c4250303-bf3c-53d5-45a9-66e15bb9cb43',NULL,0,NULL,20,'rgb(58, 32, 32)','suivant','',1,'Accord envoyé','',0,0,0,NULL,1,0,NULL,1,'',0),('eddfe35a-6814-70f9-840f-67ae116982f0','SP_Refus envoyé','2025-02-13 15:36:44','2025-02-13 15:36:44','c4250303-bf3c-53d5-45a9-66e15bb9cb43','c4250303-bf3c-53d5-45a9-66e15bb9cb43',NULL,0,NULL,30,'rgb(54, 122, 71)','suivant','',1,'','',0,0,0,NULL,1,0,NULL,1,'',0),('aa3c078f-d8cf-4bb0-74ce-68345c666f7f','réception','2025-05-26 12:22:00','2025-05-26 12:22:47','984bab36-6ea9-3a3f-cc48-66e15b39ccb8','984bab36-6ea9-3a3f-cc48-66e15b39ccb8',NULL,0,'',10,NULL,'suivant',NULL,1,NULL,NULL,0,0,0,'',1,0,NULL,1,'',0),('33a047a1-ef4a-0d3d-06ca-68345ea87e2e','Reçu','2025-05-26 12:27:00','2025-05-26 12:27:00','1','1',NULL,0,NULL,10,'rgb(147, 233, 164)','suivant','',1,'','',0,0,0,NULL,1,0,NULL,1,'',0),('cc5507c1-a1ca-1634-f682-68345e074eda','Reçu','2025-05-26 12:28:12','2025-05-26 12:28:12','c4250303-bf3c-53d5-45a9-66e15bb9cb43','c4250303-bf3c-53d5-45a9-66e15bb9cb43',NULL,0,NULL,10,'rgb(255, 255, 255)','suivant','',1,'','',0,0,0,NULL,1,0,NULL,1,'',0),('a9ec84f2-319e-e324-96ff-68345e520fa1','Avis en cours','2025-05-26 12:30:34','2025-05-26 12:30:34','1','1',NULL,0,NULL,10,'rgb(219, 210, 71)','courant','',1,'En cours','',0,0,0,NULL,1,0,NULL,1,'',0),('349aa0e0-59ed-7fb6-0682-683460fd5a33','A instruire','2025-05-26 12:36:43','2025-05-26 12:50:51','1','c4250303-bf3c-53d5-45a9-66e15bb9cb43',NULL,0,'',10,'rgb(58, 243, 165)','courant',NULL,1,NULL,NULL,0,0,0,'',1,0,NULL,1,'',0),('33ce9078-1c1e-973a-a046-6834609cbc1b','A instruire MG','2025-05-26 12:37:25','2025-05-26 12:56:26','1','984bab36-6ea9-3a3f-cc48-66e15b39ccb8',NULL,0,'',10,'rgb(113, 251, 161)','courant',NULL,1,NULL,NULL,0,0,0,'',1,0,NULL,1,'',0),('1ba80378-f81b-d643-538d-683460f58dd0','Eligible','2025-05-26 12:37:35','2025-05-26 12:57:21','c4250303-bf3c-53d5-45a9-66e15bb9cb43','c4250303-bf3c-53d5-45a9-66e15bb9cb43',NULL,0,'',20,'rgb(76, 242, 98)','suivant',NULL,1,NULL,NULL,0,0,0,'',1,0,NULL,1,'',0),('cacdaf31-79af-b825-bc9d-6834603e3666','Non éligible','2025-05-26 12:38:07','2025-05-26 12:57:36','c4250303-bf3c-53d5-45a9-66e15bb9cb43','c4250303-bf3c-53d5-45a9-66e15bb9cb43',NULL,0,'',30,'rgb(63, 212, 104)','termine',NULL,1,NULL,NULL,0,0,0,'',1,0,NULL,1,'',0),('99e81897-8629-a406-089b-6834600f2c70','Eligible','2025-05-26 12:38:15','2025-05-26 12:56:35','1','984bab36-6ea9-3a3f-cc48-66e15b39ccb8',NULL,0,'',20,'rgb(36, 243, 165)','suivant',NULL,1,NULL,NULL,0,0,0,'',1,0,NULL,1,'',0),('bda6b4bf-e5a8-3975-9aba-683460824b74','Non éligible','2025-05-26 12:38:56','2025-05-26 12:56:43','1','984bab36-6ea9-3a3f-cc48-66e15b39ccb8',NULL,0,'',30,'rgb(235, 91, 91)','suivant',NULL,1,NULL,NULL,0,0,0,'',1,0,NULL,1,'',0),('3f3f7241-6bd2-947b-c74d-683461327aba','Favorable','2025-05-26 12:39:42','2025-05-26 12:57:54','c4250303-bf3c-53d5-45a9-66e15bb9cb43','c4250303-bf3c-53d5-45a9-66e15bb9cb43',NULL,0,'',10,'rgb(68, 220, 50)','suivant',NULL,1,NULL,NULL,0,0,0,'',1,0,NULL,1,'',0),('4eb9e896-6329-1b35-b58d-683461542334','Non favorable','2025-05-26 12:40:09','2025-05-26 12:58:08','c4250303-bf3c-53d5-45a9-66e15bb9cb43','c4250303-bf3c-53d5-45a9-66e15bb9cb43',NULL,0,'',20,'rgb(232, 62, 90)','termine',NULL,1,NULL,NULL,0,0,0,'',1,0,NULL,1,'',0),('38e32caa-ef67-3590-c726-6834619993be','Favorable','2025-05-26 12:40:14','2025-05-26 12:57:20','984bab36-6ea9-3a3f-cc48-66e15b39ccb8','984bab36-6ea9-3a3f-cc48-66e15b39ccb8',NULL,0,'',10,'rgb(39, 179, 92)','suivant',NULL,1,NULL,NULL,0,0,0,'',1,0,NULL,1,'',0),('316bb75b-0d53-34ff-68bd-683461f2b6c7','Non favorable','2025-05-26 12:40:47','2025-05-26 12:57:54','984bab36-6ea9-3a3f-cc48-66e15b39ccb8','984bab36-6ea9-3a3f-cc48-66e15b39ccb8',NULL,0,'',20,'rgb(211, 22, 22)','suivant',NULL,1,NULL,NULL,0,0,0,'',1,0,NULL,1,'',1),('ab66f4e8-f6fa-1bc0-a5d9-683461488efd','Retour arrière possible','2025-05-26 12:41:55','2025-05-26 12:53:51','984bab36-6ea9-3a3f-cc48-66e15b39ccb8','984bab36-6ea9-3a3f-cc48-66e15b39ccb8',NULL,1,NULL,30,'rgb(255, 255, 255)','courant','',1,'','',0,0,0,NULL,1,0,NULL,1,'',0),('37ae71eb-ef93-f938-450b-68346885da5a','A notifier','2025-05-26 13:12:21','2025-05-26 13:12:21','c4250303-bf3c-53d5-45a9-66e15bb9cb43','c4250303-bf3c-53d5-45a9-66e15bb9cb43',NULL,0,NULL,10,'rgb(93, 208, 46)','suivant','',1,'','',0,0,0,NULL,1,0,NULL,1,'',0),('9fb01a50-deb9-fbc1-317f-683468d07b91','A notifier','2025-05-26 13:13:01','2025-05-26 13:13:01','984bab36-6ea9-3a3f-cc48-66e15b39ccb8','984bab36-6ea9-3a3f-cc48-66e15b39ccb8',NULL,0,NULL,10,'rgb(23, 119, 33)','suivant','',1,'','',0,0,0,NULL,1,0,NULL,1,'',0),('4909d524-f8e9-a050-f623-683468095279','Accord envoyé','2025-05-26 13:13:27','2025-05-26 13:13:27','c4250303-bf3c-53d5-45a9-66e15bb9cb43','c4250303-bf3c-53d5-45a9-66e15bb9cb43',NULL,0,NULL,20,'rgb(69, 200, 111)','courant','',1,'','',0,0,0,NULL,1,0,NULL,1,'',0),('17f40da8-47f3-ac1e-0fbf-683469e4369d','Refus envoyé','2025-05-26 13:13:57','2025-05-26 13:13:57','c4250303-bf3c-53d5-45a9-66e15bb9cb43','c4250303-bf3c-53d5-45a9-66e15bb9cb43',NULL,0,NULL,30,'rgb(54, 212, 67)','termine','',1,'','',0,0,0,NULL,1,0,NULL,1,'',0),('21e838b4-f567-54de-8539-6834694ee01f','Accord envoyé','2025-05-26 13:14:09','2025-05-26 13:14:09','984bab36-6ea9-3a3f-cc48-66e15b39ccb8','984bab36-6ea9-3a3f-cc48-66e15b39ccb8',NULL,0,NULL,20,'rgb(31, 179, 24)','suivant','',1,'','',0,0,0,NULL,1,0,NULL,1,'',0),('e2569046-897d-35a8-783b-6834697d5134','Refus envoyé','2025-05-26 13:15:00','2025-05-26 13:15:00','984bab36-6ea9-3a3f-cc48-66e15b39ccb8','984bab36-6ea9-3a3f-cc48-66e15b39ccb8',NULL,0,NULL,30,'rgb(221, 28, 28)','courant','',1,'','',0,0,0,NULL,1,0,NULL,1,'',0),('3a8a52fb-c7ee-9bce-b514-6835bb2e6c52','Favorable','2025-05-27 13:16:33','2025-05-27 13:16:33','1','1','',0,NULL,10,'','suivant','',1,'',NULL,0,0,0,NULL,1,0,NULL,1,NULL,0),('3f19397e-9b5d-2e71-cf95-6835bbcbb58e','Non favorable','2025-05-27 13:16:33','2025-05-27 13:16:33','1','1','',0,NULL,20,'','suivant','',1,'',NULL,0,0,0,NULL,1,0,NULL,1,NULL,0),('4675df8e-fce7-85cf-2f2d-6835bba50197','Non éligible','2025-05-27 13:16:33','2025-05-27 13:16:33','1','1','',0,NULL,30,'','termine','',1,'',NULL,0,0,0,NULL,1,0,NULL,1,NULL,0),('5023c00e-9741-bba1-924c-6835bb2cdf2e','Eligible','2025-05-27 13:16:33','2025-05-27 13:16:33','1','1','',0,NULL,20,'rgb(11, 161, 42)','suivant','',1,'',NULL,0,0,0,NULL,1,0,NULL,1,NULL,0),('54b8762a-dd71-361e-3c22-6835bb2642a2','A instruire','2025-05-27 13:16:33','2025-05-27 13:16:33','1','1','',0,NULL,10,'','courant','',1,'',NULL,0,0,0,NULL,1,0,NULL,1,NULL,0),('5edfd8a4-4d72-4e0d-be43-6835bbf4823c','A notifier','2025-05-27 13:16:33','2025-05-27 13:16:33','1','1','',0,NULL,10,'rgb(11, 161, 42)','suivant','',1,'',NULL,0,0,0,NULL,1,0,NULL,1,NULL,0),('62ed61a4-b51c-e7ef-feae-6835bb1474af','Accord envoyé','2025-05-27 13:16:33','2025-05-27 13:16:33','1','1','',0,NULL,20,'rgb(11, 161, 42)','suivant','',1,'',NULL,0,0,0,NULL,1,0,NULL,1,NULL,0),('6688282e-c2ab-8f23-4d78-6835bbb241e0','Refus envoyé','2025-05-27 13:16:33','2025-05-27 13:16:33','1','1','',0,NULL,30,'rgb(11, 161, 42)','suivant','',1,'',NULL,0,0,0,NULL,1,0,NULL,1,NULL,0),('165e740a-ac38-84b7-1eaf-68b800678219','reçu','2025-09-03 08:46:40','2025-09-03 08:46:40','984bab36-6ea9-3a3f-cc48-66e15b39ccb8','984bab36-6ea9-3a3f-cc48-66e15b39ccb8',NULL,0,NULL,10,'rgb(123, 213, 125)','suivant','',1,'Dossier reçu','',0,0,0,NULL,1,0,NULL,1,'',0),('bcecb564-a4eb-9e2e-2fee-68b8006a8c01','Incomplet','2025-09-03 08:48:05','2025-09-03 09:31:03','984bab36-6ea9-3a3f-cc48-66e15b39ccb8','984bab36-6ea9-3a3f-cc48-66e15b39ccb8',NULL,0,'',10,'rgb(231, 179, 24)','courant',NULL,1,NULL,NULL,0,1,0,'',1,0,NULL,1,'e25f3152-4eab-6e6b-8ea0-68b80af3eb12',0),('40450b8b-8ff2-5935-5799-68b800b1597b','Complet','2025-09-03 08:48:31','2025-09-03 08:48:31','984bab36-6ea9-3a3f-cc48-66e15b39ccb8','984bab36-6ea9-3a3f-cc48-66e15b39ccb8',NULL,0,NULL,20,'rgb(123, 213, 125)','suivant','',1,'','',0,0,0,NULL,1,0,NULL,1,'',0),('26418ad8-b69d-db44-fb1d-68b8018215b6','sans suite','2025-09-03 08:49:04','2025-09-03 08:49:04','984bab36-6ea9-3a3f-cc48-66e15b39ccb8','984bab36-6ea9-3a3f-cc48-66e15b39ccb8',NULL,0,NULL,30,'rgb(245, 128, 149)','termine','',1,'Classé sans suite','',0,0,0,NULL,1,0,NULL,1,'',0),('596ada30-dfee-f8fb-8412-68b808556137','eligible','2025-09-03 09:20:31','2025-09-03 09:28:50','984bab36-6ea9-3a3f-cc48-66e15b39ccb8','984bab36-6ea9-3a3f-cc48-66e15b39ccb8',NULL,0,'',10,'rgb(123, 213, 125)','suivant',NULL,1,'En cours d\'instruction',NULL,0,0,0,'',1,0,NULL,1,'',0),('8a65a3ff-4ba0-9ebc-f8db-68b80876dec6','ineligible','2025-09-03 09:20:43','2025-09-03 09:20:56','984bab36-6ea9-3a3f-cc48-66e15b39ccb8','984bab36-6ea9-3a3f-cc48-66e15b39ccb8',NULL,0,'',20,'rgb(247, 211, 17)','courant',NULL,1,NULL,NULL,0,0,0,'',1,0,NULL,1,'',0),('8e3c2e1d-758c-5294-c21d-68b808dcaeec','générer arrêté','2025-09-03 09:21:38','2025-09-03 09:21:38','984bab36-6ea9-3a3f-cc48-66e15b39ccb8','984bab36-6ea9-3a3f-cc48-66e15b39ccb8',NULL,0,NULL,10,'rgb(123, 213, 125)','courant','',0,'','',0,0,0,NULL,1,0,NULL,1,'',0),('aaf8de97-f152-4ed1-69b3-68b808ca6362','arrêté à signer','2025-09-03 09:21:56','2025-09-03 09:21:56','984bab36-6ea9-3a3f-cc48-66e15b39ccb8','984bab36-6ea9-3a3f-cc48-66e15b39ccb8',NULL,0,NULL,20,'rgb(123, 213, 125)','courant','',0,'','',0,0,0,NULL,1,0,NULL,1,'',0),('a0892686-4316-609d-cf00-68b808368508','Arrêté signé','2025-09-03 09:22:08','2025-09-03 09:22:08','984bab36-6ea9-3a3f-cc48-66e15b39ccb8','984bab36-6ea9-3a3f-cc48-66e15b39ccb8',NULL,0,NULL,30,'rgb(123, 213, 125)','suivant','',0,'','',0,0,0,NULL,1,0,NULL,1,'',0),('e25f3152-4eab-6e6b-8ea0-68b80af3eb12','Complété usager','2025-09-03 09:30:43','2025-09-03 09:30:43','984bab36-6ea9-3a3f-cc48-66e15b39ccb8','984bab36-6ea9-3a3f-cc48-66e15b39ccb8',NULL,0,NULL,15,'rgb(123, 213, 125)','courant','',1,'Complété','',0,0,0,NULL,1,0,NULL,1,'',0),('878a0170-d8ad-4c6d-5862-68b8492f056c','A instruire (statut initial)','2025-09-03 13:58:59','2025-09-05 08:41:25','984bab36-6ea9-3a3f-cc48-66e15b39ccb8','984bab36-6ea9-3a3f-cc48-66e15b39ccb8',NULL,0,'',1,'rgb(255, 151, 16)','courant',NULL,1,NULL,NULL,0,0,0,'',1,0,NULL,1,'',0),('d55b5603-a320-0bbf-3ce9-68b84961a693','Eligible','2025-09-03 13:59:30','2025-09-03 14:45:05','984bab36-6ea9-3a3f-cc48-66e15b39ccb8','984bab36-6ea9-3a3f-cc48-66e15b39ccb8',NULL,0,'',2,'rgb(8, 247, 23)','suivant',NULL,1,NULL,NULL,0,0,0,'',1,0,NULL,1,'',0),('d592d5ed-b75a-3677-c011-68b8491b3ee9','Non éligible','2025-09-03 14:00:11','2025-09-03 14:42:56','984bab36-6ea9-3a3f-cc48-66e15b39ccb8','984bab36-6ea9-3a3f-cc48-66e15b39ccb8',NULL,0,'',3,'rgb(223, 18, 95)','courant',NULL,1,NULL,NULL,0,1,0,'',1,0,NULL,1,'',0),('30423c36-51e7-4ca7-b8da-68b84a743ede','Favorable','2025-09-03 14:03:57','2025-09-04 12:23:20','984bab36-6ea9-3a3f-cc48-66e15b39ccb8','984bab36-6ea9-3a3f-cc48-66e15b39ccb8',NULL,0,'',1,'rgb(27, 227, 105)','suivant',NULL,1,NULL,NULL,0,0,0,'',1,0,NULL,1,'',0),('cd87d766-4ca5-4e92-a1e8-68b84ab51732','Non favorable','2025-09-03 14:04:31','2025-09-04 12:24:51','984bab36-6ea9-3a3f-cc48-66e15b39ccb8','984bab36-6ea9-3a3f-cc48-66e15b39ccb8',NULL,0,'',2,'rgb(231, 58, 58)','suivant',NULL,1,NULL,NULL,0,0,0,'',1,0,NULL,1,'',0),('43c85c12-d00a-4596-2e69-68b856f1eb84','A notifier','2025-09-03 14:52:53','2025-09-03 14:52:53','984bab36-6ea9-3a3f-cc48-66e15b39ccb8','984bab36-6ea9-3a3f-cc48-66e15b39ccb8',NULL,0,NULL,1,'rgb(237, 194, 23)','courant','',1,'','',0,0,0,NULL,1,0,NULL,1,'',0),('81fbd15e-d58d-51cf-bbc0-68b85611c4d2','Accord envoyé','2025-09-03 14:53:26','2025-09-04 12:25:29','984bab36-6ea9-3a3f-cc48-66e15b39ccb8','984bab36-6ea9-3a3f-cc48-66e15b39ccb8',NULL,0,'',2,'rgb(27, 227, 105)','termine',NULL,1,NULL,NULL,0,0,0,'',1,0,NULL,1,'',1),('f03e00a8-6edd-0788-8cb7-68b856504e8d','Refus envoyé','2025-09-03 14:54:11','2025-09-03 14:54:11','984bab36-6ea9-3a3f-cc48-66e15b39ccb8','984bab36-6ea9-3a3f-cc48-66e15b39ccb8',NULL,0,NULL,3,'rgb(231, 58, 58)','termine','',1,'','',0,0,0,NULL,1,0,NULL,1,'',1),('a0b514fb-3c1d-9e56-b6ff-68dce5a8b41b','Réception','2025-10-01 08:25:45','2025-10-01 08:26:49','1','1',NULL,0,'',10,'rgb(45, 225, 107)','suivant',NULL,1,'En cours',NULL,0,0,0,'',1,0,NULL,1,'',0),('ee8ba890-eb76-090b-7db4-68dce66c37d3','En cours','2025-10-01 08:28:24','2025-10-01 08:28:24','1','1',NULL,0,NULL,10,'rgb(235, 213, 34)','courant','',1,'En cours d\'instruction','',0,0,0,NULL,1,0,NULL,1,'a0b514fb-3c1d-9e56-b6ff-68dce5a8b41b',0),('2a62751f-2919-ae07-e25a-68dce8804817','Eligible','2025-10-01 08:37:59','2025-10-01 09:18:43','e64475cf-02f9-b7e1-4f19-66e15ba04a6c','e64475cf-02f9-b7e1-4f19-66e15ba04a6c',NULL,0,'',10,'rgba(32, 251, 52, 0.99)','suivant','Eligible',1,'Eligible',NULL,0,0,0,'',1,0,NULL,1,'',0),('99ae10fb-fb08-ae10-814f-68dce8ecc3da','Non éligible','2025-10-01 08:38:33','2025-10-01 08:39:07','e64475cf-02f9-b7e1-4f19-66e15ba04a6c','e64475cf-02f9-b7e1-4f19-66e15ba04a6c',NULL,0,'',20,'rgba(243, 54, 56, 0.97)','termine',NULL,1,NULL,NULL,0,0,0,'',1,0,NULL,1,'',0),('3fb35d28-3351-f22a-cbb7-68dce877ad9b','ELIGIBLE','2025-10-01 08:38:53','2025-10-06 07:46:20','c4250303-bf3c-53d5-45a9-66e15bb9cb43','c4250303-bf3c-53d5-45a9-66e15bb9cb43',NULL,0,'',10,'rgb(5, 167, 23)','suivant',NULL,1,NULL,NULL,0,0,0,'',1,0,NULL,1,'',0),('88a26c23-31e7-7ca6-e586-68dce8a77676','NON_ELIGIBLE','2025-10-01 08:39:17','2025-10-01 09:09:48','1','c4250303-bf3c-53d5-45a9-66e15bb9cb43',NULL,0,'',20,'rgb(245, 20, 73)','termine',NULL,1,NULL,NULL,0,0,0,'',1,0,NULL,1,'',0),('216891fd-0a35-11d0-ae4b-68dce926f52a','FAVORABLE','2025-10-01 08:40:53','2025-10-01 09:21:12','c4250303-bf3c-53d5-45a9-66e15bb9cb43','c4250303-bf3c-53d5-45a9-66e15bb9cb43',NULL,0,'',10,'rgb(128, 227, 28)','suivant',NULL,1,NULL,NULL,0,0,0,'',1,0,NULL,1,'',0),('8f5cce22-2787-3e26-1a13-68dce985693b','Non favorable','2025-10-01 08:41:30','2025-10-01 09:20:50','c4250303-bf3c-53d5-45a9-66e15bb9cb43','c4250303-bf3c-53d5-45a9-66e15bb9cb43',NULL,0,'',15,'rgb(239, 74, 74)','termine',NULL,1,NULL,NULL,0,0,0,'',1,0,NULL,1,'',0),('593f6879-525b-44d2-dfcc-68dcea34117b','GR _ A Instruire','2025-10-01 08:46:42','2025-10-01 09:16:46','1','984bab36-6ea9-3a3f-cc48-66e15b39ccb8',NULL,0,'',10,'rgb(9, 251, 24)','courant',NULL,1,'A Instruire',NULL,0,0,0,'',1,0,NULL,1,'',0),('51ff984f-c80a-99da-06ff-68dcea96e61d','GR _ Eligible','2025-10-01 08:47:26','2025-10-06 07:57:57','984bab36-6ea9-3a3f-cc48-66e15b39ccb8','984bab36-6ea9-3a3f-cc48-66e15b39ccb8',NULL,0,'',30,'rgb(9, 251, 24)','suivant',NULL,1,'Eligible',NULL,0,0,0,'',1,0,NULL,1,'',0),('1389ba38-bede-6c0f-e5f0-68dcea8d5360','GR _ Non Eligible','2025-10-01 08:48:17','2025-10-01 08:53:07','1','984bab36-6ea9-3a3f-cc48-66e15b39ccb8',NULL,0,'',20,'rgb(253, 5, 28)','termine',NULL,1,'Non Eligible',NULL,0,0,0,'',1,0,NULL,1,'',0),('117e0ee3-bee5-0365-bcbe-68dced858812','GR _ Favorable','2025-10-01 09:01:12','2025-10-01 09:01:25','984bab36-6ea9-3a3f-cc48-66e15b39ccb8','984bab36-6ea9-3a3f-cc48-66e15b39ccb8',NULL,0,'',10,'rgb(7, 68, 251)','suivant',NULL,1,'Favorable',NULL,0,0,0,'',1,0,NULL,1,'',1),('6fa91140-bfba-b2a3-5334-68dcf5013cfd','A notifier','2025-10-01 09:32:38','2025-10-01 09:32:38','e64475cf-02f9-b7e1-4f19-66e15ba04a6c','e64475cf-02f9-b7e1-4f19-66e15ba04a6c',NULL,0,NULL,10,'','courant','',1,'','',0,0,0,NULL,1,0,NULL,1,'',0),('43e75c4e-1f14-3e12-e712-68dcee499ae0','GR _ Non Favorable','2025-10-01 09:02:24','2025-10-01 09:02:24','984bab36-6ea9-3a3f-cc48-66e15b39ccb8','984bab36-6ea9-3a3f-cc48-66e15b39ccb8',NULL,0,NULL,20,'rgb(251, 12, 12)','suivant','',1,'Non Favorable','',0,0,0,NULL,1,0,NULL,1,'',1),('fa000747-27c5-2e26-f0c8-68dcf0edacbb','A instruire','2025-10-01 09:10:23','2025-10-01 09:10:36','1','1',NULL,0,'',5,'rgb(20, 245, 129)','courant',NULL,1,NULL,NULL,0,0,0,'',1,0,NULL,1,'',0),('d87f0bfd-fdb7-e527-0ebc-68dcf0a6c591','A instruire','2025-10-01 09:14:14','2025-10-01 09:14:14','1','1',NULL,0,NULL,5,'rgb(47, 241, 51)','courant','',1,'','',0,0,0,NULL,1,0,NULL,1,'',0),('dc00874b-8078-0d85-df2e-68dcf188950b','Favorable','2025-10-01 09:15:43','2025-10-01 09:16:29','e64475cf-02f9-b7e1-4f19-66e15ba04a6c','e64475cf-02f9-b7e1-4f19-66e15ba04a6c',NULL,0,'',10,'rgb(64, 172, 245)','suivant',NULL,1,NULL,NULL,0,0,0,'',1,0,NULL,1,'',0),('61834bc4-5ff1-3804-6c77-68dcf1b15df2','Non favorable','2025-10-01 09:16:18','2025-10-01 09:16:18','e64475cf-02f9-b7e1-4f19-66e15ba04a6c','e64475cf-02f9-b7e1-4f19-66e15ba04a6c',NULL,0,NULL,20,'rgb(253, 32, 32)','termine','',1,'','',0,0,0,NULL,1,0,NULL,1,'',0),('287ddb2d-f432-0e3d-a26f-68dcf56183c1','Accord envoyé','2025-10-01 09:33:03','2025-10-01 09:33:03','e64475cf-02f9-b7e1-4f19-66e15ba04a6c','e64475cf-02f9-b7e1-4f19-66e15ba04a6c',NULL,0,NULL,20,'','courant','',1,'','',0,0,0,NULL,1,0,NULL,1,'',0),('ef4f5038-a6d6-8c02-b488-68dcf553b067','Refus envoyé','2025-10-01 09:33:26','2025-10-01 09:33:26','e64475cf-02f9-b7e1-4f19-66e15ba04a6c','e64475cf-02f9-b7e1-4f19-66e15ba04a6c',NULL,0,NULL,30,'','courant','',1,'','',0,0,0,NULL,1,0,NULL,1,'',0),('e6e15050-b14b-8b49-cdd9-68dcf5338b4e','A notifier','2025-10-01 09:33:39','2025-10-01 09:33:58','c4250303-bf3c-53d5-45a9-66e15bb9cb43','c4250303-bf3c-53d5-45a9-66e15bb9cb43',NULL,0,'',5,'rgb(214, 233, 147)','courant',NULL,1,NULL,NULL,0,0,0,'',1,0,NULL,1,'',0),('d68e50e3-a111-fefa-e930-68dcf599c98c','Accord envoyé','2025-10-01 09:34:39','2025-10-01 09:34:39','c4250303-bf3c-53d5-45a9-66e15bb9cb43','c4250303-bf3c-53d5-45a9-66e15bb9cb43',NULL,0,NULL,10,'rgb(193, 233, 178)','suivant','',1,'','',0,0,0,NULL,1,0,NULL,1,'',0),('a9bf4ca3-6a45-1b4b-5649-68dcf5f1a9bb','Refus envoyé','2025-10-01 09:35:29','2025-10-01 09:35:29','c4250303-bf3c-53d5-45a9-66e15bb9cb43','c4250303-bf3c-53d5-45a9-66e15bb9cb43',NULL,0,NULL,20,'rgb(239, 22, 175)','termine','',1,'','',0,0,0,NULL,1,0,NULL,1,'',0),('c7ff0fa2-947c-dce1-ebf3-68dcf6e62d0f','A Notifier','2025-10-01 09:36:20','2025-10-01 09:36:20','984bab36-6ea9-3a3f-cc48-66e15b39ccb8','984bab36-6ea9-3a3f-cc48-66e15b39ccb8',NULL,0,NULL,10,'rgb(5, 251, 228)','courant','',1,'A Notifier','',0,0,0,NULL,1,0,NULL,1,'',0),('1344bded-ca5b-992c-d8d5-68dcf6f13458','Accord Envoyé','2025-10-01 09:37:43','2025-10-01 09:37:43','984bab36-6ea9-3a3f-cc48-66e15b39ccb8','984bab36-6ea9-3a3f-cc48-66e15b39ccb8',NULL,0,NULL,20,'rgb(255, 5, 16)','termine','',1,'Accord Envoyé','',0,0,0,NULL,1,0,NULL,1,'',0),('62eb16e4-53c2-6445-2e47-68dcf6493354','Refus Envoyé','2025-10-01 09:38:22','2025-10-01 09:38:22','984bab36-6ea9-3a3f-cc48-66e15b39ccb8','984bab36-6ea9-3a3f-cc48-66e15b39ccb8',NULL,0,NULL,30,'rgb(93, 3, 253)','courant','',1,'Refus Envoyé','',0,0,0,NULL,1,0,NULL,1,'',0),('4dd149c1-34fc-477d-f2d5-68e390149a3c','Nouveau','2025-10-06 09:47:13','2025-10-06 09:47:13','1','1','',0,NULL,1,'rgb(123, 213, 125)','suivant','',1,'',NULL,0,0,0,NULL,1,0,NULL,1,NULL,0),('65406534-82e7-2f3f-51f4-68e390482ea3','Accepté','2025-10-06 09:47:13','2025-10-06 09:47:13','1','1','',0,NULL,1,'rgb(123, 213, 125)','suivant','',1,'',NULL,0,0,0,NULL,1,0,NULL,1,NULL,0),('6afd27a3-31bf-f609-bc2d-68e390336973','Refusé','2025-10-06 09:47:13','2025-10-06 09:47:13','1','1','',0,NULL,2,'rgb(245, 128, 149)','termine','',1,'',NULL,0,0,0,NULL,1,0,NULL,1,NULL,0),('6f39a81b-a101-4f09-b238-68e390255ad1','valorisation','2025-10-06 09:47:13','2025-10-06 09:47:13','1','1','',0,NULL,15,'rgba(30, 186, 78, 0.53)','courant','',0,'',NULL,0,0,0,NULL,1,0,NULL,1,NULL,0),('7d91742c-4599-2830-3af5-68e390453843','Clos','2025-10-06 09:47:13','2025-10-06 09:47:13','1','1','',0,NULL,1,'rgb(62, 116, 170)','termine','',1,'',NULL,0,0,0,NULL,1,0,NULL,1,NULL,0),('69580bc9-2a57-3675-6b16-68ff791ad4bd','Dossier reçu','2025-10-27 13:52:52','2025-10-27 13:52:52','1','1',NULL,0,NULL,10,'rgb(27, 233, 59)','suivant','',1,'Libellée internet','',0,0,0,NULL,1,0,NULL,1,'',0),('a8788244-3151-63da-991c-68ff7eea11fe','OP_A instruire','2025-10-27 14:17:33','2025-10-27 15:43:00','1','c4250303-bf3c-53d5-45a9-66e15bb9cb43',NULL,0,'',10,'rgb(255, 255, 255)','courant','A instruire',1,'Dossier à instruire',NULL,0,0,0,'',1,0,NULL,1,'',0),('7d311f5e-ed88-e70b-98e1-68ff7feddab0','OP_Eligible','2025-10-27 14:18:54','2025-10-27 14:20:18','c4250303-bf3c-53d5-45a9-66e15bb9cb43','c4250303-bf3c-53d5-45a9-66e15bb9cb43',NULL,0,'',20,'rgb(7, 245, 78)','suivant','Dossier éligible',1,'Dossier éligible',NULL,0,0,0,'',1,0,NULL,1,'',0),('d45b8d5c-cb27-897c-3490-68ff7f02454d','Eligible','2025-10-27 14:19:47','2025-10-27 14:26:55','984bab36-6ea9-3a3f-cc48-66e15b39ccb8','984bab36-6ea9-3a3f-cc48-66e15b39ccb8',NULL,0,'',20,'rgb(27, 120, 19)','suivant',NULL,0,NULL,NULL,0,0,0,'',1,0,NULL,1,'',0),('78c8ef68-e376-8b27-5bd9-68ff7f0190c7','OP_Non_eligible','2025-10-27 14:19:56','2025-10-27 14:19:56','c4250303-bf3c-53d5-45a9-66e15bb9cb43','c4250303-bf3c-53d5-45a9-66e15bb9cb43',NULL,0,NULL,30,'rgb(255, 255, 255)','termine','',1,'','',0,0,0,NULL,1,0,NULL,1,'',0),('e6074c4e-1cc0-00f4-b057-68ff809ec73c','A Instruire','2025-10-27 14:25:11','2025-10-27 14:27:17','984bab36-6ea9-3a3f-cc48-66e15b39ccb8','984bab36-6ea9-3a3f-cc48-66e15b39ccb8',NULL,0,'',10,'rgb(27, 120, 19)','courant',NULL,1,NULL,NULL,0,0,0,'',1,0,NULL,1,'',0),('ab010cac-3eca-a587-e0c1-68ff81a481c3','Non éligible','2025-10-27 14:26:27','2025-10-27 14:26:27','984bab36-6ea9-3a3f-cc48-66e15b39ccb8','984bab36-6ea9-3a3f-cc48-66e15b39ccb8',NULL,0,NULL,30,'rgb(227, 22, 61)','termine','',1,'','',0,0,0,NULL,1,0,NULL,1,'',0),('b3dc559d-2ef6-94be-2d55-68ff81536c22','Favorable','2025-10-27 14:30:03','2025-10-27 14:30:03','984bab36-6ea9-3a3f-cc48-66e15b39ccb8','984bab36-6ea9-3a3f-cc48-66e15b39ccb8',NULL,0,NULL,10,'rgb(8, 128, 27)','suivant','',1,'Avis favorable','',0,0,0,NULL,1,0,NULL,1,'',0),('d767b0f4-842f-12ce-6540-68ff820683e0','Défavorable','2025-10-27 14:31:08','2025-10-27 14:31:44','984bab36-6ea9-3a3f-cc48-66e15b39ccb8','984bab36-6ea9-3a3f-cc48-66e15b39ccb8',NULL,0,'',20,'rgba(225, 18, 18, 0.75)','termine',NULL,1,'Avis défavorable',NULL,0,0,0,'',1,0,NULL,1,'',0),('90ed74f3-5d31-8aae-d55b-68ff8ef73844','A notifier','2025-10-27 15:22:20','2025-10-27 15:22:20','984bab36-6ea9-3a3f-cc48-66e15b39ccb8','984bab36-6ea9-3a3f-cc48-66e15b39ccb8',NULL,0,NULL,10,'','suivant','',1,'','',0,0,0,NULL,1,0,NULL,1,'',0),('9000d4af-7e2c-0f73-f7e7-68ff8e05507b','Eligible','2025-10-27 15:22:35','2025-10-27 15:22:35','81297ee7-4d44-54e8-1090-66e15bd4b75c','81297ee7-4d44-54e8-1090-66e15bd4b75c',NULL,0,NULL,NULL,'','suivant','',1,'','',0,0,0,NULL,1,0,NULL,1,'',0),('c7200b8f-112a-890d-e53e-68ff8e0c2ff8','A notifier','2025-10-27 15:22:43','2025-10-27 15:23:33','c4250303-bf3c-53d5-45a9-66e15bb9cb43','c4250303-bf3c-53d5-45a9-66e15bb9cb43',NULL,0,'',10,NULL,'suivant',NULL,1,NULL,NULL,0,0,0,'',1,0,NULL,1,'',0),('b1f006c4-e945-b723-0115-68ff8ebadee4','Accord envoyé ','2025-10-27 15:22:47','2025-10-27 15:23:01','984bab36-6ea9-3a3f-cc48-66e15b39ccb8','984bab36-6ea9-3a3f-cc48-66e15b39ccb8',NULL,0,'',20,'rgba(17, 122, 43, 0.64)','suivant',NULL,1,NULL,NULL,0,0,0,'',1,0,NULL,1,'',0),('c9b1a6fe-a3c2-5115-81aa-68ff8ed59b52','Accord envoyé','2025-10-27 15:23:11','2025-10-27 15:23:11','c4250303-bf3c-53d5-45a9-66e15bb9cb43','c4250303-bf3c-53d5-45a9-66e15bb9cb43',NULL,0,NULL,50,'','suivant','',1,'','',0,0,0,NULL,1,0,NULL,1,'',0),('8d8cc625-163b-0c96-70c9-68ff8ec79251','Refus envoyé','2025-10-27 15:23:58','2025-10-27 15:23:58','c4250303-bf3c-53d5-45a9-66e15bb9cb43','c4250303-bf3c-53d5-45a9-66e15bb9cb43',NULL,0,NULL,60,'','suivant','',1,'','',0,0,0,NULL,1,0,NULL,1,'',0),('64f519e6-00c0-f374-c73a-68ff8e6a1897','Refus envoyé','2025-10-27 15:24:00','2025-10-27 15:24:00','984bab36-6ea9-3a3f-cc48-66e15b39ccb8','984bab36-6ea9-3a3f-cc48-66e15b39ccb8',NULL,0,NULL,30,'rgba(207, 44, 44, 0.7)','termine','',1,'','',0,0,0,NULL,1,0,NULL,1,'',0),('7040df05-1dc2-5369-e5f0-68ff99d62b24','OP_A instruire','2025-10-27 16:08:36','2025-10-27 16:08:36','1','1','',0,NULL,10,'rgb(255, 255, 255)','courant','A instruire',1,'Dossier à instruire',NULL,0,0,0,NULL,1,0,NULL,1,NULL,0),('7675a654-69bf-5777-bd51-68ff99a6f226','OP_Eligible','2025-10-27 16:08:36','2025-10-27 16:08:36','1','1','',0,NULL,20,'rgb(7, 245, 78)','suivant','Dossier éligible',1,'Dossier éligible',NULL,0,0,0,NULL,1,0,NULL,1,NULL,0),('7a697f27-2068-8703-af8f-68ff99b0cf27','OP_Non_eligible','2025-10-27 16:08:36','2025-10-27 16:08:36','1','1','',0,NULL,30,'rgb(255, 255, 255)','termine','',1,'',NULL,0,0,0,NULL,1,0,NULL,1,NULL,0),('87eea53a-d974-333f-5381-68ff99ec24fb','A notifier','2025-10-27 16:08:36','2025-10-27 16:08:36','1','1','',0,NULL,10,'','suivant','',1,'',NULL,0,0,0,NULL,1,0,NULL,1,NULL,0),('8bfc8902-6dc3-b74e-6042-68ff99a2415c','Accord envoyé','2025-10-27 16:08:36','2025-10-27 16:08:36','1','1','',0,NULL,50,'','suivant','',1,'',NULL,0,0,0,NULL,1,0,NULL,1,NULL,0),('8f4ee16e-d997-6cd1-c061-68ff99487756','Refus envoyé','2025-10-27 16:08:36','2025-10-27 16:08:36','1','1','',0,NULL,60,'','suivant','',1,'',NULL,0,0,0,NULL,1,0,NULL,1,NULL,0),('4c726801-afe9-27b5-7574-6909fc06399b','Avenant demandé (lorsque l\'usager demande un avenant)','2025-11-04 13:17:21','2025-11-04 13:17:21','1','1','',0,NULL,20,'rgb(123, 213, 125)','courant','',1,'',NULL,0,0,0,NULL,1,0,NULL,1,NULL,0),('5a079716-50bf-51db-f43a-6909fc0c92bb','En attente avenant signé','2025-11-04 13:17:21','2025-11-04 13:17:21','1','1','',0,NULL,40,'rgb(221, 227, 51)','courant','',1,'',NULL,0,0,0,NULL,1,0,NULL,1,NULL,0),('5ffba449-7de0-23a4-f1f7-6909fc3665e8','Avenant signé CD12 (dossier modifiable par l\'usager)','2025-11-04 13:17:21','2025-11-04 13:17:21','1','1','',0,NULL,10,'rgb(123, 213, 125)','suivant','',1,'',NULL,0,0,0,NULL,1,0,NULL,1,NULL,0),('6d2e91c0-0d73-40c5-3d14-6909fcab7ab0','Réception avenant signé ','2025-11-04 13:17:21','2025-11-04 13:17:21','1','1','',0,NULL,25,'rgb(123, 213, 125)','courant','',1,'',NULL,0,0,0,NULL,1,0,NULL,1,NULL,0),('785dc8ff-bba5-184d-e4db-6909fcaa46fb','Dossier complet ','2025-11-04 13:17:21','2025-11-04 13:17:21','1','1','',0,NULL,20,'rgb(123, 213, 125)','courant','',1,'',NULL,0,0,0,NULL,1,0,NULL,1,NULL,0),('7dd00e37-a2ea-9c44-3fb4-6909fc5df4a7','Instruction en cours ','2025-11-04 13:17:21','2025-11-04 13:17:21','1','1','',0,NULL,30,'rgb(221, 227, 51)','courant','',1,'',NULL,0,0,0,NULL,1,0,NULL,1,NULL,0),('82750e07-f526-34d9-a0b7-6909fce3887c','Inéligible','2025-11-04 13:17:21','2025-11-04 13:17:21','1','1','',0,NULL,40,'rgb(245, 128, 149)','termine','',1,'',NULL,0,0,0,NULL,1,0,NULL,1,NULL,0),('915aed81-5ebe-df4c-249d-6909fc78bade','Eligible','2025-11-04 13:17:21','2025-11-04 13:17:21','1','1','',0,NULL,10,'rgb(123, 213, 125)','suivant','',1,'',NULL,0,0,0,NULL,1,0,NULL,1,NULL,0),('9bd2ca5e-cf77-8f20-2df0-6909fc2651b4','En attente passage CP','2025-11-04 13:17:21','2025-11-04 13:17:21','1','1','',0,NULL,35,'rgb(221, 227, 51)','courant','',0,'',NULL,0,0,0,NULL,1,0,NULL,1,NULL,0),('a1c2f791-8cc4-cf66-36cb-6909fc4105ae','Favorable','2025-11-04 13:17:21','2025-11-04 13:17:21','1','1','',0,NULL,30,'rgb(123, 213, 125)','suivant','',0,'En commission',NULL,0,0,0,NULL,1,0,NULL,1,NULL,0),('ad8e4552-6621-9fbd-03b3-6909fc73be0a','Défavorable','2025-11-04 13:17:21','2025-11-04 13:17:21','1','1','',0,NULL,50,'rgb(245, 128, 149)','termine','',0,'En commission',NULL,0,0,0,NULL,1,0,NULL,1,NULL,0),('bfc12c23-935e-f305-c6a3-6909fc55bf7a','Inéligible ','2025-11-04 13:17:21','2025-11-04 13:17:21','1','1','',0,NULL,40,'rgb(245, 128, 149)','termine','',1,'',NULL,0,0,0,NULL,1,0,NULL,1,NULL,0),('ce6ba569-8cf3-798d-3475-6909fc2e4b5f','AR envoyé dossier complet','2025-11-04 13:17:21','2025-11-04 13:17:21','1','1','',0,NULL,20,'rgb(123, 213, 125)','suivant','',1,'Instruction en cours',NULL,0,0,0,NULL,1,0,NULL,1,NULL,0),('d3504b6f-dd13-f2be-f55c-6909fcd8da47','AR envoyé dossier incomplet','2025-11-04 13:17:21','2025-11-04 13:17:21','1','1','',0,NULL,30,'rgb(245, 128, 149)','suivant','',1,'Instruction en cours',NULL,0,0,0,NULL,1,0,NULL,1,NULL,0),('d97e9e2d-99af-e4cb-d747-6909fcfdb596','AR en cours ','2025-11-04 13:17:21','2025-11-04 13:17:21','1','1','',0,NULL,10,'rgb(221, 227, 51)','courant','',1,'Instruction en cours',NULL,0,0,0,NULL,1,0,NULL,1,NULL,0),('e6d012a6-403a-d3aa-9fcb-6909fcfdba2b','Clôturé soldé','2025-11-04 13:17:21','2025-11-04 13:17:21','1','1','',0,NULL,10,'rgb(123, 213, 125)','termine','',1,'',NULL,0,0,0,NULL,1,0,NULL,1,NULL,0),('ebb37bab-ff55-3606-17cb-6909fc45d6bd','Clôturé inéligible','2025-11-04 13:17:21','2025-11-04 13:17:21','1','1','',0,NULL,20,'rgb(245, 128, 149)','termine','',0,'',NULL,0,0,0,NULL,1,0,NULL,1,NULL,0),('11f90354-9c75-74ca-7ea3-6909fcd94a34','Demande reçue','2025-11-04 13:17:21','2025-11-04 13:17:21','1','1','',0,NULL,10,'rgb(123, 213, 125)','suivant','',1,'Demande déposée',NULL,0,0,0,NULL,1,0,NULL,1,NULL,0),('13e9745c-604f-24e3-0b14-6909fc2754b2','Demande de paiement autorisée','2025-11-04 13:17:21','2025-11-04 13:17:21','1','1','',0,NULL,10,'rgb(123, 213, 125)','suivant','',1,'',NULL,0,0,0,NULL,1,0,NULL,1,NULL,0),('19011027-531c-263e-30aa-6909fcf8e61e','Convention signée bénéficiaire ','2025-11-04 13:17:21','2025-11-04 13:17:21','1','1','',0,NULL,50,'rgb(221, 227, 51)','courant','',1,'Convention signée',NULL,0,0,0,NULL,1,0,NULL,1,NULL,0),('1db3379f-ed9d-c669-2603-6909fcc494c0','Convention à signer par bénéficiaire ','2025-11-04 13:17:21','2025-11-04 13:17:21','1','1','',0,NULL,40,'rgb(221, 227, 51)','courant','',1,'Convention à signer',NULL,0,0,0,NULL,1,0,NULL,1,NULL,0),('2243c845-843c-6e56-d467-6909fcc14c96','Notification et convention signées','2025-11-04 13:17:21','2025-11-04 13:17:21','1','1','',0,NULL,30,'rgb(221, 227, 51)','courant','',0,'Avis favorable',NULL,0,0,0,NULL,1,0,NULL,1,NULL,0),('272d26fa-0fd4-e5d5-e086-6909fc08cdb0','Notification et convention en cours de signature','2025-11-04 13:17:21','2025-11-04 13:17:21','1','1','',0,NULL,20,'rgb(221, 227, 51)','courant','',1,'En commission',NULL,0,0,0,NULL,1,0,NULL,1,NULL,0),('306cc3cf-125f-cb77-aef5-6909fc0077e6','Défavorable','2025-11-04 13:17:21','2025-11-04 13:17:21','1','1','',0,NULL,20,'rgb(245, 128, 149)','termine','',1,'Instruction en cours',NULL,0,0,0,NULL,1,0,NULL,1,NULL,0),('3e3e02c3-8359-c722-1070-6909fc1874f9','En attente passage CT','2025-11-04 13:17:21','2025-11-04 13:17:21','1','1','',0,NULL,30,'rgb(221, 227, 51)','courant','',1,'',NULL,0,0,0,NULL,1,0,NULL,1,NULL,0),('42dd646a-515e-efb0-fded-6909fc12992d','Passage CP','2025-11-04 13:17:21','2025-11-04 13:17:21','1','1','',0,NULL,10,'rgb(123, 213, 125)','suivant','',1,'Instruction en cours',NULL,0,0,0,NULL,1,0,NULL,1,NULL,0);

--
-- Table structure for table `ops_statut_audit`
--

CREATE TABLE `ops_statut_audit` (
  `id` char(36) NOT NULL,
  `parent_id` char(36) NOT NULL,
  `date_created` datetime DEFAULT NULL,
  `created_by` varchar(36) DEFAULT NULL,
  `field_name` varchar(100) DEFAULT NULL,
  `data_type` varchar(100) DEFAULT NULL,
  `before_value_string` varchar(255) DEFAULT NULL,
  `after_value_string` varchar(255) DEFAULT NULL,
  `before_value_text` text DEFAULT NULL,
  `after_value_text` text DEFAULT NULL,
  PRIMARY KEY (`id`),
  KEY `idx_ops_statut_parent_id` (`parent_id`)
) ENGINE=MyISAM DEFAULT CHARSET=utf8mb3 COLLATE=utf8mb3_general_ci;

--
-- Dumping data for table `ops_statut_audit`
--

INSERT INTO `ops_statut_audit` VALUES ('c0c6afb9-fdc8-e738-8f35-6421fdeff679','69b52946-dc89-c193-a941-6421fd2111db','2023-03-27 20:34:31','1','ordre','int','0','1',NULL,NULL),('4cb4b1d1-4133-ff7d-3fbe-6425f5add760','4b5d7cdf-adfb-e9ea-5d7c-6425e48b669d','2023-03-30 20:49:51','1','avancement','enum','suivant','courant',NULL,NULL),('205caea2-19ce-c464-a31f-643cf7f7a3ac','7f40ea41-be58-883f-5bc4-64396149fe09','2023-04-17 07:37:36','6f8ff2e0-a1c9-778f-332a-643aa04a16d7','code_couleur','varchar','rgb(74, 221, 185)','rgb(0, 253, 62)',NULL,NULL),('b014e7d4-97e1-13b4-45a1-643cf783ef79','80fac275-df3b-fee1-702c-64396180b8b1','2023-04-17 07:39:19','6f8ff2e0-a1c9-778f-332a-643aa04a16d7','code_couleur','varchar','rgb(74, 221, 185)','rgb(53, 155, 255)',NULL,NULL),('980252ed-ac32-e8af-ea62-643cf7ea353c','11f9f4a3-c2c1-88f8-6028-643cf68134a6','2023-04-17 07:40:18','6f8ff2e0-a1c9-778f-332a-643aa04a16d7','code_couleur','varchar','','rgb(164, 170, 1)',NULL,NULL),('581569ad-abee-0b3b-eb90-643cf80fcf7f','766984d6-1385-9995-d668-643cf6efbbe6','2023-04-17 07:41:09','6f8ff2e0-a1c9-778f-332a-643aa04a16d7','code_couleur','varchar','','rgb(134, 0, 1)',NULL,NULL),('397a7225-baa5-525e-d2be-643cf81f5e48','ae3b2274-02c1-e09e-ce00-643cf6b3fcf1','2023-04-17 07:42:12','6f8ff2e0-a1c9-778f-332a-643aa04a16d7','code_couleur','varchar','','rgb(1, 95, 99)',NULL,NULL),('6c5948bf-cbcd-a139-2578-643cf8fbe63a','ae3b2274-02c1-e09e-ce00-643cf6b3fcf1','2023-04-17 07:43:03','6f8ff2e0-a1c9-778f-332a-643aa04a16d7','code_couleur','varchar','rgb(1, 95, 99)','rgb(1, 118, 118)',NULL,NULL),('77af1910-a02c-b2af-0912-643cf8b8bf9e','7f40ea41-be58-883f-5bc4-64396149fe09','2023-04-17 07:43:49','6f8ff2e0-a1c9-778f-332a-643aa04a16d7','code_couleur','varchar','rgb(0, 253, 62)','rgb(0, 127, 31)',NULL,NULL),('16c5036a-b60d-7e14-4cb5-643cf9db0f58','89f6408c-b91d-9584-c315-643961c0a3e7','2023-04-17 07:48:17','6f8ff2e0-a1c9-778f-332a-643aa04a16d7','code_couleur','varchar','rgb(51, 213, 174)','rgb(1, 118, 118)',NULL,NULL),('2f732ec2-93c4-8fc8-51ee-643cfa9f8ef7','8d3712b5-0b70-6e7d-02df-6439618a36f5','2023-04-17 07:50:56','6f8ff2e0-a1c9-778f-332a-643aa04a16d7','code_couleur','varchar','','rgb(0, 170, 6)',NULL,NULL),('e74e92e7-dc8a-b2e5-d6b3-643d30c100ec','89f6408c-b91d-9584-c315-643961c0a3e7','2023-04-17 11:42:58','eb11b140-bfc7-7d6d-fdac-643bd1bebcd1','nom_statut_gru','varchar','Validation chef de service','Validation RS',NULL,NULL),('1b66c074-6f37-aba8-a280-643d31fa51ea','8d3712b5-0b70-6e7d-02df-6439618a36f5','2023-04-17 11:44:23','eb11b140-bfc7-7d6d-fdac-643bd1bebcd1','nom_statut_gru','varchar','Communication validée','Réponse validée',NULL,NULL),('4b3d0450-724e-3926-a874-643fc381aa87','92eaed35-4d69-1d05-753c-643d341bd590','2023-04-19 10:33:18','eb11b140-bfc7-7d6d-fdac-643bd1bebcd1','code_couleur','varchar','','rgb(1, 118, 118)',NULL,NULL),('a1e8c486-c96c-0fb1-f123-643fc98b8f6d','89f6408c-b91d-9584-c315-643961c0a3e7','2023-04-19 10:59:52','eb11b140-bfc7-7d6d-fdac-643bd1bebcd1','avancement','enum','suivant','courant',NULL,NULL),('a4e466f4-c201-9ee2-0a1e-643fcac53e0e','1e65b3f0-1e84-870a-98dc-643fc9e3a643','2023-04-19 11:01:52','eb11b140-bfc7-7d6d-fdac-643bd1bebcd1','ordre','int','35','25',NULL,NULL),('dbdc4b36-486e-fd58-b135-643fca328e2f','1e65b3f0-1e84-870a-98dc-643fc9e3a643','2023-04-19 11:03:22','eb11b140-bfc7-7d6d-fdac-643bd1bebcd1','nom_statut_gru','varchar',NULL,'Validation RC',NULL,NULL),('7e42f8d3-feda-d890-68ba-643fcad3241c','46eabcbf-8211-2969-d87f-643fca4115da','2023-04-19 11:04:01','eb11b140-bfc7-7d6d-fdac-643bd1bebcd1','code_couleur','varchar','rgb(1, 118, 118)','rgb(0, 90, 90)',NULL,NULL),('de1745f1-f5f8-a803-17f4-643fcaa1f975','92eaed35-4d69-1d05-753c-643d341bd590','2023-04-19 11:05:05','eb11b140-bfc7-7d6d-fdac-643bd1bebcd1','code_couleur','varchar','rgb(1, 118, 118)','rgb(0, 90, 90)',NULL,NULL),('2ab2edc6-073b-1e70-a3d6-643fd8c0c7af','d1d30477-249f-476f-213d-643fd81efe73','2023-04-19 12:03:34','6f8ff2e0-a1c9-778f-332a-643aa04a16d7','code_couleur','varchar','','rgb(74, 221, 185)',NULL,NULL),('52f3175e-2c6f-0824-4335-643fd9185607','d1d30477-249f-476f-213d-643fd81efe73','2023-04-19 12:08:05','6f8ff2e0-a1c9-778f-332a-643aa04a16d7','avancement','enum','suivant','termine',NULL,NULL),('3baf6f18-3b32-1520-6d44-643fddf3eda8','ce71136e-6c82-9433-00ce-643fddaf4cfa','2023-04-19 12:25:51','6f8ff2e0-a1c9-778f-332a-643aa04a16d7','code_couleur','varchar','','rgb(74, 221, 185)',NULL,NULL),('e832a960-0645-596b-2c32-65042fd475b6','1e8ab9b6-a770-7105-782c-6421f40eacc1','2023-09-15 10:20:09','1','demande_paiement_autorise','bool','0','1',NULL,NULL),('ae188726-a203-1a1a-fdd4-6504317c7c59','1e8ab9b6-a770-7105-782c-6421f40eacc1','2023-09-15 10:26:35','1','demande_paiement_autorise','bool','1','',NULL,NULL),('5f509270-5dd5-eda7-6aa2-651be9a588d2','1e8ab9b6-a770-7105-782c-6421f40eacc1','2023-10-03 10:15:40','1','demande_paiement_autorise','bool','0','1',NULL,NULL),('e7f1cf4b-8939-aff0-ecae-651be957a16a','231f7d56-6cac-f831-3af2-6421f45fe3be','2023-10-03 10:15:59','1','demande_paiement_autorise','bool','0','1',NULL,NULL),('afb00f99-57f7-5cc4-a888-651bebafd824','20cd0607-73c2-b05b-7b43-651beb6e497c','2023-10-03 10:22:49','1','ordre','int','0','2',NULL,NULL),('85a450b9-77b7-e25b-3a63-651beb9e57e1','49cb27a9-015a-2ed8-24cc-651be51de84a','2023-10-03 10:23:05','1','avancement','enum','courant','suivant',NULL,NULL),('dd529a1c-6521-b3ba-1521-651bebd0978c','e8f55eb1-cddd-ee3e-1e14-651beb6a618a','2023-10-03 10:24:05','1','ordre','int','0','1',NULL,NULL),('132a234f-ad01-7449-b4c7-651beb75ba80','f2622c0d-1a8b-57fb-25a3-651beb2fdb5a','2023-10-03 10:24:19','1','avancement','enum','courant','suivant',NULL,NULL),('b5724d0a-3e02-90c3-d1d3-654603233e44','ce71136e-6c82-9433-00ce-643fddaf4cfa','2023-11-04 08:41:12','1','nom_statut_gru','varchar','Mail automatique FSL','Réponse automatique FSL',NULL,NULL),('c558dab1-77e3-2e5b-3c39-6546085b7ba7','d1d30477-249f-476f-213d-643fd81efe73','2023-11-04 09:03:27','1','ordre','int','25','5',NULL,NULL),('2277d9d4-ad9b-e177-f0bb-654614d472ec','89f6408c-b91d-9584-c315-643961c0a3e7','2023-11-04 09:52:04','1','ordre','int','30','20',NULL,NULL),('23061a80-636d-b553-e998-6546144d1de6','89f6408c-b91d-9584-c315-643961c0a3e7','2023-11-04 09:52:04','1','avancement','enum','courant','suivant',NULL,NULL),('231f3385-2fcd-7097-f6a2-65461411665d','89f6408c-b91d-9584-c315-643961c0a3e7','2023-11-04 09:52:04','1','nom_statut_gru','varchar','Validation RS','En cours de Validation',NULL,NULL),('b46c7c13-2088-f0f7-6e6c-654617341ceb','8d3712b5-0b70-6e7d-02df-6439618a36f5','2023-11-04 10:07:10','1','avancement','enum','suivant','termine',NULL,NULL),('3c8838f1-01f8-2d21-c45e-655b0ebf91bc','e87fa96b-df4a-85cd-df68-655b0e5801b5','2023-11-20 07:45:20','1','avancement','enum','suivant','termine',NULL,NULL),('3fa0c464-8b06-f3d9-f1bd-6580333b2d5a','5f863557-da67-26f2-a556-658033929572','2023-12-18 11:57:42','1','code_couleur','varchar','','rgb(123, 213, 125)',NULL,NULL),('cd7cd63f-8ede-9dc7-2fc2-658033282960','a0f6b91e-b04c-95f5-5c6b-65803260b02d','2023-12-18 11:58:16','1','ops_statut_completude_partenaire_id','id','','5f863557-da67-26f2-a556-658033929572',NULL,NULL),('cda0fc42-9dd3-292f-4d47-658033319318','a0f6b91e-b04c-95f5-5c6b-65803260b02d','2023-12-18 11:58:16','1','libelle_partenaire','varchar','','En attente avis',NULL,NULL),('2a68da1b-1365-008f-083d-658c3ccc04cb','2d54fd36-b49b-ff9f-d65b-6421f44db974','2023-12-27 15:03:50','1','demande_paiement_autorise','bool','0','1',NULL,NULL),('31f58203-940b-e3d2-a085-659133dd4c7c','de127f15-d9eb-db71-16dc-65913147323e','2023-12-31 09:23:49','1','demande_paiement_autorise','bool','0','1',NULL,NULL),('84d51f12-95bd-5b5c-821b-65913c9e45f3','9c5bd2d3-9966-8d67-0f7a-6591310b56fe','2023-12-31 10:02:38','1','ops_statut_completude_partenaire_id','id','','bf535c0a-5b74-8ddb-8633-6591318f81d5',NULL,NULL),('9b441ec9-ecb9-3d9e-2700-65913cb710e2','9c5bd2d3-9966-8d67-0f7a-6591310b56fe','2023-12-31 10:03:12','1','ops_statut_completude_partenaire_id','id','bf535c0a-5b74-8ddb-8633-6591318f81d5','',NULL,NULL),('b8f56eaa-c838-2fd0-b742-65bfd27ccd5d','7904d095-137e-22fa-8757-65bfd1b2fe4a','2024-02-04 18:05:59','1','avancement','enum','suivant','courant',NULL,NULL),('2df1e092-b59f-073b-78e5-65bfd2db5c3e','64af7d27-0f95-8a24-beee-65bfd11db678','2024-02-04 18:06:10','1','avancement','enum','suivant','courant',NULL,NULL),('4442e098-1501-5c9d-51c5-65bfe697faa0','1376a699-7fc4-e370-3bb5-65bfd1341dd7','2024-02-04 19:33:43','1','code_couleur','varchar','','rgba(30, 186, 78, 0.53)',NULL,NULL),('a4b248cd-dbbf-0591-0d16-65f879b0b1ab','7904d095-137e-22fa-8757-65bfd1b2fe4a','2024-03-18 17:26:34','1','avancement','enum','courant','suivant',NULL,NULL),('4e10857a-1cf1-c3da-86d4-660578bd495e','1a01579f-c927-73d3-921b-6421f427b99c','2024-03-28 14:02:54','604ce6b2-0113-9588-7fa6-65f42e2efabe','libelle_usager','varchar',NULL,'en cours',NULL,NULL),('2b9c40cb-1c33-94b1-da11-6605789ab24d','1a01579f-c927-73d3-921b-6421f427b99c','2024-03-28 14:03:25','604ce6b2-0113-9588-7fa6-65f42e2efabe','libelle_usager','varchar','en cours','',NULL,NULL),('14cd8c2a-6d17-0cad-a254-660585633876','7eeb4041-2606-5516-b9af-660585d9d865','2024-03-28 14:59:47','604ce6b2-0113-9588-7fa6-65f42e2efabe','avancement','enum','courant','suivant',NULL,NULL),('8f4ec2b1-d47a-6b5c-9afb-660589114e6d','7eeb4041-2606-5516-b9af-660585d9d865','2024-03-28 15:15:49','604ce6b2-0113-9588-7fa6-65f42e2efabe','code_couleur','varchar',NULL,'rgb(12, 250, 152)',NULL,NULL),('5b6e77e5-8007-a1fd-ea13-662237bc7594','bf327162-55c2-2a50-5f19-662237376095','2024-04-19 09:22:35','1','avancement','enum','suivant','courant',NULL,NULL),('12174dfd-6895-ed07-4578-66223ed21d77','2901bbf9-508d-09e2-d090-6622386d5f83','2024-04-19 09:50:45','1','demande_paiement_autorise','bool','1','',NULL,NULL),('e1cab658-203a-032d-be60-6622403724d2','1202141a-6317-7db0-ddf0-662237fbdacf','2024-04-19 09:57:28','1','code_couleur','varchar','','rgba(30, 186, 78, 0.53)',NULL,NULL),('c224d111-3e52-b0c0-6147-6633ace33056','4d19d221-fbb2-7fb1-18b9-6633ac55e118','2024-05-02 15:07:55','1','code_couleur','varchar','','rgb(211, 23, 23)',NULL,NULL),('b0b66da1-d130-f557-3dd1-6633ea6a67e9','b4837a54-e8c5-21dd-1d64-6632772024a5','2024-05-02 19:34:53','1','avancement','enum','courant','suivant',NULL,NULL),('2a3e0b36-e9ad-5e72-2260-6662f478fbfe','e336b6cf-daab-a553-c342-6662f489e0ad','2024-06-07 11:51:39','1','ordre','int','0','3',NULL,NULL),('36fea07d-e035-d40b-5a81-6662f427fecb','5aed6ec3-1985-73b3-913c-6662f49cc9a2','2024-06-07 11:51:44','1','ordre','int','0','4',NULL,NULL),('a0e1cff5-c5a8-6d0d-978b-6662f459c329','5aed6ec3-1985-73b3-913c-6662f49cc9a2','2024-06-07 11:52:13','1','code_couleur','varchar',NULL,'rgb(221, 87, 81)',NULL,NULL),('fb2d0ea4-c3f8-c4d4-71fe-6662f4e414e1','7e8bc80d-52de-c539-70bb-6662f4973041','2024-06-07 11:52:33','1','code_couleur','varchar','','rgb(123, 213, 125)',NULL,NULL),('f03dbc2b-2dc5-e41d-cea1-6662f4770446','6deb0093-a653-65ef-abf6-6662f49aa9f6','2024-06-07 11:52:40','1','code_couleur','varchar','','rgb(123, 213, 125)',NULL,NULL),('e0b67e21-0007-490c-f607-6662f4d5eb57','e336b6cf-daab-a553-c342-6662f489e0ad','2024-06-07 11:53:23','1','code_couleur','varchar',NULL,'rgb(170, 210, 245)',NULL,NULL),('704ba446-53a1-eba8-988d-666308f6747d','dcb50c6f-1d2e-b474-0f39-6663085018a9','2024-06-07 13:16:45','1','ordre','int','0','1',NULL,NULL),('d70a255e-e41d-4900-16fa-66630824c174','dcb50c6f-1d2e-b474-0f39-6663085018a9','2024-06-07 13:18:37','1','avancement','enum','courant','suivant',NULL,NULL),('e3938339-aa83-2de6-141f-66631e852c4c','dcb50c6f-1d2e-b474-0f39-6663085018a9','2024-06-07 14:50:10','1','avancement','enum','suivant','courant',NULL,NULL),('8c711179-62f6-1dd0-25fc-667140ed0451','e1b5d395-fd1a-66ee-0e32-66713b6e48b4','2024-06-18 08:07:20','604ce6b2-0113-9588-7fa6-65f42e2efabe','code_couleur','varchar','rgb(75, 211, 102)','rgb(37, 229, 75)',NULL,NULL),('2b800d73-5ca4-96ca-54f3-667148610d1a','c4cb0163-483c-e808-c6b2-66714789750e','2024-06-18 08:41:52','604ce6b2-0113-9588-7fa6-65f42e2efabe','libelle_usager','varchar','','Demande acceptée',NULL,NULL),('7a13cfe9-40fa-2c95-b142-667148ed7666','33de8e29-63cc-81ba-7241-6671484f41c7','2024-06-18 08:42:08','604ce6b2-0113-9588-7fa6-65f42e2efabe','libelle_usager','varchar','','Demande refusée',NULL,NULL),('7457d705-b520-d223-0a16-66891a2291ad','7cb0df4a-997e-0596-0159-666302947df9','2024-07-06 10:20:54','1','code_couleur','varchar','rgb(170, 210, 245)','rgb(132, 189, 238)',NULL,NULL),('ac6fba99-9491-1e85-7db1-66891a235ef6','7cb0df4a-997e-0596-0159-666302947df9','2024-07-06 10:21:06','1','code_couleur','varchar','rgb(132, 189, 238)','rgb(118, 180, 233)',NULL,NULL),('72edc8c8-e9f4-4e12-c39b-66fab83de67c','2b48e8f8-87bb-d110-f36b-66fab8708e0d','2024-09-30 14:41:30','1','avancement','enum','termine','suivant',NULL,NULL),('1836fc32-0eb4-7de1-9ce1-66fabb086599','d1ac1761-5300-7f4e-ba5c-66fabab8ecbb','2024-09-30 14:52:28','c4250303-bf3c-53d5-45a9-66e15bb9cb43','ordre','int','','1',NULL,NULL),('2ae2db04-f88f-f34b-6878-66fabbf6056b','8ff1acd4-6e75-2eee-71f0-66faba419df3','2024-09-30 14:52:50','c4250303-bf3c-53d5-45a9-66e15bb9cb43','ordre','int','','2',NULL,NULL),('30860fbc-adb4-61c2-7b25-66fabbf03ee3','c33b2f5a-dc68-7463-6837-66faba84c8dd','2024-09-30 14:52:58','c4250303-bf3c-53d5-45a9-66e15bb9cb43','ordre','int','','3',NULL,NULL),('b90dbea3-27ab-6495-5246-66fabb6e0a3d','86e9e961-f9d3-5edc-e7b5-66fab8674950','2024-09-30 14:53:56','81297ee7-4d44-54e8-1090-66e15bd4b75c','ordre','int','2','1',NULL,NULL),('ceee8bcb-4721-1719-116c-66fabb899593','62c31a6e-bd49-28d5-758d-66fabb433d8d','2024-09-30 14:55:21','d84bd81b-83f8-4df1-9bf8-66e15cabfa6b','avancement','enum','termine','suivant',NULL,NULL),('758d1e85-585a-0d0b-a8c0-66fabdab7b83','886325b4-3140-d896-0fbb-66fabc7d0c25','2024-09-30 15:00:36','d84bd81b-83f8-4df1-9bf8-66e15cabfa6b','avancement','enum','suivant','courant',NULL,NULL),('e9630da7-e3f3-eded-6497-674dcfc25c69','9ef73663-42bc-191d-ed69-674dcdc4d30b','2024-12-02 15:16:06','984bab36-6ea9-3a3f-cc48-66e15b39ccb8','code_couleur','varchar','','rgb(11, 161, 42)',NULL,NULL),('36e62716-4a6a-6118-e752-6756b6dbe288','5e76a921-eca1-73ca-11e9-6756b6a5a959','2024-12-09 09:21:15','984bab36-6ea9-3a3f-cc48-66e15b39ccb8','code_couleur','varchar','','rgb(11, 161, 42)',NULL,NULL),('ab791450-a078-5106-445e-6756b6eab968','2d4c09f3-d6e3-181f-7abe-6756b6251202','2024-12-09 09:21:30','984bab36-6ea9-3a3f-cc48-66e15b39ccb8','code_couleur','varchar','','rgb(11, 161, 42)',NULL,NULL),('878b00e3-2163-8f83-4cb1-6756b69f0485','d352eef1-373e-d1e2-8a8e-6756b675f6ac','2024-12-09 09:21:40','984bab36-6ea9-3a3f-cc48-66e15b39ccb8','code_couleur','varchar','','rgb(11, 161, 42)',NULL,NULL),('420a860e-3dc1-8b70-4666-67ae00576f13','6132f28f-375b-6c02-581f-67adffadfbd4','2025-02-13 14:21:54','1','code_couleur','varchar','','rgb(227, 239, 87)',NULL,NULL),('4d2cfd00-f8a9-ba20-f411-67ae00ec9028','c888edc0-b737-2788-f856-67adfebac566','2025-02-13 14:22:03','984bab36-6ea9-3a3f-cc48-66e15b39ccb8','code_couleur','varchar','','rgb(0, 255, 90)',NULL,NULL),('3fba18fc-35bd-446b-5781-67ae009c757d','c0631438-43ae-8fb4-45e9-67adff34edc3','2025-02-13 14:22:11','984bab36-6ea9-3a3f-cc48-66e15b39ccb8','code_couleur','varchar','','rgb(199, 81, 81)',NULL,NULL),('63f4d890-684d-a27a-93bf-67ae0039dce4','38aaa347-6561-0aa3-ca71-67ae0000a8d2','2025-02-13 14:24:10','c4250303-bf3c-53d5-45a9-66e15bb9cb43','code_couleur','varchar','','rgb(255, 255, 255)',NULL,NULL),('c323c128-b73d-15b2-778b-67ae0244d634','e6abb7ae-bfd2-11bb-8b54-67adffa4d775','2025-02-13 14:31:57','984bab36-6ea9-3a3f-cc48-66e15b39ccb8','avancement','enum','suivant','termine',NULL,NULL),('e94cac00-1b7c-32e2-a3f1-67ae02043817','e6abb7ae-bfd2-11bb-8b54-67adffa4d775','2025-02-13 14:32:32','984bab36-6ea9-3a3f-cc48-66e15b39ccb8','avancement','enum','termine','suivant',NULL,NULL),('619973d6-c10e-ca6b-6180-67ae042b282b','edc340ea-27ec-e154-d631-67ae03f988c1','2025-02-13 14:39:05','c4250303-bf3c-53d5-45a9-66e15bb9cb43','code_couleur','varchar','','rgb(151, 179, 48)',NULL,NULL),('7a2bb34a-b12a-c5e8-c2a3-67ae04f7a7e7','13101cd6-bfa6-e461-2306-67ae04966166','2025-02-13 14:40:20','c4250303-bf3c-53d5-45a9-66e15bb9cb43','code_couleur','varchar','','rgb(50, 145, 65)',NULL,NULL),('2f3416ff-f704-2cc7-dd80-67ae05340015','39c20959-88d3-1537-8af3-67ae03772b97','2025-02-13 14:44:57','984bab36-6ea9-3a3f-cc48-66e15b39ccb8','code_couleur','varchar','','rgb(184, 78, 78)',NULL,NULL),('c78ced3b-6a97-067a-1adf-67ae0554e5cc','130c8e1e-8ffa-e78e-c227-67ae0313bef0','2025-02-13 14:45:08','984bab36-6ea9-3a3f-cc48-66e15b39ccb8','code_couleur','varchar','','rgb(92, 163, 228)',NULL,NULL),('968f2bb6-df9d-f8e4-1736-67ae05a7e073','4c16a6ac-f2b4-c608-3282-67ae03a3d0b6','2025-02-13 14:45:17','984bab36-6ea9-3a3f-cc48-66e15b39ccb8','code_couleur','varchar','','rgb(232, 130, 239)',NULL,NULL),('5c90e0d2-bd78-21ae-58ec-67ae051591d9','e6abb7ae-bfd2-11bb-8b54-67adffa4d775','2025-02-13 14:45:56','984bab36-6ea9-3a3f-cc48-66e15b39ccb8','code_couleur','varchar','','rgb(87, 188, 89)',NULL,NULL),('727c1aa9-fd65-951b-f45c-67ae062cefb6','4c16a6ac-f2b4-c608-3282-67ae03a3d0b6','2025-02-13 14:48:37','984bab36-6ea9-3a3f-cc48-66e15b39ccb8','avancement','enum','termine','suivant',NULL,NULL),('71f7a775-b9a3-eca9-73d9-67ae0679c28c','4c16a6ac-f2b4-c608-3282-67ae03a3d0b6','2025-02-13 14:49:16','984bab36-6ea9-3a3f-cc48-66e15b39ccb8','avancement','enum','suivant','termine',NULL,NULL),('c20b7f4b-684c-c210-cc98-67ae085390b4','325a0846-b1d1-371a-f7e4-67ae03d80b06','2025-02-13 14:57:23','c4250303-bf3c-53d5-45a9-66e15bb9cb43','avancement','enum','suivant','courant',NULL,NULL),('d45e43e4-4a4c-a5a5-a2f1-67ae0820f044','13101cd6-bfa6-e461-2306-67ae04966166','2025-02-13 14:57:35','c4250303-bf3c-53d5-45a9-66e15bb9cb43','avancement','enum','suivant','termine',NULL,NULL),('7c390753-84ce-b833-6b94-67ae081a8e5f','325a0846-b1d1-371a-f7e4-67ae03d80b06','2025-02-13 14:58:35','c4250303-bf3c-53d5-45a9-66e15bb9cb43','libelle_usager','varchar','','Réception internet',NULL,NULL),('d9dee70c-5152-8ca3-6135-67ae0aff65f7','6534d7b0-0e0a-1ce3-cf16-67ae05970282','2025-02-13 15:05:03','1','libelle_usager','varchar','','en cours',NULL,NULL),('6e4a52fc-d2b0-bcb7-c617-67ae0a34af9d','6534d7b0-0e0a-1ce3-cf16-67ae05970282','2025-02-13 15:05:51','1','libelle_usager','varchar','en cours','',NULL,NULL),('9bca0477-c975-8de6-ee42-67ae100d9112','3a8e8aa3-2583-18a7-04b2-67ae10f26dac','2025-02-13 15:33:06','984bab36-6ea9-3a3f-cc48-66e15b39ccb8','ordre','int','','10',NULL,NULL),('9eb89c61-4146-2d3a-0abe-67ae11f67024','bbd2971b-27ab-c49f-c911-67ae1166255b','2025-02-13 15:35:12','c4250303-bf3c-53d5-45a9-66e15bb9cb43','ordre','int','','10',NULL,NULL),('9ed72b8a-8b0f-0e21-791d-67ae118110f0','bbd2971b-27ab-c49f-c911-67ae1166255b','2025-02-13 15:35:12','c4250303-bf3c-53d5-45a9-66e15bb9cb43','code_couleur','varchar','','rgb(163, 76, 76)',NULL,NULL),('c41cc277-8d2c-998a-7a75-67ae117a56fa','4c16a6ac-f2b4-c608-3282-67ae03a3d0b6','2025-02-13 15:35:58','984bab36-6ea9-3a3f-cc48-66e15b39ccb8','avancement','enum','termine','courant',NULL,NULL),('22f0f5f6-afd7-3daf-a1a6-67ae13008d2e','13101cd6-bfa6-e461-2306-67ae04966166','2025-02-13 15:44:49','c4250303-bf3c-53d5-45a9-66e15bb9cb43','avancement','enum','termine','courant',NULL,NULL),('4d125ca2-eeaa-f7a6-6901-67ae144b46e9','bbd2971b-27ab-c49f-c911-67ae1166255b','2025-02-13 15:47:24','1','avancement','enum','suivant','courant',NULL,NULL),('2d5b3bf0-bba7-4f23-832e-68345d6a6b53','aa3c078f-d8cf-4bb0-74ce-68345c666f7f','2025-05-26 12:22:47','984bab36-6ea9-3a3f-cc48-66e15b39ccb8','ordre','int','','10',NULL,NULL),('df52f02f-b4d5-a68f-901d-6834635ed309','349aa0e0-59ed-7fb6-0682-683460fd5a33','2025-05-26 12:49:07','1','code_couleur','varchar','','rgb(58, 243, 165)',NULL,NULL),('e4510854-10e9-efb7-da07-683463c9c080','349aa0e0-59ed-7fb6-0682-683460fd5a33','2025-05-26 12:50:51','1','avancement','enum','suivant','courant',NULL,NULL),('1df918e8-cc41-eb17-60f4-683464b50d2c','cacdaf31-79af-b825-bc9d-6834603e3666','2025-05-26 12:53:07','1','avancement','enum','suivant','termine',NULL,NULL),('1ba1dd4a-2bed-cd52-ea76-683464aa06e8','4eb9e896-6329-1b35-b58d-683461542334','2025-05-26 12:53:49','1','avancement','enum','suivant','termine',NULL,NULL),('28de00b6-6ad1-e489-c2d2-683464f21acb','33ce9078-1c1e-973a-a046-6834609cbc1b','2025-05-26 12:56:09','1','code_couleur','varchar','rgb(255, 255, 255)','rgb(113, 251, 161)',NULL,NULL),('4970e794-4366-cd88-9c35-683464db6076','33ce9078-1c1e-973a-a046-6834609cbc1b','2025-05-26 12:56:26','1','avancement','enum','suivant','courant',NULL,NULL),('465307f1-f770-8fbe-ca5c-683465fa1df6','99e81897-8629-a406-089b-6834600f2c70','2025-05-26 12:56:35','1','code_couleur','varchar','rgb(255, 255, 255)','rgb(36, 243, 165)',NULL,NULL),('e0cb0367-af6f-74ef-7673-6834652ba864','bda6b4bf-e5a8-3975-9aba-683460824b74','2025-05-26 12:56:43','1','code_couleur','varchar','rgb(255, 255, 255)','rgb(235, 91, 91)',NULL,NULL),('4615f5da-6f8c-6006-e725-683465b28ad1','1ba80378-f81b-d643-538d-683460f58dd0','2025-05-26 12:56:55','c4250303-bf3c-53d5-45a9-66e15bb9cb43','code_couleur','varchar','','rgb(255, 255, 255)',NULL,NULL),('a1151671-a560-25ec-24d7-683465e833b6','38e32caa-ef67-3590-c726-6834619993be','2025-05-26 12:57:20','984bab36-6ea9-3a3f-cc48-66e15b39ccb8','code_couleur','varchar','rgb(255, 255, 255)','rgb(39, 179, 92)',NULL,NULL),('bffa10da-543d-3113-daf4-6834656e9b50','1ba80378-f81b-d643-538d-683460f58dd0','2025-05-26 12:57:21','c4250303-bf3c-53d5-45a9-66e15bb9cb43','code_couleur','varchar','rgb(255, 255, 255)','rgb(76, 242, 98)',NULL,NULL),('9d62577a-19ae-a099-bf72-683465991ba3','cacdaf31-79af-b825-bc9d-6834603e3666','2025-05-26 12:57:36','c4250303-bf3c-53d5-45a9-66e15bb9cb43','code_couleur','varchar','','rgb(63, 212, 104)',NULL,NULL),('e9e40b19-b2ce-ef03-8bd4-683465d7245c','316bb75b-0d53-34ff-68bd-683461f2b6c7','2025-05-26 12:57:54','984bab36-6ea9-3a3f-cc48-66e15b39ccb8','code_couleur','varchar','','rgb(211, 22, 22)',NULL,NULL),('9251c8b7-5af2-2a50-fe5d-683465cf0ad6','3f3f7241-6bd2-947b-c74d-683461327aba','2025-05-26 12:57:54','c4250303-bf3c-53d5-45a9-66e15bb9cb43','code_couleur','varchar','','rgb(68, 220, 50)',NULL,NULL),('d13c7974-167f-64f8-7def-68346594bd28','4eb9e896-6329-1b35-b58d-683461542334','2025-05-26 12:58:08','c4250303-bf3c-53d5-45a9-66e15bb9cb43','code_couleur','varchar','','rgb(232, 62, 90)',NULL,NULL),('94ed4b3f-8634-2003-3c0d-68b8087427c1','8a65a3ff-4ba0-9ebc-f8db-68b80876dec6','2025-09-03 09:20:56','984bab36-6ea9-3a3f-cc48-66e15b39ccb8','ordre','int','','20',NULL,NULL),('4e4f550b-fdf7-523e-d4da-68b80a07abc2','596ada30-dfee-f8fb-8412-68b808556137','2025-09-03 09:28:50','984bab36-6ea9-3a3f-cc48-66e15b39ccb8','libelle_usager','varchar','','En cours d\'instruction',NULL,NULL),('2821476d-4b14-4e40-ec47-68b8492869f8','d55b5603-a320-0bbf-3ce9-68b84961a693','2025-09-03 14:00:29','984bab36-6ea9-3a3f-cc48-66e15b39ccb8','code_couleur','varchar','rgb(255, 255, 255)','rgb(8, 247, 23)',NULL,NULL),('3c74eea6-7b15-842d-2356-68b84a5973cb','878a0170-d8ad-4c6d-5862-68b8492f056c','2025-09-03 14:01:40','984bab36-6ea9-3a3f-cc48-66e15b39ccb8','code_couleur','varchar','rgb(255, 255, 255)','rgb(255, 151, 16)',NULL,NULL),('7b3715d1-1a05-30bc-24b0-68b84baa19f6','d55b5603-a320-0bbf-3ce9-68b84961a693','2025-09-03 14:04:55','984bab36-6ea9-3a3f-cc48-66e15b39ccb8','avancement','enum','termine','suivant',NULL,NULL),('8da3c728-3ca2-bec1-c599-68b84bde7f12','d592d5ed-b75a-3677-c011-68b8491b3ee9','2025-09-03 14:05:40','984bab36-6ea9-3a3f-cc48-66e15b39ccb8','avancement','enum','termine','courant',NULL,NULL),('6ec7a940-f136-3fb9-c3e0-68b853bd639f','878a0170-d8ad-4c6d-5862-68b8492f056c','2025-09-03 14:42:30','984bab36-6ea9-3a3f-cc48-66e15b39ccb8','ordre','int','11','1',NULL,NULL),('50e78dc1-5c34-fdec-c51f-68b853a45115','d55b5603-a320-0bbf-3ce9-68b84961a693','2025-09-03 14:42:45','984bab36-6ea9-3a3f-cc48-66e15b39ccb8','ordre','int','12','2',NULL,NULL),('aa5b96c8-7a92-ef14-c5d9-68b8539e40be','d592d5ed-b75a-3677-c011-68b8491b3ee9','2025-09-03 14:42:56','984bab36-6ea9-3a3f-cc48-66e15b39ccb8','ordre','int','13','3',NULL,NULL),('d3d63d15-d6fe-3dae-e984-68b853ac6210','30423c36-51e7-4ca7-b8da-68b84a743ede','2025-09-03 14:43:11','984bab36-6ea9-3a3f-cc48-66e15b39ccb8','ordre','int','21','1',NULL,NULL),('732da689-44e5-ef49-556d-68b854fa8d25','cd87d766-4ca5-4e92-a1e8-68b84ab51732','2025-09-03 14:44:30','984bab36-6ea9-3a3f-cc48-66e15b39ccb8','ordre','int','22','2',NULL,NULL),('d675be6a-cc98-04b3-fdd2-68b98443b610','30423c36-51e7-4ca7-b8da-68b84a743ede','2025-09-04 12:23:20','984bab36-6ea9-3a3f-cc48-66e15b39ccb8','avancement','enum','termine','suivant',NULL,NULL),('1947e68c-6d5f-e7aa-2b7f-68b9858c6516','cd87d766-4ca5-4e92-a1e8-68b84ab51732','2025-09-04 12:24:51','984bab36-6ea9-3a3f-cc48-66e15b39ccb8','avancement','enum','termine','suivant',NULL,NULL),('919b98d8-f7fe-3b63-990f-68b985afd893','81fbd15e-d58d-51cf-bbc0-68b85611c4d2','2025-09-04 12:25:29','984bab36-6ea9-3a3f-cc48-66e15b39ccb8','avancement','enum','suivant','termine',NULL,NULL),('1ff8c01c-2f71-45bb-0980-68dce85934d5','99ae10fb-fb08-ae10-814f-68dce8ecc3da','2025-10-01 08:39:07','e64475cf-02f9-b7e1-4f19-66e15ba04a6c','avancement','enum','suivant','termine',NULL,NULL),('28bd01b9-e8dc-171f-23a8-68dceb7e30ea','2a62751f-2919-ae07-e25a-68dce8804817','2025-10-01 08:49:39','e64475cf-02f9-b7e1-4f19-66e15ba04a6c','libelle_usager','varchar','','Eligible',NULL,NULL),('4fb57d63-7a2d-f021-fd72-68dceb979173','2a62751f-2919-ae07-e25a-68dce8804817','2025-10-01 08:52:17','e64475cf-02f9-b7e1-4f19-66e15ba04a6c','avancement','enum','suivant','courant',NULL,NULL),('7f5da954-a0f5-3ed5-1408-68dceb121394','593f6879-525b-44d2-dfcc-68dcea34117b','2025-10-01 08:52:59','1','ordre','int','','10',NULL,NULL),('aa5d8bf2-8892-75d6-230a-68dceb8ce167','1389ba38-bede-6c0f-e5f0-68dcea8d5360','2025-10-01 08:53:07','1','ordre','int','','20',NULL,NULL),('8f9067a0-a5f8-524c-a9bb-68dceb6ca212','51ff984f-c80a-99da-06ff-68dcea96e61d','2025-10-01 08:53:14','1','ordre','int','','30',NULL,NULL),('5f9ebfa0-d5bb-5ed6-2c63-68dcedd3a0c4','117e0ee3-bee5-0365-bcbe-68dced858812','2025-10-01 09:01:25','984bab36-6ea9-3a3f-cc48-66e15b39ccb8','ordre','int','','10',NULL,NULL),('d976dfd7-060e-0d97-7308-68dcef1dedd1','2a62751f-2919-ae07-e25a-68dce8804817','2025-10-01 09:07:03','e64475cf-02f9-b7e1-4f19-66e15ba04a6c','avancement','enum','courant','suivant',NULL,NULL),('ca02e50a-efee-7f0f-a65b-68dcefc1e0aa','3fb35d28-3351-f22a-cbb7-68dce877ad9b','2025-10-01 09:08:38','1','code_couleur','varchar','','rgb(5, 167, 23)',NULL,NULL),('1b870f28-6c11-e0eb-2cc9-68dceffa4227','88a26c23-31e7-7ca6-e586-68dce8a77676','2025-10-01 09:09:48','1','code_couleur','varchar','','rgb(245, 20, 73)',NULL,NULL),('e1726a0c-24ae-fb5c-5e1d-68dcf01a9971','fa000747-27c5-2e26-f0c8-68dcf0edacbb','2025-10-01 09:10:36','1','avancement','enum','suivant','courant',NULL,NULL),('6ad5d232-f21d-dbef-e242-68dcf118e73d','dc00874b-8078-0d85-df2e-68dcf188950b','2025-10-01 09:16:29','e64475cf-02f9-b7e1-4f19-66e15ba04a6c','ordre','int','','10',NULL,NULL),('bce89894-7218-f5df-ed03-68dcf12d0e4b','593f6879-525b-44d2-dfcc-68dcea34117b','2025-10-01 09:16:46','1','avancement','enum','suivant','courant',NULL,NULL),('4347d165-04dd-e1d2-e49d-68dcf1979cb5','2a62751f-2919-ae07-e25a-68dce8804817','2025-10-01 09:17:59','e64475cf-02f9-b7e1-4f19-66e15ba04a6c','avancement','enum','suivant','courant',NULL,NULL),('904561a9-7dd8-0902-01d6-68dcf19c2e5d','2a62751f-2919-ae07-e25a-68dce8804817','2025-10-01 09:18:43','e64475cf-02f9-b7e1-4f19-66e15ba04a6c','avancement','enum','courant','suivant',NULL,NULL),('5d9d2b16-3874-82e3-b257-68dcf24ff381','216891fd-0a35-11d0-ae4b-68dce926f52a','2025-10-01 09:19:33','c4250303-bf3c-53d5-45a9-66e15bb9cb43','code_couleur','varchar','rgb(255, 255, 255)','rgb(69, 92, 46)',NULL,NULL),('1f2a2f6a-433c-db1f-6463-68dcf2393cad','8f5cce22-2787-3e26-1a13-68dce985693b','2025-10-01 09:20:50','c4250303-bf3c-53d5-45a9-66e15bb9cb43','code_couleur','varchar','rgb(255, 255, 255)','rgb(239, 74, 74)',NULL,NULL),('edb665f7-d472-26d2-f7eb-68dcf2da8f86','216891fd-0a35-11d0-ae4b-68dce926f52a','2025-10-01 09:21:12','c4250303-bf3c-53d5-45a9-66e15bb9cb43','code_couleur','varchar','rgb(69, 92, 46)','rgb(128, 227, 28)',NULL,NULL),('4770ceda-c493-4784-de6c-68dcf577d802','e6e15050-b14b-8b49-cdd9-68dcf5338b4e','2025-10-01 09:33:58','c4250303-bf3c-53d5-45a9-66e15bb9cb43','code_couleur','varchar','','rgb(214, 233, 147)',NULL,NULL),('101d1ee4-abb9-f4ae-57c1-68ff7f58169a','7d311f5e-ed88-e70b-98e1-68ff7feddab0','2025-10-27 14:20:18','c4250303-bf3c-53d5-45a9-66e15bb9cb43','code_couleur','varchar','rgb(255, 255, 255)','rgb(7, 245, 78)',NULL,NULL),('9f1431d4-c283-dab4-d214-68ff80f1b56d','d45b8d5c-cb27-897c-3490-68ff7f02454d','2025-10-27 14:25:48','984bab36-6ea9-3a3f-cc48-66e15b39ccb8','ordre','int','10','20',NULL,NULL),('8ad97022-4b7c-95e2-5ccc-68ff81a5c84b','d45b8d5c-cb27-897c-3490-68ff7f02454d','2025-10-27 14:26:55','984bab36-6ea9-3a3f-cc48-66e15b39ccb8','code_couleur','varchar','rgb(255, 255, 255)','rgb(27, 120, 19)',NULL,NULL),('8e40893e-0bfc-ab66-b5fb-68ff81b15aa9','e6074c4e-1cc0-00f4-b057-68ff809ec73c','2025-10-27 14:27:17','984bab36-6ea9-3a3f-cc48-66e15b39ccb8','code_couleur','varchar','rgb(255, 255, 255)','rgb(27, 120, 19)',NULL,NULL),('75a90f46-da5f-9244-a7d3-68ff82bf66e1','d767b0f4-842f-12ce-6540-68ff820683e0','2025-10-27 14:31:24','984bab36-6ea9-3a3f-cc48-66e15b39ccb8','code_couleur','varchar','rgb(255, 255, 255)','rgba(225, 18, 18, 0.75)',NULL,NULL),('73340d84-1df5-9d69-4eea-68ff824958b1','d767b0f4-842f-12ce-6540-68ff820683e0','2025-10-27 14:31:44','984bab36-6ea9-3a3f-cc48-66e15b39ccb8','libelle_usager','varchar','','Avis défavorable',NULL,NULL),('7e6819a8-eeca-4b47-0aa6-68ff8ebebb9b','b1f006c4-e945-b723-0115-68ff8ebadee4','2025-10-27 15:23:01','984bab36-6ea9-3a3f-cc48-66e15b39ccb8','ordre','int','','20',NULL,NULL),('50926b1f-2b27-40fd-6255-68ff8eb3b2cc','c7200b8f-112a-890d-e53e-68ff8e0c2ff8','2025-10-27 15:23:33','c4250303-bf3c-53d5-45a9-66e15bb9cb43','ordre','int','','10',NULL,NULL),('94cb69a9-984e-0e1a-4e5c-68ff93e54004','a8788244-3151-63da-991c-68ff7eea11fe','2025-10-27 15:43:00','1','avancement','enum','suivant','courant',NULL,NULL);

--
-- Table structure for table `ops_suivi_dossier`
--

CREATE TABLE `ops_suivi_dossier` (
  `id` char(36) NOT NULL,
  `name` varchar(255) DEFAULT NULL,
  `date_entered` datetime DEFAULT NULL,
  `date_modified` datetime DEFAULT NULL,
  `modified_user_id` char(36) DEFAULT NULL,
  `created_by` char(36) DEFAULT NULL,
  `description` text DEFAULT NULL,
  `deleted` tinyint(1) DEFAULT 0,
  `assigned_user_id` char(36) DEFAULT NULL,
  `num_ordre` int(255) DEFAULT NULL,
  `nom_information` varchar(255) DEFAULT NULL,
  `icone` varchar(255) DEFAULT NULL,
  `visible_back` tinyint(1) DEFAULT 0,
  `visible_front` tinyint(1) DEFAULT 0,
  PRIMARY KEY (`id`)
) ENGINE=MyISAM DEFAULT CHARSET=utf8mb3 COLLATE=utf8mb3_general_ci;

--
-- Dumping data for table `ops_suivi_dossier`
--

INSERT INTO `ops_suivi_dossier` VALUES ('b2c14f66-b063-84c2-131c-643be0c9ccaa','Réponse à l\'usager','2023-04-16 11:47:49','2023-04-16 11:47:49','eb11b140-bfc7-7d6d-fdac-643bd1bebcd1','eb11b140-bfc7-7d6d-fdac-643bd1bebcd1','',0,NULL,10,'reponse','',1,1),('71e94c93-d985-dbfe-8ed8-643be498c3fa','Réponse à l\'usager','2023-04-16 12:05:39','2023-04-16 12:05:39','6f8ff2e0-a1c9-778f-332a-643aa04a16d7','6f8ff2e0-a1c9-778f-332a-643aa04a16d7','PHA+Vm9pY2kgbGVzPHN0cm9uZz4gY29uZGl0aW9ucyBkJ8OpbGlnaWJpbGl0w6kgcG91ciBsZSBkaXNwb3NpdGlmIEFtw6lsaW88L3N0cm9uZz4gOjwvcD4mIzEzOzx1bD4mIzEzOzxsaT5Mb2NhdGFpcmUgb3UgcHJvcHJpw6l0YWlyZSBkJ3VuIGxvZ2VtZW50PC9saT4mIzEzOzxsaT5jb25kaXRpb25zIGRlIHJlc3NvdXJjZXPCoDwvbGk+JiMxMzs8L3VsPiYjMTM7PHA+UG91ciBzYXZvaXIgcGx1cyB2aXNpdGV6IDxhIGhyZWY9Imh0dHBzOi8vZGVtbzIzLm9wZW5zdWIuZnIvdGVsZXNlcnZpY2VzL2RlbWFuZGUtZGluZm9ybWF0aW9ucy1yZWNsYW1hdGlvbnMvIj5jZXR0ZSBmaWNoZSBkZSBwcsOpc2VudGF0aW9uIGR1IHNlcnZpY2U8L2E+PC9wPg==',0,NULL,10,'reponse_apportee','',1,1),('ad8b051a-347c-af95-25ce-643e70e53982','Réponse accueil','2023-04-18 10:26:15','2023-04-18 10:26:35','6f8ff2e0-a1c9-778f-332a-643aa04a16d7','6f8ff2e0-a1c9-778f-332a-643aa04a16d7','Conditions d’éligibilité pour Amélio\nLes revenus annuels N-2 ne doivent pas dépasser les montants plafonds d’accès aux aides et prêts de l’Etat (LES) en matière d’amélioration  (pour les familles d’accueil on ne tient pas compte des revenus du ménage), voir les tableaux de conditions de ressources ci-dessous.\nLe logement qui nécessite des travaux ne doit pas avoir été subventionné par l’Etat au cours des 10 dernières années,\nLe ménage ne doit pas avoir bénéficié d’une aide du Conseil départemental ou de la Région à l’amélioration de l’habitat au cours des 5 dernières années,\nEn revanche, délai est de 3 ans si la seconde demande concerne des travaux d’extension en raison  d’une suroccupation du logement et pas de délai s’il s’agit de travaux d’accessibilité et ou d’adaptation du logement aux Personnes à Mobilité Réduite (PMR),\nPas de délai entre deux subventions pour les familles d’accueil dans certaines situations particulières,\nLes logements du parc locatif gérés par les bailleurs sociaux et les collecteurs 1 % ne peuvent pas bénéficier d’une aide du Conseil départemental (sauf les accueillants familiaux pour les travaux liés à l’accessibilité / adaptation pour la personne accueillie, avec l’autorisation du bailleur),  ',0,'',10,NULL,NULL,0,1),('8a994583-e38f-a9be-4b9b-65099b6df5bc','Votre dossier est complet et peut être traité par nos services, ce qui ne préjuge en rien de la décision qui sera prise','2023-09-19 12:59:26','2023-09-19 13:00:38','1','1',NULL,0,'',1,NULL,NULL,0,1),('e6d1c4b5-31e9-07fe-686e-65099b013fd0','Nous avons le plaisir de vous informer que votre dossier a reçu un avis favorable','2023-09-19 13:02:39','2023-09-19 13:28:09','1','1',NULL,0,'',2,NULL,NULL,0,1),('ba0c9104-a5b3-ef95-ff9f-65099cde2424','Le montant retenu pour votre projet est : 1500 €','2023-09-19 13:03:06','2023-09-19 13:03:06','1','1','',0,NULL,3,NULL,'',0,1),('ecb5f45d-985b-6631-3c1f-651be9b07408','Votre dossier est complet et peut être instruit par nos services (cela ne préjuge en rien de la décision finale qui sera prise par la commission)','2023-10-03 10:13:42','2023-10-03 10:13:42','1','1','',0,NULL,10,'','',1,1),('47acd00c-9c7e-a486-cca4-651be93b956d','La commission s\'est réunie et a décidé de donner une suite favorable à votre demande en vous attribuant une aide d\'un montant (€) de','2023-10-03 10:14:38','2023-10-03 10:14:38','1','1','MjU2MC4wMA==',0,NULL,30,'montant_vote','',1,1),('ab6f435d-e077-c667-75da-651be9e471a2','La commission s\'est réunie et a décidé de donner une suite favorable à votre demande en vous attribuant une aide d\'un montant (€) de','2023-10-03 10:16:10','2023-10-03 10:16:10','1','1','MjU2MC4wMA==',0,NULL,30,'montant_vote','',1,1),('47af5dce-3278-b2fb-fff5-651c10cdca52','Votre dossier est complet et peut être instruit par nos services (cela ne préjuge en rien de la décision finale qui sera prise par la commission)','2023-10-03 13:01:15','2023-10-03 13:01:15','1','1','',0,NULL,10,'','',1,1),('36cc581f-44a5-3f72-295e-651c14ce7c44','La commission s\'est réunie et a décidé de donner une suite favorable à votre demande en vous attribuant une aide d\'un montant (€) de','2023-10-03 13:19:46','2023-10-03 13:19:46','1','1','',0,NULL,30,'montant_vote','',1,1),('4d81a085-ca51-c3c8-ec08-6526612b3632','Votre dossier est complet et peut être instruit par nos services (cela ne préjuge en rien de la décision finale qui sera prise par la commission)','2023-10-11 08:49:39','2023-10-11 08:49:39','1','1','',0,NULL,10,'','',1,1),('9c5615a1-0a6f-309d-1990-652663255c67','La commission s\'est réunie et a décidé de donner une suite favorable à votre demande en vous attribuant une aide d\'un montant (€) de','2023-10-11 08:56:57','2023-10-11 08:56:57','1','1','MTIwMC4wMA==',0,NULL,30,'montant_vote','',1,1),('ce1b2dc5-1830-d528-2a90-652f8d2cad3d','Votre dossier est complet et peut être instruit par nos services (cela ne préjuge en rien de la décision finale qui sera prise par la commission)','2023-10-18 07:45:06','2023-10-18 07:45:06','1','1','',0,NULL,10,'','',1,1),('cdd3c597-c52b-72c0-b120-652f8df1b80a','La commission s\'est réunie et a décidé de donner une suite favorable à votre demande en vous attribuant une aide d\'un montant (€) de','2023-10-18 07:48:34','2023-10-18 07:48:34','1','1','MzAwMC4wMA==',0,NULL,30,'montant_vote','',1,1),('afcb2b8d-89d3-812f-39f4-652fda0107c5','Votre dossier est complet et peut être instruit par nos services (cela ne préjuge en rien de la décision finale qui sera prise par la commission)','2023-10-18 13:14:13','2023-10-18 13:14:13','1','1','',0,NULL,10,'','',1,1),('b720c040-c71d-e1c1-3d19-652fdb23b2ac','La commission s\'est réunie et a décidé de donner une suite favorable à votre demande en vous attribuant une aide d\'un montant (€) de','2023-10-18 13:18:15','2023-10-18 13:18:15','1','1','MzAwMC4wMA==',0,NULL,30,'montant_vote','',1,1),('c5aeda72-e9a7-e978-8d10-65734343dd46','Votre dossier est complet et peut être instruit par nos services (cela ne préjuge en rien de la décision finale qui sera prise par la commission)','2023-12-08 16:24:49','2023-12-08 16:24:49','1','1','',0,NULL,10,'','',1,1),('dd51f11b-e00a-694d-fc69-6573456d7989','Votre dossier est complet et peut être instruit par nos services (cela ne préjuge en rien de la décision finale qui sera prise par la commission)','2023-12-08 16:32:04','2023-12-08 16:32:04','1','1','',0,NULL,10,'','',1,1),('b444abbc-0258-1d18-0321-657ac10a3fc0','Votre dossier est complet et peut être instruit par nos services (cela ne préjuge en rien de la décision finale qui sera prise par la commission)','2023-12-14 08:49:20','2023-12-14 08:49:20','1','1','',0,NULL,10,'','',1,1),('d8b88400-1ba3-8a0f-d53f-658033c376a9','Votre dossier est complet et peut être instruit par nos services (cela ne préjuge en rien de la décision finale qui sera prise par la commission)','2023-12-18 11:58:28','2023-12-18 11:58:28','1','1','',0,NULL,10,'','',1,1),('2cd05444-8922-5e55-2249-65809a503abc','Votre dossier est complet et peut être instruit par nos services (cela ne préjuge en rien de la décision finale qui sera prise par la commission)','2023-12-18 19:15:14','2023-12-18 19:15:14','1','1','',0,NULL,10,'','',1,1),('ec2d0f43-4c22-6993-0a04-65815383c742','Votre dossier est complet et peut être instruit par nos services (cela ne préjuge en rien de la décision finale qui sera prise par la commission)','2023-12-19 08:26:48','2023-12-19 08:26:48','1','1','',0,NULL,10,'','',1,1),('e34bf72b-d0ca-b3db-2de2-658c3a539499','Votre dossier est complet et peut être instruit par nos services (cela ne préjuge en rien de la décision finale qui sera prise par la commission)','2023-12-27 14:54:26','2023-12-27 14:54:26','1','1','',0,NULL,10,'','',1,1),('740ca536-3d17-a859-48c3-658c3d921bcd','La commission s\'est réunie et a décidé de donner une suite favorable à votre demande en vous attribuant une aide d\'un montant (€) de','2023-12-27 15:04:52','2023-12-27 15:04:52','1','1','',0,NULL,30,'montant_vote','',1,1),('7e4a321a-c422-b790-fb57-65a7a8dde267','Votre dossier est complet et peut être instruit par nos services (cela ne préjuge en rien de la décision finale qui sera prise par la commission)','2024-01-17 10:14:07','2024-01-17 10:14:07','1','1','',0,NULL,10,'','',1,1),('67f49373-aef5-db4c-4884-65afcfaa0d60','Votre dossier est complet et peut être instruit par nos services (cela ne préjuge en rien de la décision finale qui sera prise par la commission)','2024-01-23 14:40:22','2024-01-23 14:40:22','1','1','',0,NULL,10,'','',1,1),('986055d2-2d69-e1dd-d6ad-65b0dd6c6d74','Votre dossier est complet et peut être instruit par nos services (cela ne préjuge en rien de la décision finale qui sera prise par la commission)','2024-01-24 09:49:01','2024-01-24 09:49:01','1','1','',0,NULL,10,'','',1,1),('819a472e-be87-453f-a4a4-65b0ef582544','Votre dossier est complet et peut être instruit par nos services (cela ne préjuge en rien de la décision finale qui sera prise par la commission)','2024-01-24 11:06:41','2024-01-24 11:06:41','1','1','',0,NULL,10,'','',1,1),('d83e0687-1ea1-62d9-a854-65b8fafb0669','Votre dossier est complet et peut être instruit par nos services (cela ne préjuge en rien de la décision finale qui sera prise par la commission)','2024-01-30 13:33:09','2024-01-30 13:33:09','1','1','',0,NULL,10,'','',1,1),('f30ae064-7aea-5936-4a00-65b8fedfc6a3','Votre dossier est complet et peut être instruit par nos services (cela ne préjuge en rien de la décision finale qui sera prise par la commission)','2024-01-30 13:50:51','2024-01-30 13:50:51','1','1','',0,NULL,10,'','',1,1),('bb0e043e-312d-844c-4b3a-65b92aaa8b69','Votre dossier est complet et peut être instruit par nos services (cela ne préjuge en rien de la décision finale qui sera prise par la commission)','2024-01-30 16:57:28','2024-01-30 16:57:28','1','1','',0,NULL,10,'','',1,1),('c0575c6b-1d84-491c-0eac-65b95c406c7e','Votre dossier est complet et peut être instruit par nos services (cela ne préjuge en rien de la décision finale qui sera prise par la commission)','2024-01-30 20:29:12','2024-01-30 20:29:12','1','1','',0,NULL,10,'','',1,1),('d9e2ba55-7bac-3d15-2b17-65d5cf7a14d0','Votre dossier est complet et peut être instruit par nos services (cela ne préjuge en rien de la décision finale qui sera prise par la commission)','2024-02-21 10:23:22','2024-02-21 10:23:22','1','1','',0,NULL,10,'','',1,1),('544702e0-90ef-7f08-ab2b-65d5cfb24fb6','Votre dossier est complet et peut être instruit par nos services (cela ne préjuge en rien de la décision finale qui sera prise par la commission)','2024-02-21 10:23:22','2024-02-21 10:23:22','1','1','',0,NULL,10,'','',1,1),('8d09473d-6283-d08f-4ae2-65d779f7533e','Votre dossier est complet et peut être instruit par nos services (cela ne préjuge en rien de la décision finale qui sera prise par la commission)','2024-02-22 16:42:23','2024-02-22 16:42:23','1','1','',0,NULL,10,'','',1,1),('9a39af69-fed3-ede4-68ec-65d86283137b','Votre dossier est complet et peut être instruit par nos services (cela ne préjuge en rien de la décision finale qui sera prise par la commission)','2024-02-23 09:15:14','2024-02-23 09:15:14','1','1','',0,NULL,10,'','',1,1),('c1ef35c2-dba9-fc5b-4580-65e943200c5d','Votre dossier est complet et peut être instruit par nos services (cela ne préjuge en rien de la décision finale qui sera prise par la commission)','2024-03-07 04:32:25','2024-03-07 04:32:25','1','1','',0,NULL,10,'','',1,1),('e7022d84-bf01-11eb-bb14-65f46914c822','Votre dossier est complet et peut être instruit par nos services (cela ne préjuge en rien de la décision finale qui sera prise par la commission)','2024-03-15 15:31:08','2024-03-15 15:31:08','604ce6b2-0113-9588-7fa6-65f42e2efabe','604ce6b2-0113-9588-7fa6-65f42e2efabe','',0,NULL,10,'','',1,1),('6e2ef6fb-d9df-dc1b-941a-65f4a09a44c7','Votre dossier est complet et peut être instruit par nos services (cela ne préjuge en rien de la décision finale qui sera prise par la commission)','2024-03-15 19:26:18','2024-03-15 19:26:18','1','1','',0,NULL,10,'','',1,1),('9a498ac9-8a64-80b6-fbef-65fab5504747','La commission s\'est réunie et a décidé de donner une suite favorable à votre demande en vous attribuant une aide d\'un montant (€) de','2024-03-20 10:07:12','2024-03-20 10:07:12','1','1','',0,NULL,30,'montant_vote','',1,1),('1812ad00-3e1c-f48e-cf5e-65fbe2ac55a3','Votre dossier est complet et peut être instruit par nos services (cela ne préjuge en rien de la décision finale qui sera prise par la commission)','2024-03-21 07:32:29','2024-03-21 07:32:29','1','1','',0,NULL,10,'','',1,1),('ddcdad66-dd62-e7b1-b3a6-660531871b1a','La commission s\'est réunie et a décidé de donner une suite favorable à votre demande en vous attribuant une aide d\'un montant (€) de','2024-03-28 08:58:59','2024-03-28 08:58:59','1','1','',0,NULL,30,'montant_vote','',1,1),('160acccc-bdca-d797-0d6f-660e74c9438f','Votre dossier est complet et peut être instruit par nos services (cela ne préjuge en rien de la décision finale qui sera prise par la commission)','2024-04-04 09:37:07','2024-04-04 09:37:07','1','1','',0,NULL,10,'','',1,1),('a6d5d232-b633-7657-eb9d-660eaf773c89','Votre dossier est complet et peut être instruit par nos services (cela ne préjuge en rien de la décision finale qui sera prise par la commission)','2024-04-04 13:48:33','2024-04-04 13:48:33','604ce6b2-0113-9588-7fa6-65f42e2efabe','604ce6b2-0113-9588-7fa6-65f42e2efabe','',0,NULL,10,'','',1,1),('957fddc1-eb4d-3c2b-2a75-660eb05812e8','La commission s\'est réunie et a décidé de donner une suite favorable à votre demande en vous attribuant une aide d\'un montant (€) de','2024-04-04 13:52:18','2024-04-04 13:52:18','604ce6b2-0113-9588-7fa6-65f42e2efabe','604ce6b2-0113-9588-7fa6-65f42e2efabe','MTUwMC4wMA==',0,NULL,30,'montant_vote','',1,1),('841a521a-e623-1938-137a-6614e3cbc608','Votre dossier est complet et peut être instruit par nos services (cela ne préjuge en rien de la décision finale qui sera prise par la commission)','2024-04-09 06:44:34','2024-04-09 06:44:34','604ce6b2-0113-9588-7fa6-65f42e2efabe','604ce6b2-0113-9588-7fa6-65f42e2efabe','',0,NULL,10,'','',1,1),('569d35b2-1eed-2b00-4611-6614e54b13de','La commission s\'est réunie et a décidé de donner une suite favorable à votre demande en vous attribuant une aide d\'un montant (€) de','2024-04-09 06:52:40','2024-04-09 06:52:40','604ce6b2-0113-9588-7fa6-65f42e2efabe','604ce6b2-0113-9588-7fa6-65f42e2efabe','MjAwMC4wMA==',0,NULL,30,'montant_vote','',1,1),('6473691c-326e-5f1c-895f-6617ea92633c','Votre dossier est complet et peut être instruit par nos services (cela ne préjuge en rien de la décision finale qui sera prise par la commission)','2024-04-11 13:50:56','2024-04-11 13:50:56','604ce6b2-0113-9588-7fa6-65f42e2efabe','604ce6b2-0113-9588-7fa6-65f42e2efabe','',0,NULL,10,'','',1,1),('b89c7c03-9a88-6cc7-5073-6617f1cfad9c','La commission s\'est réunie et a décidé de donner une suite favorable à votre demande en vous attribuant une aide d\'un montant (€) de','2024-04-11 14:18:47','2024-04-11 14:18:47','604ce6b2-0113-9588-7fa6-65f42e2efabe','604ce6b2-0113-9588-7fa6-65f42e2efabe','',0,NULL,30,'montant_vote','',1,1),('e445522d-dffb-49f6-4734-663b7e743d00','Votre dossier est complet et peut être instruit par nos services (cela ne préjuge en rien de la décision finale qui sera prise par la commission)','2024-05-08 13:30:54','2024-05-08 13:30:54','1','1','',0,NULL,10,'','',1,1),('17323ccc-4b3f-4e5b-b1e9-663b7ea80f28','La commission s\'est réunie et a décidé de donner une suite favorable à votre demande en vous attribuant une aide d\'un montant (€) de','2024-05-08 13:31:19','2024-05-08 13:31:19','1','1','',0,NULL,30,'montant_vote','',1,1),('15596414-f8ce-b639-2bd4-66436b25798b','Votre dossier est complet et peut être instruit par nos services (cela ne préjuge en rien de la décision finale qui sera prise par la commission)','2024-05-14 13:49:43','2024-05-14 13:49:43','604ce6b2-0113-9588-7fa6-65f42e2efabe','604ce6b2-0113-9588-7fa6-65f42e2efabe','',0,NULL,10,'','',1,1),('2a4afb1b-c6dc-3e23-2830-66596c0ad6b0','Votre dossier est complet et peut être instruit par nos services (cela ne préjuge en rien de la décision finale qui sera prise par la commission)','2024-05-31 06:21:40','2024-05-31 06:21:40','1','1','',0,NULL,10,'','',1,1),('17dd9533-74f0-8af4-1937-665f214e782b','Votre dossier est complet et peut être instruit par nos services (cela ne préjuge en rien de la décision finale qui sera prise par la commission)','2024-06-04 14:13:22','2024-06-04 14:13:22','1','1','',0,NULL,10,'','',1,1),('c82742ab-a654-138d-721a-66601de953c3','Votre dossier est complet et peut être instruit par nos services (cela ne préjuge en rien de la décision finale qui sera prise par la commission)','2024-06-05 08:08:59','2024-06-05 08:08:59','1','1','',0,NULL,10,'','',1,1),('3dff6b54-e4c0-70a4-dec9-66680a414d28','Votre dossier est complet et peut être instruit par nos services (cela ne préjuge en rien de la décision finale qui sera prise par la commission)','2024-06-11 08:27:31','2024-06-11 08:27:31','604ce6b2-0113-9588-7fa6-65f42e2efabe','604ce6b2-0113-9588-7fa6-65f42e2efabe','',0,NULL,10,'','',1,1),('43e8477a-df7a-23ec-aed1-666af213b0ea','La commission s\'est réunie et a décidé de donner une suite favorable à votre demande en vous attribuant une aide d\'un montant (€) de','2024-06-13 13:23:30','2024-06-13 13:23:30','604ce6b2-0113-9588-7fa6-65f42e2efabe','604ce6b2-0113-9588-7fa6-65f42e2efabe','',0,NULL,30,'montant_vote','',1,1),('e70753ed-2634-034d-7ecb-6670a4dbe821','Votre dossier est complet et peut être instruit par nos services (cela ne préjuge en rien de la décision finale qui sera prise par la commission)','2024-06-17 21:01:11','2024-06-17 21:01:11','1','1','',0,NULL,10,'','',1,1),('1acebb19-71f4-ac63-8f03-6671424540ce','Votre dossier est complet et peut être instruit par nos services (cela ne préjuge en rien de la décision finale qui sera prise par la commission)','2024-06-18 08:16:03','2024-06-18 08:16:03','1','1','',0,NULL,10,'','',1,1),('628ac449-a8f3-b974-04eb-667452752338','La commission s\'est réunie et a décidé de donner une suite favorable à votre demande en vous attribuant une aide d\'un montant (€) de','2024-06-20 16:03:30','2024-06-20 16:03:30','1','1','',0,NULL,30,'montant_vote','',1,1),('ed8eeafa-57cc-06f4-4e8d-66797c52284e','Complétude','2024-06-24 14:02:44','2024-09-02 08:10:18','1','1','Jmx0O3AmZ3Q7Vm90cmUgZG9zc2llciBlc3QgY29tcGxldCBldCBwZXV0IGXMgnRyZSBpbnN0cnVpdCBwYXIgbm9zIHNlcnZpY2VzIChjZWxhIG5lIHByZcyBanVnZSBlbiByaWVuIGRlIGxhIGRlzIFjaXNpb24gZmluYWxlIHF1aSBzZXJhIHByaXNlIHBhciBsYSBjb21taXNzaW9uKSZsdDsvcCZndDs=',0,'',10,NULL,NULL,1,1),('5921d29e-6b23-cb17-6839-66797d1218d1','Décision','2024-06-24 14:07:36','2024-09-02 08:12:08','1','1','Jmx0O3AmZ3Q7TGEgY29tbWlzc2lvbiBzJiMwMzk7ZXN0IHJlzIF1bmllIGV0IGEgZGXMgWNpZGXMgSBkZSBkb25uZXIgdW5lIHN1aXRlIGZhdm9yYWJsZSBhzIAgdm90cmUgZGVtYW5kZSBlbiB2b3VzIGF0dHJpYnVhbnQgdW5lIGFpZGUgZCYjMDM5O3VuIG1vbnRhbnQgZGUgNDUwMCwwMCAmZXVybzsmbHQ7L3AmZ3Q7',0,'',30,'montant_vote',NULL,1,1),('5955ea6d-7935-25a6-913b-66797fa423b7','La commission s\'est réunie et a décidé de donner une suite favorable à votre demande en vous attribuant une aide d\'un montant (€) de','2024-06-24 14:13:42','2024-06-24 14:13:42','3d5cef7e-5ebb-c805-1596-64285f3c2ecf','3d5cef7e-5ebb-c805-1596-64285f3c2ecf','',0,NULL,30,'montant_vote','',1,1),('4f895e91-1a78-128f-f805-66797fd5199d','La commission s\'est réunie et a décidé de donner une suite favorable à votre demande en vous attribuant une aide d\'un montant (€) de','2024-06-24 14:13:45','2024-06-24 14:13:45','3d5cef7e-5ebb-c805-1596-64285f3c2ecf','3d5cef7e-5ebb-c805-1596-64285f3c2ecf','',0,NULL,30,'montant_vote','',1,1),('39734b72-7336-a717-b46b-6756b5dd91c5','Date commission','2024-12-09 09:14:45','2024-12-09 09:14:45','c4250303-bf3c-53d5-45a9-66e15bb9cb43','c4250303-bf3c-53d5-45a9-66e15bb9cb43','Jmx0O3AmZ3Q7MjIvMTEvMjAyNSZsdDsvcCZndDs=',0,NULL,NULL,NULL,'',0,1);

--
