-- Table structure for table `aod_indexevent_audit`
--

CREATE TABLE `aod_indexevent_audit` (
  `id` char(36) NOT NULL,
  `parent_id` char(36) NOT NULL,
  `date_created` datetime DEFAULT NULL,
  `created_by` varchar(36) DEFAULT NULL,
  `field_name` varchar(100) DEFAULT NULL,
  `data_type` varchar(100) DEFAULT NULL,
  `before_value_string` varchar(255) DEFAULT NULL,
  `after_value_string` varchar(255) DEFAULT NULL,
  `before_value_text` text DEFAULT NULL,
  `after_value_text` text DEFAULT NULL,
  PRIMARY KEY (`id`),
  KEY `idx_aod_indexevent_parent_id` (`parent_id`)
) ENGINE=MyISAM DEFAULT CHARSET=utf8mb3 COLLATE=utf8mb3_general_ci;

--
-- Dumping data for table `aod_indexevent_audit`
--


--
-- Table structure for table `aok_knowledge_base_categories`
--

CREATE TABLE `aok_knowledge_base_categories` (
  `id` char(36) NOT NULL,
  `name` varchar(255) DEFAULT NULL,
  `date_entered` datetime DEFAULT NULL,
  `date_modified` datetime DEFAULT NULL,
  `modified_user_id` char(36) DEFAULT NULL,
  `created_by` char(36) DEFAULT NULL,
  `description` text DEFAULT NULL,
  `deleted` tinyint(1) DEFAULT 0,
  `assigned_user_id` char(36) DEFAULT NULL,
  PRIMARY KEY (`id`)
) ENGINE=MyISAM DEFAULT CHARSET=utf8mb3 COLLATE=utf8mb3_general_ci;

--
-- Dumping data for table `aok_knowledge_base_categories`
--


--
-- Table structure for table `aok_knowledge_base_categories_audit`
--

CREATE TABLE `aok_knowledge_base_categories_audit` (
  `id` char(36) NOT NULL,
  `parent_id` char(36) NOT NULL,
  `date_created` datetime DEFAULT NULL,
  `created_by` varchar(36) DEFAULT NULL,
  `field_name` varchar(100) DEFAULT NULL,
  `data_type` varchar(100) DEFAULT NULL,
  `before_value_string` varchar(255) DEFAULT NULL,
  `after_value_string` varchar(255) DEFAULT NULL,
  `before_value_text` text DEFAULT NULL,
  `after_value_text` text DEFAULT NULL,
  PRIMARY KEY (`id`),
  KEY `idx_aok_knowledge_base_categories_parent_id` (`parent_id`)
) ENGINE=MyISAM DEFAULT CHARSET=utf8mb3 COLLATE=utf8mb3_general_ci;

--
-- Dumping data for table `aok_knowledge_base_categories_audit`
--


--
-- Table structure for table `aok_knowledgebase`
--

CREATE TABLE `aok_knowledgebase` (
  `id` char(36) NOT NULL,
  `name` varchar(255) DEFAULT NULL,
  `date_entered` datetime DEFAULT NULL,
  `date_modified` datetime DEFAULT NULL,
  `modified_user_id` char(36) DEFAULT NULL,
  `created_by` char(36) DEFAULT NULL,
  `description` text DEFAULT NULL,
  `deleted` tinyint(1) DEFAULT 0,
  `assigned_user_id` char(36) DEFAULT NULL,
  `status` varchar(100) DEFAULT 'Draft',
  `revision` varchar(255) DEFAULT NULL,
  `additional_info` text DEFAULT NULL,
  `user_id_c` char(36) DEFAULT NULL,
  `user_id1_c` char(36) DEFAULT NULL,
  PRIMARY KEY (`id`)
) ENGINE=MyISAM DEFAULT CHARSET=utf8mb3 COLLATE=utf8mb3_general_ci;

--
-- Dumping data for table `aok_knowledgebase`
--


--
-- Table structure for table `aok_knowledgebase_audit`
--

CREATE TABLE `aok_knowledgebase_audit` (
  `id` char(36) NOT NULL,
  `parent_id` char(36) NOT NULL,
  `date_created` datetime DEFAULT NULL,
  `created_by` varchar(36) DEFAULT NULL,
  `field_name` varchar(100) DEFAULT NULL,
  `data_type` varchar(100) DEFAULT NULL,
  `before_value_string` varchar(255) DEFAULT NULL,
  `after_value_string` varchar(255) DEFAULT NULL,
  `before_value_text` text DEFAULT NULL,
  `after_value_text` text DEFAULT NULL,
  PRIMARY KEY (`id`),
  KEY `idx_aok_knowledgebase_parent_id` (`parent_id`)
) ENGINE=MyISAM DEFAULT CHARSET=utf8mb3 COLLATE=utf8mb3_general_ci;

--
-- Dumping data for table `aok_knowledgebase_audit`
--


--
-- Table structure for table `aok_knowledgebase_categories`
--

CREATE TABLE `aok_knowledgebase_categories` (
  `id` varchar(36) NOT NULL,
  `date_modified` datetime DEFAULT NULL,
  `deleted` tinyint(1) DEFAULT 0,
  `aok_knowledgebase_id` varchar(36) DEFAULT NULL,
  `aok_knowledge_base_categories_id` varchar(36) DEFAULT NULL,
  PRIMARY KEY (`id`),
  KEY `aok_knowledgebase_categories_alt` (`aok_knowledgebase_id`,`aok_knowledge_base_categories_id`)
) ENGINE=MyISAM DEFAULT CHARSET=utf8mb3 COLLATE=utf8mb3_general_ci;

--
-- Dumping data for table `aok_knowledgebase_categories`
--


--
-- Table structure for table `aop_case_events`
--

CREATE TABLE `aop_case_events` (
  `id` char(36) NOT NULL,
  `name` varchar(255) DEFAULT NULL,
  `date_entered` datetime DEFAULT NULL,
  `date_modified` datetime DEFAULT NULL,
  `modified_user_id` char(36) DEFAULT NULL,
  `created_by` char(36) DEFAULT NULL,
  `description` text DEFAULT NULL,
  `deleted` tinyint(1) DEFAULT 0,
  `assigned_user_id` char(36) DEFAULT NULL,
  `case_id` char(36) DEFAULT NULL,
  PRIMARY KEY (`id`)
) ENGINE=MyISAM DEFAULT CHARSET=utf8mb3 COLLATE=utf8mb3_general_ci;

--
-- Dumping data for table `aop_case_events`
--


--
-- Table structure for table `aop_case_events_audit`
--

CREATE TABLE `aop_case_events_audit` (
  `id` char(36) NOT NULL,
  `parent_id` char(36) NOT NULL,
  `date_created` datetime DEFAULT NULL,
  `created_by` varchar(36) DEFAULT NULL,
  `field_name` varchar(100) DEFAULT NULL,
  `data_type` varchar(100) DEFAULT NULL,
  `before_value_string` varchar(255) DEFAULT NULL,
  `after_value_string` varchar(255) DEFAULT NULL,
  `before_value_text` text DEFAULT NULL,
  `after_value_text` text DEFAULT NULL,
  PRIMARY KEY (`id`),
  KEY `idx_aop_case_events_parent_id` (`parent_id`)
) ENGINE=MyISAM DEFAULT CHARSET=utf8mb3 COLLATE=utf8mb3_general_ci;

--
-- Dumping data for table `aop_case_events_audit`
--


--
-- Table structure for table `aop_case_updates`
--

CREATE TABLE `aop_case_updates` (
  `id` char(36) NOT NULL,
  `name` varchar(255) DEFAULT NULL,
  `date_entered` datetime DEFAULT NULL,
  `date_modified` datetime DEFAULT NULL,
  `modified_user_id` char(36) DEFAULT NULL,
  `created_by` char(36) DEFAULT NULL,
  `description` text DEFAULT NULL,
  `deleted` tinyint(1) DEFAULT 0,
  `assigned_user_id` char(36) DEFAULT NULL,
  `case_id` char(36) DEFAULT NULL,
  `contact_id` char(36) DEFAULT NULL,
  `internal` tinyint(1) DEFAULT NULL,
  PRIMARY KEY (`id`)
) ENGINE=MyISAM DEFAULT CHARSET=utf8mb3 COLLATE=utf8mb3_general_ci;

--
-- Dumping data for table `aop_case_updates`
--


--
-- Table structure for table `aop_case_updates_audit`
--

CREATE TABLE `aop_case_updates_audit` (
  `id` char(36) NOT NULL,
  `parent_id` char(36) NOT NULL,
  `date_created` datetime DEFAULT NULL,
  `created_by` varchar(36) DEFAULT NULL,
  `field_name` varchar(100) DEFAULT NULL,
  `data_type` varchar(100) DEFAULT NULL,
  `before_value_string` varchar(255) DEFAULT NULL,
  `after_value_string` varchar(255) DEFAULT NULL,
  `before_value_text` text DEFAULT NULL,
  `after_value_text` text DEFAULT NULL,
  PRIMARY KEY (`id`),
  KEY `idx_aop_case_updates_parent_id` (`parent_id`)
) ENGINE=MyISAM DEFAULT CHARSET=utf8mb3 COLLATE=utf8mb3_general_ci;

--
-- Dumping data for table `aop_case_updates_audit`
--


--
-- Table structure for table `aor_charts`
--

CREATE TABLE `aor_charts` (
  `id` char(36) NOT NULL,
  `name` varchar(255) DEFAULT NULL,
  `date_entered` datetime DEFAULT NULL,
  `date_modified` datetime DEFAULT NULL,
  `modified_user_id` char(36) DEFAULT NULL,
  `created_by` char(36) DEFAULT NULL,
  `description` text DEFAULT NULL,
  `deleted` tinyint(1) DEFAULT 0,
  `aor_report_id` char(36) DEFAULT NULL,
  `type` varchar(100) DEFAULT NULL,
  `x_field` int(11) DEFAULT NULL,
  `y_field` int(11) DEFAULT NULL,
  PRIMARY KEY (`id`)
) ENGINE=MyISAM DEFAULT CHARSET=utf8mb3 COLLATE=utf8mb3_general_ci;

--
-- Dumping data for table `aor_charts`
--

INSERT INTO `aor_charts` VALUES ('a1931d35-9a62-9500-293b-60a691530dc9','mon camenbert','2021-05-20 16:41:24','2022-02-19 07:41:29','1','1',NULL,0,'','bar',1,2),('cd394f28-ba2b-f275-1e1f-62109f19a773','','2022-02-19 07:43:29','2023-10-02 15:26:45','1','1',NULL,0,'','pie',0,1),('e196d24b-2bbb-fb9c-3a41-65fabd72cc57','','2024-03-20 10:41:06','2024-04-22 13:49:46','1','1',NULL,1,'2a9121b0-b8e5-93a1-d16f-651ae1d0a742','bar',0,0);

--
-- Table structure for table `aor_conditions`
--

CREATE TABLE `aor_conditions` (
  `id` char(36) NOT NULL,
  `name` varchar(255) DEFAULT NULL,
  `date_entered` datetime DEFAULT NULL,
  `date_modified` datetime DEFAULT NULL,
  `modified_user_id` char(36) DEFAULT NULL,
  `created_by` char(36) DEFAULT NULL,
  `description` text DEFAULT NULL,
  `deleted` tinyint(1) DEFAULT 0,
  `aor_report_id` char(36) DEFAULT NULL,
  `condition_order` int(255) DEFAULT NULL,
  `logic_op` varchar(255) DEFAULT NULL,
  `parenthesis` varchar(255) DEFAULT NULL,
  `module_path` longtext DEFAULT NULL,
  `field` varchar(100) DEFAULT NULL,
  `operator` varchar(100) DEFAULT NULL,
  `value_type` varchar(100) DEFAULT NULL,
  `value` varchar(255) DEFAULT NULL,
  `parameter` tinyint(1) DEFAULT NULL,
  PRIMARY KEY (`id`),
  KEY `aor_conditions_index_report_id` (`aor_report_id`)
) ENGINE=MyISAM DEFAULT CHARSET=utf8mb3 COLLATE=utf8mb3_general_ci;

--
-- Dumping data for table `aor_conditions`
--

INSERT INTO `aor_conditions` VALUES ('a502e8ad-6651-6495-4aab-651ae2788386','','2023-10-02 15:31:04','2024-06-24 11:04:10','3d5cef7e-5ebb-c805-1596-64285f3c2ecf','1',NULL,0,'',0,NULL,NULL,'YToxOntpOjA7czowOiIiO30=','ops_dispositif_ops_dossier_name','Equal_To','Value','1b493aa6-92d4-e51a-b1ec-6421f5dc12a9',0),('8457fadd-ab13-29f8-6e53-651ae2278f17','','2023-10-02 15:32:28','2024-06-24 11:04:10','3d5cef7e-5ebb-c805-1596-64285f3c2ecf','1',NULL,0,'',1,'AND',NULL,'YToxOntpOjA7czowOiIiO30=','brouillon','Equal_To','Value','non',0),('9e32cf1b-b5aa-db3b-515a-666324ed7cd0','','2024-06-07 15:18:31','2024-06-07 15:25:50','1','1',NULL,0,'3b1c53f0-e2f0-c54c-8aa9-666324f1d8e1',0,NULL,NULL,'YToxOntpOjA7czowOiIiO30=','ops_dispositif_ops_dossier_name','Equal_To','Value','e17a0158-5ed7-6060-33e1-6662f17667c7',0),('480e0f91-371c-507d-66e7-66795320f73f','','2024-06-24 11:06:43','2024-06-24 11:07:27','3d5cef7e-5ebb-c805-1596-64285f3c2ecf','3d5cef7e-5ebb-c805-1596-64285f3c2ecf',NULL,0,'9c9816bf-cc1d-980c-bad0-667952f656cf',0,NULL,NULL,'YToxOntpOjA7czowOiIiO30=','ops_dispositif_ops_dossier_name','Equal_To','Value','1b493aa6-92d4-e51a-b1ec-6421f5dc12a9',0);

--
-- Table structure for table `aor_fields`
--

CREATE TABLE `aor_fields` (
  `id` char(36) NOT NULL,
  `name` varchar(255) DEFAULT NULL,
  `date_entered` datetime DEFAULT NULL,
  `date_modified` datetime DEFAULT NULL,
  `modified_user_id` char(36) DEFAULT NULL,
  `created_by` char(36) DEFAULT NULL,
  `description` text DEFAULT NULL,
  `deleted` tinyint(1) DEFAULT 0,
  `aor_report_id` char(36) DEFAULT NULL,
  `field_order` int(255) DEFAULT NULL,
  `module_path` longtext DEFAULT NULL,
  `field` varchar(100) DEFAULT NULL,
  `display` tinyint(1) DEFAULT NULL,
  `link` tinyint(1) DEFAULT NULL,
  `label` varchar(255) DEFAULT NULL,
  `field_function` varchar(100) DEFAULT NULL,
  `sort_by` varchar(100) DEFAULT NULL,
  `format` varchar(100) DEFAULT NULL,
  `total` varchar(100) DEFAULT NULL,
  `sort_order` varchar(100) DEFAULT NULL,
  `group_by` tinyint(1) DEFAULT NULL,
  `group_order` varchar(100) DEFAULT NULL,
  `group_display` int(11) DEFAULT NULL,
  PRIMARY KEY (`id`),
  KEY `aor_fields_index_report_id` (`aor_report_id`)
) ENGINE=MyISAM DEFAULT CHARSET=utf8mb3 COLLATE=utf8mb3_general_ci;

--
-- Dumping data for table `aor_fields`
--

INSERT INTO `aor_fields` VALUES ('6fcba60d-429a-6bb1-ca3a-60a690bab1c8','','2021-05-20 16:38:48','2021-10-31 08:43:51','1','',NULL,1,'640c180a-885b-e33a-dbbb-60a6901eac00',0,'YToxOntpOjA7czowOiIiO30=','num_dossier',1,0,'N° dossier',NULL,'DESC',NULL,NULL,NULL,0,NULL,NULL),('7afcacdd-8c03-46c6-bece-60a690369a33','','2021-05-20 16:38:48','2021-05-20 16:49:03','1','',NULL,1,'640c180a-885b-e33a-dbbb-60a6901eac00',1,'YToxOntpOjA7czowOiIiO30=','name',1,0,'Nom',NULL,NULL,NULL,NULL,NULL,0,NULL,NULL),('85e0338d-10b4-65e6-8bb0-60a6901f36cf','','2021-05-20 16:38:48','2021-05-20 16:46:51','1','',NULL,1,'640c180a-885b-e33a-dbbb-60a6901eac00',4,'YToxOntpOjA7czowOiIiO30=','montant_vote',1,0,'Montant voté',NULL,NULL,NULL,NULL,NULL,0,NULL,NULL),('93746f63-c14b-8eac-d84a-60a69050c918','','2021-05-20 16:38:48','2021-05-20 16:47:17','1','1',NULL,1,'640c180a-885b-e33a-dbbb-60a6901eac00',3,'YToxOntpOjA7czowOiIiO30=','ops_personne_morale_ops_dossier_name',1,0,'Demandeur',NULL,NULL,NULL,NULL,NULL,0,NULL,NULL),('9ae10007-3aa5-b3d9-e9bb-60a690cb5a27','','2021-05-20 16:38:48','2021-05-20 16:46:51','1','1',NULL,1,'640c180a-885b-e33a-dbbb-60a6901eac00',7,'YToxOntpOjA7czozMToib3BzX3BlcnNvbm5lX21vcmFsZV9vcHNfZG9zc2llciI7fQ==','ops_personne_morale_type',0,0,'Type',NULL,NULL,NULL,NULL,NULL,0,NULL,NULL),('a2fa324a-3fb5-6e90-3fa6-60a690b24884','','2021-05-20 16:38:48','2021-05-20 16:46:51','1','1',NULL,1,'640c180a-885b-e33a-dbbb-60a6901eac00',5,'YToxOntpOjA7czozMToib3BzX3BlcnNvbm5lX21vcmFsZV9vcHNfZG9zc2llciI7fQ==','typologie',0,0,'Typologie',NULL,NULL,NULL,NULL,NULL,0,NULL,NULL),('ab8fda1e-ced6-5570-1d76-60a69040cfa2','','2021-05-20 16:38:48','2021-05-20 16:46:51','1','1',NULL,1,'640c180a-885b-e33a-dbbb-60a6901eac00',6,'YToxOntpOjA7czozMToib3BzX3BlcnNvbm5lX21vcmFsZV9vcHNfZG9zc2llciI7fQ==','siret',0,0,'SIRET',NULL,NULL,NULL,NULL,NULL,0,NULL,NULL),('2a16ef4a-724b-c3da-8565-60a691404c47','','2021-05-20 16:40:38','2021-05-20 16:47:17','1','',NULL,1,'640c180a-885b-e33a-dbbb-60a6901eac00',1,'YToyOntpOjA7czoxNzoib3BzX2Rpc3Bvc2l0aWZfaWQiO2k6MTtzOjI2OiJvcHNfZGlzcG9zaXRpZl9vcHNfZG9zc2llciI7fQ==','brouillon',1,0,'Brouillon',NULL,NULL,NULL,NULL,NULL,0,NULL,NULL),('37944820-2c17-f97b-91b6-60a6919f65a4','','2021-05-20 16:40:38','2021-05-20 16:46:51','1','1',NULL,1,'640c180a-885b-e33a-dbbb-60a6901eac00',8,'YToyOntpOjA7czoxNzoib3BzX2Rpc3Bvc2l0aWZfaWQiO2k6MTtzOjI2OiJvcHNfZGlzcG9zaXRpZl9vcHNfZG9zc2llciI7fQ==','ops_personne_morale_ops_dossier_name',1,0,'Demandeur',NULL,NULL,NULL,NULL,NULL,0,NULL,NULL),('c395f64f-922f-7fde-4875-60a6928a8a67','','2021-05-20 16:46:51','2022-02-19 07:41:29','1','1',NULL,0,'',2,'YToxOntpOjA7czowOiIiO30=','montant_demande',1,0,'Montant demandé',NULL,NULL,NULL,'SUM',NULL,0,NULL,NULL),('ab130a42-9e27-d070-fc7f-60a692f49a64','','2021-05-20 16:48:44','2022-02-19 07:41:29','1','1',NULL,0,'',0,'YToxOntpOjA7czowOiIiO30=','ops_dispositif_ops_dossier_name',1,0,'Dispositif',NULL,NULL,NULL,NULL,NULL,1,NULL,1),('73f59361-5d5c-6728-892c-617e57f299ac','','2021-10-31 08:46:49','2022-02-19 07:41:29','1','1',NULL,0,'',1,'YToxOntpOjA7czowOiIiO30=','thematique',1,0,'Thèmatique',NULL,NULL,NULL,NULL,NULL,0,NULL,NULL),('9f7db018-0f43-f96e-cb56-617e57cf67c8','','2021-10-31 08:43:51','2021-10-31 08:45:19','1','',NULL,1,'640c180a-885b-e33a-dbbb-60a6901eac00',1,'YToxOntpOjA7czowOiIiO30=','thematique',1,0,'Thèmatique',NULL,NULL,NULL,NULL,NULL,0,NULL,NULL),('8c8db4ed-7bcd-892c-c46c-62109f40991d','','2022-02-19 07:43:29','2022-02-19 07:44:41','1','',NULL,1,'2ecb12c9-bbf4-d7f7-08f1-62109f053eeb',0,'YToxOntpOjA7czoxNzoib3BzX2Rpc3Bvc2l0aWZfaWQiO30=','type_tier',1,0,'Type de profil',NULL,NULL,NULL,NULL,NULL,0,NULL,NULL),('a6963ae3-761e-3798-273d-62109f476d57','','2022-02-19 07:43:29','2022-03-01 12:59:09','1','1',NULL,1,'2ecb12c9-bbf4-d7f7-08f1-62109f053eeb',2,'YToxOntpOjA7czoxNzoib3BzX2Rpc3Bvc2l0aWZfaWQiO30=','id',1,0,'ID','SUM',NULL,NULL,'SUM',NULL,0,NULL,NULL),('b359ad58-e267-adcc-1a39-62109f1afd22','','2022-02-19 07:44:41','2022-03-01 12:59:09','1','',NULL,1,'2ecb12c9-bbf4-d7f7-08f1-62109f053eeb',0,'YToxOntpOjA7czoxNzoib3BzX2Rpc3Bvc2l0aWZfaWQiO30=','thematique',1,0,'Thématique',NULL,NULL,NULL,NULL,NULL,0,NULL,NULL),('91f76d9e-2299-dc45-13f6-621e18c5f0ec','','2022-03-01 12:59:09','2023-10-02 15:26:45','1','1',NULL,0,'',1,'YToyOntpOjA7czoxNzoib3BzX2Rpc3Bvc2l0aWZfaWQiO2k6MTtzOjI2OiJvcHNfZGlzcG9zaXRpZl9vcHNfZG9zc2llciI7fQ==','num_dossier',1,0,'N° dossier',NULL,NULL,NULL,'COUNT',NULL,0,NULL,NULL),('99f12d59-2ac9-9ad1-4367-621e1722eaa1','','2022-03-01 12:56:12','2023-10-02 15:26:45','1','1',NULL,0,'',0,'YToyOntpOjA7czoxNzoib3BzX2Rpc3Bvc2l0aWZfaWQiO2k6MTtzOjI2OiJvcHNfZGlzcG9zaXRpZl9vcHNfZG9zc2llciI7fQ==','ops_dispositif_ops_dossier_name',1,0,'Dispositif',NULL,NULL,NULL,NULL,NULL,0,NULL,1),('a9c65c8b-357f-8316-614a-65045cbe38a2','','2023-09-15 13:29:25','2023-10-02 15:26:51','1','1',NULL,0,'',0,'YToxOntpOjA7czowOiIiO30=','avis_service',1,0,'Avis des services',NULL,NULL,NULL,NULL,NULL,0,NULL,0),('ab1e743d-d08a-5623-0ee0-65045c1a08c2','','2023-09-15 13:29:25','2023-10-02 15:26:51','1','1',NULL,0,'',1,'YToxOntpOjA7czowOiIiO30=','ops_campagne_ops_dossier_name',1,0,'Campagne',NULL,NULL,NULL,NULL,NULL,0,NULL,0),('ac572a78-a65b-b034-02af-65045c6405c5','','2023-09-15 13:29:25','2023-10-02 15:26:51','1','1',NULL,0,'',2,'YToxOntpOjA7czowOiIiO30=','citycode',1,0,'Code Insee',NULL,NULL,NULL,NULL,NULL,0,NULL,0),('4d6d4641-ec88-c116-74ed-651ae16de02e','','2023-10-02 15:29:31','2023-10-02 15:30:18','1','',NULL,1,'2a9121b0-b8e5-93a1-d16f-651ae1d0a742',1,'YToxOntpOjA7czowOiIiO30=','demandeur',1,0,'Demandeur',NULL,NULL,NULL,NULL,NULL,0,NULL,NULL),('4ec72161-9833-2fb9-76cc-651ae1c74b97','','2023-10-02 15:29:31','2024-06-24 11:04:10','3d5cef7e-5ebb-c805-1596-64285f3c2ecf','1',NULL,0,'',1,'YToxOntpOjA7czowOiIiO30=','ops_individu_ops_dossier_name',1,0,'Demandeur',NULL,NULL,NULL,NULL,NULL,0,NULL,NULL),('50202cfd-cf32-a1e9-5d60-651ae196edb2','','2023-10-02 15:29:31','2024-06-24 10:42:45','3d5cef7e-5ebb-c805-1596-64285f3c2ecf','',NULL,1,'2a9121b0-b8e5-93a1-d16f-651ae1d0a742',4,'YToxOntpOjA7czowOiIiO30=','ops_dispositif_ops_dossier_name',1,0,'Dispositif',NULL,NULL,NULL,NULL,NULL,0,NULL,NULL),('5164f671-9f17-8607-b327-651ae1408773','','2023-10-02 15:29:31','2023-10-02 15:32:00','1','',NULL,1,'2a9121b0-b8e5-93a1-d16f-651ae1d0a742',3,'YToxOntpOjA7czowOiIiO30=','exercice',1,0,'Exercice',NULL,NULL,NULL,NULL,NULL,0,NULL,NULL),('52a69a48-ead7-a066-c47a-651ae12562be','','2023-10-02 15:29:31','2024-06-24 11:04:10','3d5cef7e-5ebb-c805-1596-64285f3c2ecf','1',NULL,0,'',4,'YToxOntpOjA7czowOiIiO30=','montant_demande',1,0,'Montant demandé',NULL,NULL,NULL,NULL,NULL,0,NULL,NULL),('53dc0cd4-2c30-5a4e-d3ec-651ae14368c7','','2023-10-02 15:29:31','2024-06-24 11:04:10','3d5cef7e-5ebb-c805-1596-64285f3c2ecf','1',NULL,0,'',7,'YToxOntpOjA7czowOiIiO30=','montant_propose',1,0,'Montant proposé',NULL,NULL,NULL,NULL,NULL,0,NULL,NULL),('550e2d57-603f-38fd-5fec-651ae1a5fae9','','2023-10-02 15:29:31','2024-06-24 11:04:10','3d5cef7e-5ebb-c805-1596-64285f3c2ecf','1',NULL,0,'',8,'YToxOntpOjA7czowOiIiO30=','montant_vote',1,0,'Montant voté',NULL,NULL,NULL,'SUM',NULL,0,NULL,NULL),('563d5f03-87ac-6d7a-559b-651ae1b592e9','','2023-10-02 15:29:31','2024-06-24 11:04:10','3d5cef7e-5ebb-c805-1596-64285f3c2ecf','1',NULL,0,'',0,'YToxOntpOjA7czowOiIiO30=','num_dossier',1,1,'N° dossier',NULL,NULL,NULL,NULL,NULL,0,NULL,NULL),('5775bc9a-17e3-4bff-3347-651ae16902b0','','2023-10-02 15:29:31','2023-10-02 15:30:11','1','',NULL,1,'2a9121b0-b8e5-93a1-d16f-651ae1d0a742',8,'YToxOntpOjA7czowOiIiO30=','name',1,0,'Nom',NULL,NULL,NULL,NULL,NULL,0,NULL,0),('36748787-a7fe-d88e-edae-651ae226144a','','2023-10-02 15:32:00','2024-06-24 11:04:10','3d5cef7e-5ebb-c805-1596-64285f3c2ecf','1',NULL,0,'',2,'YToxOntpOjA7czowOiIiO30=','personne_morale',1,1,'Profil',NULL,NULL,NULL,NULL,NULL,0,NULL,NULL),('b94388a9-92f6-dd01-72c4-651ae252e5ed','','2023-10-02 15:32:51','2024-06-24 11:04:10','3d5cef7e-5ebb-c805-1596-64285f3c2ecf','1',NULL,0,'',9,'YToxOntpOjA7czowOiIiO30=','avis_service',1,0,'Avis des services',NULL,NULL,NULL,NULL,NULL,0,NULL,NULL),('3a6c9a08-4f5a-ebdb-e3dc-651ae36994fc','','2023-10-02 15:35:15','2024-06-24 11:01:07','3d5cef7e-5ebb-c805-1596-64285f3c2ecf','',NULL,1,'2a9121b0-b8e5-93a1-d16f-651ae1d0a742',1,'YToxOntpOjA7czoyNjoib3BzX2NvbW1pc3Npb25fb3BzX2Rvc3NpZXIiO30=','name',1,0,'Commission',NULL,NULL,NULL,NULL,NULL,1,NULL,NULL),('db446707-0c75-77ab-8114-65fabdbbd638','','2024-03-20 10:41:06','2024-06-24 11:04:10','3d5cef7e-5ebb-c805-1596-64285f3c2ecf','1',NULL,0,'',10,'YToxOntpOjA7czowOiIiO30=','montant_total_mandate',1,0,'Total mandaté','SUM',NULL,NULL,NULL,NULL,0,NULL,NULL),('41d03072-2be8-735e-97f6-6663245e3537','','2024-06-07 15:17:53','2024-06-07 15:25:50','1','1',NULL,0,'3b1c53f0-e2f0-c54c-8aa9-666324f1d8e1',0,'YToxOntpOjA7czowOiIiO30=','num_dossier',1,1,'N° projet',NULL,NULL,NULL,NULL,NULL,1,NULL,NULL),('43c19c2d-a0d1-37b9-6284-666324d0f4bf','','2024-06-07 15:17:53','2024-06-07 15:25:50','1','1',NULL,0,'3b1c53f0-e2f0-c54c-8aa9-666324f1d8e1',2,'YToxOntpOjA7czowOiIiO30=','libelle_dossier',1,0,'Libellé du dossier',NULL,NULL,NULL,NULL,NULL,0,NULL,NULL),('45388c5d-f602-92bd-6ef3-6663245b3d74','','2024-06-07 15:17:53','2024-06-07 15:25:50','1','1',NULL,0,'3b1c53f0-e2f0-c54c-8aa9-666324f1d8e1',3,'YToxOntpOjA7czowOiIiO30=','montant_demande',1,0,'Montant projet',NULL,NULL,NULL,NULL,NULL,0,NULL,NULL),('46c31dcc-f22b-4d0f-9a82-666324d9a8a9','','2024-06-07 15:17:53','2024-06-07 15:25:50','1','',NULL,1,'3b1c53f0-e2f0-c54c-8aa9-666324f1d8e1',4,'YToxOntpOjA7czowOiIiO30=','montant_propose',1,0,'Montant proposé',NULL,NULL,NULL,NULL,NULL,0,NULL,NULL),('484562be-be0f-9d6e-84b3-6663249d7f50','','2024-06-07 15:17:53','2024-06-07 15:25:50','1','1',NULL,1,'3b1c53f0-e2f0-c54c-8aa9-666324f1d8e1',5,'YToxOntpOjA7czowOiIiO30=','montant_vote',1,0,'Montant voté',NULL,NULL,NULL,NULL,NULL,0,NULL,NULL),('9ba866c1-1d58-c3c7-f071-666324aa84df','','2024-06-07 15:18:31','2024-06-07 15:25:50','1','1',NULL,0,'3b1c53f0-e2f0-c54c-8aa9-666324f1d8e1',1,'YToxOntpOjA7czowOiIiO30=','ops_dispositif_ops_dossier_name',1,0,'Dispositif',NULL,NULL,NULL,NULL,NULL,0,NULL,NULL),('eb3f58f0-fa2b-9615-c271-6663248202f5','','2024-06-07 15:19:08','2024-06-07 15:25:50','1','1',NULL,0,'3b1c53f0-e2f0-c54c-8aa9-666324f1d8e1',6,'YToxOntpOjA7czoyMzoib3BzX2Rvc3NpZXJfb3BzX2Rvc3NpZXIiO30=','num_dossier',1,1,'N° dossier subvention',NULL,NULL,NULL,NULL,NULL,0,NULL,NULL),('4c2a60b0-a78a-77ad-a0c0-666325408152','','2024-06-07 15:20:01','2024-06-07 15:25:50','1','1',NULL,0,'3b1c53f0-e2f0-c54c-8aa9-666324f1d8e1',8,'YToxOntpOjA7czoyMzoib3BzX2Rvc3NpZXJfb3BzX2Rvc3NpZXIiO30=','montant_demande',1,0,'Montant demandé',NULL,NULL,NULL,NULL,NULL,0,NULL,NULL),('5fcb48d1-c9dd-7a74-4730-66632603b79b','','2024-06-07 15:25:38','2024-06-07 15:25:50','1','1',NULL,0,'3b1c53f0-e2f0-c54c-8aa9-666324f1d8e1',7,'YToxOntpOjA7czoyMzoib3BzX2Rvc3NpZXJfb3BzX2Rvc3NpZXIiO30=','personne_morale',1,0,'Profil',NULL,NULL,NULL,NULL,NULL,0,NULL,NULL),('a7127de5-f223-4cfd-3d28-66795280edbb','','2024-06-24 11:05:22','2024-06-24 11:07:27','3d5cef7e-5ebb-c805-1596-64285f3c2ecf','3d5cef7e-5ebb-c805-1596-64285f3c2ecf',NULL,0,'9c9816bf-cc1d-980c-bad0-667952f656cf',1,'YToxOntpOjA7czowOiIiO30=','ops_dispositif_ops_dossier_name',1,0,'Dispositif',NULL,NULL,NULL,NULL,NULL,0,NULL,NULL),('a415a906-d69b-c49c-4000-6679525e9458','','2024-06-24 11:05:22','2024-06-24 11:07:27','3d5cef7e-5ebb-c805-1596-64285f3c2ecf','3d5cef7e-5ebb-c805-1596-64285f3c2ecf',NULL,0,'9c9816bf-cc1d-980c-bad0-667952f656cf',0,'YToxOntpOjA7czowOiIiO30=','num_dossier',1,0,'N° dossier',NULL,'DESC',NULL,NULL,NULL,0,NULL,NULL),('49cc11ed-1ebd-1ef7-a95b-66794dad0a81','','2024-06-24 10:42:21','2024-06-24 11:04:10','3d5cef7e-5ebb-c805-1596-64285f3c2ecf','3d5cef7e-5ebb-c805-1596-64285f3c2ecf',NULL,0,'',5,'YToxOntpOjA7czowOiIiO30=','montant_n_1',1,0,'Montant N-1',NULL,NULL,NULL,NULL,NULL,0,NULL,NULL),('4c453346-b6a7-10dc-bbcc-66794d25f065','','2024-06-24 10:42:21','2024-06-24 11:04:10','3d5cef7e-5ebb-c805-1596-64285f3c2ecf','3d5cef7e-5ebb-c805-1596-64285f3c2ecf',NULL,0,'',6,'YToxOntpOjA7czowOiIiO30=','montant_n_2',1,0,'Montant N-2',NULL,NULL,NULL,NULL,NULL,0,NULL,NULL),('28c99111-89e9-b964-d522-667951105beb','','2024-06-24 11:00:37','2024-06-24 11:04:10','3d5cef7e-5ebb-c805-1596-64285f3c2ecf','3d5cef7e-5ebb-c805-1596-64285f3c2ecf',NULL,0,'',3,'YToxOntpOjA7czowOiIiO30=','thematique',1,0,'Thèmatique',NULL,NULL,NULL,NULL,NULL,0,NULL,1),('a9e8308d-224f-0672-53d8-6679524f9d44','','2024-06-24 11:05:22','2024-06-24 11:07:27','3d5cef7e-5ebb-c805-1596-64285f3c2ecf','3d5cef7e-5ebb-c805-1596-64285f3c2ecf',NULL,0,'9c9816bf-cc1d-980c-bad0-667952f656cf',5,'YToxOntpOjA7czowOiIiO30=','montant_demande',1,0,'Montant demandé',NULL,NULL,NULL,'SUM',NULL,0,NULL,NULL),('6441a7dc-b3ef-cd59-1131-667953ee8e1a','','2024-06-24 11:06:12','2024-06-24 11:07:27','3d5cef7e-5ebb-c805-1596-64285f3c2ecf','3d5cef7e-5ebb-c805-1596-64285f3c2ecf',NULL,0,'9c9816bf-cc1d-980c-bad0-667952f656cf',2,'YToxOntpOjA7czowOiIiO30=','thematique',1,0,'Thèmatique',NULL,NULL,NULL,NULL,NULL,0,NULL,NULL),('6866d212-27a6-3e6c-9fb7-667953066d48','','2024-06-24 11:06:12','2024-06-24 11:07:27','3d5cef7e-5ebb-c805-1596-64285f3c2ecf','3d5cef7e-5ebb-c805-1596-64285f3c2ecf',NULL,0,'9c9816bf-cc1d-980c-bad0-667952f656cf',6,'YToxOntpOjA7czowOiIiO30=','montant_vote',1,0,'Montant voté',NULL,NULL,NULL,'SUM',NULL,0,NULL,NULL),('6c55fdae-4233-ec9e-742e-667953cdb00d','','2024-06-24 11:06:12','2024-06-24 11:07:27','3d5cef7e-5ebb-c805-1596-64285f3c2ecf','3d5cef7e-5ebb-c805-1596-64285f3c2ecf',NULL,0,'9c9816bf-cc1d-980c-bad0-667952f656cf',3,'YToxOntpOjA7czowOiIiO30=','montant_n_1',1,0,'Montant N-1',NULL,NULL,NULL,NULL,NULL,0,NULL,NULL),('6ebecd59-348e-7c71-ab39-66795389e233','','2024-06-24 11:06:12','2024-06-24 11:07:27','3d5cef7e-5ebb-c805-1596-64285f3c2ecf','3d5cef7e-5ebb-c805-1596-64285f3c2ecf',NULL,0,'9c9816bf-cc1d-980c-bad0-667952f656cf',4,'YToxOntpOjA7czowOiIiO30=','montant_n_2',1,0,'Montant N-2',NULL,NULL,NULL,NULL,NULL,0,NULL,NULL),('ac4116e0-4845-1aab-557f-66e1f51c43b4','','2024-09-11 19:56:41','2024-10-09 07:53:09','1','1',NULL,0,'7b713891-3f8f-7256-b82b-66e1f53b29fd',0,'YToxOntpOjA7czowOiIiO30=','name',1,0,'Nom',NULL,NULL,NULL,NULL,NULL,0,NULL,NULL),('af00862b-3cad-4b9b-f3b2-66e1f594252c','','2024-09-11 19:56:41','2024-09-11 19:58:48','1','',NULL,1,'7b713891-3f8f-7256-b82b-66e1f53b29fd',2,'YToxOntpOjA7czowOiIiO30=','etape',1,0,'Étape',NULL,NULL,NULL,NULL,NULL,0,NULL,NULL),('b126d93f-c407-68de-b292-66e1f59fa337','','2024-09-11 19:56:41','2024-09-11 19:58:48','1','1',NULL,1,'7b713891-3f8f-7256-b82b-66e1f53b29fd',3,'YToxOntpOjA7czowOiIiO30=','statut',1,0,'Statut',NULL,NULL,NULL,NULL,NULL,0,NULL,NULL),('2bbc1ab3-841e-5808-7287-66e1f6a24a14','','2024-09-11 19:57:58','2024-10-09 07:53:09','1','1',NULL,0,'7b713891-3f8f-7256-b82b-66e1f53b29fd',1,'YToxOntpOjA7czowOiIiO30=','ops_dispositif_ops_dossier_name',1,0,'Dispositif',NULL,NULL,NULL,NULL,NULL,0,NULL,NULL),('c042cebf-b7f5-cf67-b003-66e1f630cf8c','','2024-09-11 19:58:48','2024-09-11 20:00:25','1','',NULL,1,'7b713891-3f8f-7256-b82b-66e1f53b29fd',4,'YToxOntpOjA7czowOiIiO30=','civilite_demandeur',1,0,'Civilité demandeur (civilite_demandeur)',NULL,NULL,NULL,NULL,NULL,0,NULL,0),('c2874627-b61e-68bd-d99c-66e1f614ad68','','2024-09-11 19:58:48','2024-10-09 07:53:09','1','1',NULL,0,'7b713891-3f8f-7256-b82b-66e1f53b29fd',2,'YToxOntpOjA7czowOiIiO30=','ops_individu_ops_dossier_name',1,0,'Demandeur',NULL,NULL,NULL,NULL,NULL,0,NULL,NULL),('6ae2b219-1a5e-2727-3c80-66e1f6aeeb2f','','2024-09-11 20:00:25','2024-10-09 07:53:09','1','1',NULL,0,'7b713891-3f8f-7256-b82b-66e1f53b29fd',3,'YToxOntpOjA7czowOiIiO30=','adresse_geoloc_numero',1,0,'N°',NULL,NULL,NULL,NULL,NULL,0,NULL,NULL),('6d21e9f8-72c0-0b7a-4343-66e1f648d09e','','2024-09-11 20:00:25','2024-10-09 07:53:09','1','1',NULL,0,'7b713891-3f8f-7256-b82b-66e1f53b29fd',4,'YToxOntpOjA7czowOiIiO30=','adresse_geoloc_rue',1,0,'Rue',NULL,NULL,NULL,NULL,NULL,0,NULL,NULL),('6f37f24f-7bf1-c967-db6f-66e1f6332db2','','2024-09-11 20:00:25','2024-10-09 07:53:09','1','1',NULL,0,'7b713891-3f8f-7256-b82b-66e1f53b29fd',5,'YToxOntpOjA7czowOiIiO30=','adresse_geoloc_postcode',1,0,'Code postal',NULL,NULL,NULL,NULL,NULL,0,NULL,NULL),('51bcf9a1-d626-2806-7e98-66e1f7439cfd','','2024-09-11 20:02:38','2024-10-09 07:53:09','1','1',NULL,0,'7b713891-3f8f-7256-b82b-66e1f53b29fd',7,'YToxOntpOjA7czowOiIiO30=','thematique',1,0,'Thématique',NULL,NULL,NULL,NULL,NULL,0,NULL,NULL),('714ceb46-ebce-810f-4154-66e1f626eaa6','','2024-09-11 20:00:25','2024-10-09 07:53:09','1','1',NULL,0,'7b713891-3f8f-7256-b82b-66e1f53b29fd',6,'YToxOntpOjA7czowOiIiO30=','adresse_geoloc_city',1,0,'Ville',NULL,NULL,NULL,NULL,NULL,0,NULL,NULL),('ba139430-a942-238b-7729-66e40c64acd2','','2024-09-13 09:56:02','2024-09-13 09:58:12','7ca44aa3-d16b-0799-4128-66e15c64d2de','',NULL,1,'b0f0ea98-fac7-e452-4054-66e40ce81c16',1,'YToxOntpOjA7czowOiIiO30=','choixdelactivite',1,0,'Activité sportive (choixdelactivite)',NULL,NULL,NULL,NULL,NULL,0,NULL,0),('bd487a40-eeae-99bd-1083-66e40c84d84b','','2024-09-13 09:56:02','2024-09-13 09:58:12','7ca44aa3-d16b-0799-4128-66e15c64d2de','7ca44aa3-d16b-0799-4128-66e15c64d2de',NULL,1,'b0f0ea98-fac7-e452-4054-66e40ce81c16',2,'YToxOntpOjA7czowOiIiO30=','adresse_president_asso_postcode',1,0,'Adresse Code postal (adresse_president_asso_postcode)','','','','',NULL,0,NULL,0),('c0859ab7-649c-ea3d-0954-66e40cf232ff','','2024-09-13 09:56:02','2024-09-13 09:58:12','7ca44aa3-d16b-0799-4128-66e15c64d2de','7ca44aa3-d16b-0799-4128-66e15c64d2de',NULL,1,'b0f0ea98-fac7-e452-4054-66e40ce81c16',3,'YToxOntpOjA7czowOiIiO30=','adresse_tresorier_asso_postcode',1,0,'Adresse Code postal (adresse_tresorier_asso_postcode)','','','','',NULL,0,NULL,0),('c32bb12a-7023-60bf-c3c4-66e40ccc1f09','','2024-09-13 09:56:02','2024-09-13 09:58:12','7ca44aa3-d16b-0799-4128-66e15c64d2de','7ca44aa3-d16b-0799-4128-66e15c64d2de',NULL,1,'b0f0ea98-fac7-e452-4054-66e40ce81c16',4,'YToxOntpOjA7czowOiIiO30=','adresse_ban_numero',1,0,'Adresse N° (adresse_ban_numero)','','','','',NULL,0,NULL,0),('919e09f7-96ef-d915-229b-66e40c1f1042','','2024-09-13 09:56:32','2024-09-13 10:00:24','570ffb24-bf80-fd75-034a-66e15c297641','570ffb24-bf80-fd75-034a-66e15c297641',NULL,0,'59ee08b4-43b0-8031-5e0a-66e40c2526be',1,'YToxOntpOjA7czowOiIiO30=','ops_dispositif_ops_dossier_name',1,0,'Dispositif',NULL,NULL,NULL,NULL,NULL,0,NULL,NULL),('b11a0d69-ce11-450f-c8ec-66e40cddccd3','','2024-09-13 09:56:32','2024-09-13 09:59:45','570ffb24-bf80-fd75-034a-66e15c297641','',NULL,1,'59ee08b4-43b0-8031-5e0a-66e40c2526be',1,'YToxOntpOjA7czowOiIiO30=','ops_dispositif_ops_dossier_name',1,0,'Dispositif',NULL,NULL,NULL,NULL,NULL,0,NULL,0),('aa247d59-d395-5ab0-5a86-66e40c711ce5','','2024-09-13 09:56:50','2025-05-27 14:46:44','1','326c449b-a872-58d3-5ae2-66e15b07aa48',NULL,0,'a6ad9e3d-df6c-d1eb-bc33-66e40c807ac7',0,'YToxOntpOjA7czowOiIiO30=','num_dossier',1,1,'N° dossier',NULL,NULL,NULL,'COUNT',NULL,0,NULL,NULL),('ac171c71-31c7-d8a3-8554-66e40ced9cf6','','2024-09-13 09:56:50','2025-05-27 14:46:44','1','326c449b-a872-58d3-5ae2-66e15b07aa48',NULL,0,'a6ad9e3d-df6c-d1eb-bc33-66e40c807ac7',1,'YToxOntpOjA7czowOiIiO30=','objet_demande',1,1,'Objet de la demande (objet_demande)',NULL,NULL,NULL,NULL,NULL,0,NULL,NULL),('ae5ee13f-c3f7-3a9a-f906-66e40c2232e8','','2024-09-13 09:56:50','2025-05-27 14:46:44','1','326c449b-a872-58d3-5ae2-66e15b07aa48',NULL,0,'a6ad9e3d-df6c-d1eb-bc33-66e40c807ac7',2,'YToxOntpOjA7czowOiIiO30=','24doss_commentaire_consultation',1,0,'Obser',NULL,NULL,NULL,NULL,NULL,0,NULL,NULL),('967de73f-befd-50f2-9f9e-66e40d96439c','','2024-09-13 09:59:30','2024-09-13 10:32:31','e64475cf-02f9-b7e1-4f19-66e15ba04a6c','e64475cf-02f9-b7e1-4f19-66e15ba04a6c',NULL,0,'873a0764-fb32-b058-64a0-66e40ce7df78',1,'YTozOntpOjA7czoyNDoib3BzX2luZGl2aWR1X29wc19kb3NzaWVyIjtpOjE7czo0MToib3BzX2luZGl2aWR1X29wc19wZXJzb25uZV9tb3JhbGVfaW5kaXZpZHUiO2k6MjtzOjQ4OiJvcHNfcGVyc29ubmVfbW9yYWxlX29wc19wZXJzb25uZV9tb3JhbGVfaW5kaXZpZHUiO30=','name',1,0,'Raison sociale',NULL,NULL,NULL,NULL,NULL,0,NULL,NULL),('b0be1028-ebbe-6f93-1911-66e40cdd0070','','2024-09-13 09:56:50','2025-05-27 14:46:44','1','326c449b-a872-58d3-5ae2-66e15b07aa48',NULL,0,'a6ad9e3d-df6c-d1eb-bc33-66e40c807ac7',3,'YToxOntpOjA7czowOiIiO30=','24doss_commentaire_autorisation',1,0,'Observations complémentaires sur le permis de construire ou l\'acte de vente (24doss_commentaire_autorisation)',NULL,NULL,NULL,NULL,NULL,0,NULL,NULL),('8b0d5b5c-441d-328a-537d-66e40c1c87c9','','2024-09-13 09:57:07','2024-09-13 10:32:31','e64475cf-02f9-b7e1-4f19-66e15ba04a6c','e64475cf-02f9-b7e1-4f19-66e15ba04a6c',NULL,0,'873a0764-fb32-b058-64a0-66e40ce7df78',0,'YToxOntpOjA7czowOiIiO30=','num_dossier',1,1,'N° dossier',NULL,NULL,NULL,'COUNT',NULL,0,NULL,NULL),('8d430443-689a-d877-4b15-66e40c2327f1','','2024-09-13 09:57:07','2024-09-13 09:59:30','e64475cf-02f9-b7e1-4f19-66e15ba04a6c','',NULL,1,'873a0764-fb32-b058-64a0-66e40ce7df78',1,'YToxOntpOjA7czowOiIiO30=','raison_sociale',1,1,'Raison sociale (raison_sociale)',NULL,NULL,NULL,NULL,NULL,0,NULL,0),('8f6758a0-a8ab-a473-5e68-66e40cb32348','','2024-09-13 09:57:07','2024-09-13 10:32:31','e64475cf-02f9-b7e1-4f19-66e15ba04a6c','e64475cf-02f9-b7e1-4f19-66e15ba04a6c',NULL,0,'873a0764-fb32-b058-64a0-66e40ce7df78',2,'YToxOntpOjA7czowOiIiO30=','thematique',1,0,'Thématique',NULL,NULL,NULL,NULL,NULL,0,NULL,NULL),('4c4bc70a-db89-7729-62a3-66e40ccd47ef','','2024-09-13 09:58:00','2025-05-27 14:46:44','1','326c449b-a872-58d3-5ae2-66e15b07aa48',NULL,0,'a6ad9e3d-df6c-d1eb-bc33-66e40c807ac7',4,'YToxOntpOjA7czowOiIiO30=','dp_operation',1,0,'Libellé de l\'opération',NULL,NULL,NULL,NULL,NULL,0,NULL,NULL),('bd9caa4e-fae3-bcb3-9689-6835d07eb112','','2025-05-27 14:46:44','2025-05-27 14:46:44','1','1',NULL,0,'a6ad9e3d-df6c-d1eb-bc33-66e40c807ac7',7,'YToxOntpOjA7czowOiIiO30=','adresse_commiss_comptes_postcode',1,0,'Adresse Code postal (adresse_commiss_comptes_postcode)','','','','',NULL,0,NULL,0),('4e7602c0-84fb-2ee4-7d2d-66e40c31d2c5','','2024-09-13 09:58:00','2025-05-27 14:46:44','1','326c449b-a872-58d3-5ae2-66e15b07aa48',NULL,0,'a6ad9e3d-df6c-d1eb-bc33-66e40c807ac7',5,'YToxOntpOjA7czowOiIiO30=','libelle_dossier',1,0,'Libellé du dossier',NULL,NULL,NULL,NULL,NULL,0,NULL,NULL),('508df60e-03ad-793c-0327-66e40cd984a1','','2024-09-13 09:58:00','2025-05-27 14:46:44','1','326c449b-a872-58d3-5ae2-66e15b07aa48',NULL,0,'a6ad9e3d-df6c-d1eb-bc33-66e40c807ac7',6,'YToxOntpOjA7czowOiIiO30=','thematique',1,0,'Thématique',NULL,NULL,NULL,NULL,NULL,0,NULL,NULL),('b3288942-69a2-38f9-bf1f-66e40c997ffd','','2024-09-13 09:58:12','2024-09-13 09:58:12','7ca44aa3-d16b-0799-4128-66e15c64d2de','7ca44aa3-d16b-0799-4128-66e15c64d2de',NULL,0,'b0f0ea98-fac7-e452-4054-66e40ce81c16',6,'YToxOntpOjA7czowOiIiO30=','name',1,0,'Nom','','','','',NULL,0,NULL,0),('b5494da2-3ca6-846d-24c3-66e40c1a53bb','','2024-09-13 09:58:12','2024-09-13 09:58:12','7ca44aa3-d16b-0799-4128-66e15c64d2de','7ca44aa3-d16b-0799-4128-66e15c64d2de',NULL,0,'b0f0ea98-fac7-e452-4054-66e40ce81c16',7,'YToxOntpOjA7czowOiIiO30=','ops_dispositif_ops_dossier_name',1,0,'Dispositif','','','','',NULL,0,NULL,0),('ba7689cc-8d7a-9620-4e30-66e40c360433','','2024-09-13 09:58:12','2024-09-13 09:58:12','7ca44aa3-d16b-0799-4128-66e15c64d2de','7ca44aa3-d16b-0799-4128-66e15c64d2de',NULL,0,'b0f0ea98-fac7-e452-4054-66e40ce81c16',9,'YToxOntpOjA7czowOiIiO30=','nom_demandeur',1,0,'Nom demandeur (nom_demandeur)','','','','',NULL,0,NULL,0),('bcbd27dc-7fa7-8424-2c5d-66e40c195f0b','','2024-09-13 09:58:12','2024-09-13 09:58:12','7ca44aa3-d16b-0799-4128-66e15c64d2de','7ca44aa3-d16b-0799-4128-66e15c64d2de',NULL,0,'b0f0ea98-fac7-e452-4054-66e40ce81c16',10,'YToxOntpOjA7czowOiIiO30=','adresse_geoloc_postcode',1,0,'Lieu de l\'incident Code postal (adresse_geoloc_postcode)','','','','',NULL,0,NULL,0),('98c4d9cb-b146-621d-afd7-66e40de0ab7c','','2024-09-13 09:59:30','2024-09-13 10:32:31','e64475cf-02f9-b7e1-4f19-66e15ba04a6c','e64475cf-02f9-b7e1-4f19-66e15ba04a6c',NULL,0,'873a0764-fb32-b058-64a0-66e40ce7df78',3,'YToyOntpOjA7czoyNDoib3BzX2luZGl2aWR1X29wc19kb3NzaWVyIjtpOjE7czoyMzoiZW1haWxfYWRkcmVzc2VzX3ByaW1hcnkiO30=','email_address',1,0,'Adresse électronique',NULL,NULL,NULL,NULL,NULL,0,NULL,NULL),('25081916-1e9c-b615-f293-66e40dc3f98b','','2024-09-13 09:59:45','2024-09-13 10:00:24','570ffb24-bf80-fd75-034a-66e15c297641','570ffb24-bf80-fd75-034a-66e15c297641',NULL,0,'59ee08b4-43b0-8031-5e0a-66e40c2526be',0,'YToxOntpOjA7czowOiIiO30=','name',1,0,'Nom',NULL,NULL,NULL,NULL,NULL,0,NULL,NULL),('274ce48e-42d9-0099-2092-66e40dc0a7e5','','2024-09-13 09:59:45','2024-09-13 10:00:24','570ffb24-bf80-fd75-034a-66e15c297641','570ffb24-bf80-fd75-034a-66e15c297641',NULL,0,'59ee08b4-43b0-8031-5e0a-66e40c2526be',2,'YToxOntpOjA7czowOiIiO30=','ops_individu_ops_dossier_name',1,0,'Demandeur',NULL,NULL,NULL,NULL,NULL,0,NULL,NULL),('295ec938-36c2-308f-d1a2-66e40d380383','','2024-09-13 09:59:45','2024-09-13 10:00:24','570ffb24-bf80-fd75-034a-66e15c297641','570ffb24-bf80-fd75-034a-66e15c297641',NULL,0,'59ee08b4-43b0-8031-5e0a-66e40c2526be',3,'YToxOntpOjA7czowOiIiO30=','adresse_geoloc_rue',1,0,'Lieu de l\'incident Rue (adresse_geoloc_rue)',NULL,NULL,NULL,NULL,NULL,0,NULL,NULL),('2b7b50d4-df06-1001-c784-66e40df619e1','','2024-09-13 09:59:45','2024-09-13 10:00:24','570ffb24-bf80-fd75-034a-66e15c297641','570ffb24-bf80-fd75-034a-66e15c297641',NULL,0,'59ee08b4-43b0-8031-5e0a-66e40c2526be',5,'YToxOntpOjA7czowOiIiO30=','adresse_geoloc_city',1,0,'Lieu de l\'incident Ville (adresse_geoloc_city)',NULL,NULL,NULL,NULL,NULL,0,NULL,NULL),('2d91a4cf-1839-fa48-4b22-66e40dfec7be','','2024-09-13 09:59:45','2024-09-13 10:00:24','570ffb24-bf80-fd75-034a-66e15c297641','570ffb24-bf80-fd75-034a-66e15c297641',NULL,0,'59ee08b4-43b0-8031-5e0a-66e40c2526be',4,'YToxOntpOjA7czowOiIiO30=','adresse_geoloc_postcode',1,0,'Lieu de l\'incident Code postal (adresse_geoloc_postcode)',NULL,NULL,NULL,NULL,NULL,0,NULL,NULL),('c5c6fbd9-62a5-8a99-e377-66e40ef62ed1','','2024-09-13 10:04:01','2024-09-13 10:32:31','e64475cf-02f9-b7e1-4f19-66e15ba04a6c','e64475cf-02f9-b7e1-4f19-66e15ba04a6c',NULL,0,'873a0764-fb32-b058-64a0-66e40ce7df78',4,'YToxOntpOjA7czozMToib3BzX3NvdXNfdGVycml0b2lyZV9vcHNfZG9zc2llciI7fQ==','name',1,0,'Nom',NULL,NULL,NULL,NULL,NULL,0,NULL,1),('9b69fabc-f03c-4b63-0004-66e40e3d16d7','','2024-09-13 10:04:32','2024-09-13 10:32:31','e64475cf-02f9-b7e1-4f19-66e15ba04a6c','e64475cf-02f9-b7e1-4f19-66e15ba04a6c',NULL,0,'873a0764-fb32-b058-64a0-66e40ce7df78',5,'YToyOntpOjA7czozMToib3BzX3NvdXNfdGVycml0b2lyZV9vcHNfZG9zc2llciI7aToxO3M6MzQ6Im9wc19zb3VzX3RlcnJpdG9pcmVfb3BzX3RlcnJpdG9pcmUiO30=','name',1,0,'Nom',NULL,NULL,NULL,NULL,NULL,0,NULL,NULL),('1ca02f86-34ea-5636-b4c9-66e40e132462','','2024-09-13 10:07:41','2024-09-13 10:07:41','984bab36-6ea9-3a3f-cc48-66e15b39ccb8','984bab36-6ea9-3a3f-cc48-66e15b39ccb8',NULL,0,'1415fe39-e5e1-d8d8-51a1-66e40ea56099',4,'YToxOntpOjA7czowOiIiO30=','name',1,0,'Nom','','','','',NULL,0,NULL,0),('1ea69e15-dce9-5752-9258-66e40e95d685','','2024-09-13 10:07:41','2024-09-13 10:07:41','984bab36-6ea9-3a3f-cc48-66e15b39ccb8','984bab36-6ea9-3a3f-cc48-66e15b39ccb8',NULL,0,'1415fe39-e5e1-d8d8-51a1-66e40ea56099',5,'YToxOntpOjA7czowOiIiO30=','ops_dispositif_ops_dossier_name',1,0,'Dispositif','','','','',NULL,0,NULL,0),('20911407-a0a9-1b20-c971-66e40eb1dd71','','2024-09-13 10:07:41','2024-09-13 10:07:41','984bab36-6ea9-3a3f-cc48-66e15b39ccb8','984bab36-6ea9-3a3f-cc48-66e15b39ccb8',NULL,0,'1415fe39-e5e1-d8d8-51a1-66e40ea56099',6,'YToxOntpOjA7czowOiIiO30=','ops_individu_ops_dossier_name',1,0,'Demandeur','','','','',NULL,0,NULL,0),('228df6dc-96d7-6dec-57bf-66e40eb8e011','','2024-09-13 10:07:41','2024-09-13 10:07:41','984bab36-6ea9-3a3f-cc48-66e15b39ccb8','984bab36-6ea9-3a3f-cc48-66e15b39ccb8',NULL,0,'1415fe39-e5e1-d8d8-51a1-66e40ea56099',7,'YToxOntpOjA7czowOiIiO30=','adresse_geoloc_numero',1,0,'Lieu de l\'incident N° (adresse_geoloc_numero)','','','','',NULL,0,NULL,0),('247fdb5f-7218-a6d1-7f0b-66e40e5ed0a1','','2024-09-13 10:07:41','2024-09-13 10:07:41','984bab36-6ea9-3a3f-cc48-66e15b39ccb8','984bab36-6ea9-3a3f-cc48-66e15b39ccb8',NULL,0,'1415fe39-e5e1-d8d8-51a1-66e40ea56099',8,'YToxOntpOjA7czowOiIiO30=','adresse_geoloc_rue',1,0,'Lieu de l\'incident Rue (adresse_geoloc_rue)','','','','',NULL,0,NULL,0),('266910ce-7eca-b233-29de-66e40e901c1f','','2024-09-13 10:07:41','2024-09-13 10:07:41','984bab36-6ea9-3a3f-cc48-66e15b39ccb8','984bab36-6ea9-3a3f-cc48-66e15b39ccb8',NULL,0,'1415fe39-e5e1-d8d8-51a1-66e40ea56099',9,'YToxOntpOjA7czowOiIiO30=','adresse_geoloc_postcode',1,0,'Lieu de l\'incident Code postal (adresse_geoloc_postcode)','','','','',NULL,0,NULL,0),('28539823-55c3-547e-9157-66e40e8a8f63','','2024-09-13 10:07:41','2024-09-13 10:07:41','984bab36-6ea9-3a3f-cc48-66e15b39ccb8','984bab36-6ea9-3a3f-cc48-66e15b39ccb8',NULL,0,'1415fe39-e5e1-d8d8-51a1-66e40ea56099',10,'YToxOntpOjA7czowOiIiO30=','adresse_geoloc_city',1,0,'Lieu de l\'incident Ville (adresse_geoloc_city)','','','','',NULL,0,NULL,0),('32a1833c-c024-e706-e0e9-67b74ec20e45','','2025-02-20 15:47:31','2025-02-20 15:47:31','c4250303-bf3c-53d5-45a9-66e15bb9cb43','c4250303-bf3c-53d5-45a9-66e15bb9cb43',NULL,0,'2e7ab5a3-572c-61bd-5efb-67b74ef8510a',0,'YToxOntpOjA7czowOiIiO30=','assigned_user_name',1,0,'Assigné à','','','','',NULL,0,NULL,0),('34acf690-fea8-00d8-c8d6-67b74e1b1ad9','','2025-02-20 15:47:31','2025-02-20 15:47:31','c4250303-bf3c-53d5-45a9-66e15bb9cb43','c4250303-bf3c-53d5-45a9-66e15bb9cb43',NULL,0,'2e7ab5a3-572c-61bd-5efb-67b74ef8510a',1,'YToxOntpOjA7czowOiIiO30=','date_modified',1,0,'Date de modification','','','','',NULL,0,NULL,0),('9ea2481c-6008-de9f-bc90-682eeeb0a2e7','','2025-05-22 09:29:32','2025-05-22 09:29:32','e64475cf-02f9-b7e1-4f19-66e15ba04a6c','e64475cf-02f9-b7e1-4f19-66e15ba04a6c',NULL,0,'97b0ee51-e3bc-51e1-0b98-682eeea3a438',0,'YToxOntpOjA7czowOiIiO30=','name',1,0,'Nom','','','','',NULL,0,NULL,0),('a11c1f6f-dba1-1e30-a28a-682eee5b145e','','2025-05-22 09:29:32','2025-05-22 09:29:32','e64475cf-02f9-b7e1-4f19-66e15ba04a6c','e64475cf-02f9-b7e1-4f19-66e15ba04a6c',NULL,0,'97b0ee51-e3bc-51e1-0b98-682eeea3a438',1,'YToxOntpOjA7czoyNjoib3BzX2Rpc3Bvc2l0aWZfb3BzX2Rvc3NpZXIiO30=','name',1,0,'Nom','','','','',NULL,0,NULL,0),('a312509e-aa61-f858-2892-682eee041bc3','','2025-05-22 09:29:32','2025-05-22 09:29:32','e64475cf-02f9-b7e1-4f19-66e15ba04a6c','e64475cf-02f9-b7e1-4f19-66e15ba04a6c',NULL,0,'97b0ee51-e3bc-51e1-0b98-682eeea3a438',2,'YToxOntpOjA7czoyNDoib3BzX2luZGl2aWR1X29wc19kb3NzaWVyIjt9','last_name',1,0,'Nom de famille','','','','',NULL,0,NULL,0),('adb053e2-8f15-ed0d-f908-682eeefb5fd3','','2025-05-22 09:29:32','2025-05-22 09:29:32','e64475cf-02f9-b7e1-4f19-66e15ba04a6c','e64475cf-02f9-b7e1-4f19-66e15ba04a6c',NULL,0,'97b0ee51-e3bc-51e1-0b98-682eeea3a438',7,'YToxOntpOjA7czowOiIiO30=','adresse_geoloc_numero',1,0,'Lieu de l\'incident N° (adresse_geoloc_numero)','','','','',NULL,0,NULL,0),('b011e49e-c31c-3f3c-445d-682eee7ecbe3','','2025-05-22 09:29:32','2025-05-22 09:29:32','e64475cf-02f9-b7e1-4f19-66e15ba04a6c','e64475cf-02f9-b7e1-4f19-66e15ba04a6c',NULL,0,'97b0ee51-e3bc-51e1-0b98-682eeea3a438',9,'YToxOntpOjA7czowOiIiO30=','adresse_geoloc_rue',1,0,'Lieu de l\'incident Rue (adresse_geoloc_rue)','','','','',NULL,0,NULL,0),('b238dce7-3687-07c6-5f03-682eeef9ba30','','2025-05-22 09:29:32','2025-05-22 09:29:32','e64475cf-02f9-b7e1-4f19-66e15ba04a6c','e64475cf-02f9-b7e1-4f19-66e15ba04a6c',NULL,0,'97b0ee51-e3bc-51e1-0b98-682eeea3a438',11,'YToxOntpOjA7czowOiIiO30=','adresse_geoloc_postcode',1,0,'Lieu de l\'incident Code postal (adresse_geoloc_postcode)','','','','',NULL,0,NULL,0),('b426b417-92a1-ae4c-fbc1-682eee1d6daa','','2025-05-22 09:29:32','2025-05-22 09:29:32','e64475cf-02f9-b7e1-4f19-66e15ba04a6c','e64475cf-02f9-b7e1-4f19-66e15ba04a6c',NULL,0,'97b0ee51-e3bc-51e1-0b98-682eeea3a438',12,'YToxOntpOjA7czowOiIiO30=','adresse_geoloc_city',1,0,'Lieu de l\'incident Ville (adresse_geoloc_city)','','','','',NULL,0,NULL,0),('690c6597-0004-0d33-b414-682eee6c0de4','','2025-05-22 09:29:36','2025-05-22 09:29:36','984bab36-6ea9-3a3f-cc48-66e15b39ccb8','984bab36-6ea9-3a3f-cc48-66e15b39ccb8',NULL,0,'644b3113-f527-b7f2-3a02-682eeeb39c23',0,'YToxOntpOjA7czowOiIiO30=','name',1,0,'Nom','','','','',NULL,0,NULL,0),('6b04c543-6c9c-5979-a69e-682eee11dcbf','','2025-05-22 09:29:36','2025-05-22 09:29:36','984bab36-6ea9-3a3f-cc48-66e15b39ccb8','984bab36-6ea9-3a3f-cc48-66e15b39ccb8',NULL,0,'644b3113-f527-b7f2-3a02-682eeeb39c23',1,'YToxOntpOjA7czowOiIiO30=','ops_dispositif_ops_dossier_name',1,0,'Dispositif','','','','',NULL,0,NULL,0),('6cfa77ac-c62f-2c14-7d57-682eee2963a3','','2025-05-22 09:29:36','2025-05-22 09:29:36','984bab36-6ea9-3a3f-cc48-66e15b39ccb8','984bab36-6ea9-3a3f-cc48-66e15b39ccb8',NULL,0,'644b3113-f527-b7f2-3a02-682eeeb39c23',2,'YToxOntpOjA7czowOiIiO30=','ops_individu_ops_dossier_name',1,0,'Demandeur','','','','',NULL,0,NULL,0),('6f6dd407-e72c-ccf7-38de-682eee345ac7','','2025-05-22 09:29:36','2025-05-22 09:29:36','984bab36-6ea9-3a3f-cc48-66e15b39ccb8','984bab36-6ea9-3a3f-cc48-66e15b39ccb8',NULL,0,'644b3113-f527-b7f2-3a02-682eeeb39c23',4,'YToxOntpOjA7czowOiIiO30=','adresse_geoloc_numero',1,0,'Lieu de l\'incident N° (adresse_geoloc_numero)','','','','',NULL,0,NULL,0),('715efac0-5a31-b260-96a4-682eeeead272','','2025-05-22 09:29:36','2025-05-22 09:29:36','984bab36-6ea9-3a3f-cc48-66e15b39ccb8','984bab36-6ea9-3a3f-cc48-66e15b39ccb8',NULL,0,'644b3113-f527-b7f2-3a02-682eeeb39c23',5,'YToxOntpOjA7czowOiIiO30=','adresse_geoloc_rue',1,0,'Lieu de l\'incident Rue (adresse_geoloc_rue)','','','','',NULL,0,NULL,0),('73513536-4e4e-5574-02de-682eee8af532','','2025-05-22 09:29:36','2025-05-22 09:29:36','984bab36-6ea9-3a3f-cc48-66e15b39ccb8','984bab36-6ea9-3a3f-cc48-66e15b39ccb8',NULL,0,'644b3113-f527-b7f2-3a02-682eeeb39c23',6,'YToxOntpOjA7czowOiIiO30=','adresse_geoloc_city',1,0,'Lieu de l\'incident Ville (adresse_geoloc_city)','','','','',NULL,0,NULL,0),('754aa9e6-ce02-6c56-dcd4-682eee7360b3','','2025-05-22 09:29:36','2025-05-22 09:29:36','984bab36-6ea9-3a3f-cc48-66e15b39ccb8','984bab36-6ea9-3a3f-cc48-66e15b39ccb8',NULL,0,'644b3113-f527-b7f2-3a02-682eeeb39c23',7,'YToxOntpOjA7czowOiIiO30=','adresse_geoloc_postcode',1,0,'Lieu de l\'incident Code postal (adresse_geoloc_postcode)','','','','',NULL,0,NULL,0),('974c343a-25a3-7073-4eb5-682eee7418b0','','2025-05-22 09:30:39','2025-05-22 09:30:39','c4250303-bf3c-53d5-45a9-66e15bb9cb43','c4250303-bf3c-53d5-45a9-66e15bb9cb43',NULL,0,'92c44867-76fe-89d0-5bc1-682eee1795c9',0,'YTo1OntpOjA7czoxMzoib3Bwb3J0dW5pdGllcyI7aToxO3M6MjI6ImNhbXBhaWduX29wcG9ydHVuaXRpZXMiO2k6MjtzOjg6ImNvbnRhY3RzIjtpOjM7czo4OiJhY2NvdW50cyI7aTo0O3M6ODoiY29udGFjdHMiO30=','last_name',1,0,'Nom de famille ','','','','',NULL,0,NULL,0),('9956b864-890b-3814-3e28-682eeed33f94','','2025-05-22 09:30:39','2025-05-22 09:30:39','c4250303-bf3c-53d5-45a9-66e15bb9cb43','c4250303-bf3c-53d5-45a9-66e15bb9cb43',NULL,0,'92c44867-76fe-89d0-5bc1-682eee1795c9',1,'YTo1OntpOjA7czoxMzoib3Bwb3J0dW5pdGllcyI7aToxO3M6MjI6ImNhbXBhaWduX29wcG9ydHVuaXRpZXMiO2k6MjtzOjg6ImNvbnRhY3RzIjtpOjM7czo4OiJhY2NvdW50cyI7aTo0O3M6ODoiY29udGFjdHMiO30=','first_name',1,0,'Prénom ','','','','',NULL,0,NULL,0),('c11e7988-70d4-70d6-cf46-6835d03cc4f1','','2025-05-27 14:46:44','2025-05-27 14:46:44','1','1',NULL,0,'a6ad9e3d-df6c-d1eb-bc33-66e40c807ac7',8,'YToxOntpOjA7czowOiIiO30=','adresse_secretaire_asso_numero',1,0,'Adresse N° (adresse_secretaire_asso_numero)','','','','',NULL,0,NULL,0),('7f2e75da-1666-e337-6b18-68baa93137c4','','2025-09-05 09:14:04','2025-09-05 09:14:38','984bab36-6ea9-3a3f-cc48-66e15b39ccb8','984bab36-6ea9-3a3f-cc48-66e15b39ccb8',NULL,0,'76419e5f-3610-8a17-cd68-68baa9a4b2bd',0,'YToxOntpOjA7czowOiIiO30=','nom',1,0,'Nom (nom)',NULL,NULL,NULL,NULL,NULL,0,NULL,NULL),('8190fcb7-3510-3502-587c-68baa92d0d1f','','2025-09-05 09:14:04','2025-09-05 09:14:38','984bab36-6ea9-3a3f-cc48-66e15b39ccb8','984bab36-6ea9-3a3f-cc48-66e15b39ccb8',NULL,0,'76419e5f-3610-8a17-cd68-68baa9a4b2bd',1,'YToxOntpOjA7czowOiIiO30=','ops_dispositif_ops_dossier_name',1,0,'Dispositif',NULL,NULL,NULL,NULL,NULL,0,NULL,NULL),('8388ccd7-2e96-5055-451b-68baa9f74851','','2025-09-05 09:14:04','2025-09-05 09:14:38','984bab36-6ea9-3a3f-cc48-66e15b39ccb8','984bab36-6ea9-3a3f-cc48-66e15b39ccb8',NULL,0,'76419e5f-3610-8a17-cd68-68baa9a4b2bd',2,'YToxOntpOjA7czowOiIiO30=','ops_individu_ops_dossier_name',1,0,'Demandeur',NULL,NULL,NULL,NULL,NULL,0,NULL,NULL),('859672d7-f060-a6f7-d576-68baa942d2eb','','2025-09-05 09:14:04','2025-09-05 09:14:38','984bab36-6ea9-3a3f-cc48-66e15b39ccb8','984bab36-6ea9-3a3f-cc48-66e15b39ccb8',NULL,0,'76419e5f-3610-8a17-cd68-68baa9a4b2bd',3,'YToxOntpOjA7czowOiIiO30=','adresse_geoloc_numero',1,0,'Lieu de l\'incident N° (adresse_geoloc_numero)',NULL,NULL,NULL,NULL,NULL,0,NULL,NULL);

--
-- Table structure for table `aor_reports`
--

CREATE TABLE `aor_reports` (
  `id` char(36) NOT NULL,
  `name` varchar(255) DEFAULT NULL,
  `date_entered` datetime DEFAULT NULL,
  `date_modified` datetime DEFAULT NULL,
  `modified_user_id` char(36) DEFAULT NULL,
  `created_by` char(36) DEFAULT NULL,
  `description` text DEFAULT NULL,
  `deleted` tinyint(1) DEFAULT 0,
  `assigned_user_id` char(36) DEFAULT NULL,
  `report_module` varchar(100) DEFAULT NULL,
  `graphs_per_row` int(11) DEFAULT 2,
  PRIMARY KEY (`id`)
) ENGINE=MyISAM DEFAULT CHARSET=utf8mb3 COLLATE=utf8mb3_general_ci;

--
-- Dumping data for table `aor_reports`
--

INSERT INTO `aor_reports` VALUES ('640c180a-885b-e33a-dbbb-60a6901eac00','Test','2021-05-20 16:38:48','2022-02-19 07:41:29','1','1',NULL,1,'1','OPS_dossier',2),('2ecb12c9-bbf4-d7f7-08f1-62109f053eeb','Test','2022-02-19 07:43:29','2023-10-02 15:26:45','1','1',NULL,1,'1','OPS_dossier',2),('a00eda50-4349-98ba-b569-65045c1bf835','Test 2','2023-09-15 13:29:25','2023-10-02 15:26:51','1','1',NULL,1,'1','OPS_dossier',2),('2a9121b0-b8e5-93a1-d16f-651ae1d0a742','Dossiers de subventions','2023-10-02 15:29:31','2024-06-24 11:04:10','3d5cef7e-5ebb-c805-1596-64285f3c2ecf','1',NULL,1,'1','OPS_dossier',2),('3b1c53f0-e2f0-c54c-8aa9-666324f1d8e1','Projets à financer','2024-06-07 15:17:53','2024-06-07 15:25:50','1','1',NULL,0,'1','OPS_dossier',2),('9c9816bf-cc1d-980c-bad0-667952f656cf','Dossiers de subventions','2024-06-24 11:05:22','2024-06-24 11:07:27','3d5cef7e-5ebb-c805-1596-64285f3c2ecf','3d5cef7e-5ebb-c805-1596-64285f3c2ecf',NULL,0,'3d5cef7e-5ebb-c805-1596-64285f3c2ecf','OPS_dossier',2),('7b713891-3f8f-7256-b82b-66e1f53b29fd','Test rodolphe','2024-09-11 19:55:00','2024-10-09 07:53:09','1','1',NULL,0,'1','OPS_dossier',2),('b0f0ea98-fac7-e452-4054-66e40ce81c16','test patricia','2024-09-13 09:56:02','2024-09-13 09:58:12','7ca44aa3-d16b-0799-4128-66e15c64d2de','7ca44aa3-d16b-0799-4128-66e15c64d2de',NULL,0,'7ca44aa3-d16b-0799-4128-66e15c64d2de','OPS_dossier',2),('c31b4a26-6705-9fc7-b924-66e40c85422c','Au rapport ','2024-09-13 09:56:22','2024-09-13 09:56:22','d84bd81b-83f8-4df1-9bf8-66e15cabfa6b','d84bd81b-83f8-4df1-9bf8-66e15cabfa6b','',0,'d84bd81b-83f8-4df1-9bf8-66e15cabfa6b','OPS_generateur_formulaire',2),('59ee08b4-43b0-8031-5e0a-66e40c2526be','mon rapport','2024-09-13 09:56:32','2024-09-13 10:00:24','570ffb24-bf80-fd75-034a-66e15c297641','570ffb24-bf80-fd75-034a-66e15c297641',NULL,0,'570ffb24-bf80-fd75-034a-66e15c297641','OPS_dossier',2),('a6ad9e3d-df6c-d1eb-bc33-66e40c807ac7','test sara','2024-09-13 09:56:50','2025-05-27 14:46:44','1','326c449b-a872-58d3-5ae2-66e15b07aa48',NULL,0,'326c449b-a872-58d3-5ae2-66e15b07aa48','OPS_dossier',2),('873a0764-fb32-b058-64a0-66e40ce7df78','test rapport valentin','2024-09-13 09:57:07','2024-09-13 10:32:31','e64475cf-02f9-b7e1-4f19-66e15ba04a6c','e64475cf-02f9-b7e1-4f19-66e15ba04a6c',NULL,0,'e64475cf-02f9-b7e1-4f19-66e15ba04a6c','OPS_dossier',2),('1415fe39-e5e1-d8d8-51a1-66e40ea56099','Rapport de Laurent','2024-09-13 10:07:41','2024-09-13 10:07:41','984bab36-6ea9-3a3f-cc48-66e15b39ccb8','984bab36-6ea9-3a3f-cc48-66e15b39ccb8','',0,'984bab36-6ea9-3a3f-cc48-66e15b39ccb8','OPS_dossier',2),('2e7ab5a3-572c-61bd-5efb-67b74ef8510a','Sp_Rapport1','2025-02-20 15:47:31','2025-02-20 15:47:31','c4250303-bf3c-53d5-45a9-66e15bb9cb43','c4250303-bf3c-53d5-45a9-66e15bb9cb43','',0,'c4250303-bf3c-53d5-45a9-66e15bb9cb43','Alerts',2),('97b0ee51-e3bc-51e1-0b98-682eeea3a438','RM_TESTRAPPORT','2025-05-22 09:29:32','2025-05-22 09:29:32','e64475cf-02f9-b7e1-4f19-66e15ba04a6c','e64475cf-02f9-b7e1-4f19-66e15ba04a6c','',0,'e64475cf-02f9-b7e1-4f19-66e15ba04a6c','OPS_dossier',2),('644b3113-f527-b7f2-3a02-682eeeb39c23','Test_CA','2025-05-22 09:29:36','2025-05-22 09:29:36','984bab36-6ea9-3a3f-cc48-66e15b39ccb8','984bab36-6ea9-3a3f-cc48-66e15b39ccb8','',0,'984bab36-6ea9-3a3f-cc48-66e15b39ccb8','OPS_dossier',2),('92c44867-76fe-89d0-5bc1-682eee1795c9','Doublons','2025-05-22 09:30:39','2025-05-22 09:30:39','c4250303-bf3c-53d5-45a9-66e15bb9cb43','c4250303-bf3c-53d5-45a9-66e15bb9cb43','',0,'c4250303-bf3c-53d5-45a9-66e15bb9cb43','Contacts',2),('76419e5f-3610-8a17-cd68-68baa9a4b2bd','Rapport Test Alice ','2025-09-05 09:14:04','2025-09-05 09:14:38','984bab36-6ea9-3a3f-cc48-66e15b39ccb8','984bab36-6ea9-3a3f-cc48-66e15b39ccb8',NULL,0,'984bab36-6ea9-3a3f-cc48-66e15b39ccb8','OPS_dossier',2);

--
-- Table structure for table `aor_reports_audit`
--

CREATE TABLE `aor_reports_audit` (
  `id` char(36) NOT NULL,
  `parent_id` char(36) NOT NULL,
  `date_created` datetime DEFAULT NULL,
  `created_by` varchar(36) DEFAULT NULL,
  `field_name` varchar(100) DEFAULT NULL,
  `data_type` varchar(100) DEFAULT NULL,
  `before_value_string` varchar(255) DEFAULT NULL,
  `after_value_string` varchar(255) DEFAULT NULL,
  `before_value_text` text DEFAULT NULL,
  `after_value_text` text DEFAULT NULL,
  PRIMARY KEY (`id`),
  KEY `idx_aor_reports_parent_id` (`parent_id`)
) ENGINE=MyISAM DEFAULT CHARSET=utf8mb3 COLLATE=utf8mb3_general_ci;

--
-- Dumping data for table `aor_reports_audit`
--


--
-- Table structure for table `aor_scheduled_reports`
--

CREATE TABLE `aor_scheduled_reports` (
  `id` char(36) NOT NULL,
  `name` varchar(255) DEFAULT NULL,
  `date_entered` datetime DEFAULT NULL,
  `date_modified` datetime DEFAULT NULL,
  `modified_user_id` char(36) DEFAULT NULL,
  `created_by` char(36) DEFAULT NULL,
  `description` text DEFAULT NULL,
  `deleted` tinyint(1) DEFAULT 0,
  `schedule` varchar(100) DEFAULT NULL,
  `last_run` datetime DEFAULT NULL,
  `status` varchar(100) DEFAULT NULL,
  `email_recipients` longtext DEFAULT NULL,
  `aor_report_id` char(36) DEFAULT NULL,
  PRIMARY KEY (`id`)
) ENGINE=MyISAM DEFAULT CHARSET=utf8mb3 COLLATE=utf8mb3_general_ci;

--
-- Dumping data for table `aor_scheduled_reports`
--


--
-- Table structure for table `aos_contracts`
--

CREATE TABLE `aos_contracts` (
  `id` char(36) NOT NULL,
  `name` varchar(255) DEFAULT NULL,
  `date_entered` datetime DEFAULT NULL,
  `date_modified` datetime DEFAULT NULL,
  `modified_user_id` char(36) DEFAULT NULL,
  `created_by` char(36) DEFAULT NULL,
  `description` text DEFAULT NULL,
  `deleted` tinyint(1) DEFAULT 0,
  `assigned_user_id` char(36) DEFAULT NULL,
  `reference_code` varchar(255) DEFAULT NULL,
  `start_date` date DEFAULT NULL,
  `end_date` date DEFAULT NULL,
  `total_contract_value` decimal(26,6) DEFAULT NULL,
  `total_contract_value_usdollar` decimal(26,6) DEFAULT NULL,
  `currency_id` char(36) DEFAULT NULL,
  `status` varchar(100) DEFAULT 'Not Started',
  `customer_signed_date` date DEFAULT NULL,
  `company_signed_date` date DEFAULT NULL,
  `renewal_reminder_date` datetime DEFAULT NULL,
  `contract_type` varchar(100) DEFAULT 'Type',
  `contract_account_id` char(36) DEFAULT NULL,
  `opportunity_id` char(36) DEFAULT NULL,
  `contact_id` char(36) DEFAULT NULL,
  `call_id` char(36) DEFAULT NULL,
  `total_amt` decimal(26,6) DEFAULT NULL,
  `total_amt_usdollar` decimal(26,6) DEFAULT NULL,
  `subtotal_amount` decimal(26,6) DEFAULT NULL,
  `subtotal_amount_usdollar` decimal(26,6) DEFAULT NULL,
  `discount_amount` decimal(26,6) DEFAULT NULL,
  `discount_amount_usdollar` decimal(26,6) DEFAULT NULL,
  `tax_amount` decimal(26,6) DEFAULT NULL,
  `tax_amount_usdollar` decimal(26,6) DEFAULT NULL,
  `shipping_amount` decimal(26,6) DEFAULT NULL,
  `shipping_amount_usdollar` decimal(26,6) DEFAULT NULL,
  `shipping_tax` varchar(100) DEFAULT NULL,
  `shipping_tax_amt` decimal(26,6) DEFAULT NULL,
  `shipping_tax_amt_usdollar` decimal(26,6) DEFAULT NULL,
  `total_amount` decimal(26,6) DEFAULT NULL,
  `total_amount_usdollar` decimal(26,6) DEFAULT NULL,
  PRIMARY KEY (`id`)
) ENGINE=MyISAM DEFAULT CHARSET=utf8mb3 COLLATE=utf8mb3_general_ci;

--
-- Dumping data for table `aos_contracts`
--


--
-- Table structure for table `aos_contracts_audit`
--

CREATE TABLE `aos_contracts_audit` (
  `id` char(36) NOT NULL,
  `parent_id` char(36) NOT NULL,
  `date_created` datetime DEFAULT NULL,
  `created_by` varchar(36) DEFAULT NULL,
  `field_name` varchar(100) DEFAULT NULL,
  `data_type` varchar(100) DEFAULT NULL,
  `before_value_string` varchar(255) DEFAULT NULL,
  `after_value_string` varchar(255) DEFAULT NULL,
  `before_value_text` text DEFAULT NULL,
  `after_value_text` text DEFAULT NULL,
  PRIMARY KEY (`id`),
  KEY `idx_aos_contracts_parent_id` (`parent_id`)
) ENGINE=MyISAM DEFAULT CHARSET=utf8mb3 COLLATE=utf8mb3_general_ci;

--
-- Dumping data for table `aos_contracts_audit`
--


--
-- Table structure for table `aos_contracts_documents`
--

CREATE TABLE `aos_contracts_documents` (
  `id` varchar(36) NOT NULL,
  `date_modified` datetime DEFAULT NULL,
  `deleted` tinyint(1) DEFAULT 0,
  `aos_contracts_id` varchar(36) DEFAULT NULL,
  `documents_id` varchar(36) DEFAULT NULL,
  `document_revision_id` varchar(36) DEFAULT NULL,
  PRIMARY KEY (`id`),
  KEY `aos_contracts_documents_alt` (`aos_contracts_id`,`documents_id`)
) ENGINE=MyISAM DEFAULT CHARSET=utf8mb3 COLLATE=utf8mb3_general_ci;

--
-- Dumping data for table `aos_contracts_documents`
--


--
-- Table structure for table `aos_invoices`
--

CREATE TABLE `aos_invoices` (
  `id` char(36) NOT NULL,
  `name` varchar(255) DEFAULT NULL,
  `date_entered` datetime DEFAULT NULL,
  `date_modified` datetime DEFAULT NULL,
  `modified_user_id` char(36) DEFAULT NULL,
  `created_by` char(36) DEFAULT NULL,
  `description` text DEFAULT NULL,
  `deleted` tinyint(1) DEFAULT 0,
  `assigned_user_id` char(36) DEFAULT NULL,
  `billing_account_id` char(36) DEFAULT NULL,
  `billing_contact_id` char(36) DEFAULT NULL,
  `billing_address_street` varchar(150) DEFAULT NULL,
  `billing_address_city` varchar(100) DEFAULT NULL,
  `billing_address_state` varchar(100) DEFAULT NULL,
  `billing_address_postalcode` varchar(20) DEFAULT NULL,
  `billing_address_country` varchar(255) DEFAULT NULL,
  `shipping_address_street` varchar(150) DEFAULT NULL,
  `shipping_address_city` varchar(100) DEFAULT NULL,
  `shipping_address_state` varchar(100) DEFAULT NULL,
  `shipping_address_postalcode` varchar(20) DEFAULT NULL,
  `shipping_address_country` varchar(255) DEFAULT NULL,
  `number` int(11) NOT NULL,
  `total_amt` decimal(26,6) DEFAULT NULL,
  `total_amt_usdollar` decimal(26,6) DEFAULT NULL,
  `subtotal_amount` decimal(26,6) DEFAULT NULL,
  `subtotal_amount_usdollar` decimal(26,6) DEFAULT NULL,
  `discount_amount` decimal(26,6) DEFAULT NULL,
  `discount_amount_usdollar` decimal(26,6) DEFAULT NULL,
  `tax_amount` decimal(26,6) DEFAULT NULL,
  `tax_amount_usdollar` decimal(26,6) DEFAULT NULL,
  `shipping_amount` decimal(26,6) DEFAULT NULL,
  `shipping_amount_usdollar` decimal(26,6) DEFAULT NULL,
  `shipping_tax` varchar(100) DEFAULT NULL,
  `shipping_tax_amt` decimal(26,6) DEFAULT NULL,
  `shipping_tax_amt_usdollar` decimal(26,6) DEFAULT NULL,
  `total_amount` decimal(26,6) DEFAULT NULL,
  `total_amount_usdollar` decimal(26,6) DEFAULT NULL,
  `currency_id` char(36) DEFAULT NULL,
  `quote_number` int(11) DEFAULT NULL,
  `quote_date` date DEFAULT NULL,
  `invoice_date` date DEFAULT NULL,
  `due_date` date DEFAULT NULL,
  `status` varchar(100) DEFAULT NULL,
  `template_ddown_c` text DEFAULT NULL,
  `subtotal_tax_amount` decimal(26,6) DEFAULT NULL,
  `subtotal_tax_amount_usdollar` decimal(26,6) DEFAULT NULL,
  PRIMARY KEY (`id`)
) ENGINE=MyISAM DEFAULT CHARSET=utf8mb3 COLLATE=utf8mb3_general_ci;

--
-- Dumping data for table `aos_invoices`
--

INSERT INTO `aos_invoices` VALUES ('46fb85c5-368c-d1ed-b295-640a4bcc5dc2','hkhh','2023-03-09 21:12:37','2023-03-09 21:13:04','1','1',NULL,0,'1','','',NULL,NULL,NULL,NULL,NULL,NULL,NULL,NULL,NULL,NULL,1,0.000000,0.000000,0.000000,0.000000,0.000000,0.000000,0.000000,0.000000,56545.000000,56545.000000,'0.0',0.000000,0.000000,56545.000000,56545.000000,'-99',45454,'2023-03-09','2023-03-09',NULL,'Paid',NULL,NULL,0.000000),('3d33debc-1d52-913d-a04c-640a4c9b210c','kjkjkk','2023-03-09 21:13:48','2023-03-09 21:14:02','1','1',NULL,0,'1','','',NULL,NULL,NULL,NULL,NULL,NULL,NULL,NULL,NULL,NULL,2,45454.000000,45454.000000,0.000000,0.000000,112.000000,112.000000,0.000000,0.000000,0.000000,0.000000,'0.0',0.000000,0.000000,125.000000,125.000000,'-99',0,'2023-03-09','2023-03-09',NULL,'Paid',NULL,NULL,0.000000);

--
-- Table structure for table `aos_invoices_audit`
--

CREATE TABLE `aos_invoices_audit` (
  `id` char(36) NOT NULL,
  `parent_id` char(36) NOT NULL,
  `date_created` datetime DEFAULT NULL,
  `created_by` varchar(36) DEFAULT NULL,
  `field_name` varchar(100) DEFAULT NULL,
  `data_type` varchar(100) DEFAULT NULL,
  `before_value_string` varchar(255) DEFAULT NULL,
  `after_value_string` varchar(255) DEFAULT NULL,
  `before_value_text` text DEFAULT NULL,
  `after_value_text` text DEFAULT NULL,
  PRIMARY KEY (`id`),
  KEY `idx_aos_invoices_parent_id` (`parent_id`)
) ENGINE=MyISAM DEFAULT CHARSET=utf8mb3 COLLATE=utf8mb3_general_ci;

--
-- Dumping data for table `aos_invoices_audit`
--

INSERT INTO `aos_invoices_audit` VALUES ('11ee04b2-5ed8-99ce-12fc-640a4b3c8a58','46fb85c5-368c-d1ed-b295-640a4bcc5dc2','2023-03-09 21:13:04','1','shipping_amount_usdollar','currency','0.000000','56545',NULL,NULL),('12806277-4c8d-eca0-d465-640a4bce1ae2','46fb85c5-368c-d1ed-b295-640a4bcc5dc2','2023-03-09 21:13:04','1','total_amount_usdollar','currency','0.000000','56545',NULL,NULL),('25f998ee-d323-9fca-3b28-640a4c0893d0','3d33debc-1d52-913d-a04c-640a4c9b210c','2023-03-09 21:14:02','1','total_amount_usdollar','currency','0.000000','125',NULL,NULL);

--
-- Table structure for table `aos_line_item_groups`
--

CREATE TABLE `aos_line_item_groups` (
  `id` char(36) NOT NULL,
  `name` varchar(255) DEFAULT NULL,
  `date_entered` datetime DEFAULT NULL,
  `date_modified` datetime DEFAULT NULL,
  `modified_user_id` char(36) DEFAULT NULL,
  `created_by` char(36) DEFAULT NULL,
  `description` text DEFAULT NULL,
  `deleted` tinyint(1) DEFAULT 0,
  `assigned_user_id` char(36) DEFAULT NULL,
  `total_amt` decimal(26,6) DEFAULT NULL,
  `total_amt_usdollar` decimal(26,6) DEFAULT NULL,
  `discount_amount` decimal(26,6) DEFAULT NULL,
  `discount_amount_usdollar` decimal(26,6) DEFAULT NULL,
  `subtotal_amount` decimal(26,6) DEFAULT NULL,
  `subtotal_amount_usdollar` decimal(26,6) DEFAULT NULL,
  `tax_amount` decimal(26,6) DEFAULT NULL,
  `tax_amount_usdollar` decimal(26,6) DEFAULT NULL,
  `subtotal_tax_amount` decimal(26,6) DEFAULT NULL,
  `subtotal_tax_amount_usdollar` decimal(26,6) DEFAULT NULL,
  `total_amount` decimal(26,6) DEFAULT NULL,
  `total_amount_usdollar` decimal(26,6) DEFAULT NULL,
  `parent_type` varchar(100) DEFAULT NULL,
  `parent_id` char(36) DEFAULT NULL,
  `number` int(11) DEFAULT NULL,
  `currency_id` char(36) DEFAULT NULL,
  PRIMARY KEY (`id`)
) ENGINE=MyISAM DEFAULT CHARSET=utf8mb3 COLLATE=utf8mb3_general_ci;

--
-- Dumping data for table `aos_line_item_groups`
--


--
-- Table structure for table `aos_line_item_groups_audit`
--

CREATE TABLE `aos_line_item_groups_audit` (
  `id` char(36) NOT NULL,
  `parent_id` char(36) NOT NULL,
  `date_created` datetime DEFAULT NULL,
  `created_by` varchar(36) DEFAULT NULL,
  `field_name` varchar(100) DEFAULT NULL,
  `data_type` varchar(100) DEFAULT NULL,
  `before_value_string` varchar(255) DEFAULT NULL,
  `after_value_string` varchar(255) DEFAULT NULL,
  `before_value_text` text DEFAULT NULL,
  `after_value_text` text DEFAULT NULL,
  PRIMARY KEY (`id`),
  KEY `idx_aos_line_item_groups_parent_id` (`parent_id`)
) ENGINE=MyISAM DEFAULT CHARSET=utf8mb3 COLLATE=utf8mb3_general_ci;

--
-- Dumping data for table `aos_line_item_groups_audit`
--


--
-- Table structure for table `aos_pdf_templates`
--

CREATE TABLE `aos_pdf_templates` (
  `id` char(36) NOT NULL,
  `name` varchar(255) DEFAULT NULL,
  `date_entered` datetime DEFAULT NULL,
  `date_modified` datetime DEFAULT NULL,
  `modified_user_id` char(36) DEFAULT NULL,
  `created_by` char(36) DEFAULT NULL,
  `description` longtext DEFAULT NULL,
  `deleted` tinyint(1) DEFAULT 0,
  `assigned_user_id` char(36) DEFAULT NULL,
  `active` tinyint(1) DEFAULT 1,
  `type` varchar(100) DEFAULT NULL,
  `pdfheader` longtext DEFAULT NULL,
  `pdffooter` longtext DEFAULT NULL,
  `margin_left` int(255) DEFAULT 15,
  `margin_right` int(255) DEFAULT 15,
  `margin_top` int(255) DEFAULT 16,
  `margin_bottom` int(255) DEFAULT 16,
  `margin_header` int(255) DEFAULT 9,
  `margin_footer` int(255) DEFAULT 9,
  `page_size` varchar(100) DEFAULT NULL,
  `orientation` varchar(100) DEFAULT NULL,
  `ops_type_document_id` char(36) DEFAULT NULL,
  PRIMARY KEY (`id`)
) ENGINE=MyISAM DEFAULT CHARSET=utf8mb3 COLLATE=utf8mb3_general_ci;

--
-- Dumping data for table `aos_pdf_templates`
--

INSERT INTO `aos_pdf_templates` VALUES ('918a20cf-0ca0-5c29-e45f-6227cbd306dd','Convention mise à disposition logiciel','2022-03-08 21:31:06','2024-06-18 10:19:35','604ce6b2-0113-9588-7fa6-65f42e2efabe','1','<p> <img src=\"https://demo23-crm.opensub.fr/custom/themes/OEPLTheme/images/open-CRM-50.png\" alt=\"\" width=\"240\" height=\"90\" /></p><p dir=\"ltr\"> </p><p style=\"text-align:center;\" dir=\"ltr\">CONSEIL DEPARTEMENTAL DE LA CREUSE</p><p> </p><p><span>Direction Générale des Services<br />Direction Générale Adjointe Education, Culture, Sport et Tourisme<br />Direction des Affaires Culturelles et du Patrimoine</span></p><p><br /><br /></p><p dir=\"ltr\"> </p><h3 style=\"text-align:center;\" dir=\"ltr\">CONVENTION DE PARTENARIAT</h3><p dir=\"ltr\"> </p><p> </p><p dir=\"ltr\">ENTRE</p><p dir=\"ltr\"> </p><p dir=\"ltr\">Le Conseil Départemental de la Creuse,</p><p dir=\"ltr\">Représenté par sa Présidente, Madame xxx XXXXXXXXX dûment habilitée, </p><p dir=\"ltr\"><span>Hôtel du Département, </span><span>BP 250 23011 Guéret cedex</span></p><p> </p><p dir=\"ltr\">ET</p><p><br />L’ASSOCIATION $personne_morale_name, </p><p>Représenté(e) par $personne_morale_formule_appel_courrier, $ops_individu_ops_dossier_name_first_name $ops_individu_ops_dossier_name_last_name dûment habilité(e), </p><p dir=\"ltr\">Domiciliée - $personne_morale_shipping_address_street $personne_morale_billing_address_postalcode - $personne_morale_billing_address_city</p><p dir=\"ltr\">N° SIRET : $personne_morale_siret</p><p> </p><h3 dir=\"ltr\"> </h3><h3 dir=\"ltr\"> </h3><h3 dir=\"ltr\"><strong>Préambule</strong></h3><p>La politique culturelle mise en place par le Conseil départemental, vise à favoriser l’émergence d’une offre de qualité, pertinente et diversifiée sur l’ensemble de notre territoire.</p><p dir=\"ltr\">Notre ambition permanente est d’accompagner les projets à caractère culturel, artistique, identitaire et patrimonial mais aussi, de les mettre en synergie avec nos sites patrimoniaux et tous les autres sites du département.</p><p dir=\"ltr\">C’est également dans le prolongement de nos propres actions que nous soutenons les porteurs de projets issus du tissu associatif et des collectivités locales.</p><p dir=\"ltr\"> </p><h3 dir=\"ltr\"><strong>ARTICLE 1 : OBJET </strong></h3><p>La présente convention a pour objet de préciser les modalités d’utilisation et de contrôle du concours financier apporté par la Collectivité départementale à « $personne_morale_name », pour $ops_dossier_libelle_dossier.</p><h3 dir=\"ltr\"><strong>ARTICLE 2 : UTILISATION DE LA SUBVENTION</strong></h3><p dir=\"ltr\">Le Conseil départemental de la Creuse soutient ce projet en accordant à « $personne_morale_name » une subvention de $ops_dossier_montant_vote €.</p><h3 dir=\"ltr\">ARTICLE 3 : ENGAGEMENT DU BÉNÉFICIAIRE</h3><p>« $personne_morale_name » s’engage à utiliser les fonds départementaux aux seules fins visées à l’article 1 du présent document. </p><p dir=\"ltr\">Elle s’engage, par ailleurs à faire mention de la participation du Conseil départemental de la Creuse, notamment en y faisant figurer son logo, sur tous les supports de communication (affiches, tracts, dossiers de presse…).</p><h3 dir=\"ltr\">ARTICLE 4 : MODALITÉS DE RÈGLEMENT</h3><p>Le versement de la subvention s’effectuera par mandat administratif. La somme correspondante sera virée dans son intégralité sur le compte bancaire de </p><p dir=\"ltr\">« $personne_morale_name » aux références ci-après visées, domicilié à la BRED Banque Populaire. Le paiement s’effectuera de la manière suivante :</p><ul><li dir=\"ltr\"><p dir=\"ltr\">XXX % à la signature de la convention ;</p></li><li dir=\"ltr\"><p dir=\"ltr\">Le solde sur présentation des bilans qualitatif, quantitatif et financier.</p></li></ul><p> </p><div dir=\"ltr\" align=\"left\"><table><colgroup><col width=\"151\" /><col width=\"151\" /><col width=\"152\" /><col width=\"150\" /></colgroup><tbody><tr><td><p dir=\"ltr\"><strong>IBAN</strong></p></td><td><p dir=\"ltr\"><strong> </strong></p></td><td><p dir=\"ltr\"><strong>BIC</strong></p></td><td> </td></tr><tr><td><p dir=\"ltr\">$ops_dossier_iban</p></td><td><p dir=\"ltr\"> </p></td><td><p dir=\"ltr\"> $ops_dossier_bic</p></td><td><p dir=\"ltr\"> </p></td></tr></tbody></table></div><p> </p><h3 dir=\"ltr\">ARTICLE 5 : CONTROLE DE L’UTILISATION DE LA SUBVENTION</h3><p>« $personne_morale_name » est tenue, dans un rapport, de rendre compte de l’utilisation de la subvention aux fins prescrites. Par ailleurs, les instances organisatrices s’engagent à communiquer au Conseil départemental de la Creuse dans le mois de leur approbation, et au plus tard six mois après la date d’arrêt des comptes, tous documents comptables, relatifs à la période d’exécution de l’opération, dûment certifiés et signés par la Présidente et le trésorier.</p><p dir=\"ltr\">En outre, le Conseil départemental de la Creuse peut procéder à tout contrôle ou investigation qu’il jugera opportun, tant directement que par des personnes ou organismes dûment mandatés par lui, pour s’assurer du respect des engagements de « $personne_morale_name » vis-à-vis de la collectivité départementale.</p><h3 dir=\"ltr\">ARTICLE 6 : CLAUSES DE CADUCITE</h3><p>Dans tous les cas où la subvention allouée par le Conseil départemental de la Creuse serait utilisée à d’autres fins que celles prévues à l’article 1 de la présente convention, les liens contractuels unissant la Collectivité et « $personne_morale_name » seront rompus. « $personne_morale_name » sera alors tenue de reverser dans leur intégralité les sommes qu’elle aura perçues.</p><h3 dir=\"ltr\">ARTICLE 7 : RESILIATION</h3><p dir=\"ltr\">Au cas où l’une ou l’autre des parties manquerait à ses obligations, telles qu’elles résultent de la présente convention, celle-ci sera résiliée de plein droit après mise en demeure adressée à la partie défaillante effectuée par lettre recommandée avec accusé de réception.</p><h3 dir=\"ltr\">ARTICLE 8 : LITIGES</h3><p dir=\"ltr\">En cas de litige éventuel né de l’exécution de la présente convention, les parties s’engagent à privilégier le règlement amiable. A défaut d’accord, le litige sera porté devant le Tribunal Administratif.</p><p><br /><br /></p><p dir=\"ltr\">Fait à le Guéret </p><p><br /> </p><div dir=\"ltr\" align=\"left\"><table><colgroup><col width=\"151\" /><col width=\"151\" /><col width=\"152\" /><col width=\"150\" /></colgroup><tbody><tr><td><p dir=\"ltr\"><strong>$personne_morale_formule_appel_courrier</strong></p><p dir=\"ltr\"><strong>$personne_morale_name</strong></p><p dir=\"ltr\"> </p><p dir=\"ltr\"> </p></td><td><p dir=\"ltr\"><strong> </strong></p></td><td><strong> </strong></td><td><p dir=\"ltr\"><strong>Mme LA PRÉSIDENTE DU CONSEIL</strong></p><p dir=\"ltr\"><strong>DÉPARTEMENTAL </strong></p><p dir=\"ltr\"> </p></td></tr><tr><td><p dir=\"ltr\"><strong>$ops_individu_ops_dossier_name_salutation $ops_individu_ops_dossier_name_first_name $ops_individu_ops_dossier_name_last_name</strong></p></td><td><p dir=\"ltr\"> </p></td><td><p dir=\"ltr\"> </p></td><td><p dir=\"ltr\"><strong>xxx XXXXX</strong></p></td></tr></tbody></table></div>',0,'1',1,'OPS_dossier',NULL,NULL,15,15,16,16,9,9,'A4','Portrait','ca005519-5660-ebdd-fd30-66715ea6c839'),('bb9a5650-f1ea-597d-c8cc-622a49d9cca4','TEST CUSTOM','2022-03-10 18:54:24','2023-08-24 08:23:20','1','1','<p>--- BASIC :<br />Assigné à : $ops_dossier_assigned_user_name<br />Brouillon : $ops_dossier_brouillon<br />Bénéficiaire : $ops_dossier_beneficiaire<br />Canal : $ops_dossier_canal<br />Commentaire : $ops_dossier_commentaire<br />Commentaire décision : $ops_dossier_commentaire_decision<br />Commissions : $ops_dossier_commissions<br />Date ARE : $ops_dossier_date_are<br />Date avancement : $ops_dossier_date_avancement<br />Date d\'import : $ops_dossier_date_import<br />Date de création : $ops_dossier_date_entered<br />Date de dépôt : $ops_dossier_date_transmission<br />Date de la notification : $ops_dossier_date_notification<br />Date de modification : $ops_dossier_date_modified<br />Date du dossier GRU : $ops_dossier_date_demande<br />Demandeur : $ops_dossier_ops_individu_ops_dossier_name<br />Description : $ops_dossier_description<br />Dispositif : $ops_dossier_ops_dispositif_ops_dossier_name<br />Dossier dupliqué : $ops_dossier_duplication<br />Dossiers liés : $ops_dossier_ops_dossier_ops_dossier_name<br />Doublon : $ops_dossier_doublon<br />Décision commission : $ops_dossier_decision_commission<br />Id de l\'utilisateur assigné : $ops_dossier_assigned_user_id<br />LBL_DUPLICATION_ID : $ops_dossier_duplication_id<br />Libellé complémentaire : $ops_dossier_libelle_compl<br />Libellé du dossier : $ops_dossier_libelle_dossier<br />Motif décision : $ops_dossier_motif_decision<br />Motifs de rejet : $ops_dossier_motif_rejet<br />Nom : $ops_dossier_name<br />N° dossier : $ops_dossier_num_dossier<br />Profil : $ops_dossier_ops_personne_morale<br />Réunions : $ops_dossier_reunions<br />Statut : $ops_dossier_statut<br />Thèmatique : $ops_dossier_thematique<br />Type de profil : $ops_dossier_type_tiers<br />Élu : $ops_dossier_ops_elu_ops_dossier_name<br />Étape : $ops_dossier_etape</p><p>--- Custom :<br />Case à cocher : $ops_dossier_ma_case</p><p>Date : $ops_dossier_ma_date<br />Liste : $ops_dossier_ma_liste<br />Liste multiple : $ops_dossier_liste_multiple<br />Note : $ops_dossier_ma_note<br />Pourcentage : $ops_dossier_mon_pourcent<br />IBAN : $ops_dossier_mon_iban<br />WYSWYG : $ops_dossier_mon_wysiwyg<br />Bouton-radion : $ops_dossier_mon_bouton<br />Montant : $ops_dossier_mon_montant<br />Nombre : $ops_dossier_mon_nombre<br />Texte : $ops_dossier_mon_texte<br />Texte long : $ops_dossier_mon_texte_long</p><p> </p>',1,'1',1,'OPS_dossier',NULL,NULL,15,15,16,16,9,9,'A4','Portrait','e89e03bb-c548-9b7c-6f9c-6218fbd8941d'),('d4585194-3394-c550-a4f0-622a492deb40','zzz','2022-03-10 18:54:32','2023-08-24 08:23:20','1','1','',1,'1',1,'OPS_dossier','','',15,15,16,16,9,9,'A4','Portrait',''),('56d1651a-2390-4f90-e4de-62ea85929bf1','Modèles PDF profil','2022-08-03 14:27:06','2023-01-28 17:38:10','1','1','<p>Ceci est un modèle PDF avec des variables :</p><p>Profil - raison sociale : $ops_personne_morale_name</p><p> </p><p> </p>',0,'1',1,'OPS_personne_morale',NULL,NULL,15,15,16,16,9,9,'A4','Portrait','14d115a3-984e-e807-a175-609c0cfc3a56'),('d8cb73fc-6a15-4bc2-71e0-62ea859eb7c1','Modèles PDF individu','2022-08-03 14:27:43','2023-01-19 17:10:24','1','1','<p>Ceci est un modèle PDF avec des variables :</p><p>Individu : $ops_individu_name $ops_individu_first_name</p><p> </p>',0,'1',1,'OPS_individu',NULL,NULL,15,15,16,16,9,9,'A4','Portrait','14d115a3-984e-e807-a175-609c0cfc3a56'),('ef21c997-6bde-c58c-bf1e-64f3843db9ee','Attestation','2023-09-02 18:51:19','2024-01-24 09:54:24','1','1','<p> <img src=\"https://demo23-crm.opensub.fr/custom/themes/OEPLTheme/images/open-CRM-50.png\" alt=\"\" width=\"170\" height=\"50\" /></p><p dir=\"ltr\"> </p><p style=\"text-align:center;\" dir=\"ltr\">CONSEIL DEPARTEMENTAL DE LA CREUSE</p><p> </p><p><span>Direction Générale des Services<br />Direction Générale Adjointe Education, Culture, Sport et Tourisme<br />Direction des Affaires Culturelles et du Patrimoine</span></p><p><br /><br /></p><p dir=\"ltr\"> </p><h3 style=\"text-align:center;\" dir=\"ltr\">CONVENTION DE PARTENARIAT</h3><p dir=\"ltr\"> </p><p> </p><p dir=\"ltr\">ENTRE</p><p dir=\"ltr\"> </p><p dir=\"ltr\">Le Conseil Départemental de la Creuse,</p><p dir=\"ltr\">Représenté par sa Présidente, Madame xxx XXXXXXXXX dûment habilitée, </p><p dir=\"ltr\"><span>Hôtel du Département, </span><span>BP 250 23011 Guéret cedex</span></p><p> </p><p dir=\"ltr\">ET</p><p><br />L’ASSOCIATION $personne_morale_name, </p><p>Représenté(e) par $personne_morale_formule_appel_courrier, $ops_individu_ops_dossier_name_first_name $ops_individu_ops_dossier_name_last_name dûment habilité(e), </p><p dir=\"ltr\">Domiciliée - $personne_morale_shipping_address_street $personne_morale_billing_address_postalcode - $personne_morale_billing_address_city</p><p dir=\"ltr\">N° SIRET : $personne_morale_siret</p><p> </p><h3 dir=\"ltr\"> </h3><h3 dir=\"ltr\"> </h3><h3 dir=\"ltr\"><strong>Préambule</strong></h3><p>La politique culturelle mise en place par le Conseil départemental, vise à favoriser l’émergence d’une offre de qualité, pertinente et diversifiée sur l’ensemble de notre territoire.</p><p dir=\"ltr\">Notre ambition permanente est d’accompagner les projets à caractère culturel, artistique, identitaire et patrimonial mais aussi, de les mettre en synergie avec nos sites patrimoniaux et tous les autres sites du département.</p><p dir=\"ltr\">C’est également dans le prolongement de nos propres actions que nous soutenons les porteurs de projets issus du tissu associatif et des collectivités locales.</p><p dir=\"ltr\"> </p><h3 dir=\"ltr\"><strong>ARTICLE 1 : OBJET </strong></h3><p>La présente convention a pour objet de préciser les modalités d’utilisation et de contrôle du concours financier apporté par la Collectivité départementale à « $personne_morale_name », pour $ops_dossier_libelle_dossier.</p><h3 dir=\"ltr\"><strong>ARTICLE 2 : UTILISATION DE LA SUBVENTION</strong></h3><p dir=\"ltr\">Le Conseil départemental de la Creuse soutient ce projet en accordant à « $personne_morale_name » une subvention de $ops_dossier_montant_vote €.</p><h3 dir=\"ltr\">ARTICLE 3 : ENGAGEMENT DU BÉNÉFICIAIRE</h3><p>« $personne_morale_name » s’engage à utiliser les fonds départementaux aux seules fins visées à l’article 1 du présent document. </p><p dir=\"ltr\">Elle s’engage, par ailleurs à faire mention de la participation du Conseil départemental de la Creuse, notamment en y faisant figurer son logo, sur tous les supports de communication (affiches, tracts, dossiers de presse…).</p><h3 dir=\"ltr\">ARTICLE 4 : MODALITÉS DE RÈGLEMENT</h3><p>Le versement de la subvention s’effectuera par mandat administratif. La somme correspondante sera virée dans son intégralité sur le compte bancaire de </p><p dir=\"ltr\">« $personne_morale_name » aux références ci-après visées, domicilié à la BRED Banque Populaire. Le paiement s’effectuera de la manière suivante :</p><ul><li dir=\"ltr\"><p dir=\"ltr\">XXX % à la signature de la convention ;</p></li><li dir=\"ltr\"><p dir=\"ltr\">Le solde sur présentation des bilans qualitatif, quantitatif et financier.</p></li></ul><p> </p><div dir=\"ltr\" align=\"left\"><table><colgroup><col width=\"151\" /><col width=\"151\" /><col width=\"152\" /><col width=\"150\" /></colgroup><tbody><tr><td><p dir=\"ltr\"><strong>IBAN</strong></p></td><td><p dir=\"ltr\"><strong> </strong></p></td><td><p dir=\"ltr\"><strong>BIC</strong></p></td><td> </td></tr><tr><td><p dir=\"ltr\">$ops_dossier_iban</p></td><td><p dir=\"ltr\"> </p></td><td><p dir=\"ltr\"> $ops_dossier_bic</p></td><td><p dir=\"ltr\"> </p></td></tr></tbody></table></div><p> </p><h3 dir=\"ltr\">ARTICLE 5 : CONTROLE DE L’UTILISATION DE LA SUBVENTION</h3><p>« $personne_morale_name » est tenue, dans un rapport, de rendre compte de l’utilisation de la subvention aux fins prescrites. Par ailleurs, les instances organisatrices s’engagent à communiquer au Conseil départemental de la Creuse dans le mois de leur approbation, et au plus tard six mois après la date d’arrêt des comptes, tous documents comptables, relatifs à la période d’exécution de l’opération, dûment certifiés et signés par la Présidente et le trésorier.</p><p dir=\"ltr\">En outre, le Conseil départemental de la Creuse peut procéder à tout contrôle ou investigation qu’il jugera opportun, tant directement que par des personnes ou organismes dûment mandatés par lui, pour s’assurer du respect des engagements de « $personne_morale_name » vis-à-vis de la collectivité départementale.</p><h3 dir=\"ltr\">ARTICLE 6 : CLAUSES DE CADUCITE</h3><p>Dans tous les cas où la subvention allouée par le Conseil départemental de la Creuse serait utilisée à d’autres fins que celles prévues à l’article 1 de la présente convention, les liens contractuels unissant la Collectivité et « $personne_morale_name » seront rompus. « $personne_morale_name » sera alors tenue de reverser dans leur intégralité les sommes qu’elle aura perçues.</p><h3 dir=\"ltr\">ARTICLE 7 : RESILIATION</h3><p dir=\"ltr\">Au cas où l’une ou l’autre des parties manquerait à ses obligations, telles qu’elles résultent de la présente convention, celle-ci sera résiliée de plein droit après mise en demeure adressée à la partie défaillante effectuée par lettre recommandée avec accusé de réception.</p><h3 dir=\"ltr\">ARTICLE 8 : LITIGES</h3><p dir=\"ltr\">En cas de litige éventuel né de l’exécution de la présente convention, les parties s’engagent à privilégier le règlement amiable. A défaut d’accord, le litige sera porté devant le Tribunal Administratif de Guadeloupe.</p><p><br /><br /></p><p dir=\"ltr\">Fait à le Guéret</p><p><br /> </p><div dir=\"ltr\" align=\"left\"><table><colgroup><col width=\"151\" /><col width=\"151\" /><col width=\"152\" /><col width=\"150\" /></colgroup><tbody><tr><td><p dir=\"ltr\"><strong>$personne_morale_formule_appel_courrier</strong></p><p dir=\"ltr\"><strong>$personne_morale_name</strong></p><p dir=\"ltr\"> </p><p dir=\"ltr\"> </p></td><td><p dir=\"ltr\"><strong> </strong></p></td><td><strong> </strong></td><td><p dir=\"ltr\"><strong>Mme LA PRÉSIDENTE DU CONSEIL</strong></p><p dir=\"ltr\"><strong>DÉPARTEMENTAL </strong></p><p dir=\"ltr\"> </p></td></tr><tr><td><p dir=\"ltr\"><strong>$ops_individu_ops_dossier_name_salutation $ops_individu_ops_dossier_name_first_name $ops_individu_ops_dossier_name_last_name</strong></p></td><td><p dir=\"ltr\"> </p></td><td><p dir=\"ltr\"> </p></td><td><p dir=\"ltr\"><strong>xxx XXXXX</strong></p></td></tr></tbody></table></div>',0,'1',1,'OPS_dossier',NULL,NULL,15,15,16,16,9,9,'A4','Portrait','db752fbe-685e-ec86-eff7-6437072e5e9c'),('3f567d14-b277-a2b5-b926-65bfd4e7e7ab','Invitation voeux','2024-02-04 18:15:49','2024-03-18 17:31:45','1','1','<h1 style=\"text-align:center;\" dir=\"ltr\"> </h1><h1 style=\"text-align:center;\" dir=\"ltr\">CONFIRMATION D\'INSCRIPTION</h1><p> </p><p><strong>Objet : votre invitation aux voeux de la Collectivité</strong></p><p>Vous avez bien voulu vous inscrire aux voeux de la Collectivité, nous souhaitons vous en remercier.</p><p>La collectivité,</p><p dir=\"ltr\">Représenté par sa Présidente, Madame Dublanche,  </p><p dir=\"ltr\">Sera honoré de la présence de :</p><p><br />La société $personne_morale_name, </p><p>Représenté(e) par $ops_individu_ops_dossier_name_first_name $ops_individu_ops_dossier_name_last_name dûment habilité(e), </p><p dir=\"ltr\">Domiciliée - $personne_morale_shipping_address_street $personne_morale_billing_address_postalcode - $personne_morale_billing_address_city </p><p dir=\"ltr\">N° SIRET : $personne_morale_siret</p><p> </p><h3 dir=\"ltr\">Personnes inscrites (via le portail) :</h3><p>$ops_dossier_tab_inscriptions</p><h3 dir=\"ltr\"><strong>Présentation de la manifestation</strong></h3><p>ici le texte de présentation</p><p dir=\"ltr\"><span style=\"font-size:1.17em;\"> </span></p><p dir=\"ltr\">Fait à AIX-EN-PROVENCE, le </p>',0,'1',1,'OPS_dossier','<p style=\"text-align:center;\"> <img src=\"https://demo24.opensub.fr/wp-content/uploads/2022/08/logo-ville-300x269-1.png\" alt=\"\" width=\"200\" /></p>',NULL,15,15,16,16,9,9,'A4','Portrait','8fadb7cc-224a-e571-e57f-65f69837ca5f'),('8f2a659b-4430-6d2e-701e-65f6a9e3f44e','Remerciements voeux','2024-03-17 08:26:54','2024-03-18 17:50:40','1','1','<h1 style=\"text-align:center;\" dir=\"ltr\"> </h1><h1 style=\"text-align:center;\" dir=\"ltr\">Votre participation aux voeux</h1><p> </p><p><strong>Objet : remerciements participation aux voeux de la Collectivité</strong></p><p> </p><p>Madame, Monsieur,</p><p>Votre entreprise a bien voulu participer aux voeux de la collectivité, nous tenons à vous en remercier.</p><p> </p><h3 dir=\"ltr\">Personnes présentes:</h3><p>$ops_dossier_tab_presences</p><h3 dir=\"ltr\"><strong> </strong></h3><p dir=\"ltr\">Fait à AIX-EN-PROVENCE, le </p>',0,'1',1,'OPS_dossier','<p style=\"text-align:center;\"> <img src=\"https://demo24.opensub.fr/wp-content/uploads/2022/08/logo-ville-300x269-1.png\" alt=\"\" width=\"200\" /></p>',NULL,15,15,16,16,9,9,'A4','Portrait','8fadb7cc-224a-e571-e57f-65f69837ca5f'),('191f0d3a-94ba-e6c4-31ae-65f4051d75dd','Notification accord manifestation','2024-03-15 08:24:17','2024-03-15 08:29:42','1','1','<table style=\"height:133px;width:100%;font-family:Nunito, sans-serif;border-collapse:collapse;margin-left:40px;margin-right:80px;\"><tbody><tr><td style=\"margin-left:40px;\"><p><img src=\"https://demo24.opensub.fr/wp-content/uploads/2022/08/logo-ville-300x269-1.png\" alt=\"\" width=\"250\" /></p></td><td style=\"padding:5px;text-align:right;\"><p style=\"text-align:right;font-size:12pt;font-weight:bold;\">Draguignan, le $documents_date_generer</p></td></tr><tr><td style=\"padding:16px 0 0 25px;\" colspan=\"2\">U Presidente</td></tr></tbody></table><div style=\"padding-left:55px;padding-right:80px;font-family:Nunito, sans-serif;text-align:justify;font-size:11pt;\"><table style=\"font-family:Nunito, sans-serif;border-collapse:collapse;\" align=\"right\"><tbody><tr><td><p style=\"font-size:10pt;margin-top:0px;text-align:left;\">$demandeur_salutation $demandeur_first_name $demandeur_last_name <br /> $ops_personne_morale_name <br /> $ops_personne_morale_billing_address_number $ops_personne_morale_billing_address_street <br /> $ops_personne_morale_billing_address_postalcode $ops_personne_morale_billing_address_city</p></td></tr></tbody></table><p> </p><div style=\"padding-left:40px;\"><p style=\"font-size:9pt;\"><span style=\"text-decoration:underline;font-weight:bold;\">Objet :</span> Notification d’acceptation de votre manifestation</p><p style=\"font-size:9pt;\"><span style=\"text-decoration:underline;font-weight:bold;\">Votre Identifiant :</span> $ops_dossier_num_dossier</p><p> </p><p style=\"text-indent:3em;\">$ops_individu_salutation,</p><p style=\"text-indent:3em;text-align:justify;\">J\'ai le plaisir de vous faire savoir que la ville a accepté votre demande : <span>$ops_dispositif_ops_dossier_name_name</span>, pour la manifestation suivante :</p><ul style=\"padding-left:6.5em;\"><li style=\"text-align:justify;\">  $ops_dossier_libelle_dossier</li></ul><p style=\"text-indent:3em;text-align:justify;\">Cette attribution est subordonnée à la réalisation de votre projet ainsi qu’à la conformité administrative de votre dossier.</p><p style=\"text-indent:3em;text-align:justify;\">Sachez que j’ai d’ores et déjà donné toutes instructions aux services de l’Agence afin que dès le vote du budget ils traitent l’avancement de votre dossier dans les meilleurs délais. Mes services se tiennent à votre disposition pour toute autre information complémentaire.</p><p style=\"text-indent:3em;text-align:justify;\">Pour information, le montant de valorisation de l\'aide apportée est de : </p><p style=\"text-indent:3em;text-align:justify;\"><strong>$ops_dossier_montant_vote euros</strong></p><p style=\"text-indent:3em;text-align:justify;\">Je vous prie de croire, <span>$ops_individu_salutation</span>, à l’assurance de ma parfaite considération.</p><p> </p><p> </p><p style=\"text-align:right;font-weight:bold;\">Le Maire</p></div></div>',0,'1',1,'OPS_dossier',NULL,NULL,15,15,16,16,9,9,'A4','Portrait','58b29456-8014-e966-3509-6426d61c1dd8'),('57b6365f-3478-74aa-6787-6633cf914e8d','Candidature offre : lettre d\'embauche','2024-05-02 17:36:54','2024-05-03 09:04:55','1','1','<table style=\"width:100%;\"><tbody><tr><td rowspan=\"2\"><img style=\"vertical-align:bottom;margin-left:auto;margin-right:auto;\" src=\"https://cd90-portail-prp.integration-lanteas2.fr/wp-content/uploads/TerritoireDeBelfort_LOGO_RVB.png\" alt=\"Logo Région Guadeloupe\" width=\"80\" height=\"80\" /> DIRECTION DES RESSOURCES HUMAINES</td><td style=\"vertical-align:bottom;\"><p><span style=\"font-size:small;\"> </span></p></td></tr></tbody></table><p> </p><p> </p><table><colgroup><col style=\"width:48%;\" /> <col style=\"width:52%;\" /></colgroup><tbody><tr><td><span style=\"font-size:small;\">                                                                                                          </span></td><td><span style=\"font-size:small;\">$ops_dossier_salutation $ops_dossier_last_name $ops_dossier_first_name                               </span><br /><span style=\"font-size:small;\">$ops_dossier_adresse_domiciliation              </span></td></tr><tr><td> </td><td><span style=\"font-size:x-small;\"><span>    <br />    <br />  <br />    <br /><span style=\"font-size:small;\">Belfort, le {DATE d/m/Y}</span></span></span></td></tr></tbody></table><p><br /><br /><span style=\"font-size:x-small;\">Nos réf : $ops_dossier_ref_courrier</span><span style=\"font-size:x-small;\">                    </span></p><p style=\"text-align:left;\"><span style=\"font-size:x-small;\"><strong> </strong></span></p><p style=\"text-align:justify;\" dir=\"ltr\"><span style=\"font-size:small;\"><strong>Objet : Lettre d\'embauche<br /></strong><em><span id=\"sugar_text_docs-internal-guid-152456d2-7fff-6619-0e47-83a5df3fc3c5\"><br /><br /></span></em>$ops_dossier_salutation,<br /><br />Suite à votre candidature pour le poste de \"$ops_dossier_libelle_dossier\" (déclaration n°$ops_dossier_ref_offre_emploi), vous avez été auditionné(e) le $ops_dossier_entretien_date.<br /><br />J\'ai le plaisir de vous informer que votre candidature a été retenue.<br /><br />Ainsi, vous occuperez à compter du $ops_dossier_date_declaration pour une durée de $ops_dossier_emploi_duree $ops_dossier_effectif un emploi à $ops_dossier_menu_autorise en qualité de $ops_dossier_libelle_compl pour assurer les fonctions de $ops_dossier_libelle_dossier<span> au sein de la  $ops_dossier_thematique</span>.<br /><br />Pour la bonne tenue de votre dossier, je vous saurais gré de bien vouloir nous retourner un exemplaire de la présente lettre revêtue de votre signature précédée de la mention manuscrite \"lu et approuvé\".<br /><br />Afin de finaliser votre dossier, vous êtes prié(e) de prendre l\'attache de Madame Messinese Deborah de la direction des ressources humaines au 0590.80.40.40 (poste 44.74), adresse mail : <a href=\"mailto:deborah.messinese@territoiredebelfort.fr\">deborah.messinese@territoiredebelfort.fr</a>.<br /><br />Je vous prie de croire, $ops_dossier_salutation, en l\'assurance de ma considération distinguée.</span></p><p><span style=\"font-size:small;\">  </span></p><p style=\"text-align:justify;\" dir=\"ltr\"><span style=\"font-size:small;\"><strong>                                                                                                     </strong>Le Président du Département de Belfort</span></p><p style=\"text-align:justify;\"><span style=\"font-size:small;\"><strong> </strong></span></p><p style=\"text-align:justify;\"><span style=\"font-size:small;\">Florian Bouquet<strong><br />                                                                                                 </strong><br /></span></p>',0,'1',1,'OPS_dossier',NULL,NULL,15,15,16,16,9,9,'A4','Portrait','c7455c0d-9bc8-7589-3b9c-6633cf1494a7'),('afda0bc3-ebcc-caea-5a74-6633d08bea52','Candidature offre : lettre négative après audition','2024-05-02 17:42:59','2024-05-03 06:58:52','1','1','<table style=\"width:100%;\"><tbody><tr><td rowspan=\"2\"><img style=\"vertical-align:bottom;margin-left:auto;margin-right:auto;\" src=\"https://cd90-portail-prp.integration-lanteas2.fr/wp-content/uploads/TerritoireDeBelfort_LOGO_RVB.png\" alt=\"Logo Région Guadeloupe\" width=\"80\" height=\"80\" /> DIRECTION DES RESSOURCES HUMAINES</td><td style=\"vertical-align:bottom;\"><p><span style=\"font-size:small;\"> </span></p></td></tr></tbody></table><p> </p><p> </p><table><colgroup><col style=\"width:48%;\" /> <col style=\"width:52%;\" /></colgroup><tbody><tr><td><span style=\"font-size:small;\">                                                                                                          </span></td><td><span style=\"font-size:small;\">$ops_dossier_salutation $ops_dossier_last_name $ops_dossier_first_name                               </span><br /><span style=\"font-size:small;\">$ops_dossier_adresse_domiciliation              </span></td></tr><tr><td> </td><td><span style=\"font-size:x-small;\"><span>    <br />    <br />    <br />    <br /><span style=\"font-size:small;\">Belfort, le {DATE d/m/Y}</span></span></span></td></tr></tbody></table><p><br /><br /><span style=\"font-size:x-small;\">Nos réf : $ops_dossier_ref_courrier</span><span style=\"font-size:x-small;\">                    </span></p><p style=\"text-align:left;\"><span style=\"font-size:x-small;\"><strong> </strong></span></p><p style=\"text-align:justify;\" dir=\"ltr\"><span style=\"font-size:small;\">Objet : <span id=\"sugar_text_docs-internal-guid-ec2d4816-7fff-05e2-d7e1-fecd6659fe01\">Votre candidature au poste de $ops_dossier_libelle_dossier</span><strong><br /></strong><em><span id=\"sugar_text_docs-internal-guid-152456d2-7fff-6619-0e47-83a5df3fc3c5\"><br /><br /></span></em>$ops_dossier_salutation,<br /><br />Vous avez fait acte de candidature au poste de $ops_dossier_libelle_dossier par courriel en date du $ops_dossier_date_transmission.<br /><br />Faisant suite à votre audition le $ops_dossier_entretien_date, je suis au regret de vous informer, qu’au regard du profil recherché et des éléments que vous avez pu faire valoir, votre candidature n’a pas été retenue.<br /><br />La direction des ressources humaines gardera dans ses fichiers votre lettre de motivation et votre CV et ne manquera pas de vous contacter si un poste ouvert serait susceptible de correspondre à votre profil.<br /><br />Vous remerciant de l’intérêt que vous avez consacré à notre collectivité, nous vous prions de croire, $ops_dossier_salutation, à l’expression de notre considération distinguée.</span></p><p><span style=\"font-size:small;\">  </span></p><p style=\"text-align:justify;\" dir=\"ltr\"><span style=\"font-size:small;\"><strong>                                                                                                     </strong>Le Directrice des Ressources Humaines</span></p><p style=\"text-align:justify;\"><span style=\"font-size:small;\"><strong> </strong></span></p><p style=\"text-align:justify;\"><span style=\"font-size:small;\"><strong> <br />                                                                                                     </strong>Madeleine Mazet</span></p><p style=\"text-align:justify;\"><span style=\"font-size:x-small;\"><strong> </strong></span></p>',0,'1',1,'OPS_dossier',NULL,NULL,15,15,16,16,9,9,'A4','Portrait','c7455c0d-9bc8-7589-3b9c-6633cf1494a7'),('efa7462d-561f-c2d4-fb47-6633d127fc26','Candidature offre : lettre négative directe','2024-05-02 17:45:11','2024-05-03 06:59:10','1','1','<table style=\"width:100%;\"><tbody><tr><td rowspan=\"2\"><img style=\"vertical-align:bottom;margin-left:auto;margin-right:auto;\" src=\"https://cd90-portail-prp.integration-lanteas2.fr/wp-content/uploads/TerritoireDeBelfort_LOGO_RVB.png\" alt=\"Logo Région Guadeloupe\" width=\"80\" height=\"80\" /> DIRECTION DES RESSOURCES HUMAINES</td><td style=\"vertical-align:bottom;\"><p><span style=\"font-size:small;\"> </span></p></td></tr></tbody></table><p> </p><p> </p><table><colgroup><col style=\"width:48%;\" /> <col style=\"width:52%;\" /></colgroup><tbody><tr><td>                                                                                            </td><td><span style=\"font-size:small;\">$ops_dossier_salutation $ops_dossier_last_name $ops_dossier_first_name                               </span><br /><span style=\"font-size:small;\">$ops_dossier_adresse_domiciliation              </span></td></tr><tr><td> </td><td><span style=\"font-size:small;\">    <br />    <br />    <br />    <br />Belfort, le {DATE d/m/Y}</span></td></tr></tbody></table><p><br /><br /><span style=\"font-size:small;\"><span style=\"font-size:x-small;\">Nos réf : $ops_dossier_ref_courrier</span>                    </span></p><p style=\"text-align:left;\"><span style=\"font-size:small;\"><strong> </strong></span></p><p style=\"text-align:justify;\" dir=\"ltr\"><span style=\"font-size:small;\">Objet : <span id=\"sugar_text_docs-internal-guid-ec2d4816-7fff-05e2-d7e1-fecd6659fe01\">Votre candidature au poste de $ops_dossier_libelle_dossier</span><strong><br /></strong><em><span id=\"sugar_text_docs-internal-guid-152456d2-7fff-6619-0e47-83a5df3fc3c5\"><br /><br /></span></em>$ops_dossier_salutation,<br /><br />Vous avez fait acte de candidature au poste de $ops_dossier_libelle_dossier au sein de notre collectivité et je vous en remercie.<br /><br />Après une étude très attentive de votre demande, je suis au regret de vous informer, qu’au regard du profil recherché et des éléments que vous avez pu faire valoir, votre candidature n’a pas été retenue.<br /><br />La direction des ressources humaines gardera dans ses fichiers votre lettre de motivation et votre CV et ne manquera pas de vous contacter si un poste ouvert serait susceptible de correspondre à votre profil.<br /><br />Vous remerciant de l’intérêt que vous avez consacré à notre collectivité, nous vous prions de croire, $ops_dossier_salutation, à l’expression de notre considération distinguée.</span></p><p><span style=\"font-size:small;\">  </span></p><p style=\"text-align:justify;\" dir=\"ltr\"><span style=\"font-size:small;\"><strong>                                                                                                    </strong>La Directrice des Ressources Humaines</span></p><p style=\"text-align:justify;\"><span style=\"font-size:small;\"><strong> </strong></span></p><p style=\"text-align:justify;\"><span style=\"font-size:small;\"><strong><br />                                                                                                    </strong>Madeleine Mazet</span></p><p style=\"text-align:justify;\"><span style=\"font-size:x-small;\"><strong> </strong></span></p>',0,'1',1,'OPS_dossier',NULL,NULL,15,15,16,16,9,9,'A4','Portrait','c7455c0d-9bc8-7589-3b9c-6633cf1494a7'),('ddbcb035-bc07-9d47-7bab-6633d156e0d7','Candidature spontanée : lettre négative','2024-05-02 17:48:05','2024-05-03 06:59:26','1','1','<table style=\"width:100%;\"><tbody><tr><td rowspan=\"2\"><img style=\"vertical-align:bottom;margin-left:auto;margin-right:auto;\" src=\"https://cd90-portail-prp.integration-lanteas2.fr/wp-content/uploads/TerritoireDeBelfort_LOGO_RVB.png\" alt=\"Logo Région Guadeloupe\" width=\"80\" height=\"80\" /> DIRECTION DES RESSOURCES HUMAINES</td><td style=\"vertical-align:bottom;\"><p><span style=\"font-size:small;\"> </span></p></td></tr></tbody></table><p> </p><p> </p><table><colgroup><col style=\"width:48%;\" /> <col style=\"width:52%;\" /></colgroup><tbody><tr><td>                                                                                            </td><td><span style=\"font-size:small;\">$ops_dossier_salutation $ops_dossier_last_name $ops_dossier_first_name                               </span><br /><span style=\"font-size:small;\">$ops_dossier_adresse_domiciliation              </span></td></tr><tr><td> </td><td><span style=\"font-size:small;\">    <br />    <br />    <br />    <br />Belfort, le {DATE d/m/Y}</span></td></tr></tbody></table><p><br /><br /><span style=\"font-size:small;\"><span style=\"font-size:x-small;\">Nos réf : $ops_dossier_ref_courrier</span>                    </span></p><p style=\"text-align:left;\"><span style=\"font-size:small;\"><strong> </strong></span></p><p style=\"text-align:justify;\" dir=\"ltr\"><span style=\"font-size:small;\">Objet : <span id=\"sugar_text_docs-internal-guid-ec2d4816-7fff-05e2-d7e1-fecd6659fe01\">Votre candidature spontanée</span><strong><br /></strong><em><span id=\"sugar_text_docs-internal-guid-152456d2-7fff-6619-0e47-83a5df3fc3c5\"><br /><br /></span></em>$ops_dossier_salutation,<br /><br />Vous avez fait acte de candidature au sein de notre Département et je vous en remercie.<br /><br />Après une étude très attentive de votre demande, je suis au regret de vous informer, qu’au regard de votre profil et des éléments que vous avez pu faire valoir, votre candidature n’a pas été retenue car nous n\'avons pas de besoin actuellement.<br /><br />La direction des ressources humaines gardera dans ses fichiers votre lettre de motivation et votre CV et ne manquera pas de vous contacter si un poste ouvert serait susceptible de correspondre à votre profil.<br /><br />Vous remerciant de l’intérêt que vous avez consacré à notre collectivité, nous vous prions de croire, $ops_dossier_salutation, à l’expression de notre considération distinguée.</span></p><p><span style=\"font-size:small;\">  </span></p><p style=\"text-align:justify;\" dir=\"ltr\"><span style=\"font-size:small;\"><strong>                                                                                                    </strong>La Directrice des Ressources Humaines</span></p><p style=\"text-align:justify;\"><span style=\"font-size:small;\"><strong> </strong></span></p><p style=\"text-align:justify;\"><span style=\"font-size:small;\"><strong><br />                                                                                                    </strong>Madeleine Mazet</span></p><p style=\"text-align:justify;\"><span style=\"font-size:x-small;\"><strong> </strong></span></p>',0,'1',1,'OPS_dossier',NULL,NULL,15,15,16,16,9,9,'A4','Portrait','c7455c0d-9bc8-7589-3b9c-6633cf1494a7'),('92170b31-9bcd-fee8-5131-6633d3aa7b54','Candidature : lettre convocation entretien en visio','2024-05-02 17:53:06','2024-05-03 08:43:34','1','1','<table style=\"width:100%;\"><tbody><tr><td rowspan=\"2\"><img style=\"vertical-align:bottom;margin-left:auto;margin-right:auto;\" src=\"https://cd90-portail-prp.integration-lanteas2.fr/wp-content/uploads/TerritoireDeBelfort_LOGO_RVB.png\" alt=\"Logo Région Guadeloupe\" width=\"80\" height=\"80\" /> DIRECTION DES RESSOURCES HUMAINES</td><td style=\"vertical-align:bottom;\"><p><span style=\"font-size:small;\"> </span></p></td></tr></tbody></table><p> </p><p> </p><table><colgroup><col style=\"width:48%;\" /> <col style=\"width:52%;\" /></colgroup><tbody><tr><td><span style=\"font-size:small;\">                                                                                                          </span></td><td><span style=\"font-size:small;\">$ops_dossier_salutation $ops_dossier_last_name $ops_dossier_first_name                               </span><br /><span style=\"font-size:small;\">$ops_dossier_adresse_domiciliation              </span></td></tr><tr><td> </td><td><span style=\"font-size:x-small;\"><span>    <br />    <br />  <br />    <br /><span style=\"font-size:small;\">Belfort, le {DATE d/m/Y}</span></span></span></td></tr></tbody></table><p><br /><br /><span style=\"font-size:x-small;\">Nos réf : $ops_dossier_ref_courrier</span><span style=\"font-size:x-small;\">                   </span></p><p style=\"text-align:left;\"><span style=\"font-size:x-small;\"><strong> </strong></span></p><p style=\"text-align:justify;\" dir=\"ltr\"><span style=\"font-size:small;\"><strong>Objet : convocation à un entretien (en visio)<br /></strong><em><span id=\"sugar_text_docs-internal-guid-152456d2-7fff-6619-0e47-83a5df3fc3c5\"><br /><br /></span></em><span>$ops_dossier_salutation</span>,<br /><br />Suite à votre candidature pour le poste de \"$ops_dossier_libelle_dossier\" nous avons le plaisir de vous informer que votre candidature a retenu toute notre attention et que nous souhaitons vous rencontrer pour un entretien.<br /><br />Nous vous convions à <strong>un entretien en visio Teams</strong> :</span></p><p style=\"text-align:justify;\" dir=\"ltr\"><span style=\"font-size:small;\">- le $ops_dossier_entretien_date à $ops_dossier_entretien_heure</span></p><p style=\"text-align:justify;\" dir=\"ltr\"><span style=\"font-size:small;\">- lien Teams : $ops_dossier_entretien_lien_zoom</span></p><p style=\"text-align:justify;\" dir=\"ltr\"> </p><p style=\"text-align:justify;\" dir=\"ltr\"><span style=\"font-size:small;\">Dans cette attente, je vous prie de croire, $ops_dossier_salutation, en l\'assurance de ma considération distinguée.</span></p><p><span style=\"font-size:small;\">  </span></p><p style=\"text-align:justify;\" dir=\"ltr\"><span style=\"font-size:small;\"><strong>                                                                                                     </strong>La Directrice des Ressources Humaines</span></p><p style=\"text-align:justify;\"><span style=\"font-size:small;\"><strong> </strong></span></p><p style=\"text-align:justify;\"><span style=\"font-size:small;\"><strong><br />                                                                                                     </strong>Madeleine Mazet</span></p><p style=\"text-align:justify;\"><span style=\"font-size:x-small;\"><strong> </strong></span></p>',0,'1',1,'OPS_dossier',NULL,NULL,15,15,16,16,9,9,'A4','Portrait','c7455c0d-9bc8-7589-3b9c-6633cf1494a7'),('a3b81afe-9ce2-5f30-1c4d-66685f637af3','Test tableau','2024-06-11 14:30:47','2024-06-11 14:38:58','1','1','<p style=\"text-align:center;\"> TEST TABLEAU</p><p> </p><table style=\"border-color:#000000;height:141px;width:296px;border-spacing:5px;\" border=\"1\" frame=\"border\" cellpadding=\"5\" align=\"center\"><thead><tr><td style=\"border-color:#000000;\">rrr</td><td style=\"border-color:#000000;\">ttt</td></tr></thead><tbody><tr><td style=\"border-color:#000000;\">fff</td><td style=\"border-color:#000000;\">hh</td></tr><tr><td style=\"border-color:#000000;\"> </td><td style=\"border-color:#000000;\"> </td></tr><tr><td> </td><td> </td></tr></tbody></table><p> </p><p> </p><div dir=\"ltr\" align=\"left\"><table style=\"border-color:#000000;height:62px;width:618px;\" border=\"1\"><colgroup><col width=\"151\" /><col width=\"151\" /><col width=\"152\" /><col width=\"150\" /></colgroup><tbody><tr><td><p dir=\"ltr\"><strong>IBAN</strong></p></td><td><p dir=\"ltr\"><strong> </strong></p></td><td><p dir=\"ltr\"><strong>BIC</strong></p></td><td> </td></tr><tr><td><p dir=\"ltr\">$ops_dossier_iban</p></td><td><p dir=\"ltr\"> </p></td><td><p dir=\"ltr\"> $ops_dossier_bic</p></td><td><p dir=\"ltr\"> </p></td></tr></tbody></table></div><p> </p><h3 dir=\"ltr\"> </h3><p><br /> </p><div dir=\"ltr\" align=\"left\"><table><colgroup><col width=\"151\" /><col width=\"151\" /><col width=\"152\" /><col width=\"150\" /></colgroup><tbody><tr><td><p dir=\"ltr\"><strong>$personne_morale_formule_appel_courrier</strong></p><p dir=\"ltr\"><strong>$personne_morale_name</strong></p><p dir=\"ltr\"> </p><p dir=\"ltr\"> </p></td><td><p dir=\"ltr\"><strong> </strong></p></td><td><strong> </strong></td><td><p dir=\"ltr\"><strong>Mme LA PRÉSIDENTE DU CONSEIL</strong></p><p dir=\"ltr\"><strong>DÉPARTEMENTAL </strong></p><p dir=\"ltr\"> </p></td></tr><tr><td><p dir=\"ltr\"><strong>$ops_individu_ops_dossier_name_salutation $ops_individu_ops_dossier_name_first_name $ops_individu_ops_dossier_name_last_name</strong></p></td><td><p dir=\"ltr\"> </p></td><td><p dir=\"ltr\"> </p></td><td><p dir=\"ltr\"><strong>xxx XXXXX</strong></p></td></tr></tbody></table></div>',0,'1',1,'OPS_dossier',NULL,NULL,15,15,16,16,9,9,'A4','Portrait','668a15e1-bf6b-62a2-0ddb-64e713e2ae45'),('4c6e07df-f0bf-9496-5c37-67b745bd77a0','LM_PDF','2025-02-20 15:08:27','2025-02-20 15:08:27','984bab36-6ea9-3a3f-cc48-66e15b39ccb8','984bab36-6ea9-3a3f-cc48-66e15b39ccb8','<p>$dossier_personne_individu_fonction_type_individu[fonction:contact]</p>',0,'984bab36-6ea9-3a3f-cc48-66e15b39ccb8',1,'OPS_dossier','','',15,15,16,16,9,9,'Legal','Portrait','85f80a0e-0f2a-89bd-ef6c-66058d363218'),('3df4647d-455c-45f6-33dc-67b7462206c7','SP_ModelePDF1','2025-02-20 15:11:18','2025-02-20 15:11:18','c4250303-bf3c-53d5-45a9-66e15bb9cb43','c4250303-bf3c-53d5-45a9-66e15bb9cb43','<p>Bonjour $ops_dossier_adresse</p>',0,'c4250303-bf3c-53d5-45a9-66e15bb9cb43',1,'OPS_dossier','','',15,15,16,16,9,9,'A4','Portrait','7fd1d1e6-5567-421a-5a47-66058dba7744');

--
-- Table structure for table `aos_pdf_templates_audit`
--

CREATE TABLE `aos_pdf_templates_audit` (
  `id` char(36) NOT NULL,
  `parent_id` char(36) NOT NULL,
  `date_created` datetime DEFAULT NULL,
  `created_by` varchar(36) DEFAULT NULL,
  `field_name` varchar(100) DEFAULT NULL,
  `data_type` varchar(100) DEFAULT NULL,
  `before_value_string` varchar(255) DEFAULT NULL,
  `after_value_string` varchar(255) DEFAULT NULL,
  `before_value_text` text DEFAULT NULL,
  `after_value_text` text DEFAULT NULL,
  PRIMARY KEY (`id`),
  KEY `idx_aos_pdf_templates_parent_id` (`parent_id`)
) ENGINE=MyISAM DEFAULT CHARSET=utf8mb3 COLLATE=utf8mb3_general_ci;

--
-- Dumping data for table `aos_pdf_templates_audit`
--

INSERT INTO `aos_pdf_templates_audit` VALUES ('cfe718af-a28d-52c0-fb90-622a2a215aea','918a20cf-0ca0-5c29-e45f-6227cbd306dd','2022-03-10 16:43:10','1','ops_type_document_id','id','','14d115a3-984e-e807-a175-609c0cfc3a56',NULL,NULL),('d8a71a4f-2497-959f-93c7-622a2a8fc113','918a20cf-0ca0-5c29-e45f-6227cbd306dd','2022-03-10 16:43:10','1','ops_type_document','relate','','Mon type',NULL,NULL),('95c9463a-1eee-1998-ff64-633d9060dd72','bb9a5650-f1ea-597d-c8cc-622a49d9cca4','2022-10-05 14:13:16','1','ops_type_document_id','id','','e89e03bb-c548-9b7c-6f9c-6218fbd8941d',NULL,NULL),('973255bc-c265-1d2f-0f73-633d90b02268','bb9a5650-f1ea-597d-c8cc-622a49d9cca4','2022-10-05 14:13:16','1','ops_type_document','relate','','Présentation projet',NULL,NULL),('e84cf178-7f9c-a3d2-4f0e-63c51b18444e','918a20cf-0ca0-5c29-e45f-6227cbd306dd','2023-01-16 09:39:20','1','ops_type_document_id','id','14d115a3-984e-e807-a175-609c0cfc3a56','bb6ff87d-9439-0240-b812-61b4a0e63fab',NULL,NULL),('e8c6ed47-bc80-3da2-a565-63c51b7f048f','918a20cf-0ca0-5c29-e45f-6227cbd306dd','2023-01-16 09:39:20','1','ops_type_document','relate','Justificatif apports en fonds propres','Budget prévisionnel',NULL,NULL),('999a0ac4-68d5-1cac-2016-64e712648ff4','918a20cf-0ca0-5c29-e45f-6227cbd306dd','2023-08-24 08:21:05','1','ops_type_document_id','id','bb6ff87d-9439-0240-b812-61b4a0e63fab','58b29456-8014-e966-3509-6426d61c1dd8',NULL,NULL),('f2710c5d-8c66-701e-581b-64e712ffd1eb','918a20cf-0ca0-5c29-e45f-6227cbd306dd','2023-08-24 08:21:05','1','ops_type_document','relate','','Divers',NULL,NULL),('25a69e14-42f1-ce5d-aac0-64e713074e9a','918a20cf-0ca0-5c29-e45f-6227cbd306dd','2023-08-24 08:21:40','1','ops_type_document_id','id','58b29456-8014-e966-3509-6426d61c1dd8','668a15e1-bf6b-62a2-0ddb-64e713e2ae45',NULL,NULL),('25ce8633-b1ce-94cb-2f4c-64e7138b0fa6','918a20cf-0ca0-5c29-e45f-6227cbd306dd','2023-08-24 08:21:40','1','ops_type_document','relate','Divers','Convention',NULL,NULL),('2f35ff65-24f2-72da-cd34-651ac81bd572','ef21c997-6bde-c58c-bf1e-64f3843db9ee','2023-10-02 13:42:59','1','ops_type_document','relate','Attestation sur l\'honneur','Attestation sur l\'honneur',NULL,NULL),('3cba7a39-efde-a6fa-9d75-651ac9864035','ef21c997-6bde-c58c-bf1e-64f3843db9ee','2023-10-02 13:45:44','1','ops_type_document','relate','Attestation sur l\'honneur','Attestation sur l\'honneur',NULL,NULL),('68c4b546-e3ba-9d78-ca64-651acb6756d4','ef21c997-6bde-c58c-bf1e-64f3843db9ee','2023-10-02 13:53:25','1','ops_type_document','relate','Attestation sur l\'honneur','Attestation sur l\'honneur',NULL,NULL),('a2df33cf-63d0-513f-3eca-651acc92fd46','ef21c997-6bde-c58c-bf1e-64f3843db9ee','2023-10-02 13:58:20','1','ops_type_document','relate','Attestation sur l\'honneur','Attestation sur l\'honneur',NULL,NULL),('a1b3e476-feac-1c07-ed45-65b0dec4f722','ef21c997-6bde-c58c-bf1e-64f3843db9ee','2024-01-24 09:54:24','1','ops_type_document','relate','Attestation sur l\'honneur','Attestation sur l\'honneur',NULL,NULL),('d06f8df1-b72b-2be0-f01d-65f69aae9b91','3f567d14-b277-a2b5-b926-65bfd4e7e7ab','2024-03-17 07:21:40','1','ops_type_document_id','id','58b29456-8014-e966-3509-6426d61c1dd8','8fadb7cc-224a-e571-e57f-65f69837ca5f',NULL,NULL),('d48398e4-a887-d342-77f5-65f69ad47c7a','3f567d14-b277-a2b5-b926-65bfd4e7e7ab','2024-03-17 07:21:40','1','ops_type_document','relate','Divers','Invitations, Convocations',NULL,NULL),('a756b1fe-cb22-7158-2aeb-6633d3ef4140','57b6365f-3478-74aa-6787-6633cf914e8d','2024-05-02 17:55:30','1','type','enum','OPS_bon','OPS_dossier',NULL,NULL),('54ea6186-54e6-7766-d21c-6633d3d52a45','afda0bc3-ebcc-caea-5a74-6633d08bea52','2024-05-02 17:55:46','1','type','enum','OPS_bon','OPS_dossier',NULL,NULL),('6fad85a2-f390-4cf1-ba0a-6633d39fa062','efa7462d-561f-c2d4-fb47-6633d127fc26','2024-05-02 17:55:53','1','type','enum','OPS_bon','OPS_dossier',NULL,NULL),('2bd501ed-7386-53c1-cf4f-6633d3839924','ddbcb035-bc07-9d47-7bab-6633d156e0d7','2024-05-02 17:56:00','1','type','enum','OPS_bon','OPS_dossier',NULL,NULL),('be40dd41-d2f6-cc1d-5c67-6633d3282a5f','92170b31-9bcd-fee8-5131-6633d3aa7b54','2024-05-02 17:56:09','1','type','enum','OPS_bon','OPS_dossier',NULL,NULL),('c7dd342f-8610-17e3-c235-66715e7321b8','918a20cf-0ca0-5c29-e45f-6227cbd306dd','2024-06-18 10:18:08','604ce6b2-0113-9588-7fa6-65f42e2efabe','ops_type_document_id','id','668a15e1-bf6b-62a2-0ddb-64e713e2ae45','ca005519-5660-ebdd-fd30-66715ea6c839',NULL,NULL),('c8591fc0-27bc-3866-7ec4-66715e2825bc','918a20cf-0ca0-5c29-e45f-6227cbd306dd','2024-06-18 10:18:08','604ce6b2-0113-9588-7fa6-65f42e2efabe','ops_type_document','relate','Convention','Convention mise à disposition logiciel',NULL,NULL);

--
-- Table structure for table `aos_product_categories`
--

CREATE TABLE `aos_product_categories` (
  `id` char(36) NOT NULL,
  `name` varchar(255) DEFAULT NULL,
  `date_entered` datetime DEFAULT NULL,
  `date_modified` datetime DEFAULT NULL,
  `modified_user_id` char(36) DEFAULT NULL,
  `created_by` char(36) DEFAULT NULL,
  `description` text DEFAULT NULL,
  `deleted` tinyint(1) DEFAULT 0,
  `assigned_user_id` char(36) DEFAULT NULL,
  `is_parent` tinyint(1) DEFAULT 0,
  `parent_category_id` char(36) DEFAULT NULL,
  PRIMARY KEY (`id`)
) ENGINE=MyISAM DEFAULT CHARSET=utf8mb3 COLLATE=utf8mb3_general_ci;

--
-- Dumping data for table `aos_product_categories`
--


--
-- Table structure for table `aos_product_categories_audit`
--

CREATE TABLE `aos_product_categories_audit` (
  `id` char(36) NOT NULL,
  `parent_id` char(36) NOT NULL,
  `date_created` datetime DEFAULT NULL,
  `created_by` varchar(36) DEFAULT NULL,
  `field_name` varchar(100) DEFAULT NULL,
  `data_type` varchar(100) DEFAULT NULL,
  `before_value_string` varchar(255) DEFAULT NULL,
  `after_value_string` varchar(255) DEFAULT NULL,
  `before_value_text` text DEFAULT NULL,
  `after_value_text` text DEFAULT NULL,
  PRIMARY KEY (`id`),
  KEY `idx_aos_product_categories_parent_id` (`parent_id`)
) ENGINE=MyISAM DEFAULT CHARSET=utf8mb3 COLLATE=utf8mb3_general_ci;

--
-- Dumping data for table `aos_product_categories_audit`
--


--
-- Table structure for table `aos_products`
--

CREATE TABLE `aos_products` (
  `id` char(36) NOT NULL,
  `name` varchar(255) DEFAULT NULL,
  `date_entered` datetime DEFAULT NULL,
  `date_modified` datetime DEFAULT NULL,
  `modified_user_id` char(36) DEFAULT NULL,
  `created_by` char(36) DEFAULT NULL,
  `description` text DEFAULT NULL,
  `deleted` tinyint(1) DEFAULT 0,
  `assigned_user_id` char(36) DEFAULT NULL,
  `maincode` varchar(100) DEFAULT 'XXXX',
  `part_number` varchar(25) DEFAULT NULL,
  `category` varchar(100) DEFAULT NULL,
  `type` varchar(100) DEFAULT 'Good',
  `cost` decimal(26,6) DEFAULT NULL,
  `cost_usdollar` decimal(26,6) DEFAULT NULL,
  `currency_id` char(36) DEFAULT NULL,
  `price` decimal(26,6) DEFAULT NULL,
  `price_usdollar` decimal(26,6) DEFAULT NULL,
  `url` varchar(255) DEFAULT NULL,
  `contact_id` char(36) DEFAULT NULL,
  `product_image` varchar(255) DEFAULT NULL,
  `aos_product_category_id` char(36) DEFAULT NULL,
  PRIMARY KEY (`id`)
) ENGINE=MyISAM DEFAULT CHARSET=utf8mb3 COLLATE=utf8mb3_general_ci;

--
-- Dumping data for table `aos_products`
--


--
-- Table structure for table `aos_products_audit`
--

CREATE TABLE `aos_products_audit` (
  `id` char(36) NOT NULL,
  `parent_id` char(36) NOT NULL,
  `date_created` datetime DEFAULT NULL,
  `created_by` varchar(36) DEFAULT NULL,
  `field_name` varchar(100) DEFAULT NULL,
  `data_type` varchar(100) DEFAULT NULL,
  `before_value_string` varchar(255) DEFAULT NULL,
  `after_value_string` varchar(255) DEFAULT NULL,
  `before_value_text` text DEFAULT NULL,
  `after_value_text` text DEFAULT NULL,
  PRIMARY KEY (`id`),
  KEY `idx_aos_products_parent_id` (`parent_id`)
) ENGINE=MyISAM DEFAULT CHARSET=utf8mb3 COLLATE=utf8mb3_general_ci;

--
-- Dumping data for table `aos_products_audit`
--


--
-- Table structure for table `aos_products_quotes`
--

CREATE TABLE `aos_products_quotes` (
  `id` char(36) NOT NULL,
  `name` text DEFAULT NULL,
  `date_entered` datetime DEFAULT NULL,
  `date_modified` datetime DEFAULT NULL,
  `modified_user_id` char(36) DEFAULT NULL,
  `created_by` char(36) DEFAULT NULL,
  `description` text DEFAULT NULL,
  `deleted` tinyint(1) DEFAULT 0,
  `assigned_user_id` char(36) DEFAULT NULL,
  `currency_id` char(36) DEFAULT NULL,
  `part_number` varchar(255) DEFAULT NULL,
  `item_description` text DEFAULT NULL,
  `number` int(11) DEFAULT NULL,
  `product_qty` decimal(18,4) DEFAULT NULL,
  `product_cost_price` decimal(26,6) DEFAULT NULL,
  `product_cost_price_usdollar` decimal(26,6) DEFAULT NULL,
  `product_list_price` decimal(26,6) DEFAULT NULL,
  `product_list_price_usdollar` decimal(26,6) DEFAULT NULL,
  `product_discount` decimal(26,6) DEFAULT NULL,
  `product_discount_usdollar` decimal(26,6) DEFAULT NULL,
  `product_discount_amount` decimal(26,6) DEFAULT NULL,
  `product_discount_amount_usdollar` decimal(26,6) DEFAULT NULL,
  `discount` varchar(255) DEFAULT 'Percentage',
  `product_unit_price` decimal(26,6) DEFAULT NULL,
  `product_unit_price_usdollar` decimal(26,6) DEFAULT NULL,
  `vat_amt` decimal(26,6) DEFAULT NULL,
  `vat_amt_usdollar` decimal(26,6) DEFAULT NULL,
  `product_total_price` decimal(26,6) DEFAULT NULL,
  `product_total_price_usdollar` decimal(26,6) DEFAULT NULL,
  `vat` varchar(100) DEFAULT '5.0',
  `parent_type` varchar(100) DEFAULT NULL,
  `parent_id` char(36) DEFAULT NULL,
  `product_id` char(36) DEFAULT NULL,
  `group_id` char(36) DEFAULT NULL,
  PRIMARY KEY (`id`),
  KEY `idx_aospq_par_del` (`parent_id`,`parent_type`,`deleted`)
) ENGINE=MyISAM DEFAULT CHARSET=utf8mb3 COLLATE=utf8mb3_general_ci;

--
-- Dumping data for table `aos_products_quotes`
--


--
-- Table structure for table `aos_products_quotes_audit`
--

CREATE TABLE `aos_products_quotes_audit` (
  `id` char(36) NOT NULL,
  `parent_id` char(36) NOT NULL,
  `date_created` datetime DEFAULT NULL,
  `created_by` varchar(36) DEFAULT NULL,
  `field_name` varchar(100) DEFAULT NULL,
  `data_type` varchar(100) DEFAULT NULL,
  `before_value_string` varchar(255) DEFAULT NULL,
  `after_value_string` varchar(255) DEFAULT NULL,
  `before_value_text` text DEFAULT NULL,
  `after_value_text` text DEFAULT NULL,
  PRIMARY KEY (`id`),
  KEY `idx_aos_products_quotes_parent_id` (`parent_id`)
) ENGINE=MyISAM DEFAULT CHARSET=utf8mb3 COLLATE=utf8mb3_general_ci;

--
-- Dumping data for table `aos_products_quotes_audit`
--


--
-- Table structure for table `aos_quotes`
--

CREATE TABLE `aos_quotes` (
  `id` char(36) NOT NULL,
  `name` varchar(255) DEFAULT NULL,
  `date_entered` datetime DEFAULT NULL,
  `date_modified` datetime DEFAULT NULL,
  `modified_user_id` char(36) DEFAULT NULL,
  `created_by` char(36) DEFAULT NULL,
  `description` text DEFAULT NULL,
  `deleted` tinyint(1) DEFAULT 0,
  `assigned_user_id` char(36) DEFAULT NULL,
  `approval_issue` text DEFAULT NULL,
  `billing_account_id` char(36) DEFAULT NULL,
  `billing_contact_id` char(36) DEFAULT NULL,
  `billing_address_street` varchar(150) DEFAULT NULL,
  `billing_address_city` varchar(100) DEFAULT NULL,
  `billing_address_state` varchar(100) DEFAULT NULL,
  `billing_address_postalcode` varchar(20) DEFAULT NULL,
  `billing_address_country` varchar(255) DEFAULT NULL,
  `shipping_address_street` varchar(150) DEFAULT NULL,
  `shipping_address_city` varchar(100) DEFAULT NULL,
  `shipping_address_state` varchar(100) DEFAULT NULL,
  `shipping_address_postalcode` varchar(20) DEFAULT NULL,
  `shipping_address_country` varchar(255) DEFAULT NULL,
  `expiration` date DEFAULT NULL,
  `number` int(11) DEFAULT NULL,
  `opportunity_id` char(36) DEFAULT NULL,
  `template_ddown_c` text DEFAULT NULL,
  `total_amt` decimal(26,6) DEFAULT NULL,
  `total_amt_usdollar` decimal(26,6) DEFAULT NULL,
  `subtotal_amount` decimal(26,6) DEFAULT NULL,
  `subtotal_amount_usdollar` decimal(26,6) DEFAULT NULL,
  `discount_amount` decimal(26,6) DEFAULT NULL,
  `discount_amount_usdollar` decimal(26,6) DEFAULT NULL,
  `tax_amount` decimal(26,6) DEFAULT NULL,
  `tax_amount_usdollar` decimal(26,6) DEFAULT NULL,
  `shipping_amount` decimal(26,6) DEFAULT NULL,
  `shipping_amount_usdollar` decimal(26,6) DEFAULT NULL,
  `shipping_tax` varchar(100) DEFAULT NULL,
  `shipping_tax_amt` decimal(26,6) DEFAULT NULL,
  `shipping_tax_amt_usdollar` decimal(26,6) DEFAULT NULL,
  `total_amount` decimal(26,6) DEFAULT NULL,
  `total_amount_usdollar` decimal(26,6) DEFAULT NULL,
  `currency_id` char(36) DEFAULT NULL,
  `stage` varchar(100) DEFAULT 'Draft',
  `term` varchar(100) DEFAULT NULL,
  `terms_c` text DEFAULT NULL,
  `approval_status` varchar(100) DEFAULT NULL,
  `invoice_status` varchar(100) DEFAULT 'Not Invoiced',
  `subtotal_tax_amount` decimal(26,6) DEFAULT NULL,
  `subtotal_tax_amount_usdollar` decimal(26,6) DEFAULT NULL,
  PRIMARY KEY (`id`)
) ENGINE=MyISAM DEFAULT CHARSET=utf8mb3 COLLATE=utf8mb3_general_ci;

--
-- Dumping data for table `aos_quotes`
--


--
-- Table structure for table `aos_quotes_aos_invoices_c`
--

CREATE TABLE `aos_quotes_aos_invoices_c` (
  `id` varchar(36) NOT NULL,
  `date_modified` datetime DEFAULT NULL,
  `deleted` tinyint(1) DEFAULT 0,
  `aos_quotes77d9_quotes_ida` varchar(36) DEFAULT NULL,
  `aos_quotes6b83nvoices_idb` varchar(36) DEFAULT NULL,
  PRIMARY KEY (`id`),
  KEY `aos_quotes_aos_invoices_alt` (`aos_quotes77d9_quotes_ida`,`aos_quotes6b83nvoices_idb`)
) ENGINE=MyISAM DEFAULT CHARSET=utf8mb3 COLLATE=utf8mb3_general_ci;

--
-- Dumping data for table `aos_quotes_aos_invoices_c`
--


--
-- Table structure for table `aos_quotes_audit`
--

CREATE TABLE `aos_quotes_audit` (
  `id` char(36) NOT NULL,
  `parent_id` char(36) NOT NULL,
  `date_created` datetime DEFAULT NULL,
  `created_by` varchar(36) DEFAULT NULL,
  `field_name` varchar(100) DEFAULT NULL,
  `data_type` varchar(100) DEFAULT NULL,
  `before_value_string` varchar(255) DEFAULT NULL,
  `after_value_string` varchar(255) DEFAULT NULL,
  `before_value_text` text DEFAULT NULL,
  `after_value_text` text DEFAULT NULL,
  PRIMARY KEY (`id`),
  KEY `idx_aos_quotes_parent_id` (`parent_id`)
) ENGINE=MyISAM DEFAULT CHARSET=utf8mb3 COLLATE=utf8mb3_general_ci;

--
-- Dumping data for table `aos_quotes_audit`
--


--
-- Table structure for table `aos_quotes_os_contracts_c`
--

CREATE TABLE `aos_quotes_os_contracts_c` (
  `id` varchar(36) NOT NULL,
  `date_modified` datetime DEFAULT NULL,
  `deleted` tinyint(1) DEFAULT 0,
  `aos_quotese81e_quotes_ida` varchar(36) DEFAULT NULL,
  `aos_quotes4dc0ntracts_idb` varchar(36) DEFAULT NULL,
  PRIMARY KEY (`id`),
  KEY `aos_quotes_aos_contracts_alt` (`aos_quotese81e_quotes_ida`,`aos_quotes4dc0ntracts_idb`)
) ENGINE=MyISAM DEFAULT CHARSET=utf8mb3 COLLATE=utf8mb3_general_ci;

--
-- Dumping data for table `aos_quotes_os_contracts_c`
--


--
-- Table structure for table `aos_quotes_project_c`
--

CREATE TABLE `aos_quotes_project_c` (
  `id` varchar(36) NOT NULL,
  `date_modified` datetime DEFAULT NULL,
  `deleted` tinyint(1) DEFAULT 0,
  `aos_quotes1112_quotes_ida` varchar(36) DEFAULT NULL,
  `aos_quotes7207project_idb` varchar(36) DEFAULT NULL,
  PRIMARY KEY (`id`),
  KEY `aos_quotes_project_alt` (`aos_quotes1112_quotes_ida`,`aos_quotes7207project_idb`)
) ENGINE=MyISAM DEFAULT CHARSET=utf8mb3 COLLATE=utf8mb3_general_ci;

--
-- Dumping data for table `aos_quotes_project_c`
--


--
-- Table structure for table `aow_actions`
--

CREATE TABLE `aow_actions` (
  `id` char(36) NOT NULL,
  `name` varchar(255) DEFAULT NULL,
  `date_entered` datetime DEFAULT NULL,
  `date_modified` datetime DEFAULT NULL,
  `modified_user_id` char(36) DEFAULT NULL,
  `created_by` char(36) DEFAULT NULL,
  `description` text DEFAULT NULL,
  `deleted` tinyint(1) DEFAULT 0,
  `aow_workflow_id` char(36) DEFAULT NULL,
  `action_order` int(255) DEFAULT NULL,
  `action` varchar(100) DEFAULT NULL,
  `parameters` longtext DEFAULT NULL,
  PRIMARY KEY (`id`),
  KEY `aow_action_index_workflow_id` (`aow_workflow_id`)
) ENGINE=MyISAM DEFAULT CHARSET=utf8mb3 COLLATE=utf8mb3_general_ci;

--
-- Dumping data for table `aow_actions`
--


--
-- Table structure for table `aow_conditions`
--

CREATE TABLE `aow_conditions` (
  `id` char(36) NOT NULL,
  `name` varchar(255) DEFAULT NULL,
  `date_entered` datetime DEFAULT NULL,
  `date_modified` datetime DEFAULT NULL,
  `modified_user_id` char(36) DEFAULT NULL,
  `created_by` char(36) DEFAULT NULL,
  `description` text DEFAULT NULL,
  `deleted` tinyint(1) DEFAULT 0,
  `aow_workflow_id` char(36) DEFAULT NULL,
  `condition_order` int(255) DEFAULT NULL,
  `module_path` longtext DEFAULT NULL,
  `field` varchar(100) DEFAULT NULL,
  `operator` varchar(100) DEFAULT NULL,
  `value_type` varchar(255) DEFAULT NULL,
  `value` varchar(255) DEFAULT NULL,
  PRIMARY KEY (`id`),
  KEY `aow_conditions_index_workflow_id` (`aow_workflow_id`)
) ENGINE=MyISAM DEFAULT CHARSET=utf8mb3 COLLATE=utf8mb3_general_ci;

--
-- Dumping data for table `aow_conditions`
--


--
-- Table structure for table `aow_processed`
--

CREATE TABLE `aow_processed` (
  `id` char(36) NOT NULL,
  `name` varchar(255) DEFAULT NULL,
  `date_entered` datetime DEFAULT NULL,
  `date_modified` datetime DEFAULT NULL,
  `modified_user_id` char(36) DEFAULT NULL,
  `created_by` char(36) DEFAULT NULL,
  `description` text DEFAULT NULL,
  `deleted` tinyint(1) DEFAULT 0,
  `aow_workflow_id` char(36) DEFAULT NULL,
  `parent_id` char(36) DEFAULT NULL,
  `parent_type` varchar(100) DEFAULT NULL,
  `status` varchar(100) DEFAULT 'Pending',
  PRIMARY KEY (`id`),
  KEY `aow_processed_index_workflow` (`aow_workflow_id`,`status`,`parent_id`,`deleted`),
  KEY `aow_processed_index_status` (`status`),
  KEY `aow_processed_index_workflow_id` (`aow_workflow_id`)
) ENGINE=MyISAM DEFAULT CHARSET=utf8mb3 COLLATE=utf8mb3_general_ci;

--
-- Dumping data for table `aow_processed`
--


--
-- Table structure for table `aow_processed_aow_actions`
--

CREATE TABLE `aow_processed_aow_actions` (
  `id` varchar(36) NOT NULL,
  `aow_processed_id` varchar(36) DEFAULT NULL,
  `aow_action_id` varchar(36) DEFAULT NULL,
  `status` varchar(36) DEFAULT 'Pending',
  `date_modified` datetime DEFAULT NULL,
  `deleted` tinyint(1) DEFAULT 0,
  PRIMARY KEY (`id`),
  KEY `idx_aow_processed_aow_actions` (`aow_processed_id`,`aow_action_id`),
  KEY `idx_actid_del_freid` (`aow_action_id`,`deleted`,`aow_processed_id`)
) ENGINE=MyISAM DEFAULT CHARSET=utf8mb3 COLLATE=utf8mb3_general_ci;

--
-- Dumping data for table `aow_processed_aow_actions`
--


--
-- Table structure for table `aow_workflow`
--

CREATE TABLE `aow_workflow` (
  `id` char(36) NOT NULL,
  `name` varchar(255) DEFAULT NULL,
  `date_entered` datetime DEFAULT NULL,
  `date_modified` datetime DEFAULT NULL,
  `modified_user_id` char(36) DEFAULT NULL,
  `created_by` char(36) DEFAULT NULL,
  `description` text DEFAULT NULL,
  `deleted` tinyint(1) DEFAULT 0,
  `assigned_user_id` char(36) DEFAULT NULL,
  `flow_module` varchar(100) DEFAULT NULL,
  `flow_run_on` varchar(100) DEFAULT '0',
  `status` varchar(100) DEFAULT 'Active',
  `run_when` varchar(100) DEFAULT 'Always',
  `multiple_runs` tinyint(1) DEFAULT 0,
  `run_on_import` tinyint(1) DEFAULT 0,
  PRIMARY KEY (`id`),
  KEY `aow_workflow_index_status` (`status`)
) ENGINE=MyISAM DEFAULT CHARSET=utf8mb3 COLLATE=utf8mb3_general_ci;

--
-- Dumping data for table `aow_workflow`
--


--
-- Table structure for table `aow_workflow_audit`
--

CREATE TABLE `aow_workflow_audit` (
  `id` char(36) NOT NULL,
  `parent_id` char(36) NOT NULL,
  `date_created` datetime DEFAULT NULL,
  `created_by` varchar(36) DEFAULT NULL,
  `field_name` varchar(100) DEFAULT NULL,
  `data_type` varchar(100) DEFAULT NULL,
  `before_value_string` varchar(255) DEFAULT NULL,
  `after_value_string` varchar(255) DEFAULT NULL,
  `before_value_text` text DEFAULT NULL,
  `after_value_text` text DEFAULT NULL,
  PRIMARY KEY (`id`),
  KEY `idx_aow_workflow_parent_id` (`parent_id`)
) ENGINE=MyISAM DEFAULT CHARSET=utf8mb3 COLLATE=utf8mb3_general_ci;

--
-- Dumping data for table `aow_workflow_audit`
--


--
-- Table structure for table `bugs`
--

CREATE TABLE `bugs` (
  `id` char(36) NOT NULL,
  `name` varchar(255) DEFAULT NULL,
  `date_entered` datetime DEFAULT NULL,
  `date_modified` datetime DEFAULT NULL,
  `modified_user_id` char(36) DEFAULT NULL,
  `created_by` char(36) DEFAULT NULL,
  `description` text DEFAULT NULL,
  `deleted` tinyint(1) DEFAULT 0,
  `assigned_user_id` char(36) DEFAULT NULL,
  `bug_number` int(11) NOT NULL AUTO_INCREMENT,
  `type` varchar(255) DEFAULT NULL,
  `status` varchar(100) DEFAULT NULL,
  `priority` varchar(100) DEFAULT NULL,
  `resolution` varchar(255) DEFAULT NULL,
  `work_log` text DEFAULT NULL,
  `found_in_release` varchar(255) DEFAULT NULL,
  `fixed_in_release` varchar(255) DEFAULT NULL,
  `source` varchar(255) DEFAULT NULL,
  `product_category` varchar(255) DEFAULT NULL,
  PRIMARY KEY (`id`),
  UNIQUE KEY `bugsnumk` (`bug_number`),
  KEY `bug_number` (`bug_number`),
  KEY `idx_bug_name` (`name`),
  KEY `idx_bugs_assigned_user` (`assigned_user_id`)
) ENGINE=MyISAM DEFAULT CHARSET=utf8mb3 COLLATE=utf8mb3_general_ci;

--
-- Dumping data for table `bugs`
--


--
-- Table structure for table `bugs_audit`
--

CREATE TABLE `bugs_audit` (
  `id` char(36) NOT NULL,
  `parent_id` char(36) NOT NULL,
  `date_created` datetime DEFAULT NULL,
  `created_by` varchar(36) DEFAULT NULL,
  `field_name` varchar(100) DEFAULT NULL,
  `data_type` varchar(100) DEFAULT NULL,
  `before_value_string` varchar(255) DEFAULT NULL,
  `after_value_string` varchar(255) DEFAULT NULL,
  `before_value_text` text DEFAULT NULL,
  `after_value_text` text DEFAULT NULL,
  PRIMARY KEY (`id`),
  KEY `idx_bugs_parent_id` (`parent_id`)
) ENGINE=MyISAM DEFAULT CHARSET=utf8mb3 COLLATE=utf8mb3_general_ci;

--
-- Dumping data for table `bugs_audit`
--


--
-- Table structure for table `calls`
--

CREATE TABLE `calls` (
  `id` char(36) NOT NULL,
  `name` varchar(50) DEFAULT NULL,
  `date_entered` datetime DEFAULT NULL,
  `date_modified` datetime DEFAULT NULL,
  `modified_user_id` char(36) DEFAULT NULL,
  `created_by` char(36) DEFAULT NULL,
  `description` text DEFAULT NULL,
  `deleted` tinyint(1) DEFAULT 0,
  `assigned_user_id` char(36) DEFAULT NULL,
  `duration_hours` int(2) DEFAULT NULL,
  `duration_minutes` int(2) DEFAULT NULL,
  `date_start` datetime DEFAULT NULL,
  `date_end` datetime DEFAULT NULL,
  `parent_type` varchar(255) DEFAULT NULL,
  `status` varchar(100) DEFAULT 'Planned',
  `direction` varchar(100) DEFAULT NULL,
  `parent_id` char(36) DEFAULT NULL,
  `reminder_time` int(11) DEFAULT -1,
  `email_reminder_time` int(11) DEFAULT -1,
  `email_reminder_sent` tinyint(1) DEFAULT 0,
  `outlook_id` varchar(255) DEFAULT NULL,
  `repeat_type` varchar(36) DEFAULT NULL,
  `repeat_interval` int(3) DEFAULT 1,
  `repeat_dow` varchar(7) DEFAULT NULL,
  `repeat_until` date DEFAULT NULL,
  `repeat_count` int(7) DEFAULT NULL,
  `repeat_parent_id` char(36) DEFAULT NULL,
  `recurring_source` varchar(36) DEFAULT NULL,
  PRIMARY KEY (`id`),
  KEY `idx_call_name` (`name`),
  KEY `idx_status` (`status`),
  KEY `idx_calls_date_start` (`date_start`),
  KEY `idx_calls_par_del` (`parent_id`,`parent_type`,`deleted`),
  KEY `idx_calls_assigned_del` (`deleted`,`assigned_user_id`)
) ENGINE=MyISAM DEFAULT CHARSET=utf8mb3 COLLATE=utf8mb3_general_ci;

--
-- Dumping data for table `calls`
--

INSERT INTO `calls` VALUES ('7e6100eb-fc32-8184-3790-621dff4d0daa','ddd','2022-03-01 11:11:51','2023-03-14 13:06:36','1','1',NULL,0,'1',0,15,'2022-03-01 11:15:00','2022-03-01 11:15:00','OPS_dossier','Planned','Inbound','',-1,-1,0,NULL,NULL,1,NULL,NULL,NULL,'',NULL);

--
-- Table structure for table `calls_contacts`
--

CREATE TABLE `calls_contacts` (
  `id` varchar(36) NOT NULL,
  `call_id` varchar(36) DEFAULT NULL,
  `contact_id` varchar(36) DEFAULT NULL,
  `required` varchar(1) DEFAULT '1',
  `accept_status` varchar(25) DEFAULT 'none',
  `date_modified` datetime DEFAULT NULL,
  `deleted` tinyint(1) DEFAULT 0,
  PRIMARY KEY (`id`),
  KEY `idx_con_call_call` (`call_id`),
  KEY `idx_con_call_con` (`contact_id`),
  KEY `idx_call_contact` (`call_id`,`contact_id`)
) ENGINE=MyISAM DEFAULT CHARSET=utf8mb3 COLLATE=utf8mb3_general_ci;

--
-- Dumping data for table `calls_contacts`
--


--
-- Table structure for table `calls_leads`
--

CREATE TABLE `calls_leads` (
  `id` varchar(36) NOT NULL,
  `call_id` varchar(36) DEFAULT NULL,
  `lead_id` varchar(36) DEFAULT NULL,
  `required` varchar(1) DEFAULT '1',
  `accept_status` varchar(25) DEFAULT 'none',
  `date_modified` datetime DEFAULT NULL,
  `deleted` tinyint(1) DEFAULT 0,
  PRIMARY KEY (`id`),
  KEY `idx_lead_call_call` (`call_id`),
  KEY `idx_lead_call_lead` (`lead_id`),
  KEY `idx_call_lead` (`call_id`,`lead_id`)
) ENGINE=MyISAM DEFAULT CHARSET=utf8mb3 COLLATE=utf8mb3_general_ci;

--
-- Dumping data for table `calls_leads`
--


--
-- Table structure for table `calls_reschedule`
--

CREATE TABLE `calls_reschedule` (
  `id` char(36) NOT NULL,
  `name` varchar(255) DEFAULT NULL,
  `date_entered` datetime DEFAULT NULL,
  `date_modified` datetime DEFAULT NULL,
  `modified_user_id` char(36) DEFAULT NULL,
  `created_by` char(36) DEFAULT NULL,
  `description` text DEFAULT NULL,
  `deleted` tinyint(1) DEFAULT 0,
  `assigned_user_id` char(36) DEFAULT NULL,
  `reason` varchar(100) DEFAULT NULL,
  `call_id` char(36) DEFAULT NULL,
  PRIMARY KEY (`id`)
) ENGINE=MyISAM DEFAULT CHARSET=utf8mb3 COLLATE=utf8mb3_general_ci;

--
-- Dumping data for table `calls_reschedule`
--


--
-- Table structure for table `calls_reschedule_audit`
--

CREATE TABLE `calls_reschedule_audit` (
  `id` char(36) NOT NULL,
  `parent_id` char(36) NOT NULL,
  `date_created` datetime DEFAULT NULL,
  `created_by` varchar(36) DEFAULT NULL,
  `field_name` varchar(100) DEFAULT NULL,
  `data_type` varchar(100) DEFAULT NULL,
  `before_value_string` varchar(255) DEFAULT NULL,
  `after_value_string` varchar(255) DEFAULT NULL,
  `before_value_text` text DEFAULT NULL,
  `after_value_text` text DEFAULT NULL,
  PRIMARY KEY (`id`),
  KEY `idx_calls_reschedule_parent_id` (`parent_id`)
) ENGINE=MyISAM DEFAULT CHARSET=utf8mb3 COLLATE=utf8mb3_general_ci;

--
-- Dumping data for table `calls_reschedule_audit`
--


--
-- Table structure for table `calls_users`
--

CREATE TABLE `calls_users` (
  `id` varchar(36) NOT NULL,
  `call_id` varchar(36) DEFAULT NULL,
  `user_id` varchar(36) DEFAULT NULL,
  `required` varchar(1) DEFAULT '1',
  `accept_status` varchar(25) DEFAULT 'none',
  `date_modified` datetime DEFAULT NULL,
  `deleted` tinyint(1) DEFAULT 0,
  PRIMARY KEY (`id`),
  KEY `idx_usr_call_call` (`call_id`),
  KEY `idx_usr_call_usr` (`user_id`),
  KEY `idx_call_users` (`call_id`,`user_id`)
) ENGINE=MyISAM DEFAULT CHARSET=utf8mb3 COLLATE=utf8mb3_general_ci;

--
-- Dumping data for table `calls_users`
--

INSERT INTO `calls_users` VALUES ('b9e40991-d8f1-8cd8-ed53-621dff8e9058','7e6100eb-fc32-8184-3790-621dff4d0daa','1','1','accept','2022-03-01 11:11:51',0);

--
-- Table structure for table `campaign_log`
--

CREATE TABLE `campaign_log` (
  `id` char(36) NOT NULL,
  `campaign_id` char(36) DEFAULT NULL,
  `target_tracker_key` varchar(36) DEFAULT NULL,
  `target_id` varchar(36) DEFAULT NULL,
  `target_type` varchar(100) DEFAULT NULL,
  `activity_type` varchar(100) DEFAULT NULL,
  `activity_date` datetime DEFAULT NULL,
  `related_id` varchar(36) DEFAULT NULL,
  `related_type` varchar(100) DEFAULT NULL,
  `archived` tinyint(1) DEFAULT 0,
  `hits` int(11) DEFAULT 0,
  `list_id` char(36) DEFAULT NULL,
  `deleted` tinyint(1) DEFAULT NULL,
  `date_modified` datetime DEFAULT NULL,
  `more_information` varchar(100) DEFAULT NULL,
  `marketing_id` char(36) DEFAULT NULL,
  PRIMARY KEY (`id`),
  KEY `idx_camp_tracker` (`target_tracker_key`),
  KEY `idx_camp_campaign_id` (`campaign_id`),
  KEY `idx_camp_more_info` (`more_information`),
  KEY `idx_target_id` (`target_id`),
  KEY `idx_target_id_deleted` (`target_id`,`deleted`)
) ENGINE=MyISAM DEFAULT CHARSET=utf8mb3 COLLATE=utf8mb3_general_ci;

--
-- Dumping data for table `campaign_log`
--


--
-- Table structure for table `campaign_trkrs`
--

CREATE TABLE `campaign_trkrs` (
  `id` char(36) NOT NULL,
  `tracker_name` varchar(255) DEFAULT NULL,
  `tracker_url` varchar(255) DEFAULT 'http://',
  `tracker_key` int(11) NOT NULL AUTO_INCREMENT,
  `campaign_id` char(36) DEFAULT NULL,
  `date_entered` datetime DEFAULT NULL,
  `date_modified` datetime DEFAULT NULL,
  `modified_user_id` char(36) DEFAULT NULL,
  `created_by` char(36) DEFAULT NULL,
  `is_optout` tinyint(1) DEFAULT 0,
  `deleted` tinyint(1) DEFAULT 0,
  PRIMARY KEY (`id`),
  KEY `campaign_tracker_key_idx` (`tracker_key`)
) ENGINE=MyISAM DEFAULT CHARSET=utf8mb3 COLLATE=utf8mb3_general_ci;

--
-- Dumping data for table `campaign_trkrs`
--


--
-- Table structure for table `campaigns`
--

CREATE TABLE `campaigns` (
  `id` char(36) NOT NULL,
  `name` varchar(255) DEFAULT NULL,
  `date_entered` datetime DEFAULT NULL,
  `date_modified` datetime DEFAULT NULL,
  `modified_user_id` char(36) DEFAULT NULL,
  `created_by` char(36) DEFAULT NULL,
  `deleted` tinyint(1) DEFAULT 0,
  `assigned_user_id` char(36) DEFAULT NULL,
  `tracker_key` int(11) NOT NULL AUTO_INCREMENT,
  `tracker_count` int(11) DEFAULT 0,
  `refer_url` varchar(255) DEFAULT 'http://',
  `tracker_text` varchar(255) DEFAULT NULL,
  `start_date` date DEFAULT NULL,
  `end_date` date DEFAULT NULL,
  `status` varchar(100) DEFAULT NULL,
  `impressions` int(11) DEFAULT 0,
  `currency_id` char(36) DEFAULT NULL,
  `budget` double DEFAULT NULL,
  `expected_cost` double DEFAULT NULL,
  `actual_cost` double DEFAULT NULL,
  `expected_revenue` double DEFAULT NULL,
  `campaign_type` varchar(100) DEFAULT NULL,
  `objective` text DEFAULT NULL,
  `content` text DEFAULT NULL,
  `frequency` varchar(100) DEFAULT NULL,
  `survey_id` char(36) DEFAULT NULL,
  PRIMARY KEY (`id`),
  KEY `camp_auto_tracker_key` (`tracker_key`),
  KEY `idx_campaign_name` (`name`),
  KEY `idx_survey_id` (`survey_id`)
) ENGINE=MyISAM AUTO_INCREMENT=8 DEFAULT CHARSET=utf8mb3 COLLATE=utf8mb3_general_ci;

--
-- Dumping data for table `campaigns`
--

INSERT INTO `campaigns` VALUES ('272e85ef-f3c6-a466-1ebb-60a7c370a42d','Ma campagne par mail','2021-05-21 14:28:35','2021-05-21 14:35:10','1','1',1,'1',1,0,'http://',NULL,NULL,NULL,'Planning',0,'-99',NULL,NULL,NULL,NULL,'Email',NULL,NULL,'',NULL),('44649873-5763-7b6a-7f77-60a7c3f79862','Ma campagne par mail','2021-05-21 14:28:48','2021-05-21 14:34:47','1','1',1,'1',2,0,'http://',NULL,NULL,NULL,'Planning',0,'-99',NULL,NULL,NULL,NULL,'Email',NULL,NULL,'',NULL),('b4e828ac-3023-0ccb-8253-60a7c3104c76','Ma campagne par mail','2021-05-21 14:30:15','2021-05-21 14:34:53','1','1',1,'1',3,0,'http://',NULL,NULL,NULL,'Planning',0,'-99',NULL,NULL,NULL,NULL,'Email',NULL,NULL,'',NULL),('4ec2db2f-5dad-237f-addf-60a7c4488f37','Ma campagne par mail','2021-05-21 14:31:30','2021-05-21 14:35:00','1','1',1,'1',4,0,'http://',NULL,NULL,NULL,'Planning',0,'-99',NULL,NULL,NULL,NULL,'Email',NULL,NULL,'',NULL),('2d220c35-60f5-768d-873a-60a7c58d6428','Ma campagne par mail','2021-05-21 14:35:59','2021-05-21 14:35:59','1','1',0,'1',5,0,'http://',NULL,NULL,NULL,'Planning',0,'-99',NULL,NULL,NULL,NULL,'Email',NULL,NULL,'',NULL),('b5ea029f-a3cb-ba25-42c8-60a7c620de16','Ma campagne sans mail','2021-05-21 14:38:59','2021-05-21 14:38:59','1','1',0,'1',6,0,'http://',NULL,NULL,NULL,'Planning',0,'-99',NULL,NULL,NULL,NULL,'Telesales',NULL,NULL,'',NULL),('66346aa9-097f-5cf5-6d55-622cb9031ac7','test','2022-03-12 15:17:17','2022-03-12 15:17:17','1','1',0,'1',7,0,'http://',NULL,NULL,NULL,'Planning',0,'-99',NULL,NULL,NULL,NULL,'Email',NULL,NULL,'',NULL);

--
-- Table structure for table `campaigns_audit`
--

CREATE TABLE `campaigns_audit` (
  `id` char(36) NOT NULL,
  `parent_id` char(36) NOT NULL,
  `date_created` datetime DEFAULT NULL,
  `created_by` varchar(36) DEFAULT NULL,
  `field_name` varchar(100) DEFAULT NULL,
  `data_type` varchar(100) DEFAULT NULL,
  `before_value_string` varchar(255) DEFAULT NULL,
  `after_value_string` varchar(255) DEFAULT NULL,
  `before_value_text` text DEFAULT NULL,
  `after_value_text` text DEFAULT NULL,
  PRIMARY KEY (`id`),
  KEY `idx_campaigns_parent_id` (`parent_id`)
) ENGINE=MyISAM DEFAULT CHARSET=utf8mb3 COLLATE=utf8mb3_general_ci;

--
-- Dumping data for table `campaigns_audit`
--


--
-- Table structure for table `cases`
--

CREATE TABLE `cases` (
  `id` char(36) NOT NULL,
  `name` varchar(255) DEFAULT NULL,
  `date_entered` datetime DEFAULT NULL,
  `date_modified` datetime DEFAULT NULL,
  `modified_user_id` char(36) DEFAULT NULL,
  `created_by` char(36) DEFAULT NULL,
  `description` text DEFAULT NULL,
  `deleted` tinyint(1) DEFAULT 0,
  `assigned_user_id` char(36) DEFAULT NULL,
  `case_number` int(11) NOT NULL AUTO_INCREMENT,
  `type` varchar(255) DEFAULT NULL,
  `status` varchar(100) DEFAULT NULL,
  `priority` varchar(100) DEFAULT NULL,
  `resolution` text DEFAULT NULL,
  `work_log` text DEFAULT NULL,
  `account_id` char(36) DEFAULT NULL,
  `state` varchar(100) DEFAULT 'Open',
  `contact_created_by_id` char(36) DEFAULT NULL,
  PRIMARY KEY (`id`),
  UNIQUE KEY `casesnumk` (`case_number`),
  KEY `case_number` (`case_number`),
  KEY `idx_case_name` (`name`),
  KEY `idx_account_id` (`account_id`),
  KEY `idx_cases_stat_del` (`assigned_user_id`,`status`,`deleted`)
) ENGINE=MyISAM DEFAULT CHARSET=utf8mb3 COLLATE=utf8mb3_general_ci;

--
-- Dumping data for table `cases`
--


--
-- Table structure for table `cases_audit`
--

CREATE TABLE `cases_audit` (
  `id` char(36) NOT NULL,
  `parent_id` char(36) NOT NULL,
  `date_created` datetime DEFAULT NULL,
  `created_by` varchar(36) DEFAULT NULL,
  `field_name` varchar(100) DEFAULT NULL,
  `data_type` varchar(100) DEFAULT NULL,
  `before_value_string` varchar(255) DEFAULT NULL,
  `after_value_string` varchar(255) DEFAULT NULL,
  `before_value_text` text DEFAULT NULL,
  `after_value_text` text DEFAULT NULL,
  PRIMARY KEY (`id`),
  KEY `idx_cases_parent_id` (`parent_id`)
) ENGINE=MyISAM DEFAULT CHARSET=utf8mb3 COLLATE=utf8mb3_general_ci;

--
-- Dumping data for table `cases_audit`
--


--
-- Table structure for table `cases_bugs`
--

CREATE TABLE `cases_bugs` (
  `id` varchar(36) NOT NULL,
  `case_id` varchar(36) DEFAULT NULL,
  `bug_id` varchar(36) DEFAULT NULL,
  `date_modified` datetime DEFAULT NULL,
  `deleted` tinyint(1) DEFAULT 0,
  PRIMARY KEY (`id`),
  KEY `idx_cas_bug_cas` (`case_id`),
  KEY `idx_cas_bug_bug` (`bug_id`),
  KEY `idx_case_bug` (`case_id`,`bug_id`)
) ENGINE=MyISAM DEFAULT CHARSET=utf8mb3 COLLATE=utf8mb3_general_ci;

--
-- Dumping data for table `cases_bugs`
--


--
-- Table structure for table `cases_cstm`
--

CREATE TABLE `cases_cstm` (
  `id_c` char(36) NOT NULL,
  `jjwg_maps_lng_c` float(11,8) DEFAULT 0.00000000,
  `jjwg_maps_lat_c` float(10,8) DEFAULT 0.00000000,
  `jjwg_maps_geocode_status_c` varchar(255) DEFAULT NULL,
  `jjwg_maps_address_c` varchar(255) DEFAULT NULL,
  PRIMARY KEY (`id_c`)
) ENGINE=MyISAM DEFAULT CHARSET=utf8mb3 COLLATE=utf8mb3_general_ci;

--
-- Dumping data for table `cases_cstm`
--


--
-- Table structure for table `config`
--

CREATE TABLE `config` (
  `category` varchar(32) DEFAULT NULL,
  `name` varchar(32) DEFAULT NULL,
  `value` text DEFAULT NULL,
  KEY `idx_config_cat` (`category`)
) ENGINE=MyISAM DEFAULT CHARSET=utf8mb3 COLLATE=utf8mb3_general_ci;

--
-- Dumping data for table `config`
--

INSERT INTO `config` VALUES ('notify','fromaddress','nepasrepondre@opensub.fr'),('notify','fromname','Open CRM'),('notify','send_by_default','1'),('notify','on','1'),('notify','send_from_assigning_user','0'),('info','sugar_version','6.5.25'),('MySettings','tab','[encoded data, 6836 characters]'),('portal','on','0'),('tracker','Tracker','1'),('sugarfeed','enabled','1'),('sugarfeed','module_UserFeed','1'),('sugarfeed','module_Cases','1'),('sugarfeed','module_Contacts','1'),('sugarfeed','module_Leads','1'),('sugarfeed','module_Opportunities','1'),('Update','CheckUpdates','manual'),('system','name','Open CRM 3.0'),('system','adminwizard','1'),('notify','allow_default_outbound','0'),('MySettings','disable_useredit','no'),('MySettings','hide_subpanels','YTowOnt9'),('captcha','on','0'),('captcha','public_key',''),('captcha','private_key',''),('ldap','hostname',''),('ldap','port',''),('ldap','base_dn',''),('ldap','login_filter',''),('proxy','on','0'),('proxy','host',''),('proxy','port',''),('proxy','auth','0'),('proxy','username','admin'),('proxy','password','Y0bjccWMNzI='),('ldap','bind_attr',''),('ldap','login_attr',''),('ldap','group_dn',''),('ldap','group_name',''),('ldap','group_user_attr',''),('ldap','group_attr',''),('ldap','admin_user',''),('ldap','admin_password','Y0bjccWMNzI='),('ldap','auto_create_users','0'),('ldap','enc_key',''),('system','ldap_enabled','0'),('ldap','group_attr_req_dn','0'),('ldap','group','0'),('ldap','authentication','0'),('SugarOutfitters','suitepro','YToyOntzOjg6Imxhc3RfcmFuIjtpOjE3NjIyMTk4MzY7czoxMToibGFzdF9yZXN1bHQiO2E6Mjp7czo3OiJzdWNjZXNzIjtiOjE7czo2OiJyZXN1bHQiO2E6MTp7czo5OiJ2YWxpZGF0ZWQiO2I6MTt9fX0='),('OEPLTheme','login-banner','czo1MzoiY3VzdG9tL3RoZW1lcy9PRVBMVGhlbWUvaW1hZ2VzL29wZW4tZ3J1LWNvbm5leGlvbi5qcGciOw=='),('OEPLTheme','company-logo','czo0NjoiY3VzdG9tL3RoZW1lcy9PRVBMVGhlbWUvaW1hZ2VzL29wZW4tQ1JNLTUwLnBuZyI7'),('OEPLTheme','company-icon','czo0NzoiY3VzdG9tL3RoZW1lcy9PRVBMVGhlbWUvaW1hZ2VzL29wZW4tQ1JNLTUwMS5wbmciOw==');

--
-- Table structure for table `contacts`
--

CREATE TABLE `contacts` (
  `id` char(36) NOT NULL,
  `date_entered` datetime DEFAULT NULL,
  `date_modified` datetime DEFAULT NULL,
  `modified_user_id` char(36) DEFAULT NULL,
  `created_by` char(36) DEFAULT NULL,
  `description` text DEFAULT NULL,
  `deleted` tinyint(1) DEFAULT 0,
  `assigned_user_id` char(36) DEFAULT NULL,
  `salutation` varchar(255) DEFAULT NULL,
  `first_name` varchar(100) DEFAULT NULL,
  `last_name` varchar(100) DEFAULT NULL,
  `title` varchar(100) DEFAULT NULL,
  `photo` varchar(255) DEFAULT NULL,
  `department` varchar(255) DEFAULT NULL,
  `do_not_call` tinyint(1) DEFAULT 0,
  `phone_home` varchar(100) DEFAULT NULL,
  `phone_mobile` varchar(100) DEFAULT NULL,
  `phone_work` varchar(100) DEFAULT NULL,
  `phone_other` varchar(100) DEFAULT NULL,
  `phone_fax` varchar(100) DEFAULT NULL,
  `lawful_basis` text DEFAULT NULL,
  `date_reviewed` date DEFAULT NULL,
  `lawful_basis_source` varchar(100) DEFAULT NULL,
  `primary_address_street` varchar(150) DEFAULT NULL,
  `primary_address_city` varchar(100) DEFAULT NULL,
  `primary_address_state` varchar(100) DEFAULT NULL,
  `primary_address_postalcode` varchar(20) DEFAULT NULL,
  `primary_address_country` varchar(255) DEFAULT NULL,
  `alt_address_street` varchar(150) DEFAULT NULL,
  `alt_address_city` varchar(100) DEFAULT NULL,
  `alt_address_state` varchar(100) DEFAULT NULL,
  `alt_address_postalcode` varchar(20) DEFAULT NULL,
  `alt_address_country` varchar(255) DEFAULT NULL,
  `assistant` varchar(75) DEFAULT NULL,
  `assistant_phone` varchar(100) DEFAULT NULL,
  `lead_source` varchar(255) DEFAULT NULL,
  `reports_to_id` char(36) DEFAULT NULL,
  `birthdate` date DEFAULT NULL,
  `campaign_id` char(36) DEFAULT NULL,
  `joomla_account_id` varchar(255) DEFAULT NULL,
  `portal_account_disabled` tinyint(1) DEFAULT NULL,
  `portal_user_type` varchar(100) DEFAULT 'Single',
  PRIMARY KEY (`id`),
  KEY `idx_cont_last_first` (`last_name`,`first_name`,`deleted`),
  KEY `idx_contacts_del_last` (`deleted`,`last_name`),
  KEY `idx_cont_del_reports` (`deleted`,`reports_to_id`,`last_name`),
  KEY `idx_reports_to_id` (`reports_to_id`),
  KEY `idx_del_id_user` (`deleted`,`id`,`assigned_user_id`),
  KEY `idx_cont_assigned` (`assigned_user_id`)
) ENGINE=MyISAM DEFAULT CHARSET=utf8mb3 COLLATE=utf8mb3_general_ci;

--
-- Dumping data for table `contacts`
--


--
-- Table structure for table `contacts_audit`
--

CREATE TABLE `contacts_audit` (
  `id` char(36) NOT NULL,
  `parent_id` char(36) NOT NULL,
  `date_created` datetime DEFAULT NULL,
  `created_by` varchar(36) DEFAULT NULL,
  `field_name` varchar(100) DEFAULT NULL,
  `data_type` varchar(100) DEFAULT NULL,
  `before_value_string` varchar(255) DEFAULT NULL,
  `after_value_string` varchar(255) DEFAULT NULL,
  `before_value_text` text DEFAULT NULL,
  `after_value_text` text DEFAULT NULL,
  PRIMARY KEY (`id`),
  KEY `idx_contacts_parent_id` (`parent_id`)
) ENGINE=MyISAM DEFAULT CHARSET=utf8mb3 COLLATE=utf8mb3_general_ci;

--
-- Dumping data for table `contacts_audit`
--


--
-- Table structure for table `contacts_bugs`
--

CREATE TABLE `contacts_bugs` (
  `id` varchar(36) NOT NULL,
  `contact_id` varchar(36) DEFAULT NULL,
  `bug_id` varchar(36) DEFAULT NULL,
  `contact_role` varchar(50) DEFAULT NULL,
  `date_modified` datetime DEFAULT NULL,
  `deleted` tinyint(1) DEFAULT 0,
  PRIMARY KEY (`id`),
  KEY `idx_con_bug_con` (`contact_id`),
  KEY `idx_con_bug_bug` (`bug_id`),
  KEY `idx_contact_bug` (`contact_id`,`bug_id`)
) ENGINE=MyISAM DEFAULT CHARSET=utf8mb3 COLLATE=utf8mb3_general_ci;

--
-- Dumping data for table `contacts_bugs`
--


--
-- Table structure for table `contacts_cases`
--

CREATE TABLE `contacts_cases` (
  `id` varchar(36) NOT NULL,
  `contact_id` varchar(36) DEFAULT NULL,
  `case_id` varchar(36) DEFAULT NULL,
  `contact_role` varchar(50) DEFAULT NULL,
  `date_modified` datetime DEFAULT NULL,
  `deleted` tinyint(1) DEFAULT 0,
  PRIMARY KEY (`id`),
  KEY `idx_con_case_con` (`contact_id`),
  KEY `idx_con_case_case` (`case_id`),
  KEY `idx_contacts_cases` (`contact_id`,`case_id`)
) ENGINE=MyISAM DEFAULT CHARSET=utf8mb3 COLLATE=utf8mb3_general_ci;

--
-- Dumping data for table `contacts_cases`
--


--
-- Table structure for table `contacts_cstm`
--

CREATE TABLE `contacts_cstm` (
  `id_c` char(36) NOT NULL,
  `jjwg_maps_lng_c` float(11,8) DEFAULT 0.00000000,
  `jjwg_maps_lat_c` float(10,8) DEFAULT 0.00000000,
  `jjwg_maps_geocode_status_c` varchar(255) DEFAULT NULL,
  `jjwg_maps_address_c` varchar(255) DEFAULT NULL,
  PRIMARY KEY (`id_c`)
) ENGINE=MyISAM DEFAULT CHARSET=utf8mb3 COLLATE=utf8mb3_general_ci;

--
-- Dumping data for table `contacts_cstm`
--


--
-- Table structure for table `contacts_users`
--

CREATE TABLE `contacts_users` (
  `id` varchar(36) NOT NULL,
  `contact_id` varchar(36) DEFAULT NULL,
  `user_id` varchar(36) DEFAULT NULL,
  `date_modified` datetime DEFAULT NULL,
  `deleted` tinyint(1) DEFAULT 0,
  PRIMARY KEY (`id`),
  KEY `idx_con_users_con` (`contact_id`),
  KEY `idx_con_users_user` (`user_id`),
  KEY `idx_contacts_users` (`contact_id`,`user_id`)
) ENGINE=MyISAM DEFAULT CHARSET=utf8mb3 COLLATE=utf8mb3_general_ci;

--
-- Dumping data for table `contacts_users`
--


--
-- Table structure for table `cron_remove_documents`
--

CREATE TABLE `cron_remove_documents` (
  `id` varchar(36) NOT NULL,
  `bean_id` varchar(36) DEFAULT NULL,
  `module` varchar(25) DEFAULT NULL,
  `date_modified` datetime DEFAULT NULL,
  PRIMARY KEY (`id`),
  KEY `idx_cron_remove_document_bean_id` (`bean_id`),
  KEY `idx_cron_remove_document_stamp` (`date_modified`)
) ENGINE=MyISAM DEFAULT CHARSET=utf8mb3 COLLATE=utf8mb3_general_ci;

--
-- Dumping data for table `cron_remove_documents`
--

INSERT INTO `cron_remove_documents` VALUES ('c5f91610-1e3b-9a83-0c75-642855632248','3a2e8460-e118-027c-ad63-6424325391a1','Notes','2023-04-01 18:02:37'),('9fee2ef5-9cbb-8517-75a0-642886d52d1d','d8afc4c3-e412-e350-db17-64284dbd737e','OPS_justificatif','2023-04-01 21:29:59'),('303e9149-7434-abe4-e84d-642886254aa1','514e5aa8-9b6e-680e-babd-6426d9e07a3d','OPS_justificatif','2023-04-01 21:30:00'),('28890488-8063-9863-b7a9-642887b2ebd4','3ec1475b-3b35-d3c5-4b8d-6425d19ab700','OPS_justificatif','2023-04-01 21:33:52'),('b3450895-44c1-2286-10a2-642887745ee0','49dd15e9-9ae9-96f5-26be-6425d1a3d410','OPS_justificatif','2023-04-01 21:33:52'),('17236355-b58b-c3eb-fe9f-642887d6914b','53d375d4-00b8-f5a5-ea8d-6425d13a35f8','OPS_justificatif','2023-04-01 21:33:52'),('834a45e5-f2e1-e5af-eae8-6494b0e39c87','63332db5-dd1c-cf13-3af5-6447e45d43fd','OPS_justificatif','2023-06-22 22:35:56'),('441591c6-8772-a6ea-2c06-6494b0249cd4','1329b902-6d04-f87e-38b8-64479f09ad7e','OPS_justificatif','2023-06-22 22:35:58'),('2af52e98-de39-5f9e-4a00-651acd9c2213','39e9b8e4-6420-5eff-5030-651acd3367ef','Documents','2023-10-02 16:04:45'),('334b08eb-0bf3-51be-f3d6-651acea7e1b5','beb86976-e973-c8ee-3e3f-651ace3a6dda','Documents','2023-10-02 16:07:43'),('e443e31e-e931-fef9-f8b1-651ad3f4ff98','722aaca6-02a5-d0d7-78a7-651ace86b0da','Documents','2023-10-02 16:27:14'),('4b5f569c-8f00-91d9-bc3c-651ad45e1ead','db14e9ea-8e25-50b5-6f53-651ad3d7f4a6','Documents','2023-10-02 16:30:44'),('96d63937-d201-963a-fe86-651ad44cb2bc','46f016aa-b3dc-3500-beb5-651ad4e45ccb','Documents','2023-10-02 16:33:27'),('c437f383-d348-bae1-62a8-651ad56e3d96','6a4531a2-1f1e-d2e7-79ce-651ad4b04890','Documents','2023-10-02 16:35:33'),('1ad8ba99-5403-2e45-86f7-651ad5a9e0e6','7ea4693b-b92f-6949-454a-651ad5ce3293','Documents','2023-10-02 16:38:54'),('2ce6df8d-ea76-b401-55f6-651ad68a87d3','98340a96-e376-b76e-692b-651ad620539f','Documents','2023-10-02 16:39:50'),('a52d0ae3-3f7c-8dd7-a6a0-651ad893bf44','c1fdb079-3a26-7df2-2d6c-651ad79cb647','Documents','2023-10-02 16:51:41'),('39c63a3f-8725-6061-8940-651ad9a054a8','9959827e-906b-e61b-dbf6-651ad94d76f9','Documents','2023-10-02 16:54:31'),('b14f0fa0-0fc9-8278-bb04-652f7b568adb','685bacd8-2bf0-6808-16b8-652f7a5b3f63','Documents','2023-10-18 08:28:37'),('7e230c04-bc65-3b0a-3a9b-654b3be9aa8d','2d9f6cab-ffac-d81e-9687-654b3add366a','Documents','2023-11-08 08:39:20'),('83ea6330-aa30-65fb-9e40-65522437ee4f','5c859196-8cc9-8516-ea57-649d3f26d7c3','OPS_justificatif','2023-11-13 14:29:49'),('111ebaed-ceab-b674-ab00-655224e731fd','a38faac2-cd11-d8bf-37b3-64e713930d6b','OPS_justificatif','2023-11-13 14:30:20'),('6793ab00-fd46-3c3d-82b2-655226bb8c05','d87bfd15-0baf-a1a9-0eb5-655226b7793a','Documents','2023-11-13 14:36:15'),('aa06ad59-d3bd-052c-8709-65522605e353','8f4f4959-16d3-3046-a0cd-6552267a95d4','Documents','2023-11-13 14:36:54'),('e7320864-3429-dd2a-b760-655226075a46','7b1df513-06fa-c3a0-17db-655226ead963','Documents','2023-11-13 14:37:37'),('cd2109b5-1977-78d6-8182-6554872c6e93','470af0f7-9181-52c8-3f78-6554878ebb96','Documents','2023-11-15 09:56:46'),('69ac281b-9b7b-57f5-688f-65bfdc8a6fbf','803a0511-4137-2232-84d4-65bfdbe78aa5','Documents','2024-02-04 19:50:59'),('4cdbd84f-c95e-8573-c692-65bfdc781b1e','3c100d93-9a5a-e0fe-e170-65bfdc7ffc42','Documents','2024-02-04 19:51:27'),('f1cdbf8b-b01f-7f7f-8fcc-65bfebaec72e','439604b9-ac41-7297-63f5-65bfeb8c5f12','Documents','2024-02-04 20:55:31'),('63493d98-5ae8-b4ee-9e93-65c05a4fbf66','97acd418-205f-9dc8-fc83-65c05a637336','Documents','2024-02-05 04:47:35'),('6b787912-3cbc-f10f-4548-65c09a5840e9','6573a010-9125-38b8-31f0-65c09a729eb6','Documents','2024-02-05 09:22:25'),('43a066b1-1564-e304-2d06-65c09aab9d10','60f47464-d6c4-7a8a-8839-65c09a6d4fde','Documents','2024-02-05 09:22:46'),('99015f3c-7e9a-a2f4-b1aa-65c09c96f2df','ca510270-7d72-421b-febc-65c09c1f127b','Documents','2024-02-05 09:29:56'),('b965d2ad-01da-798f-f474-65dc3a17a6d3','361f814a-c36e-dd5e-be8b-64a7bf4e8c33','OPS_justificatif','2024-02-26 08:14:33'),('486dc8f2-7578-9263-619a-65dc3a9fb317','7d74af89-cd5a-0b28-5a6a-64a714e465ca','OPS_justificatif','2024-02-26 08:14:34'),('c728d78a-4fb7-3d7d-eede-65dc3a4e2391','9a72a0c7-d4bd-03c3-9be5-64a3d2768e36','OPS_justificatif','2024-02-26 08:14:34'),('d79ec37d-3d93-466e-aaf3-65dc3a9a6acf','cd367819-1676-1261-b2d8-648867b36709','OPS_justificatif','2024-02-26 08:14:34'),('1446f65a-3eb6-4ab4-8c2f-65dc3a500e46','231c1bde-7680-e2cc-33ae-649b0e979662','Notes','2024-02-26 08:14:36'),('32068a98-b56b-cdf8-2612-65dc3ceadf78','11661fdb-97b3-aaee-b311-65bfed57cc5a','DocumentRevisions','2024-02-26 08:24:35'),('3f0cdff2-5dea-6fd1-0f41-65dc3c4411bd','8dba13f9-1d5c-baab-90e0-65bfed9b708c','Documents','2024-02-26 08:24:35'),('d46626b1-94cf-3959-62c9-65dc3c4efa3a','8f694872-7873-82da-ebda-65c0b2d6358b','DocumentRevisions','2024-02-26 08:25:37'),('dd8b5888-7105-8a18-881d-65dc3cf9e039','2a116c17-724e-709a-6c68-65c0b2acdf86','Documents','2024-02-26 08:25:37'),('1c69cfda-7389-56c1-dfb7-65dc3cb86216','bf7239af-8fc8-99ff-1012-65c09a6b1394','DocumentRevisions','2024-02-26 08:25:38'),('2306bcd9-378b-cac6-da78-65dc3c097b32','b49998ea-1c5b-4aa9-3005-65c09a1b1540','Documents','2024-02-26 08:25:38'),('476178f2-2370-0bd3-b17f-65dc3c05574c','9c512f3a-7bad-4c50-128d-65bfebdbd78b','DocumentRevisions','2024-02-26 08:25:38'),('4df52c34-07b8-31c2-47be-65dc3ca74238','24e6cdd5-4865-5781-3327-65bfeb8c8016','Documents','2024-02-26 08:25:38'),('7d48a7c0-2834-bdce-29db-65dc3c0d89cb','2dc631d8-51d7-00ce-900e-65bfd90c8ef5','DocumentRevisions','2024-02-26 08:25:38'),('83bb130c-38c8-3467-2395-65dc3c6130f6','beec01bf-f246-4559-6c21-65bfd9f00b34','Documents','2024-02-26 08:25:38'),('656f0c54-243d-ecc5-a535-65dc3d25e471','3ad90338-55ec-4ec3-e80e-65a7a9f4cd24','DocumentRevisions','2024-02-26 08:26:55'),('6ea34f79-aec8-df60-7075-65dc3d9d7a05','e3a31d63-ea5b-f8af-b619-65a7a9c502e2','Documents','2024-02-26 08:26:55'),('73d1724a-9b6d-00c3-854d-65dc3dd71916','a94007ed-0ed6-c20a-d4be-65a7a9734fe8','DocumentRevisions','2024-02-26 08:26:55'),('7ade7edc-cb5c-ddbd-f9ce-65dc3df951cb','b5a59dae-28bc-3ba1-2d44-65a7a99571e9','Documents','2024-02-26 08:26:55'),('8e785f31-78e6-2b17-1da8-65dc3dfc41ca','6ac5c873-3051-a3af-e297-65a79f3a4a0f','OPS_justificatif','2024-02-26 08:26:55'),('9cf7cdbe-85b9-093e-882b-65dc3d4a0840','817ae6a8-9d21-6e06-3d79-65a7a796197c','OPS_justificatif','2024-02-26 08:26:55'),('add11239-5afd-e55b-5edf-65dc3ddf0577','dd92645a-aab6-ba50-f347-65a79f693659','OPS_justificatif','2024-02-26 08:26:55'),('2355c22c-8dda-2646-79e9-65dc3d6e0a64','b8cc2e6c-444f-751c-b5e8-652f8ab44646','Documents','2024-02-26 08:26:56'),('27bf1ed2-a3fc-f27c-371d-65dc3d396e53','5b8fc794-2082-6904-6c6a-652f8d1fe878','DocumentRevisions','2024-02-26 08:26:56'),('2deea9d5-5b86-af60-9129-65dc3da9a120','2c7b1c07-1a4c-b0c7-6e4d-652f8d76cc2d','Documents','2024-02-26 08:26:56'),('324ad540-e095-5017-fa72-65dc3d1d1405','262784de-f170-5a0f-b803-654b3bc70868','DocumentRevisions','2024-02-26 08:26:56'),('39cc7528-de44-a98e-29c4-65dc3d47abc0','13e50da4-4d95-e0af-bcea-654b3b037ccc','Documents','2024-02-26 08:26:56'),('51c122e3-90af-8f8f-1645-65dc3ddeefee','3bd0167a-253e-fbf9-efd7-652f8831384b','OPS_justificatif','2024-02-26 08:26:56'),('62001a55-78fd-6d50-5ce5-65dc3dbef767','543d6095-e790-5348-b491-652f88fed1f3','OPS_justificatif','2024-02-26 08:26:56'),('7bd00234-7fc1-8f5f-7918-65dc3df7fed6','85fb41c7-3e2a-ccc1-a21b-652f88b36fa9','OPS_justificatif','2024-02-26 08:26:56'),('85ac6ad9-2220-3132-d222-65dc3d9ed188','8dd42002-aae4-e231-6c9a-651c1b3e0565','Notes','2024-02-26 08:27:30'),('9fa04780-66f9-2122-8cd6-65dc3d44498d','e66fa778-f46a-3db4-263d-651eaf1399d2','DocumentRevisions','2024-02-26 08:27:30'),('a7f895f6-0e0a-3ae6-89af-65dc3d1ffdca','daae9ce0-1c5a-f893-26bf-651eafabd08e','Documents','2024-02-26 08:27:30'),('ad001f74-2a58-571f-a189-65dc3de3a637','c611f7f9-11c4-c209-56d7-651eb137b281','DocumentRevisions','2024-02-26 08:27:30'),('b3f42d8b-725c-9d64-3595-65dc3d8b3773','82c91233-edb5-5e98-03b4-651eaf842141','Documents','2024-02-26 08:27:30'),('ba24bc9c-3456-cfa1-aaf1-65dc3ddc068d','85a3a983-37ca-545b-aa5d-651fc4af7d81','Documents','2024-02-26 08:27:30'),('ccef0521-ea88-425b-f68a-65dc3d59b5c6','c1adbde4-d53d-1ed2-dfa0-651c151c0e32','OPS_justificatif','2024-02-26 08:27:30'),('59d559ce-a6bd-bbad-d282-65e923c27c34','2380c04a-9c6f-61a9-aea0-65e923d37818','Documents','2024-03-07 03:18:38'),('85eb0280-c032-6eca-dea5-65e9438116cd','9e8a44b8-f640-0327-2c68-65e9437b8b6d','Documents','2024-03-07 05:32:50'),('625c1caf-3588-bf87-b53e-65f2be6ae3b7','2aaa0436-bee4-9428-a49e-65f2bee8f72c','Documents','2024-03-14 10:08:07'),('a6ce1a0f-f742-5a4b-e159-65f69537a14e','e2cec821-351c-08a6-71dc-65f695092726','Documents','2024-03-17 08:00:49'),('cb290692-4e43-0cc2-925a-65f695ae9953','ad360991-15b2-98c5-c6d1-65f695816759','Documents','2024-03-17 08:01:27'),('64a965e5-037f-ba19-701b-6605120f78ac','bde90a9b-7d58-a24c-0a36-65ea88bee7a5','Documents','2024-03-28 07:48:38'),('6c3943b4-bf26-25a4-e08f-66051277faf6','307e6db8-1dae-6979-d98c-65ebc6389e70','Documents','2024-03-28 07:48:38'),('71758a36-ffdf-b945-f3aa-660512630603','bada107b-6984-998e-9822-65f2be2f2a0e','DocumentRevisions','2024-03-28 07:48:38'),('791881c0-bb66-a987-b1de-660512c0dbc4','a41fbe0e-7502-9550-34ff-65f2be9d6842','Documents','2024-03-28 07:48:38'),('8cbaa476-def5-0e85-2838-660512d48e00','6897ffc8-e225-6b84-3ea7-65e942523007','OPS_justificatif','2024-03-28 07:48:38'),('1c0962d3-f869-35a4-e49b-660512ffc7f5','ab602271-f251-cfc7-1022-652fdbec9bed','DocumentRevisions','2024-03-28 07:48:39'),('26b84ed2-7016-70b6-b610-660512577d98','e5dcdb99-cead-4384-624f-652fdb2bed52','Documents','2024-03-28 07:48:39'),('2d2479bc-ff14-307f-db73-660512937ce9','73e323e2-33d0-5cc7-2167-653698bdc32b','Documents','2024-03-28 07:48:39'),('333ba1e3-68b9-259e-b7e1-660512b8cde3','c09c386e-c968-8834-556b-6539fd83cf92','Documents','2024-03-28 07:48:39'),('395b0e06-5fce-8481-9da3-6605125e4ff6','f2a552fb-0baf-7a14-0a89-653a29280a4b','Documents','2024-03-28 07:48:39'),('3f9f5a9d-0d72-77e5-c930-660512314418','f01f1921-cce4-4ab5-1d57-654b3bbebda9','Documents','2024-03-28 07:48:39'),('471487e5-b3e1-fc8c-280c-660512ec4654','91248b8e-8df2-752a-8c74-65570897009f','Documents','2024-03-28 07:48:39'),('562c6ce1-fb70-b272-0f6f-660512e1710f','12b8e93c-2c39-2b8b-5c9f-652fd4eecc7f','OPS_justificatif','2024-03-28 07:48:39'),('67d7df65-261e-b89c-55f6-6605129229b1','274ced0b-5fb7-4f81-2b9d-6539fd21038f','OPS_justificatif','2024-03-28 07:48:39'),('74608c48-4eb1-7b7b-ee19-660512960d87','6434e463-d16b-f669-34de-652fd3c05db0','OPS_justificatif','2024-03-28 07:48:39'),('8881e80e-bff9-a315-7cdc-660512ef4797','876fc559-8aa8-0cec-b8b6-652fd291eae1','OPS_justificatif','2024-03-28 07:48:39'),('c5e3ce3c-c550-2971-2f88-660512182114','6a0834c9-6d3d-74e1-7591-652f8ea07677','OPS_justificatif','2024-03-28 07:48:39'),('6860bd40-9fde-1afc-437d-6605180a9a87','e6fb071d-4712-cb6b-6ce7-66051616caf2','DocumentRevisions','2024-03-28 08:13:12'),('6fb8e930-2832-e472-ae78-6605189a2a64','d9180278-795a-eb2f-c50f-660516c344e9','Documents','2024-03-28 08:13:12'),('8aa34a60-bcdb-8be7-d8c4-660687059b64','2c48206c-652c-dff8-bb40-66066e72a822','OPS_justificatif','2024-03-29 10:18:31'),('5178d30b-ed1e-7615-badc-660695c454f6','aaca5c22-988b-6a99-ba13-660695a9f020','Documents','2024-03-29 11:20:46'),('1b77afde-b567-f09d-ca6b-6613b791f63e','aebe8868-56c2-96fc-e6fc-6613b7d66107','Documents','2024-04-08 11:24:51'),('863ee89f-20b6-4de9-371d-661659726142','cd85d57e-134e-888f-c2b4-6616594d5ebe','Documents','2024-04-10 11:18:33'),('d05a3266-d706-1632-ae2b-6617f110f05c','efbaab1f-9b4d-d887-f8e6-6617f1edaa0a','Documents','2024-04-11 16:21:44'),('1c4b65ac-cbba-a37c-d7fb-661e507a428d','9fdcdbd3-affc-235e-f1db-661e5095da7b','Documents','2024-04-16 12:18:43'),('75214424-67e1-505b-79be-6634988db98a','d51d046a-3c6c-52de-19d7-663498520a09','OPS_justificatif','2024-05-03 09:57:38'),('7e70e584-964a-9f36-fd35-663498d40fd9','99e64658-4313-93d6-523a-663498d5080d','OPS_justificatif','2024-05-03 09:57:38'),('9dfa6001-5ff6-085f-158d-66349890a08e','bddeef74-48de-0a65-9730-66348a449941','OPS_justificatif','2024-05-03 09:57:38'),('a87b8ca0-20f0-71b3-afa2-663498910452','ca91e7a8-15ff-280a-af72-66348a662158','OPS_justificatif','2024-05-03 09:57:38'),('d167aa38-9bcf-89f9-cfe6-663498a03bb2','4e5bbea6-8995-8272-f7a8-6634916ec005','DocumentRevisions','2024-05-03 09:57:38'),('d7d9d9ac-ad70-f832-9b71-663498520be6','9cc2541a-25b3-63b2-8382-663491f29efc','Documents','2024-05-03 09:57:38'),('d90f7a57-7a2f-1a27-082f-663498659dbe','30dc7ab4-c92b-ca94-7cad-6634913a3c73','DocumentRevisions','2024-05-03 09:57:38'),('ded8c009-3b95-b8ad-1892-6634988151a6','83adbe2d-51af-a7c5-a27f-6634910e4640','Documents','2024-05-03 09:57:38'),('390d60c1-822a-c289-7bd3-663498968f9f','d8228fa6-376b-6dde-2ebe-6633eb2d3e0f','DocumentRevisions','2024-05-03 09:57:39'),('3f41f024-ce9f-4bc4-f896-6634989c437b','1e045ebf-326a-6e6b-65ff-6633eb7576da','Documents','2024-05-03 09:57:39'),('42013ee9-19f2-38e0-000c-66349852deda','8fc2c2dc-e759-89bd-5a96-6633ec8ac808','DocumentRevisions','2024-05-03 09:57:39'),('477862a1-7234-99a5-da4a-663498ee8244','3d035fbb-ba42-9a61-c8b1-6633ec4912bc','Documents','2024-05-03 09:57:39'),('4b336c4b-9cf1-d596-c924-663498e38f7b','bf35d2ab-3a62-4a1e-ee1e-6633ec3bc494','DocumentRevisions','2024-05-03 09:57:39'),('511c4eb2-09b4-a502-cfb3-663498dc94ff','227dfec6-5e6d-a374-108a-6633ece0f90b','Documents','2024-05-03 09:57:39'),('54b2019b-e9fa-65ea-18c0-663498b05ee8','a8620e19-4fb4-4ae5-09f1-6633ed35df7a','DocumentRevisions','2024-05-03 09:57:39'),('5a68ccb8-30df-1a15-fbae-663498b10ff8','6601336c-6da9-4537-adc7-6633edeab77a','Documents','2024-05-03 09:57:39'),('5dfa3aa0-8434-e8fb-4e25-663498353d65','68570ccf-44aa-2b12-046b-6633ed04002b','DocumentRevisions','2024-05-03 09:57:39'),('63169bb9-cf51-55fa-c516-663498a23c8d','a8d2adba-70ac-f4af-fc11-6633edf7b115','Documents','2024-05-03 09:57:39'),('6567ccb7-8225-bb6c-51ec-663498c32518','c71cadf3-8e31-855e-6a6e-6633ee51265f','DocumentRevisions','2024-05-03 09:57:39'),('694e6548-6b79-0935-b7b2-6634986c5ad3','81158b2e-8f99-bdf4-6d57-6633eeae1bb1','Documents','2024-05-03 09:57:39'),('d6cc3c42-03c1-6727-4567-66349817e7de','458a7c17-1981-9245-12a0-66348f8a5440','DocumentRevisions','2024-05-03 09:57:39'),('dad02aac-b3fa-6349-d95e-663498fed53f','92f71eff-de6b-45b8-0284-66348fda7140','Documents','2024-05-03 09:57:39'),('49700b79-0a21-9286-8f48-6638ea13d7b2','b4793409-2fd4-055d-03e0-6638eaa4f51d','Documents','2024-05-06 16:36:44'),('af227ee7-86c8-495d-0790-6638ec8efb1d','6fab0de8-dc73-254c-defc-6638eb7b933b','Documents','2024-05-06 16:41:29'),('daf0b4be-597a-dbc6-8f4d-663b278bbb88','64ac4c92-2229-2638-e1e1-6638e9cf4be8','DocumentRevisions','2024-05-08 09:20:52'),('e2c54c88-32b6-83a2-0da8-663b277cd0d0','476f9bf7-041c-67b0-89df-6638e9eaf9a4','Documents','2024-05-08 09:20:52'),('9ce2099a-1c95-74b7-8307-663b27d36bfb','6e6cbe05-2014-3d6c-2705-663882de996f','OPS_justificatif','2024-05-08 09:20:53'),('266ec2ee-e905-7aa0-24fd-663b274dacb7','72e97341-cae9-8a18-3d92-6638826d577e','OPS_justificatif','2024-05-08 09:20:53'),('755f2279-23d6-7050-021a-664c992a081d','51579cbc-f4e3-1351-3120-664c9971b6de','Documents','2024-05-21 14:55:11'),('55b0e3fd-457d-31c4-b871-664eddaf6570','aa94ad24-e57b-6efd-faac-664edd2ce36f','Documents','2024-05-23 08:08:44'),('47b7016a-73dc-c782-c4c5-664eddcc3ec8','62101a01-8362-1e6b-aaed-664edd0cc0d7','Documents','2024-05-23 08:11:10'),('6ee737fd-b3b5-0fd5-1214-6662d7b6605c','161b6820-0a08-c8e5-acbb-6662d7c4d2da','Documents','2024-06-07 11:48:32'),('48b4423d-e94b-de5c-b726-6662d739dafb','4b0aa861-2955-671e-5f3f-6662d724269c','Documents','2024-06-07 11:50:47'),('7801a85d-cf4f-b28d-42de-666c2ed192ac','239b0be3-6abe-d20f-cb89-666ae95f2dc0','Users','2024-06-14 13:49:58'),('76ea2d45-76b2-d54a-df5a-6671487bb181','e1b60aa9-2b16-577c-b330-667143242260','OPS_justificatif','2024-06-18 10:42:30'),('17305246-b5c5-cdb9-ae2b-6677fd871dd2','5467e2ba-d465-e2f1-7af0-642ac2d16e26','OPS_justificatif','2024-06-23 12:50:32'),('29fc01c4-e082-1184-b732-6677fdeb6156','a3084087-0a05-2ee3-3d40-642ac15914b6','OPS_justificatif','2024-06-23 12:50:32'),('61c703bf-6e46-61f9-e9db-6677fde5cc60','5a43f85e-5f9d-f3fb-cea5-6428a1182832','OPS_justificatif','2024-06-23 12:50:33'),('dafc01e8-2bd2-b6fd-43e2-6677fd319bef','c2d86b5c-649b-37f7-76c3-6428a00b0930','OPS_justificatif','2024-06-23 12:50:33'),('7697c222-f1fe-8161-7ca2-6677fdd1108a','384f23e5-527e-48dd-edd7-642707107504','OPS_justificatif','2024-06-23 12:50:33'),('3922cb97-edc8-5894-876a-6677fe314976','90bd4cfd-24e2-fe8a-cf36-642b2f217ed0','OPS_justificatif','2024-06-23 12:51:12'),('7f3014e5-f791-9bd1-36f9-6677ffe1ad41','63e6c8a0-ee6b-e791-7a60-6428a13eb719','OPS_justificatif','2024-06-23 12:55:49'),('c1f8e7cc-a61a-5690-3703-6677ff92807b','119939b3-5c3f-1fe1-2da1-642b33661bd6','OPS_justificatif','2024-06-23 12:56:41'),('d04d066c-5751-2df5-19a3-66792ad1acd9','b4e9d814-018b-a31e-a741-651beab5de9d','OPS_justificatif','2024-06-24 10:13:43'),('3fbe55a9-96dc-1298-e2a3-66792a009903','2da42dc9-7975-be07-2fc0-6479994b0e2e','OPS_justificatif','2024-06-24 10:14:06'),('8f7d96ac-ca8a-59d2-941f-66792a86dc49','8ba33c5b-edcc-856c-865a-6504571895d5','OPS_justificatif','2024-06-24 10:14:32'),('9c455453-92d6-fe66-75af-66792aa3c415','96060efc-ba1e-3113-6011-650457a152b9','OPS_justificatif','2024-06-24 10:14:32'),('c6b1ea07-5ddb-1430-6a5a-66792aae3949','c7ac00b9-8055-dd77-e0ca-642b337ae436','OPS_justificatif','2024-06-24 10:14:32'),('59559419-dce5-bb98-6c9f-667952e9a47a','4ce6ac8d-7f0b-aa76-88be-6453b19d1685','OPS_justificatif','2024-06-24 13:02:22'),('cb1dc076-2c65-9543-511a-66d5717d4254','4cfb02d4-2395-95fd-e19c-6617e94a9851','OPS_justificatif','2024-09-02 10:02:23'),('a54b1f81-6c33-944d-5d43-66d84a0cdc9c','4d7bec30-193f-2a71-f4ef-651ad748c574','DocumentRevisions','2024-09-04 13:52:38'),('ac5f8266-c321-f67f-28e5-66d84ad6a282','44ea3a6a-5f96-7d38-e187-651ad7321051','Documents','2024-09-04 13:52:38'),('ad5f5a5c-844a-2f6d-2a88-66d84a70e33d','f5d00c39-d1bf-70b8-70ea-651ad9d45251','DocumentRevisions','2024-09-04 13:52:38'),('b0be20fd-9f2a-8051-7d89-66d84af901a6','42d83a3f-da21-cd21-3753-651ad9c056d5','Documents','2024-09-04 13:52:38'),('e0aff5b8-0749-bc6e-474d-66d84ad866af','13cc0381-36f4-3547-d190-64f08ac73b16','Documents','2024-09-04 13:52:38'),('e4761437-4e10-6f5b-0265-66d84aa2bb61','5fc5b4c5-e54f-ff07-eb77-64f08c8c1b73','Documents','2024-09-04 13:52:38'),('e80d41a8-83e4-17bd-b527-66d84adc9b05','7ddbe215-0ff3-333f-0568-64f19336d555','Documents','2024-09-04 13:52:38'),('eb92005c-1b32-ca56-225d-66d84a99109b','5c840a54-2bd6-4143-a120-64f19397cd2c','Documents','2024-09-04 13:52:38'),('ef1a2391-fddf-22a7-1ee5-66d84a48e686','67638138-e27e-3da1-dbea-64f193ff9369','Documents','2024-09-04 13:52:38'),('37093ef2-ba6b-b87e-e1d3-66d84a8edf0c','cc85b7f9-9598-157b-6995-64e723735fd1','DocumentRevisions','2024-09-04 13:52:39'),('3a90cc72-16aa-5d2b-d800-66d84afb2191','bac05267-1961-4a04-06f2-64e7232fcd0f','Documents','2024-09-04 13:52:39'),('3c91d2d3-0734-00af-232f-66d84a06dbe3','dc2d8596-d80a-1be1-5ff8-64f08d6e56cf','DocumentRevisions','2024-09-04 13:52:39'),('3ffc34b8-7b3b-253f-8226-66d84a762854','7d3899c5-c93c-435d-c6ae-64f08c7f770f','Documents','2024-09-04 13:52:39'),('4dbfac11-0e8b-c6cb-b0a1-66d84a46f1aa','f08cea67-f1a1-ca65-daed-64e71b9092fc','OPS_justificatif','2024-09-04 13:52:39'),('58464106-04b8-3589-f3af-66d84a4f4f31','369c3627-7790-ba59-39d6-64e721c6bf70','OPS_justificatif','2024-09-04 13:52:39'),('636448ac-4a31-c9ce-ec02-66d84a8a49c4','cc95c039-e332-22f6-ffd8-64e71bd89675','OPS_justificatif','2024-09-04 13:52:39'),('9fb58f8f-59fb-eef3-dfa1-66d84a19c524','18640e54-e7b4-1228-0ce2-64e71312c837','DocumentRevisions','2024-09-04 13:52:39'),('a35af7a2-64ea-ca6f-a742-66d84abd4aba','e9244115-a6bb-7de6-e8fd-64e71307ec6a','Documents','2024-09-04 13:52:39'),('b06ca85f-cb47-a630-cbbd-66d84a845dca','31200a7b-0bcb-362b-079c-64e70ff0ade4','OPS_justificatif','2024-09-04 13:52:39'),('bdca8e77-2741-267f-03d7-66d84a1e3066','dcaa84f5-3bc7-2bac-45b7-64e70fbc098d','OPS_justificatif','2024-09-04 13:52:39'),('8da7bce4-1bdd-7157-275d-66d84af9bbae','3d9e646f-3d93-f9bb-99da-6437c3f401d3','OPS_justificatif','2024-09-04 13:54:11'),('9788db7d-167f-1779-60e9-66d84a300b8b','50455696-1a94-b58b-66b1-6437c3526efa','OPS_justificatif','2024-09-04 13:54:11'),('c4703fee-89bb-0d45-77ec-66d84a82590b','5889f8eb-aecf-b84b-fc3e-6437afe0a416','OPS_justificatif','2024-09-04 13:54:11'),('d4dddb9e-4a07-7cd9-8fb7-66d84acb1a6a','d0484ca5-3d7b-854f-2cbd-6437af27a005','OPS_justificatif','2024-09-04 13:54:11'),('1adbc36a-0e01-f1d3-bc59-66d84a254d81','4e02cd58-3926-2da1-4c38-64371b90f135','OPS_justificatif','2024-09-04 13:54:12'),('2550fc32-3bb7-8710-8522-66d84a629d40','57d6bae6-5354-912e-151e-64371b78c26d','OPS_justificatif','2024-09-04 13:54:12'),('3208f6d5-01c1-1b37-a904-66d84a57b762','5b203ddb-45b4-55ee-67eb-64371b5845db','OPS_justificatif','2024-09-04 13:54:12'),('3d0a6751-b90e-0601-3727-66d84a09cc77','66022760-c3c4-73b1-e1a6-64371b646ac5','OPS_justificatif','2024-09-04 13:54:12'),('6337d3b8-3832-3ec5-e15b-66d84a084f55','e9e20950-52d5-bb4d-6261-64370bb5d52a','OPS_justificatif','2024-09-04 13:54:12'),('99b5bfe8-23c2-65ac-2628-66d84a464fa7','8cfec265-069f-c8bc-7c9a-65b8ffc247cf','DocumentRevisions','2024-09-04 13:55:02'),('a2a7c8a5-6f1a-8ce7-2358-66d84a6e395e','78e1aee7-ee32-6cfe-b4ec-65b8ff41e870','Documents','2024-09-04 13:55:02'),('a58fe948-2b08-5f9d-4d8b-66d84ad6d12f','d82e3673-e003-4656-42d8-65b8ff6e335c','DocumentRevisions','2024-09-04 13:55:02'),('aa5fde61-4e92-3fcd-f59f-66d84aa2e87b','429f436f-e278-e2f6-da2c-65b8ff3518d0','Documents','2024-09-04 13:55:02'),('c4c7ce95-bc91-fdf7-3da4-66d84a4a1820','26cbae6f-6191-8eb9-9445-65b8f8699388','OPS_justificatif','2024-09-04 13:55:02'),('da3e4ce9-eefe-6192-1086-66d84a22869a','4ed48fd6-a3dd-8501-8fbd-65b8fdf97d1e','OPS_justificatif','2024-09-04 13:55:02'),('efd58e93-9f6a-6091-1994-66d84ab8cabe','93a8782a-21c2-49c5-6050-65b8f773a0e7','OPS_justificatif','2024-09-04 13:55:02'),('314d795c-770e-7b22-e44c-66d84ac2f758','a6a59501-7d47-3e0f-e65f-65b0efb9be3f','DocumentRevisions','2024-09-04 13:55:03'),('3618ab57-1c5e-41f1-6d36-66d84a0c9d4a','96f3d289-f245-d4c9-b421-65b0efee23a7','Documents','2024-09-04 13:55:03'),('381e8e61-7d26-2ac1-20b8-66d84a5cbacc','df21b3ee-f63b-ec3c-ca48-65b0ef982209','DocumentRevisions','2024-09-04 13:55:03'),('3c47a8f8-66a5-2ebb-39da-66d84a1eb2b6','ef055694-d5c7-edf1-a039-65b0ef90bb77','Documents','2024-09-04 13:55:03'),('4b573cf7-1106-068f-2480-66d84a810bf9','f23a151b-ff39-ff97-d34c-65b0ee1d3eed','OPS_justificatif','2024-09-04 13:55:03'),('59cc0447-5531-b5d1-acef-66d84ae43a1d','bd400fbb-b7f6-ad65-88d7-65b0eb0a7c91','OPS_justificatif','2024-09-04 13:55:03'),('650bb7ef-175c-c501-8358-66d84a44ae38','718e03e4-f507-ed36-e8c2-65b0eb8f2bf1','OPS_justificatif','2024-09-04 13:55:03'),('74557e67-b41d-1bb8-7b05-66d84a452c38','2e029492-9d0b-1c25-a28a-65b0eb865e8c','OPS_justificatif','2024-09-04 13:55:03'),('a07a1348-e3ce-985f-65f8-66d84afbd71a','705bc967-216a-3e1e-b383-65b0dee5b2d9','DocumentRevisions','2024-09-04 13:55:03'),('a40e0db2-768a-bde9-4a33-66d84ade563d','aecb2834-e5b2-80e9-04a2-65b0de317586','Documents','2024-09-04 13:55:03'),('cbc6972c-ba05-84ec-b81c-66d84a1883fb','543a8862-8929-ab54-59ce-65afd2a66f00','DocumentRevisions','2024-09-04 13:55:03'),('cfaace5b-a23a-e102-1911-66d84adcf8dc','5bc235bf-e055-1175-ae02-65afd1b08068','Documents','2024-09-04 13:55:03'),('e21c2fbe-573b-05ef-f035-66d84a42d6c9','277412e9-7e53-b0ca-1bcc-65afc77b0f47','OPS_justificatif','2024-09-04 13:55:03'),('ede10adb-0ffa-b808-e457-66d84a6ebd14','8d982f0c-5ce5-e0f1-2e91-65afc97cbc61','OPS_justificatif','2024-09-04 13:55:03'),('64390a4a-9160-d56a-ed6b-66d84a818f53','98e0189a-445a-8e61-aa9d-65afced8a410','OPS_justificatif','2024-09-04 13:55:04'),('17df53a8-75e3-8300-9f65-66d84ab182e4','d197bb7a-61b2-9b39-c467-65afc8fef362','OPS_justificatif','2024-09-04 13:55:04'),('40fc7495-07f9-4d28-75ee-66d84a01efdc','433441da-627c-427f-a0b7-657a21d9a706','DocumentRevisions','2024-09-04 13:55:04'),('457dc56c-1778-9328-cbec-66d84a785798','3045f3e7-73b3-9653-ac87-657a214e3ed1','Documents','2024-09-04 13:55:04'),('4990c63f-c5b7-98e4-2266-66d84aac081b','6b0d78d4-b77a-7e78-a1b1-657ac00d6737','Documents','2024-09-04 13:55:04'),('869e4b98-536a-46b6-9e4a-66d84a6e5e67','8eeaa867-c722-8c05-3387-657343f1be4d','DocumentRevisions','2024-09-04 13:55:04'),('8a54dec4-5e3d-c2a5-8852-66d84ade0def','7cf6357b-f73f-8313-feda-657343b4a29f','Documents','2024-09-04 13:55:04'),('8c72155a-f32e-5a1d-14c3-66d84af06b21','c3ca66ed-a757-5153-ada9-657343c11620','DocumentRevisions','2024-09-04 13:55:04'),('9023ab89-1e12-5256-8571-66d84a7b1ae2','962838cc-9d50-f53b-76ee-657343768936','Documents','2024-09-04 13:55:04'),('9ce70f77-d871-eb94-b624-66d84a593f59','4ecae5d2-3295-3a7e-0535-65733c2efe4a','OPS_justificatif','2024-09-04 13:55:04'),('a831c136-4766-5a57-35de-66d84ac70415','72c42973-fd6f-2592-70c8-65733a143dec','OPS_justificatif','2024-09-04 13:55:04'),('bdaad2f6-df0e-01b3-d6cb-66d84ae9ece5','a8c7b9c8-84a4-7b04-b6e2-65734173f235','OPS_justificatif','2024-09-04 13:55:04'),('3a11a2c4-77c7-9c51-217f-66d851006683','ac676a71-1d91-2198-49ac-66d851548d96','OPS_justificatif','2024-09-04 14:26:37'),('45fe1a19-8d7c-6eb3-bc44-66d852ea9237','5f888228-093a-9616-fbc9-655231b58f98','OPS_justificatif','2024-09-04 14:28:42'),('55d01442-f26f-00e1-84c0-66d85217219f','9dd44801-ba35-563d-fd0e-6552314a5c59','OPS_justificatif','2024-09-04 14:28:42'),('627a2126-52a4-3baa-76db-66d852a3aebd','aa7840b4-7da9-38f8-de4b-655232f9b879','OPS_justificatif','2024-09-04 14:28:42'),('b4694510-c625-94cb-9e08-66d8529deb7f','89c63b19-6679-a592-fb66-652663c68af2','DocumentRevisions','2024-09-04 14:28:42'),('bb1dab1d-95a5-ffde-b788-66d852e97451','79089e7e-73c0-d123-807a-652663a32890','Documents','2024-09-04 14:28:42'),('bd2f3ca1-97fe-35d6-9370-66d852cbe851','23ca3a52-dd5b-2158-369a-6526649ff50b','DocumentRevisions','2024-09-04 14:28:42'),('c0b9284f-d2fe-8d2e-2f66-66d85239fd11','6f36ffaa-61e2-e895-4415-6526631834c3','Documents','2024-09-04 14:28:42'),('ccc15661-8bf4-4d4c-2e95-66d8527f8468','557f17f1-01ee-7df6-6645-652660eb326f','OPS_justificatif','2024-09-04 14:28:42'),('d87a2780-e297-4711-c1fd-66d85230cbc7','5199fa8a-c20e-dac5-d564-65265b9147ce','OPS_justificatif','2024-09-04 14:28:42'),('e73dd66e-e748-b78b-e23f-66d852989565','b0815a84-3efa-e158-ed1d-65265b7369bb','OPS_justificatif','2024-09-04 14:28:42'),('2a6d91dc-0619-84a4-7975-66d8528db4b6','55b61c96-5e60-28a8-089a-651c159f6000','DocumentRevisions','2024-09-04 14:28:43'),('2dc91e48-e28d-f13c-e7f7-66d852cafe3d','4892e3bd-ecd3-7271-42d1-651c15f20f96','Documents','2024-09-04 14:28:43'),('2f8cc903-60af-342a-2aff-66d852bb0104','3863d02e-c349-8085-2546-651c165b5034','DocumentRevisions','2024-09-04 14:28:43'),('32d6dc41-02b4-74b3-f079-66d85254338f','7015a20e-6d52-a9d3-fb7c-651c168eb08c','Documents','2024-09-04 14:28:43'),('35fae331-fe0b-230d-8d9b-66d85230d958','3b7a84a6-6fc2-3bc3-e67b-65250f381164','Documents','2024-09-04 14:28:43'),('38ec4b78-c23e-1632-049c-66d8526db442','df5a5ef8-c2ee-3a87-13a3-652f7b338303','Documents','2024-09-04 14:28:43'),('3bd58430-12d0-00dd-3682-66d8523df009','e5c8cf6a-79ec-f7c8-acac-652f7c7bd443','Documents','2024-09-04 14:28:43'),('481dd786-d733-9dbf-cdc4-66d8527f80d6','286b29ec-1d72-3d74-f096-651c0f5b428b','OPS_justificatif','2024-09-04 14:28:43'),('53221dcb-16f4-c087-9702-66d852431e31','7ed747a0-f69b-f982-7042-651c0fa7888c','OPS_justificatif','2024-09-04 14:28:43'),('b379344a-9fd9-7997-98b4-66d8529f6614','f3ec21c2-2d9c-ec63-eff7-65d865adabae','DocumentRevisions','2024-09-04 14:29:46'),('b7fa84a4-cf66-7a02-0b4f-66d852f877cb','d43de670-05f1-11f8-d13c-65d865491f2f','Documents','2024-09-04 14:29:46'),('baa6fb53-95e6-758c-bd02-66d85265d09a','d54c038d-4b9b-7769-0847-661e500afc07','DocumentRevisions','2024-09-04 14:29:46'),('be1c22a6-5ed5-83df-8cde-66d852d6eb3b','c6f591d5-a4c8-03e0-4895-661e50e8c2bb','Documents','2024-09-04 14:29:46'),('ce745dbb-2fdd-2133-755d-66d852fd5910','4a57d215-6eb9-418c-afe8-65d8611972c8','OPS_justificatif','2024-09-04 14:29:46'),('da1b08ab-48a3-6873-3587-66d852a7292f','8aa29f81-f0cf-50da-e27d-65e5edebf101','OPS_justificatif','2024-09-04 14:29:46'),('971dd9d5-3a9b-5d05-ffdd-66d8528ba17a','41565d13-a844-8817-0f57-66d56f583f2f','OPS_justificatif','2024-09-04 14:30:28'),('a05d1fc8-b4f9-5ad4-9e77-66d852de5a91','62964409-13d1-0019-07ea-66d56ce87fae','OPS_justificatif','2024-09-04 14:30:28'),('aa738979-622c-283e-43c6-66d85224895d','76720965-8853-c0c6-3f3d-66d56c007f3f','OPS_justificatif','2024-09-04 14:30:28'),('c3b8e5b8-c633-3478-1eb7-66d853c2c198','21c270b0-19d1-7032-b0e4-66601d1dac4a','DocumentRevisions','2024-09-04 14:31:30'),('c9f81170-9e83-ccd6-ac8f-66d8536c7ac7','f2b3c67b-820a-1f0f-c46d-66601d50b125','Documents','2024-09-04 14:31:30'),('d7daf6c0-5a02-b141-8dd7-66d8536ac09a','199b6114-0235-25c2-b6fc-66601e4601e3','OPS_justificatif','2024-09-04 14:31:30'),('e3745edf-7702-6ddd-bb56-66d8534c4aa3','d01bd697-ca52-4b94-1a3e-665f2e408e51','OPS_justificatif','2024-09-04 14:31:30'),('d06cc7e2-c8ad-9ead-2668-66d85c86be06','51672efd-c07b-4040-bf5e-66d850664a88','OPS_justificatif','2024-09-04 15:10:53'),('958ed4f7-aa2a-f3d7-5f51-67337a6c9847','896d5db1-220d-b585-ac9f-67337ae6d5d4','Documents','2024-11-12 16:56:51'),('effa4743-0abc-8aae-6b5f-67b7455fb859','31d153ed-78a2-ed9c-143f-67b74580372b','Documents','2025-02-20 16:10:15');

--
-- Table structure for table `currencies`
--

CREATE TABLE `currencies` (
  `id` char(36) NOT NULL,
  `name` varchar(36) DEFAULT NULL,
  `symbol` varchar(36) DEFAULT NULL,
  `iso4217` varchar(3) DEFAULT NULL,
  `conversion_rate` double DEFAULT 0,
  `status` varchar(100) DEFAULT NULL,
  `deleted` tinyint(1) DEFAULT NULL,
  `date_entered` datetime DEFAULT NULL,
  `date_modified` datetime DEFAULT NULL,
  `created_by` char(36) NOT NULL,
  PRIMARY KEY (`id`),
  KEY `idx_currency_name` (`name`,`deleted`)
) ENGINE=MyISAM DEFAULT CHARSET=utf8mb3 COLLATE=utf8mb3_general_ci;

--
-- Dumping data for table `currencies`
--


--
-- Table structure for table `custom_fields`
--

CREATE TABLE `custom_fields` (
  `bean_id` varchar(36) DEFAULT NULL,
  `set_num` int(11) DEFAULT 0,
  `field0` varchar(255) DEFAULT NULL,
  `field1` varchar(255) DEFAULT NULL,
  `field2` varchar(255) DEFAULT NULL,
  `field3` varchar(255) DEFAULT NULL,
  `field4` varchar(255) DEFAULT NULL,
  `field5` varchar(255) DEFAULT NULL,
  `field6` varchar(255) DEFAULT NULL,
  `field7` varchar(255) DEFAULT NULL,
  `field8` varchar(255) DEFAULT NULL,
  `field9` varchar(255) DEFAULT NULL,
  `deleted` tinyint(1) DEFAULT 0,
  KEY `idx_beanid_set_num` (`bean_id`,`set_num`)
) ENGINE=MyISAM DEFAULT CHARSET=utf8mb3 COLLATE=utf8mb3_general_ci;

--
-- Dumping data for table `custom_fields`
--


--
-- Table structure for table `document_revisions`
--

CREATE TABLE `document_revisions` (
  `id` varchar(36) NOT NULL,
  `change_log` varchar(255) DEFAULT NULL,
  `document_id` varchar(36) DEFAULT NULL,
  `doc_id` varchar(100) DEFAULT NULL,
  `doc_type` varchar(100) DEFAULT NULL,
  `doc_url` varchar(255) DEFAULT NULL,
  `date_entered` datetime DEFAULT NULL,
  `created_by` char(36) DEFAULT NULL,
  `filename` varchar(255) DEFAULT NULL,
  `file_ext` varchar(100) DEFAULT NULL,
  `file_mime_type` varchar(100) DEFAULT NULL,
  `revision` varchar(100) DEFAULT NULL,
  `deleted` tinyint(1) DEFAULT 0,
  `date_modified` datetime DEFAULT NULL,
  PRIMARY KEY (`id`),
  KEY `documentrevision_mimetype` (`file_mime_type`)
) ENGINE=MyISAM DEFAULT CHARSET=utf8mb3 COLLATE=utf8mb3_general_ci;

--
-- Dumping data for table `document_revisions`
--

INSERT INTO `document_revisions` VALUES ('4525b369-cdf7-381e-9ee0-6756ae73ac17',NULL,'6d7c51f0-dae1-5fb2-792a-6756ae65c6aa',NULL,NULL,NULL,'2024-12-09 08:44:57','c4250303-bf3c-53d5-45a9-66e15bb9cb43','Attestation.pdf','ttestation',' application/octet-stream','1',0,'2024-12-09 08:44:57'),('c6738c9c-bc65-3ff3-6439-67a5c8d6c5d8',NULL,'a46b132c-d84b-9b65-49ce-67a5c80af516',NULL,NULL,NULL,'2025-02-07 08:45:32','1','Attestation.pdf','ttestation',' application/octet-stream','1',0,'2025-02-07 08:45:32'),('68e0deb3-1244-68a3-e45a-67ae0e088320',NULL,'964157c2-4513-4719-a976-67ae0e465c05',NULL,NULL,NULL,'2025-02-13 15:24:10','1','Notification accord manifestation.pdf','otification accord manifestation',' application/octet-stream','1',0,'2025-02-13 15:24:10'),('64b83a9f-df3b-5cbb-8b44-67ae0f6230cc',NULL,'9acadd4a-d0eb-bd28-d258-67ae0fff972a',NULL,NULL,NULL,'2025-02-13 15:26:21','1','Convention mise à disposition logiciel.pdf','onvention mise à disposition logiciel',' application/octet-stream','1',0,'2025-02-13 15:26:21'),('8ba2ce17-c43c-40d4-6d5d-67ae0f772758',NULL,'4abff0d4-a6bd-ebf4-8fb8-67ae0fea3656',NULL,NULL,NULL,'2025-02-13 15:28:02','984bab36-6ea9-3a3f-cc48-66e15b39ccb8','Invitation voeux.pdf','nvitation voeux',' application/octet-stream','1',0,'2025-02-13 15:28:02'),('9ffc73bf-ecc7-c5c6-6cd5-67ae0fd4654a',NULL,'dc24ae3f-da96-d3ed-0358-67ae0fa69a05',NULL,NULL,NULL,'2025-02-13 15:28:29','984bab36-6ea9-3a3f-cc48-66e15b39ccb8','Candidature offre : lettre d\'embauche.pdf','andidature offre : lettre d\'embauche',' application/octet-stream','1',0,'2025-02-13 15:28:29'),('72c86d6a-a496-5729-9511-67b745e8e67b',NULL,'5e0a106f-f822-5111-7090-67b745ce6738',NULL,NULL,NULL,'2025-02-20 15:09:16','1','Invitation voeux.pdf','nvitation voeux',' application/octet-stream','1',0,'2025-02-20 15:09:16'),('3883e1a1-b6c3-a188-188c-67b74515d238',NULL,'48ab4bff-44e9-56df-4a48-67b745342063',NULL,NULL,NULL,'2025-02-20 15:09:40','984bab36-6ea9-3a3f-cc48-66e15b39ccb8','LM_PDF.pdf','M_PDF',' application/octet-stream','1',0,'2025-02-20 15:09:40'),('701278e0-bd06-db59-c6bd-67b746b90f1a',NULL,'7f0e2b45-af11-c01a-8da7-67b746877018',NULL,NULL,NULL,'2025-02-20 15:13:17','1','Document_Editique_2025-02-20_161317.pdf','pdf',' application/octet-stream','1',0,'2025-02-20 15:13:17'),('4b389d6c-8d98-ceb1-fb8b-67b746b49eaf',NULL,'7f0e2b45-af11-c01a-8da7-67b746877018',NULL,NULL,NULL,'2025-02-20 15:13:53','1','Document_Editique_2025-02-20_161353.pdf','pdf',' application/octet-stream','1',0,'2025-02-20 15:13:53'),('c4545555-f56d-de6b-b596-67b746df8d65',NULL,'9a220bea-f24c-31fa-b2bc-67b746bc3f19',NULL,NULL,NULL,'2025-02-20 15:14:55','984bab36-6ea9-3a3f-cc48-66e15b39ccb8','Document_Editique_2025-02-20_161455.pdf','pdf',' application/octet-stream','1',0,'2025-02-20 15:14:55'),('2ea2d84e-0d92-05be-8533-67b7464d40f6',NULL,'9a220bea-f24c-31fa-b2bc-67b746bc3f19',NULL,NULL,NULL,'2025-02-20 15:15:04','984bab36-6ea9-3a3f-cc48-66e15b39ccb8','Document_Editique_2025-02-20_161505.pdf','pdf',' application/octet-stream','1',0,'2025-02-20 15:15:04'),('95422a13-5a02-ae99-d450-683476f634a7',NULL,'9b03cb7c-6507-93ee-0a05-68347670f43b',NULL,NULL,NULL,'2025-05-26 14:09:20','1','Notification accord manifestation.pdf','otification accord manifestation',' application/octet-stream','1',0,'2025-05-26 14:09:20'),('4c34c9ee-c811-f433-975b-683477f18e3a',NULL,'9c54092d-236c-160e-19e0-683477502e5b',NULL,NULL,NULL,'2025-05-26 14:14:14','1','Invitation voeux.pdf','nvitation voeux',' application/octet-stream','1',0,'2025-05-26 14:14:14'),('dbfbac1e-f6c5-de55-b6f0-6835ac0b4cfe',NULL,'839b22d0-26f3-38d9-816a-6835ac59a9f6',NULL,NULL,NULL,'2025-05-27 12:14:13','1','Invitation voeux.pdf','nvitation voeux',' application/octet-stream','1',0,'2025-05-27 12:14:13'),('16d81bf6-2df8-c1e7-6439-6835ad4ff299',NULL,'d1e2e4ea-a1ab-27c7-737b-6835ad44b53c',NULL,NULL,NULL,'2025-05-27 12:17:44','1','Document_Editique_2025-05-27_141745.pdf','pdf',' application/octet-stream','1',0,'2025-05-27 12:17:44'),('86fd5f86-d974-54f3-e7b1-6835ad52d94c',NULL,'d1e2e4ea-a1ab-27c7-737b-6835ad44b53c',NULL,NULL,NULL,'2025-05-27 12:18:08','1','Document_Editique_2025-05-27_141808.pdf','pdf',' application/octet-stream','1',0,'2025-05-27 12:18:08'),('f344373e-214f-53de-b39e-6835ae3cdd18',NULL,'7a2d1a7d-f79a-1bf6-377f-6835ae7ce740',NULL,NULL,NULL,'2025-05-27 12:20:52','c4250303-bf3c-53d5-45a9-66e15bb9cb43','Document_Editique_2025-05-27_142052.pdf','pdf',' application/octet-stream','1',0,'2025-05-27 12:20:52'),('e73b6bd3-6e41-7baf-6e21-6835ae5c5852',NULL,'3bf8636d-3083-e82f-1373-6835aed714ab',NULL,NULL,NULL,'2025-05-27 12:21:20','984bab36-6ea9-3a3f-cc48-66e15b39ccb8','Document_Editique_2025-05-27_142120.pdf','pdf',' application/octet-stream','1',0,'2025-05-27 12:21:20'),('2c7c4854-27bd-8cdd-b096-6835aeaa10d9',NULL,'7a2d1a7d-f79a-1bf6-377f-6835ae7ce740',NULL,NULL,NULL,'2025-05-27 12:21:47','c4250303-bf3c-53d5-45a9-66e15bb9cb43','Document_Editique_2025-05-27_142148.pdf','pdf',' application/octet-stream','1',0,'2025-05-27 12:21:47'),('120bf11a-ae1d-ad0b-2982-6835ae9c10ad',NULL,'264b7e6e-b13c-fb2b-11ec-6835aedd2c4e',NULL,NULL,NULL,'2025-05-27 12:22:37','984bab36-6ea9-3a3f-cc48-66e15b39ccb8','Document_Editique_2025-05-27_142238.pdf','pdf',' application/octet-stream','1',0,'2025-05-27 12:22:37'),('e338782f-026f-e589-11b2-6835ae0e895b',NULL,'264b7e6e-b13c-fb2b-11ec-6835aedd2c4e',NULL,NULL,NULL,'2025-05-27 12:23:23','984bab36-6ea9-3a3f-cc48-66e15b39ccb8','Document_Editique_2025-05-27_142323.pdf','pdf',' application/octet-stream','1',0,'2025-05-27 12:23:23'),('94c2199e-15f4-4156-be4e-68b809c49b1d',NULL,'d8240724-3f90-fd26-a13a-68b809044a9e',NULL,NULL,NULL,'2025-09-03 09:26:57','984bab36-6ea9-3a3f-cc48-66e15b39ccb8','Attestation.pdf','ttestation',' application/octet-stream','1',0,'2025-09-03 09:26:57'),('ef137b8d-e01d-1abb-e770-68da525b62e4',NULL,'22804d63-0a68-2733-5923-68da521f5aee',NULL,NULL,NULL,'2025-09-29 09:32:32','1','Attestation.pdf','ttestation',' application/octet-stream','1',0,'2025-09-29 09:32:32'),('b079e18c-0e5a-cd16-be3d-68dcdb0741a7',NULL,'dff928bf-9643-3ac7-3705-68dcdb2dd094',NULL,NULL,NULL,'2025-10-01 07:43:22','984bab36-6ea9-3a3f-cc48-66e15b39ccb8','Attestation.pdf','ttestation',' application/octet-stream','1',0,'2025-10-01 07:43:22'),('154ab806-b6fa-6ec7-01cf-68e37802e986',NULL,'d35223a0-235b-ff97-1ba0-68e378c6d567',NULL,NULL,NULL,'2025-10-06 08:06:27','1','Candidature : lettre convocation entretien en visio.pdf','andidature : lettre convocation entretien en visio',' application/octet-stream','1',0,'2025-10-06 08:06:27'),('ceeb26e0-9f31-0cc3-0418-68e378efa826',NULL,'7f7e9f08-d756-58cb-68de-68e378a37269',NULL,NULL,NULL,'2025-10-06 08:07:52','1','Convention mise à disposition logiciel.pdf','onvention mise à disposition logiciel',' application/octet-stream','1',0,'2025-10-06 08:07:52'),('65e41882-fd8e-109f-b309-68e379483e92',NULL,'9f934c77-ecd1-b7ea-81a1-68e379c61f1b',NULL,NULL,NULL,'2025-10-06 08:09:29','1','Candidature spontanée : lettre négative.pdf','andidature spontanée : lettre négative',' application/octet-stream','1',0,'2025-10-06 08:09:29'),('85afd2e3-dd14-642c-33bd-68e37ab92eb7','Document créé','85511618-06ba-750d-62ab-68e37a30015c','','Sugar','','2025-10-06 08:15:31','1','Candidature spontanée _ lettre négative.pdf','pdf','application/pdf','1',0,'2025-10-06 08:15:31'),('e940b06b-153e-97b3-26cd-68e37ba53fb2',NULL,'6d220b88-4215-6bc0-6ad8-68e37b028fe0',NULL,NULL,NULL,'2025-10-06 08:20:22','1','Document_Editique_2025-10-06_102022.pdf','pdf',' application/octet-stream','1',0,'2025-10-06 08:20:22'),('2241db9b-9bc7-5d0f-af78-68e37b7796ff',NULL,'6d220b88-4215-6bc0-6ad8-68e37b028fe0',NULL,NULL,NULL,'2025-10-06 08:20:56','1','Document_Editique_2025-10-06_102057.pdf','pdf',' application/octet-stream','1',0,'2025-10-06 08:20:56'),('ee905c2c-b7b5-4210-b8cb-69049a80cde1',NULL,'943719ae-d17b-ef5c-c385-69049a0bc804',NULL,NULL,NULL,'2025-10-31 11:18:02','1','Candidature : lettre convocation entretien en visio.pdf','andidature : lettre convocation entretien en visio',' application/octet-stream','1',0,'2025-10-31 11:18:02'),('d60df3ec-3ca1-b21c-fbf9-69049b1c82d5',NULL,'38759951-58d0-84f4-7bf8-69049b42614e',NULL,NULL,NULL,'2025-10-31 11:20:45','1','Document_Editique_2025-10-31_122045.pdf','pdf',' application/octet-stream','1',0,'2025-10-31 11:20:45');

--
-- Table structure for table `documents`
--

CREATE TABLE `documents` (
  `id` char(36) NOT NULL,
  `date_entered` datetime DEFAULT NULL,
  `date_modified` datetime DEFAULT NULL,
  `modified_user_id` char(36) DEFAULT NULL,
  `created_by` char(36) DEFAULT NULL,
  `description` text DEFAULT NULL,
  `deleted` tinyint(1) DEFAULT 0,
  `assigned_user_id` char(36) DEFAULT NULL,
  `document_name` varchar(255) DEFAULT NULL,
  `doc_id` varchar(100) DEFAULT NULL,
  `doc_type` varchar(100) DEFAULT 'Sugar',
  `doc_url` varchar(255) DEFAULT NULL,
  `active_date` date DEFAULT NULL,
  `exp_date` date DEFAULT NULL,
  `category_id` varchar(100) DEFAULT NULL,
  `subcategory_id` varchar(100) DEFAULT NULL,
  `status_id` varchar(100) DEFAULT NULL,
  `document_revision_id` varchar(36) DEFAULT NULL,
  `related_doc_id` char(36) DEFAULT NULL,
  `related_doc_rev_id` char(36) DEFAULT NULL,
  `is_template` tinyint(1) DEFAULT 0,
  `template_type` varchar(100) DEFAULT NULL,
  `importable` tinyint(1) DEFAULT 0,
  `origine` varchar(100) DEFAULT 'depot',
  `corps` text DEFAULT NULL,
  `visible_partenaire` tinyint(1) DEFAULT 0,
  `date_generer` date DEFAULT NULL,
  `ops_modele_document_id` char(36) DEFAULT NULL,
  PRIMARY KEY (`id`),
  KEY `idx_doc_cat` (`category_id`,`subcategory_id`)
) ENGINE=MyISAM DEFAULT CHARSET=utf8mb3 COLLATE=utf8mb3_general_ci;

--
-- Dumping data for table `documents`
--

INSERT INTO `documents` VALUES ('896d5db1-220d-b585-ac9f-67337ae6d5d4','2024-11-12 15:56:06','2024-11-12 15:56:51','984bab36-6ea9-3a3f-cc48-66e15b39ccb8','984bab36-6ea9-3a3f-cc48-66e15b39ccb8',NULL,1,NULL,'Document',NULL,'Sugar',NULL,'2024-11-12',NULL,NULL,NULL,'brouillon',NULL,NULL,NULL,0,NULL,0,'editique','',0,NULL,NULL),('6d7c51f0-dae1-5fb2-792a-6756ae65c6aa','2024-12-09 08:44:57','2024-12-09 08:45:13','c4250303-bf3c-53d5-45a9-66e15bb9cb43','c4250303-bf3c-53d5-45a9-66e15bb9cb43',NULL,0,'','Attestation.pdf',NULL,'Sugar',NULL,'2024-12-09',NULL,NULL,NULL,'nouveau','4525b369-cdf7-381e-9ee0-6756ae73ac17','f7540819-9b02-9636-dcd5-674dce7b942c','',0,NULL,1,'pdf',NULL,0,'2024-12-09',''),('a46b132c-d84b-9b65-49ce-67a5c80af516','2025-02-07 08:45:32','2025-02-07 09:02:46','c4250303-bf3c-53d5-45a9-66e15bb9cb43','1',NULL,0,'','Attestation.pdf',NULL,'Sugar',NULL,'2025-02-07',NULL,NULL,NULL,'nouveau','c6738c9c-bc65-3ff3-6439-67a5c8d6c5d8','ccd41f17-58df-505d-c9a7-67a4a1860fc0','',0,NULL,1,'pdf',NULL,0,'2025-02-07',''),('964157c2-4513-4719-a976-67ae0e465c05','2025-02-13 15:24:10','2025-02-13 15:28:05','1','1',NULL,0,'','Notification accord manifestation.pdf',NULL,'Sugar',NULL,'2025-02-13',NULL,NULL,NULL,'nouveau','68e0deb3-1244-68a3-e45a-67ae0e088320','72438b74-fd6e-bea4-6e86-67ae093d95bf','',0,NULL,1,'pdf',NULL,0,'2025-02-13',''),('9acadd4a-d0eb-bd28-d258-67ae0fff972a','2025-02-13 15:26:21','2025-02-13 15:26:21','1','1',NULL,0,NULL,'Convention mise à disposition logiciel.pdf','','Sugar','','2025-02-13',NULL,NULL,NULL,'nouveau','64b83a9f-df3b-5cbb-8b44-67ae0f6230cc','72438b74-fd6e-bea4-6e86-67ae093d95bf',NULL,0,NULL,1,'pdf',NULL,0,'2025-02-13',NULL),('4abff0d4-a6bd-ebf4-8fb8-67ae0fea3656','2025-02-13 15:28:02','2025-02-13 15:28:02','984bab36-6ea9-3a3f-cc48-66e15b39ccb8','984bab36-6ea9-3a3f-cc48-66e15b39ccb8',NULL,0,NULL,'Invitation voeux.pdf','','Sugar','','2025-02-13',NULL,NULL,NULL,'nouveau','8ba2ce17-c43c-40d4-6d5d-67ae0f772758','4524beee-c181-2410-0562-67ae01d4d63b',NULL,0,NULL,0,'pdf',NULL,0,'2025-02-13',NULL),('dc24ae3f-da96-d3ed-0358-67ae0fa69a05','2025-02-13 15:28:29','2025-02-13 15:28:29','984bab36-6ea9-3a3f-cc48-66e15b39ccb8','984bab36-6ea9-3a3f-cc48-66e15b39ccb8',NULL,0,NULL,'Candidature offre : lettre d\'embauche.pdf','','Sugar','','2025-02-13',NULL,NULL,NULL,'nouveau','9ffc73bf-ecc7-c5c6-6cd5-67ae0fd4654a','4524beee-c181-2410-0562-67ae01d4d63b',NULL,0,NULL,1,'pdf',NULL,0,'2025-02-13',NULL),('5e0a106f-f822-5111-7090-67b745ce6738','2025-02-20 15:09:16','2025-02-20 15:09:16','1','1',NULL,0,NULL,'Invitation voeux.pdf','','Sugar','','2025-02-20',NULL,NULL,NULL,'nouveau','72c86d6a-a496-5729-9511-67b745e8e67b','e13a3f5c-1717-a9f6-35c6-67ae08a59617',NULL,0,NULL,1,'pdf',NULL,0,'2025-02-20',NULL),('48ab4bff-44e9-56df-4a48-67b745342063','2025-02-20 15:09:40','2025-02-20 15:09:40','984bab36-6ea9-3a3f-cc48-66e15b39ccb8','984bab36-6ea9-3a3f-cc48-66e15b39ccb8',NULL,0,NULL,'LM_PDF.pdf','','Sugar','','2025-02-20',NULL,NULL,NULL,'nouveau','3883e1a1-b6c3-a188-188c-67b74515d238','4524beee-c181-2410-0562-67ae01d4d63b',NULL,0,NULL,1,'pdf',NULL,0,'2025-02-20',NULL),('31d153ed-78a2-ed9c-143f-67b74580372b','2025-02-20 15:10:10','2025-02-20 15:10:15','984bab36-6ea9-3a3f-cc48-66e15b39ccb8','984bab36-6ea9-3a3f-cc48-66e15b39ccb8',NULL,1,NULL,'Document',NULL,'Sugar',NULL,'2025-02-20',NULL,NULL,NULL,'brouillon',NULL,NULL,NULL,0,NULL,0,'editique','',0,NULL,NULL),('7f0e2b45-af11-c01a-8da7-67b746877018','2025-02-20 15:12:33','2025-02-20 15:14:06','1','1',NULL,0,'','Document_Editique_2025-02-20_161353.pdf',NULL,'Sugar',NULL,'2025-02-20',NULL,NULL,NULL,'nouveau','4b389d6c-8d98-ceb1-fb8b-67b746b49eaf','','',0,NULL,1,'editique','<p dir=\"ltr\"> </p>\n<table align=\"center\">\n<tbody>\n<tr>\n<td> <img src=\"https://demo23-crm.opensub.fr/custom/themes/OEPLTheme/images/open-CRM-50.png\" alt=\"Description : logo Open CRM\" /></td>\n<td> </td>\n<td>\n<p><strong>DEPARTEMENT DE DEMO</strong></p>\n<p> </p>\n<p><em>DIRECTION DE L’APPUI A LA PERFORMANCE ET A L’INNOVATION</em></p>\n<p><em> </em></p>\n<p>CONVENTION N° XXX</p>\n</td>\n</tr>\n<tr>\n<td> </td>\n<td> </td>\n<td> </td>\n</tr>\n</tbody>\n</table>\n<p dir=\"ltr\"><span> </span></p>\n<p dir=\"ltr\">Entre  </p>\n<p dir=\"ltr\"><strong>Le DEPARTEMENT DE DEMO</strong></p>\n<p dir=\"ltr\">Représenté par Madame la Présidente du Conseil Départemental</p>\n<p dir=\"ltr\">D’une part</p>\n<p dir=\"ltr\">ET  </p>\n<p dir=\"ltr\">Nom de l’association : $ops_personne_morale_name</p>\n<p dir=\"ltr\">Représenté par $demandeur_salutation $demandeur_last_name $demandeur_first_name</p>\n<p dir=\"ltr\">fffffffffffff</p>\n<p dir=\"ltr\"><span> </span></p>\n<p><strong>VU</strong> le Code Général des Collectivités Territoriales ;<br /><strong>VU</strong> la délibération n°56 de la séance plénière du 22 juin 2022,<br /><strong>VU</strong> la délibération n°300 de la commission permanente du 21 septembre 2022<br /><strong>VU</strong> la délibération n°20 de la commission permanente du 25 janvier 2023<br /><strong>VU</strong> la délibération n°85 de la commission permanente du 22 mars 2023</p>\n<p dir=\"ltr\"> </p>\n<p dir=\"ltr\"><span id=\"sugar_text_docs-internal-guid-d9dfc72e-7fff-1aae-1b55-73066158c5fc\">VU la décision de la Commission Permanente N° XXXX date du XXXX ;</span></p>\n<p dir=\"ltr\"> </p>\n<h3 dir=\"ltr\"><span>IL EST CONVENU CE QUI SUIT</span></h3>\n<p dir=\"ltr\"> </p>\n<h3 dir=\"ltr\">Article 1 : Objet de la convention</h3>\n<p dir=\"ltr\">La présente convention fixe les modalités de mise en œuvre d’une subvention du Département au profit d’une initiative citoyenne intitulée : XXXX<span id=\"sugar_text_docs-internal-guid-7321043f-7fff-39b9-c5a5-09d64bc6e36e\">.</span></p>\n<p dir=\"ltr\">Cette action associative s’inscrit dans la thématique : $ops_dossier_thematique.</p>\n<p dir=\"ltr\">Le budget prévisionnel est d’un montant de $ops_dossier_montant_vote €, avec un délai de mise en œuvre de 6 mois renouvelable une fois au maximum.</p>\n<p dir=\"ltr\"> </p>\n<h3 dir=\"ltr\">Article 2 : Durée de la convention</h3>\n<p dir=\"ltr\">La convention est signée pour une durée maximale de 12 mois, délai maximal de mise en œuvre de l’initiative lauréate.</p>\n<p dir=\"ltr\"> </p>\n<h3 dir=\"ltr\">Article 3 : Contribution financière</h3>\n<p dir=\"ltr\">Pour la réalisation de ce projet (article 1), le Département alloue à l\'Association $ops_personne_morale_name une subvention maximale de $ops_dossier_montant_vote €<span id=\"sugar_text_docs-internal-guid-d677985d-7fff-0765-c4c8-5bb0c74554d0\">.</span></p>\n<p dir=\"ltr\"> </p>\n<h3 dir=\"ltr\">Article 4 : Modalités de versement et justificatifs</h3>\n<p dir=\"ltr\">L’aide départementale fera l’objet d’un seul versement après la signature de la présente convention.</p>\n<p> </p>\n<h3 dir=\"ltr\">Article 5 : Engagements de l\'association - gestion administrative</h3>\n<p>Par la présente convention, l\'association s\'engage : </p>\n<ul>\n<li>à réaliser l’action énoncée à l\'article 1 et détaillé sur la plateforme dédiée, dans le cadre du budget prévisionnel arrêté,</li>\n<li>à suivre les procédures administratives permettant le suivi de l’action, </li>\n<li>à accueillir la délégation du Département pour le contrôle de la mise en œuvre de l’action,</li>\n<li>à mettre en oeuvre le projet dans un délai de 6 mois ; </li>\n<li>à transmettre au moins deux photos justifiant de la mise en oeuvre du projet ; </li>\n<li>à transmettre les factures acquittées dans un délai de 6 mois maximum après la date du versement </li>\n<li>à se rendre disponible pour un contrôle sur place de l’action réalisée par le Département ou par toute personne habilitée.</li>\n</ul>\n<p dir=\"ltr\"> </p>\n<h3>Article 6. Engagements de l’association - communication</h3>\n<p>Par la présente convention, l\'association s\'engage :</p>\n<ul>\n<li>à rendre compte aux citoyens de l’avancement du projet par le biais d’intégration de données sur la plateforme dédiée ;</li>\n<li>à faire mention du concours du Département de la Creuse pour toutes les formes de communication liées à la réalisation des opérations,</li>\n<li>à apposer le logo du Budget d’Initiative Citoyenne du Département sur les supports de communication .</li>\n</ul>\n<p dir=\"ltr\"> </p>\n<h3>Article 7. Responsabilité et assurance</h3>\n<p>L’association est responsable du respect des législations spécifiques à son activité. Elle est seule responsable vis-à-vis de ses membres, de ses salariés et des tiers de tous accidents, dégâts et dommages de quelque nature qu’ils soient, résultant de son activité.</p>\n<p><br /><span id=\"sugar_text_docs-internal-guid-2ca2f9eb-7fff-0c6b-1096-c32c148c2a99\">L’association fait son affaire personnelle de tous les risques et litiges pouvant survenir de fait de son activité. Elle s’engage à souscrire, auprès d’une ou plusieurs compagnies notoirement solvables, les garanties couvrant les conséquences dommageables qui pourraient lui être imputés à cet égard, de manière que la responsabilité du Département ne puisse être recherchée. Elle paiera les primes et cotisations de ces assurances de façon à ce que le Département ne puisse en aucun cas être inquiété.</span></p>\n<h3><br />Article 8. Reversement de toute ou partie de la subvention</h3>\n<p>En cas de non-respect par le bénéficiaire de ses engagements ou de la non utilisation des fonds conformément au projet présenté, celui-ci devra reverser les fonds au Département après réception d\'un titre exécutoire émis par la collectivité.<br />De même, lorsque les factures produites ne suffisent pas à justifier le montant des fonds accordés, ceux-ci seront réajustés sur le montant réel des dépenses. Dans ce cas, l\'excédent de la subvention déjà versée fera l\'objet d\'un titre de recette émis par la collectivité.</p>\n<h3><br />Article 9. Modification de la convention</h3>\n<p>La présente convention pourra être modifiée par voie d’avenant, avec l’accord des signataires.</p>\n<p> </p>\n<h3>Article 10. Résiliation et litiges</h3>\n<p>Si l’association $ops_personne_morale_name n’était pas en mesure de respecter les termes de la présente convention, le Département de La Réunion se réserverait le droit de la résilier et d’exiger la restitution de tout ou partie des sommes versées.</p>\n<p><br />En cas de litige, la juridiction compétente, en cas d’échec de résolution à l’amiable, est le Tribunal Administratif de Saint-Denis de La Réunion.</p>\n<h3><br />Article 11. Publicité</h3>\n<p>Le bénéficiaire s’engage, le cas échéant, à assurer la publicité de la participation du département en faisant mention de son intervention sur tout support de communication ; et en assurant une information systématique de la participation de la collectivité dans tous les contacts presse et interventions publiques.</p>\n<p dir=\"ltr\"> </p>\n<p dir=\"ltr\">Fait en deux exemplaires originaux,</p>\n<p dir=\"ltr\"> </p>\n<p dir=\"ltr\"> </p>\n<table>\n<tbody>\n<tr>\n<td>\n<p>L\'Assocation $ops_personne_morale_name</p>\n<p>$demandeur_salutation $demandeur_last_name $demandeur_first_name</p>\n</td>\n<td>                                           </td>\n<td>LA PRESIDENTE DU DEPARTEMENT</td>\n</tr>\n</tbody>\n</table>',0,NULL,'a334acc3-3dff-894a-d5d4-64f08cd7f4c5'),('9a220bea-f24c-31fa-b2bc-67b746bc3f19','2025-02-20 15:14:44','2025-02-20 15:15:40','984bab36-6ea9-3a3f-cc48-66e15b39ccb8','984bab36-6ea9-3a3f-cc48-66e15b39ccb8',NULL,0,'','Document_Editique_2025-02-20_161504.pdf',NULL,'Sugar',NULL,'2025-02-20',NULL,NULL,NULL,'nouveau','2ea2d84e-0d92-05be-8533-67b7464d40f6','','',0,NULL,1,'editique','<p dir=\"ltr\"> </p>\n<table align=\"center\">\n<tbody>\n<tr>\n<td> <img src=\"https://demo23-crm.opensub.fr/custom/themes/OEPLTheme/images/open-CRM-50.png\" alt=\"Description : logo Open CRM\" /></td>\n<td> </td>\n<td>\n<p><strong>DEPARTEMENT DE DEMO</strong></p>\n<p> </p>\n<p><em>DIRECTION DE L’APPUI A LA PERFORMANCE ET A L’INNOVATION</em></p>\n<p><em> </em></p>\n</td>\n</tr>\n<tr>\n<td> </td>\n<td> </td>\n<td> </td>\n</tr>\n</tbody>\n</table>\n<p dir=\"ltr\"><span> </span></p>\n<p dir=\"ltr\">Entre  </p>\n<p dir=\"ltr\"><strong>Le DEPARTEMENT DE DEMO</strong></p>\n<p dir=\"ltr\">Représenté par Madame la Présidente du Conseil Départemental</p>\n<p dir=\"ltr\">D’une part</p>\n<p dir=\"ltr\">ET  </p>\n<p dir=\"ltr\">Nom de l’association : $ops_personne_morale_name</p>\n<p dir=\"ltr\">Représenté par $demandeur_salutation $demandeur_last_name $demandeur_first_name</p>\n<p dir=\"ltr\">D’autre part,</p>\n<p dir=\"ltr\"><span> </span></p>\n<p><strong>VU</strong> le Code Général des Collectivités Territoriales ;<br /><strong>VU</strong> la délibération n°56 de la séance plénière du 22 juin 2022,<br /><strong>VU</strong> la délibération n°300 de la commission permanente du 21 septembre 2022<br /><strong>VU</strong> la délibération n°20 de la commission permanente du 25 janvier 2023<br /><strong>VU</strong> la délibération n°85 de la commission permanente du 22 mars 2023</p>\n<p dir=\"ltr\"> </p>\n<p dir=\"ltr\"><span id=\"sugar_text_docs-internal-guid-d9dfc72e-7fff-1aae-1b55-73066158c5fc\">VU la décision de la Commission Permanente N° XXXX date du XXXX ;</span></p>\n<p dir=\"ltr\"> </p>\n<h3 dir=\"ltr\"><span>IL EST CONVENU CE QUI SUIT</span></h3>\n<p dir=\"ltr\"> </p>\n<h3 dir=\"ltr\">Article 1 : Objet de la convention</h3>\n<p dir=\"ltr\">La présente convention fixe les modalités de mise en œuvre d’une subvention du Département au profit d’une initiative citoyenne intitulée : XXXX<span id=\"sugar_text_docs-internal-guid-7321043f-7fff-39b9-c5a5-09d64bc6e36e\">.</span></p>\n<p dir=\"ltr\">Cette action associative s’inscrit dans la thématique : $ops_dossier_thematique.</p>\n<p dir=\"ltr\">Le budget prévisionnel est d’un montant de $ops_dossier_montant_vote €, avec un délai de mise en œuvre de 6 mois renouvelable une fois au maximum.</p>\n<p dir=\"ltr\"> </p>\n<h3 dir=\"ltr\">Article 2 : Durée de la convention</h3>\n<p dir=\"ltr\">La convention est signée pour une durée maximale de 12 mois, délai maximal de mise en œuvre de l’initiative lauréate.</p>\n<p dir=\"ltr\"> </p>\n<h3 dir=\"ltr\">Article 3 : Contribution financière</h3>\n<p dir=\"ltr\">Pour la réalisation de ce projet (article 1), le Département alloue à l\'Association $ops_personne_morale_name une subvention maximale de $ops_dossier_montant_vote €<span id=\"sugar_text_docs-internal-guid-d677985d-7fff-0765-c4c8-5bb0c74554d0\">.</span></p>\n<p dir=\"ltr\"> </p>\n<h3 dir=\"ltr\">Article 4 : Modalités de versement et justificatifs</h3>\n<p dir=\"ltr\">L’aide départementale fera l’objet d’un seul versement après la signature de la présente convention.</p>\n<p> </p>\n<h3 dir=\"ltr\">Article 5 : Engagements de l\'association - gestion administrative</h3>\n<p>Par la présente convention, l\'association s\'engage : </p>\n<ul>\n<li>à réaliser l’action énoncée à l\'article 1 et détaillé sur la plateforme dédiée, dans le cadre du budget prévisionnel arrêté,</li>\n<li>à suivre les procédures administratives permettant le suivi de l’action, </li>\n<li>à accueillir la délégation du Département pour le contrôle de la mise en œuvre de l’action,</li>\n<li>à mettre en oeuvre le projet dans un délai de 6 mois ; </li>\n<li>à transmettre au moins deux photos justifiant de la mise en oeuvre du projet ; </li>\n<li>à transmettre les factures acquittées dans un délai de 6 mois maximum après la date du versement </li>\n<li>à se rendre disponible pour un contrôle sur place de l’action réalisée par le Département ou par toute personne habilitée.</li>\n</ul>\n<p dir=\"ltr\"> </p>\n<h3>Article 6. Engagements de l’association - communication</h3>\n<p>Par la présente convention, l\'association s\'engage :</p>\n<ul>\n<li>à rendre compte aux citoyens de l’avancement du projet par le biais d’intégration de données sur la plateforme dédiée ;</li>\n<li>à faire mention du concours du Département de la Creuse pour toutes les formes de communication liées à la réalisation des opérations,</li>\n<li>à apposer le logo du Budget d’Initiative Citoyenne du Département sur les supports de communication .</li>\n</ul>\n<p dir=\"ltr\"> </p>\n<h3>Article 7. Responsabilité et assurance</h3>\n<p>L’association est responsable du respect des législations spécifiques à son activité. Elle est seule responsable vis-à-vis de ses membres, de ses salariés et des tiers de tous accidents, dégâts et dommages de quelque nature qu’ils soient, résultant de son activité.</p>\n<p><br /><span id=\"sugar_text_docs-internal-guid-2ca2f9eb-7fff-0c6b-1096-c32c148c2a99\">L’association fait son affaire personnelle de tous les risques et litiges pouvant survenir de fait de son activité. Elle s’engage à souscrire, auprès d’une ou plusieurs compagnies notoirement solvables, les garanties couvrant les conséquences dommageables qui pourraient lui être imputés à cet égard, de manière que la responsabilité du Département ne puisse être recherchée. Elle paiera les primes et cotisations de ces assurances de façon à ce que le Département ne puisse en aucun cas être inquiété.</span></p>\n<h3><br />Article 8. Reversement de toute ou partie de la subvention</h3>\n<p>En cas de non-respect par le bénéficiaire de ses engagements ou de la non utilisation des fonds conformément au projet présenté, celui-ci devra reverser les fonds au Département après réception d\'un titre exécutoire émis par la collectivité.<br />De même, lorsque les factures produites ne suffisent pas à justifier le montant des fonds accordés, ceux-ci seront réajustés sur le montant réel des dépenses. Dans ce cas, l\'excédent de la subvention déjà versée fera l\'objet d\'un titre de recette émis par la collectivité.</p>\n<h3><br />Article 9. Modification de la convention</h3>\n<p>La présente convention pourra être modifiée par voie d’avenant, avec l’accord des signataires.</p>\n<p> </p>\n<h3>Article 10. Résiliation et litiges</h3>\n<p>Si l’association $personne_morale_name n’était pas en mesure de respecter les termes de la présente convention, le Département de La Creuse se réserverait le droit de la résilier et d’exiger la restitution de tout ou partie des sommes versées.</p>\n<p><br />En cas de litige, la juridiction compétente, en cas d’échec de résolution à l’amiable, est le Tribunal Administratif de Saint-Denis de La Réunion.</p>\n<h3><br />Article 11. Publicité</h3>\n<p>Le bénéficiaire s’engage, le cas échéant, à assurer la publicité de la participation du département en faisant mention de son intervention sur tout support de communication ; et en assurant une information systématique de la participation de la collectivité dans tous les contacts presse et interventions publiques.</p>\n<p dir=\"ltr\"> </p>\n<p dir=\"ltr\">Fait en deux exemplaires originaux,</p>\n<p dir=\"ltr\"> </p>\n<p dir=\"ltr\"> </p>\n<table>\n<tbody>\n<tr>\n<td>\n<p>L\'Assocation $ops_personne_morale_name</p>\n<p>$demandeur_salutation $demandeur_last_name $demandeur_first_name</p>\n</td>\n<td>                                           </td>\n<td>LA PRESIDENTE DU DEPARTEMENT</td>\n</tr>\n</tbody>\n</table>',0,NULL,'167fe1b8-53a3-ff9e-6a90-64f3831fe2a4'),('9b03cb7c-6507-93ee-0a05-68347670f43b','2025-05-26 14:09:20','2025-05-26 14:10:11','1','1',NULL,0,'','Notification accord manifestation.pdf',NULL,'Sugar',NULL,'2025-05-26',NULL,NULL,NULL,'valide','95422a13-5a02-ae99-d450-683476f634a7','56a30ace-de0c-5c45-73b0-683475baaf91','',0,NULL,1,'depot',NULL,0,NULL,''),('9c54092d-236c-160e-19e0-683477502e5b','2025-05-26 14:14:14','2025-05-26 14:15:23','984bab36-6ea9-3a3f-cc48-66e15b39ccb8','1',NULL,0,'','Invitation voeux.pdf',NULL,'Sugar',NULL,'2025-05-26',NULL,NULL,NULL,'nouveau','4c34c9ee-c811-f433-975b-683477f18e3a','22690c70-55d0-10a7-61f1-683475648a64','',0,NULL,1,'depot',NULL,0,NULL,''),('839b22d0-26f3-38d9-816a-6835ac59a9f6','2025-05-27 12:14:13','2025-05-27 12:14:13','1','1',NULL,0,NULL,'Invitation voeux.pdf','','Sugar','','2025-05-27',NULL,NULL,NULL,'nouveau','dbfbac1e-f6c5-de55-b6f0-6835ac0b4cfe','87d8094b-5e71-037a-3936-68348366cc63',NULL,0,NULL,1,'pdf',NULL,0,'2025-05-27',NULL),('727d021c-9d44-b10d-2e27-6835ac666ff3','2025-05-27 12:15:13','2025-05-27 12:15:13','1','1',NULL,0,NULL,'Document',NULL,'Sugar',NULL,'2025-05-27',NULL,NULL,NULL,'brouillon',NULL,NULL,NULL,0,NULL,0,'editique','',0,NULL,NULL),('d1e2e4ea-a1ab-27c7-737b-6835ad44b53c','2025-05-27 12:16:51','2025-05-27 12:18:22','1','1',NULL,0,'','Document_Editique_2025-05-27_141808.pdf',NULL,'Sugar',NULL,'2025-05-27',NULL,NULL,NULL,'valide','86fd5f86-d974-54f3-e7b1-6835ad52d94c','','',0,NULL,1,'editique','<p dir=\"ltr\"> </p>\n<table align=\"center\">\n<tbody>\n<tr>\n<td> <img src=\"https://demo23-crm.opensub.fr/custom/themes/OEPLTheme/images/open-CRM-50.png\" alt=\"Description : logo Open CRM\" /></td>\n<td> </td>\n<td>\n<p><strong>DEPARTEMENT DE DEMO</strong></p>\n<p> </p>\n<p><em>DIRECTION DE L’APPUI A LA PERFORMANCE ET A L’INNOVATION</em></p>\n<p><em> </em></p>\n</td>\n</tr>\n<tr>\n<td> </td>\n<td> </td>\n<td> </td>\n</tr>\n</tbody>\n</table>\n<p dir=\"ltr\"><span> </span></p>\n<p dir=\"ltr\">Entre  </p>\n<p dir=\"ltr\"><strong>Le DEPARTEMENT DE DEMO</strong></p>\n<p dir=\"ltr\">Représenté par Madame la Présidente du Conseil Départemental</p>\n<p dir=\"ltr\">D’une part</p>\n<p dir=\"ltr\">ET  </p>\n<p dir=\"ltr\">Nom de l’association : $ops_personne_morale_name</p>\n<p dir=\"ltr\">Représenté par $demandeur_salutation $demandeur_last_name $demandeur_first_name</p>\n<p dir=\"ltr\">D’autre part,</p>\n<p dir=\"ltr\"><span> </span></p>\n<p><strong>VU</strong> le Code Général des Collectivités Territoriales ;<br /><strong>VU</strong> la délibération n°56 de la séance plénière du 22 juin 2022,<br /><strong>VU</strong> la délibération n°300 de la commission permanente du 21 septembre 2022<br /><strong>VU</strong> la délibération n°20 de la commission permanente du 25 janvier 2023<br /><strong>VU</strong> la délibération n°85 de la commission permanente du 22 mars 2023</p>\n<p dir=\"ltr\"> </p>\n<p dir=\"ltr\"><span id=\"sugar_text_docs-internal-guid-d9dfc72e-7fff-1aae-1b55-73066158c5fc\">VU la décision de la Commission Permanente N° XXXX date du XXXX ;</span></p>\n<p dir=\"ltr\"> </p>\n<h3 dir=\"ltr\"><span style=\"font-size:1.17em;\">Article 1 : Objet de la convention</span></h3>\n<p dir=\"ltr\">La présente convention fixe les modalités de mise en œuvre d’une subvention du Département au profit d’une initiative citoyenne intitulée : XXXX<span id=\"sugar_text_docs-internal-guid-7321043f-7fff-39b9-c5a5-09d64bc6e36e\">.</span></p>\n<p dir=\"ltr\">Cette action associative s’inscrit dans la thématique : $ops_dossier_thematique.</p>\n<p dir=\"ltr\">Le budget prévisionnel est d’un montant de $ops_dossier_montant_vote €, avec un délai de mise en œuvre de 6 mois renouvelable une fois au maximum.</p>\n<p dir=\"ltr\"> </p>\n<h3 dir=\"ltr\">Article 3 : Contribution financière</h3>\n<p dir=\"ltr\">Pour la réalisation de ce projet (article 1), le Département alloue à l\'Association $ops_personne_morale_name une subvention maximale de $ops_dossier_montant_vote €<span id=\"sugar_text_docs-internal-guid-d677985d-7fff-0765-c4c8-5bb0c74554d0\">.</span></p>\n<p dir=\"ltr\"> </p>\n<h3 dir=\"ltr\">Article 4 : Modalités de versement et justificatifs</h3>\n<p dir=\"ltr\">L’aide départementale fera l’objet d’un seul versement après la signature de la présente convention.</p>\n<p> </p>\n<h3 dir=\"ltr\">Article 5 : Engagements de l\'association - gestion administrative</h3>\n<p>Par la présente convention, l\'association s\'engage : </p>\n<ul>\n<li>à réaliser l’action énoncée à l\'article 1 et détaillé sur la plateforme dédiée, dans le cadre du budget prévisionnel arrêté,</li>\n<li>à suivre les procédures administratives permettant le suivi de l’action, </li>\n<li>à accueillir la délégation du Département pour le contrôle de la mise en œuvre de l’action,</li>\n<li>à mettre en oeuvre le projet dans un délai de 6 mois ; </li>\n<li>à transmettre au moins deux photos justifiant de la mise en oeuvre du projet ; </li>\n<li>à transmettre les factures acquittées dans un délai de 6 mois maximum après la date du versement </li>\n<li>à se rendre disponible pour un contrôle sur place de l’action réalisée par le Département ou par toute personne habilitée.</li>\n</ul>\n<p dir=\"ltr\"> </p>\n<h3>Article 6. Engagements de l’association - communication</h3>\n<p>Par la présente convention, l\'association s\'engage :</p>\n<ul>\n<li>à rendre compte aux citoyens de l’avancement du projet par le biais d’intégration de données sur la plateforme dédiée ;</li>\n<li>à faire mention du concours du Département de la Creuse pour toutes les formes de communication liées à la réalisation des opérations,</li>\n<li>à apposer le logo du Budget d’Initiative Citoyenne du Département sur les supports de communication .</li>\n</ul>\n<p dir=\"ltr\"> </p>\n<h3>Article 7. Responsabilité et assurance</h3>\n<p>L’association est responsable du respect des législations spécifiques à son activité. Elle est seule responsable vis-à-vis de ses membres, de ses salariés et des tiers de tous accidents, dégâts et dommages de quelque nature qu’ils soient, résultant de son activité.</p>\n<p><br /><span id=\"sugar_text_docs-internal-guid-2ca2f9eb-7fff-0c6b-1096-c32c148c2a99\">L’association fait son affaire personnelle de tous les risques et litiges pouvant survenir de fait de son activité. Elle s’engage à souscrire, auprès d’une ou plusieurs compagnies notoirement solvables, les garanties couvrant les conséquences dommageables qui pourraient lui être imputés à cet égard, de manière que la responsabilité du Département ne puisse être recherchée. Elle paiera les primes et cotisations de ces assurances de façon à ce que le Département ne puisse en aucun cas être inquiété.</span></p>\n<h3><br />Article 8. Reversement de toute ou partie de la subvention</h3>\n<p>En cas de non-respect par le bénéficiaire de ses engagements ou de la non utilisation des fonds conformément au projet présenté, celui-ci devra reverser les fonds au Département après réception d\'un titre exécutoire émis par la collectivité.<br />De même, lorsque les factures produites ne suffisent pas à justifier le montant des fonds accordés, ceux-ci seront réajustés sur le montant réel des dépenses. Dans ce cas, l\'excédent de la subvention déjà versée fera l\'objet d\'un titre de recette émis par la collectivité.</p>\n<h3><br />Article 9. Modification de la convention</h3>\n<p>La présente convention pourra être modifiée par voie d’avenant, avec l’accord des signataires.</p>\n<p> </p>\n<h3>Article 10. Résiliation et litiges</h3>\n<p>Si l’association $personne_morale_name n’était pas en mesure de respecter les termes de la présente convention, le Département de La Creuse se réserverait le droit de la résilier et d’exiger la restitution de tout ou partie des sommes versées.</p>\n<p><br />En cas de litige, la juridiction compétente, en cas d’échec de résolution à l’amiable, est le Tribunal Administratif de Saint-Denis de La Réunion.</p>\n<h3><br />Article 11. Publicité</h3>\n<p>Le bénéficiaire s’engage, le cas échéant, à assurer la publicité de la participation du département en faisant mention de son intervention sur tout support de communication ; et en assurant une information systématique de la participation de la collectivité dans tous les contacts presse et interventions publiques.</p>\n<p dir=\"ltr\"> </p>\n<p dir=\"ltr\">Fait en deux exemplaires originaux,</p>\n<p dir=\"ltr\"> </p>\n<p dir=\"ltr\"> </p>\n<table>\n<tbody>\n<tr>\n<td>\n<p>L\'Assocation $ops_personne_morale_name</p>\n<p>$demandeur_salutation $demandeur_last_name $demandeur_first_name</p>\n</td>\n<td>                                           </td>\n<td>LA PRESIDENTE DU DEPARTEMENT</td>\n</tr>\n</tbody>\n</table>',0,NULL,'167fe1b8-53a3-ff9e-6a90-64f3831fe2a4'),('7a2d1a7d-f79a-1bf6-377f-6835ae7ce740','2025-05-27 12:20:43','2025-05-27 12:22:06','c4250303-bf3c-53d5-45a9-66e15bb9cb43','c4250303-bf3c-53d5-45a9-66e15bb9cb43',NULL,0,'','Document_Editique_2025-05-27_142147.pdf',NULL,'Sugar',NULL,'2025-05-27',NULL,NULL,NULL,'nouveau','2c7c4854-27bd-8cdd-b096-6835aeaa10d9','','',0,NULL,1,'editique','<p dir=\"ltr\"> </p>\n<table align=\"center\">\n<tbody>\n<tr>\n<td> <img src=\"https://demo23-crm.opensub.fr/custom/themes/OEPLTheme/images/open-CRM-50.png\" alt=\"Description : logo Open CRM\" /></td>\n<td> </td>\n<td>\n<p><strong>DEPARTEMENT DE DEMO</strong></p>\n<p> </p>\n<p><em>DIRECTION DE L’APPUI A LA PERFORMANCE ET A L’INNOVATION</em></p>\n<p><em> </em></p>\n</td>\n</tr>\n<tr>\n<td> </td>\n<td> </td>\n<td> </td>\n</tr>\n</tbody>\n</table>\n<p dir=\"ltr\"><span> </span></p>\n<p dir=\"ltr\">Entre  </p>\n<p dir=\"ltr\"><strong>Le DEPARTEMENT DE DEMO</strong></p>\n<p dir=\"ltr\">Représenté par Madame la Présidente du Conseil Départemental</p>\n<p dir=\"ltr\">D’une part</p>\n<p dir=\"ltr\">ET  </p>\n<p dir=\"ltr\">Nom de l’association : $ops_personne_morale_name</p>\n<p dir=\"ltr\">Représenté par $demandeur_salutation $demandeur_last_name $demandeur_first_name</p>\n<p dir=\"ltr\">D’autre part,</p>\n<p dir=\"ltr\"><span> </span></p>\n<p><strong>VU</strong> le Code Général des Collectivités Territoriales ;<br /><strong>VU</strong> la délibération n°56 de la séance plénière du 22 juin 2022,<br /><strong>VU</strong> la délibération n°300 de la commission permanente du 21 septembre 2022<br /><strong>VU</strong> la délibération n°20 de la commission permanente du 25 janvier 2023<br /><strong>VU</strong> la délibération n°85 de la commission permanente du 22 mars 2023</p>\n<p dir=\"ltr\"> </p>\n<p dir=\"ltr\"><span id=\"sugar_text_docs-internal-guid-d9dfc72e-7fff-1aae-1b55-73066158c5fc\">VU la décision de la Commission Permanente N° XXXX date du XXXX ;</span></p>\n<p dir=\"ltr\"> </p>\n<h3 dir=\"ltr\"><span>IL EST CONVENU CE QUI SUIT</span></h3>\n<p dir=\"ltr\"> </p>\n<h3 dir=\"ltr\">Article 1 : Objet de la convention</h3>\n<p dir=\"ltr\">La présente convention fixe les modalités de mise en œuvre d’une subvention du Département au profit d’une initiative citoyenne intitulée : objet de la convention<span id=\"sugar_text_docs-internal-guid-7321043f-7fff-39b9-c5a5-09d64bc6e36e\">.</span></p>\n<p dir=\"ltr\">Cette action associative s’inscrit dans la thématique : $ops_dossier_thematique.</p>\n<p dir=\"ltr\">Le budget prévisionnel est d’un montant de $ops_dossier_montant_vote €, avec un délai de mise en œuvre de 6 mois renouvelable une fois au maximum.</p>\n<p dir=\"ltr\"> </p>\n<h3 dir=\"ltr\">Article 2 : Durée de la convention</h3>\n<p dir=\"ltr\">La convention est signée pour une durée maximale de 12 mois, délai maximal de mise en œuvre de l’initiative lauréate.</p>\n<p dir=\"ltr\"> </p>\n<h3 dir=\"ltr\">Article 3 : Contribution financière</h3>\n<p dir=\"ltr\">Pour la réalisation de ce projet (article 1), le Département alloue à l\'Association $ops_personne_morale_name une subvention maximale de $ops_dossier_montant_vote €<span id=\"sugar_text_docs-internal-guid-d677985d-7fff-0765-c4c8-5bb0c74554d0\">.</span></p>\n<p dir=\"ltr\"> </p>\n<h3 dir=\"ltr\">Article 4 : Modalités de versement et justificatifs</h3>\n<p dir=\"ltr\">L’aide départementale fera l’objet d’un seul versement après la signature de la présente convention.</p>\n<p> </p>\n<h3 dir=\"ltr\">Article 5 : Engagements de l\'association - gestion administrative</h3>\n<p>Par la présente convention, l\'association s\'engage : </p>\n<ul>\n<li>à réaliser l’action énoncée à l\'article 1 et détaillé sur la plateforme dédiée, dans le cadre du budget prévisionnel arrêté,</li>\n<li>à suivre les procédures administratives permettant le suivi de l’action, </li>\n<li>à accueillir la délégation du Département pour le contrôle de la mise en œuvre de l’action,</li>\n<li>à mettre en oeuvre le projet dans un délai de 6 mois ; </li>\n<li>à transmettre au moins deux photos justifiant de la mise en oeuvre du projet ; </li>\n<li>à transmettre les factures acquittées dans un délai de 6 mois maximum après la date du versement </li>\n<li>à se rendre disponible pour un contrôle sur place de l’action réalisée par le Département ou par toute personne habilitée.</li>\n</ul>\n<p dir=\"ltr\"> </p>\n<h3>Article 6. Engagements de l’association - communication</h3>\n<p>Par la présente convention, l\'association s\'engage :</p>\n<ul>\n<li>à rendre compte aux citoyens de l’avancement du projet par le biais d’intégration de données sur la plateforme dédiée ;</li>\n<li>à faire mention du concours du Département de la Creuse pour toutes les formes de communication liées à la réalisation des opérations,</li>\n<li>à apposer le logo du Budget d’Initiative Citoyenne du Département sur les supports de communication .</li>\n</ul>\n<p dir=\"ltr\"> </p>\n<h3>Article 7. Responsabilité et assurance</h3>\n<p>L’association est responsable du respect des législations spécifiques à son activité. Elle est seule responsable vis-à-vis de ses membres, de ses salariés et des tiers de tous accidents, dégâts et dommages de quelque nature qu’ils soient, résultant de son activité.</p>\n<p><br /><span id=\"sugar_text_docs-internal-guid-2ca2f9eb-7fff-0c6b-1096-c32c148c2a99\">L’association fait son affaire personnelle de tous les risques et litiges pouvant survenir de fait de son activité. Elle s’engage à souscrire, auprès d’une ou plusieurs compagnies notoirement solvables, les garanties couvrant les conséquences dommageables qui pourraient lui être imputés à cet égard, de manière que la responsabilité du Département ne puisse être recherchée. Elle paiera les primes et cotisations de ces assurances de façon à ce que le Département ne puisse en aucun cas être inquiété.</span></p>\n<h3><br />Article 8. Reversement de toute ou partie de la subvention</h3>\n<p>En cas de non-respect par le bénéficiaire de ses engagements ou de la non utilisation des fonds conformément au projet présenté, celui-ci devra reverser les fonds au Département après réception d\'un titre exécutoire émis par la collectivité.<br />De même, lorsque les factures produites ne suffisent pas à justifier le montant des fonds accordés, ceux-ci seront réajustés sur le montant réel des dépenses. Dans ce cas, l\'excédent de la subvention déjà versée fera l\'objet d\'un titre de recette émis par la collectivité.</p>\n<h3><br />Article 9. Modification de la convention</h3>\n<p>La présente convention pourra être modifiée par voie d’avenant, avec l’accord des signataires.</p>\n<p> </p>\n<h3>Article 10. Résiliation et litiges</h3>\n<p>Si l’association $personne_morale_name n’était pas en mesure de respecter les termes de la présente convention, le Département de La Creuse se réserverait le droit de la résilier et d’exiger la restitution de tout ou partie des sommes versées.</p>\n<p><br />En cas de litige, la juridiction compétente, en cas d’échec de résolution à l’amiable, est le Tribunal Administratif de Saint-Denis de La Réunion.</p>\n<h3><br />Article 11. Publicité</h3>\n<p>Le bénéficiaire s’engage, le cas échéant, à assurer la publicité de la participation du département en faisant mention de son intervention sur tout support de communication ; et en assurant une information systématique de la participation de la collectivité dans tous les contacts presse et interventions publiques.</p>\n<p dir=\"ltr\"> </p>\n<p dir=\"ltr\">Fait en deux exemplaires originaux,</p>\n<p dir=\"ltr\"> </p>\n<p dir=\"ltr\"> </p>\n<table>\n<tbody>\n<tr>\n<td>\n<p>L\'Assocation $ops_personne_morale_name</p>\n<p>$demandeur_salutation $demandeur_last_name $demandeur_first_name</p>\n</td>\n<td>                                           </td>\n<td>LA PRESIDENTE DU DEPARTEMENT</td>\n</tr>\n</tbody>\n</table>',0,NULL,'167fe1b8-53a3-ff9e-6a90-64f3831fe2a4'),('3bf8636d-3083-e82f-1373-6835aed714ab','2025-05-27 12:20:44','2025-05-27 12:21:20','984bab36-6ea9-3a3f-cc48-66e15b39ccb8','984bab36-6ea9-3a3f-cc48-66e15b39ccb8',NULL,0,'','Document_Editique_2025-05-27_142120.pdf',NULL,'Sugar',NULL,'2025-05-27',NULL,NULL,NULL,'nouveau','e73b6bd3-6e41-7baf-6e21-6835ae5c5852','','',0,NULL,0,'editique','<p> <img src=\"https://demo23-crm.opensub.fr/custom/themes/OEPLTheme/images/open-CRM-50.png\" alt=\"\" width=\"240\" height=\"90\" /></p>\n<p dir=\"ltr\"> </p>\n<h1 dir=\"ltr\">LA REGION</h1>\n<p> </p>\n<p>Objet : rappel : votre présence aux voeux de la Présidente</p>\n<p><br /><br /></p>\n<p dir=\"ltr\"> </p>\n<h3 dir=\"ltr\">INVITIATION</h3>\n<p dir=\"ltr\"> </p>\n<p>  </p>\n<p dir=\"ltr\">Le Conseil Régional,</p>\n<p dir=\"ltr\">Représenté par sa Présidente, Madame xxx XXXXXXXXX dûment habilitée, </p>\n<p dir=\"ltr\">Adresse de la Région</p>\n<p> </p>\n<p>Présentera ses voeux aux entreprises le 15 février 2024*;</p>\n<p><br /><br /></p>\n<h3 dir=\"ltr\">Rappel des personnes isncrites pour votre société:</h3>\n<p>$ops_dossier_tab_inscriptions</p>\n<h3 dir=\"ltr\"> </h3>\n<h3 dir=\"ltr\"><strong>Présentation de la manifestation</strong></h3>\n<p>ici le texte de présentation</p>\n<p dir=\"ltr\"> </p>\n<h3 dir=\"ltr\"> </h3>\n<p dir=\"ltr\">Fait à Montpellier</p>\n<p> </p>\n<p> </p>',0,NULL,'d4a2032b-4872-766e-33e8-65bfdbfcd340'),('264b7e6e-b13c-fb2b-11ec-6835aedd2c4e','2025-05-27 12:22:04','2025-05-27 12:23:23','984bab36-6ea9-3a3f-cc48-66e15b39ccb8','984bab36-6ea9-3a3f-cc48-66e15b39ccb8',NULL,0,'','Document_Editique_2025-05-27_142323.pdf',NULL,'Sugar',NULL,'2025-05-27',NULL,NULL,NULL,'nouveau','e338782f-026f-e589-11b2-6835ae0e895b','','',0,NULL,0,'editique','<p> <img src=\"https://demo23-crm.opensub.fr/custom/themes/OEPLTheme/images/open-CRM-50.png\" alt=\"\" width=\"240\" height=\"90\" /></p>\n<p dir=\"ltr\"> </p>\n<h1 dir=\"ltr\">LA REGION</h1>\n<p> </p>\n<p>Objet : rappel : votre présence aux voeux de la Présidente</p>\n<p><br /><br /></p>\n<p dir=\"ltr\"> </p>\n<h3 dir=\"ltr\">INVITIATION</h3>\n<p dir=\"ltr\"> </p>\n<p>  </p>\n<p dir=\"ltr\">Le Conseil Régional,</p>\n<p dir=\"ltr\">Représenté par sa Présidente, Madame xxx XXXXXXXXX dûment habilitée, </p>\n<p dir=\"ltr\">Adresse de la Région</p>\n<p> </p>\n<p>Présentera ses voeux aux entreprises le 15 février 2024*;</p>\n<p><br /><br /></p>\n<h3 dir=\"ltr\">Rappel des personnes isncrites pour votre société:</h3>\n<p>$ops_dossier_tab_inscriptions</p>\n<h3 dir=\"ltr\"> </h3>\n<h3 dir=\"ltr\"><strong>Présentation de la manifestation</strong></h3>\n<p>ici le texte de présentation</p>\n<p dir=\"ltr\"> </p>\n<h3 dir=\"ltr\"> </h3>\n<p dir=\"ltr\">Fait à Montpellier</p>\n<p> </p>\n<p> </p>',0,NULL,'d4a2032b-4872-766e-33e8-65bfdbfcd340'),('990b4646-a0db-28cd-cfe3-684fd6f170f5','2025-06-16 08:33:21','2025-06-16 08:33:21','984bab36-6ea9-3a3f-cc48-66e15b39ccb8','984bab36-6ea9-3a3f-cc48-66e15b39ccb8',NULL,0,NULL,'Document',NULL,'Sugar',NULL,'2025-06-16',NULL,NULL,NULL,'brouillon',NULL,NULL,NULL,0,NULL,0,'editique','',0,NULL,NULL),('d8240724-3f90-fd26-a13a-68b809044a9e','2025-09-03 09:26:57','2025-09-03 09:26:57','984bab36-6ea9-3a3f-cc48-66e15b39ccb8','984bab36-6ea9-3a3f-cc48-66e15b39ccb8',NULL,0,NULL,'Attestation.pdf','','Sugar','','2025-09-03',NULL,NULL,NULL,'nouveau','94c2199e-15f4-4156-be4e-68b809c49b1d','dd4c02bd-6f5e-4567-b44d-68b7fdcf1911',NULL,0,NULL,0,'depot',NULL,0,NULL,NULL),('22804d63-0a68-2733-5923-68da521f5aee','2025-09-29 09:32:32','2025-09-29 09:32:32','1','1',NULL,0,NULL,'Attestation.pdf','','Sugar','','2025-09-29',NULL,NULL,NULL,'nouveau','ef137b8d-e01d-1abb-e770-68da525b62e4','ea988709-e974-0956-045b-68da515d2fbb',NULL,0,NULL,1,'depot',NULL,0,NULL,NULL),('dff928bf-9643-3ac7-3705-68dcdb2dd094','2025-10-01 07:43:22','2025-10-01 07:43:22','984bab36-6ea9-3a3f-cc48-66e15b39ccb8','984bab36-6ea9-3a3f-cc48-66e15b39ccb8',NULL,0,NULL,'Attestation.pdf','','Sugar','','2025-10-01',NULL,NULL,NULL,'nouveau','b079e18c-0e5a-cd16-be3d-68dcdb0741a7','71210ef6-c039-8bc2-af20-68dba37a2d0c',NULL,0,NULL,1,'depot',NULL,0,NULL,NULL),('d35223a0-235b-ff97-1ba0-68e378c6d567','2025-10-06 08:06:27','2025-10-06 08:06:27','1','1',NULL,0,NULL,'Candidature : lettre convocation entretien en visio.pdf','','Sugar','','2025-10-06',NULL,NULL,NULL,'nouveau','154ab806-b6fa-6ec7-01cf-68e37802e986','8bd96e5c-30c3-555a-dc7e-68dcf7a7a87e',NULL,0,NULL,1,'pdf',NULL,0,'2025-10-06',NULL),('7f7e9f08-d756-58cb-68de-68e378a37269','2025-10-06 08:07:52','2025-10-06 08:08:30','1','1',NULL,0,'','Convention mise à disposition logiciel.pdf',NULL,'Sugar',NULL,'2025-10-06','2026-10-15',NULL,NULL,'nouveau','ceeb26e0-9f31-0cc3-0418-68e378efa826','8bd96e5c-30c3-555a-dc7e-68dcf7a7a87e','',0,NULL,1,'pdf',NULL,0,'2025-10-06',''),('9f934c77-ecd1-b7ea-81a1-68e379c61f1b','2025-10-06 08:09:29','2025-10-06 08:09:29','1','1',NULL,0,NULL,'Candidature spontanée : lettre négative.pdf','','Sugar','','2025-10-06',NULL,NULL,NULL,'nouveau','65e41882-fd8e-109f-b309-68e379483e92','137792a4-df3b-bbf3-1a72-68db984be19b',NULL,0,NULL,1,'pdf',NULL,0,'2025-10-06',NULL),('85511618-06ba-750d-62ab-68e37a30015c','2025-10-06 08:15:31','2025-10-06 08:15:31','1','1','',0,NULL,'Candidature spontanée _ lettre négative.pdf','','Sugar','','2025-10-06',NULL,NULL,NULL,'nouveau','85afd2e3-dd14-642c-33bd-68e37ab92eb7',NULL,NULL,0,NULL,1,'depot',NULL,0,NULL,NULL),('6d220b88-4215-6bc0-6ad8-68e37b028fe0','2025-10-06 08:19:43','2025-10-06 08:21:07','1','1',NULL,0,'','Document_Editique_2025-10-06_102057.pdf',NULL,'Sugar',NULL,'2025-10-06',NULL,NULL,NULL,'nouveau','2241db9b-9bc7-5d0f-af78-68e37b7796ff','','',0,NULL,1,'editique','<h2>NOTIFICATION D\'ACCORD</h2>\n<p> </p>\n<p><span style=\"color:#ff0000;\">Modèle à paramétrer</span></p>\n<p> </p>\n<p><span style=\"color:#ffcc00;\"><strong>jjjjjjjjjjjjjjjjjjjj</strong></span></p>',0,NULL,'ba14b910-bbea-d312-d228-652f7c2d85ef'),('943719ae-d17b-ef5c-c385-69049a0bc804','2025-10-31 11:18:02','2025-10-31 11:18:16','1','1',NULL,0,'','Candidature : lettre convocation entretien en visio.pdf',NULL,'Sugar',NULL,'2025-10-31',NULL,NULL,NULL,'nouveau','ee905c2c-b7b5-4210-b8cb-69049a80cde1','95bf0d71-42f1-bbb1-640c-6904805c837c','',0,NULL,0,'pdf',NULL,0,'2025-10-31',''),('38759951-58d0-84f4-7bf8-69049b42614e','2025-10-31 11:20:07','2025-10-31 11:20:45','1','1',NULL,0,'','Document_Editique_2025-10-31_122045.pdf',NULL,'Sugar',NULL,'2025-10-31',NULL,NULL,NULL,'nouveau','d60df3ec-3ca1-b21c-fbf9-69049b1c82d5','','',0,NULL,0,'editique','<p dir=\"ltr\"> </p>\n<table align=\"center\">\n<tbody>\n<tr>\n<td> <img src=\"https://demo23-crm.opensub.fr/custom/themes/OEPLTheme/images/open-CRM-50.png\" alt=\"Description : logo Open CRM\" /></td>\n<td> </td>\n<td>\n<p><strong>DEPARTEMENT DE DEMO</strong></p>\n<p> </p>\n<p><em>DIRECTION DE L’APPUI A LA PERFORMANCE ET A L’INNOVATION</em></p>\n<p><em> </em></p>\n</td>\n</tr>\n<tr>\n<td> </td>\n<td> </td>\n<td> </td>\n</tr>\n</tbody>\n</table>\n<p dir=\"ltr\"><span> </span></p>\n<p dir=\"ltr\"><span>1111111111111111111</span></p>\n<p dir=\"ltr\"> </p>\n<p dir=\"ltr\"> </p>\n<p dir=\"ltr\">Entre  </p>\n<p dir=\"ltr\"><strong>Le DEPARTEMENT DE DEMO</strong></p>\n<p dir=\"ltr\"> </p>\n<p dir=\"ltr\">D’une part</p>\n<p dir=\"ltr\">ET  </p>\n<p dir=\"ltr\">Nom de l’association : $ops_personne_morale_name</p>\n<p dir=\"ltr\">Représenté par $demandeur_salutation $demandeur_last_name $demandeur_first_name</p>\n<p dir=\"ltr\">D’autre part,</p>\n<p dir=\"ltr\"><span> </span></p>\n<p><strong>VU</strong> le Code Général des Collectivités Territoriales ;<br /><strong>VU</strong> la délibération n°56 de la séance plénière du 22 juin 2022,<br /><strong>VU</strong> la délibération n°300 de la commission permanente du 21 septembre 2022<br /><strong>VU</strong> la délibération n°20 de la commission permanente du 25 janvier 2023<br /><strong>VU</strong> la délibération n°85 de la commission permanente du 22 mars 2023</p>\n<p dir=\"ltr\"> </p>\n<p dir=\"ltr\"><span id=\"sugar_text_docs-internal-guid-d9dfc72e-7fff-1aae-1b55-73066158c5fc\">VU la décision de la Commission Permanente N° XXXX date du XXXX ;</span></p>\n<p dir=\"ltr\"> </p>\n<h3 dir=\"ltr\"><span>IL EST CONVENU CE QUI SUIT</span></h3>\n<p dir=\"ltr\"> </p>\n<h3 dir=\"ltr\">Article 1 : Objet de la convention</h3>\n<p dir=\"ltr\">La présente convention fixe les modalités de mise en œuvre d’une subvention du Département au profit d’une initiative citoyenne intitulée : XXXX<span id=\"sugar_text_docs-internal-guid-7321043f-7fff-39b9-c5a5-09d64bc6e36e\">.</span></p>\n<p dir=\"ltr\">Cette action associative s’inscrit dans la thématique : $ops_dossier_thematique.</p>\n<p dir=\"ltr\">Le budget prévisionnel est d’un montant de $ops_dossier_montant_vote €, avec un délai de mise en œuvre de 6 mois renouvelable une fois au maximum.</p>\n<p dir=\"ltr\"> </p>\n<h3 dir=\"ltr\">Article 2 : Durée de la convention</h3>\n<p dir=\"ltr\">La convention est signée pour une durée maximale de 12 mois, délai maximal de mise en œuvre de l’initiative lauréate.</p>\n<p dir=\"ltr\"> </p>\n<h3 dir=\"ltr\">Article 3 : Contribution financière</h3>\n<p dir=\"ltr\">Pour la réalisation de ce projet (article 1), le Département alloue à l\'Association $ops_personne_morale_name une subvention maximale de $ops_dossier_montant_vote €<span id=\"sugar_text_docs-internal-guid-d677985d-7fff-0765-c4c8-5bb0c74554d0\">.</span></p>\n<p dir=\"ltr\"> </p>\n<h3 dir=\"ltr\">Article 4 : Modalités de versement et justificatifs</h3>\n<p dir=\"ltr\">L’aide départementale fera l’objet d’un seul versement après la signature de la présente convention.</p>\n<p> </p>\n<h3 dir=\"ltr\">Article 5 : Engagements de l\'association - gestion administrative</h3>\n<p>Par la présente convention, l\'association s\'engage : </p>\n<ul>\n<li>à réaliser l’action énoncée à l\'article 1 et détaillé sur la plateforme dédiée, dans le cadre du budget prévisionnel arrêté,</li>\n<li>à suivre les procédures administratives permettant le suivi de l’action, </li>\n<li>à accueillir la délégation du Département pour le contrôle de la mise en œuvre de l’action,</li>\n<li>à mettre en oeuvre le projet dans un délai de 6 mois ; </li>\n<li>à transmettre au moins deux photos justifiant de la mise en oeuvre du projet ; </li>\n<li>à transmettre les factures acquittées dans un délai de 6 mois maximum après la date du versement </li>\n<li>à se rendre disponible pour un contrôle sur place de l’action réalisée par le Département ou par toute personne habilitée.</li>\n</ul>\n<p dir=\"ltr\"> </p>\n<h3>Article 6. Engagements de l’association - communication</h3>\n<p>Par la présente convention, l\'association s\'engage :</p>\n<ul>\n<li>à rendre compte aux citoyens de l’avancement du projet par le biais d’intégration de données sur la plateforme dédiée ;</li>\n<li>à faire mention du concours du Département de la Creuse pour toutes les formes de communication liées à la réalisation des opérations,</li>\n<li>à apposer le logo du Budget d’Initiative Citoyenne du Département sur les supports de communication .</li>\n</ul>\n<p dir=\"ltr\"> </p>\n<h3>Article 7. Responsabilité et assurance</h3>\n<p>L’association est responsable du respect des législations spécifiques à son activité. Elle est seule responsable vis-à-vis de ses membres, de ses salariés et des tiers de tous accidents, dégâts et dommages de quelque nature qu’ils soient, résultant de son activité.</p>\n<p><br /><span id=\"sugar_text_docs-internal-guid-2ca2f9eb-7fff-0c6b-1096-c32c148c2a99\">L’association fait son affaire personnelle de tous les risques et litiges pouvant survenir de fait de son activité. Elle s’engage à souscrire, auprès d’une ou plusieurs compagnies notoirement solvables, les garanties couvrant les conséquences dommageables qui pourraient lui être imputés à cet égard, de manière que la responsabilité du Département ne puisse être recherchée. Elle paiera les primes et cotisations de ces assurances de façon à ce que le Département ne puisse en aucun cas être inquiété.</span></p>\n<h3><br />Article 8. Reversement de toute ou partie de la subvention</h3>\n<p>En cas de non-respect par le bénéficiaire de ses engagements ou de la non utilisation des fonds conformément au projet présenté, celui-ci devra reverser les fonds au Département après réception d\'un titre exécutoire émis par la collectivité.<br />De même, lorsque les factures produites ne suffisent pas à justifier le montant des fonds accordés, ceux-ci seront réajustés sur le montant réel des dépenses. Dans ce cas, l\'excédent de la subvention déjà versée fera l\'objet d\'un titre de recette émis par la collectivité.</p>\n<h3><br />Article 9. Modification de la convention</h3>\n<p>La présente convention pourra être modifiée par voie d’avenant, avec l’accord des signataires.</p>\n<p> </p>\n<h3>Article 10. Résiliation et litiges</h3>\n<p>Si l’association $personne_morale_name n’était pas en mesure de respecter les termes de la présente convention, le Département de La Creuse se réserverait le droit de la résilier et d’exiger la restitution de tout ou partie des sommes versées.</p>\n<p><br />En cas de litige, la juridiction compétente, en cas d’échec de résolution à l’amiable, est le Tribunal Administratif de Saint-Denis de La Réunion.</p>\n<h3><br />Article 11. Publicité</h3>\n<p>Le bénéficiaire s’engage, le cas échéant, à assurer la publicité de la participation du département en faisant mention de son intervention sur tout support de communication ; et en assurant une information systématique de la participation de la collectivité dans tous les contacts presse et interventions publiques.</p>\n<p dir=\"ltr\"> </p>\n<p dir=\"ltr\">Fait en deux exemplaires originaux,</p>\n<p dir=\"ltr\"> </p>\n<p dir=\"ltr\"> </p>\n<table>\n<tbody>\n<tr>\n<td>\n<p>L\'Assocation $ops_personne_morale_name</p>\n<p>$demandeur_salutation $demandeur_last_name $demandeur_first_name</p>\n</td>\n<td>                                           </td>\n<td>LA PRESIDENTE DU DEPARTEMENT</td>\n</tr>\n</tbody>\n</table>',0,NULL,'167fe1b8-53a3-ff9e-6a90-64f3831fe2a4');

--
