-- Table structure for table `ops_individu`
--

CREATE TABLE `ops_individu` (
  `id` char(36) NOT NULL,
  `date_entered` datetime DEFAULT NULL,
  `date_modified` datetime DEFAULT NULL,
  `modified_user_id` char(36) DEFAULT NULL,
  `created_by` char(36) DEFAULT NULL,
  `description` text DEFAULT NULL,
  `deleted` tinyint(1) DEFAULT 0,
  `assigned_user_id` char(36) DEFAULT NULL,
  `salutation` varchar(255) DEFAULT NULL,
  `first_name` varchar(100) DEFAULT NULL,
  `last_name` varchar(100) DEFAULT NULL,
  `title` varchar(100) DEFAULT NULL,
  `photo` varchar(255) DEFAULT NULL,
  `department` varchar(255) DEFAULT NULL,
  `do_not_call` tinyint(1) DEFAULT 0,
  `phone_home` varchar(100) DEFAULT NULL,
  `phone_mobile` varchar(100) DEFAULT NULL,
  `phone_work` varchar(100) DEFAULT NULL,
  `phone_other` varchar(100) DEFAULT NULL,
  `phone_fax` varchar(100) DEFAULT NULL,
  `lawful_basis` text DEFAULT NULL,
  `date_reviewed` date DEFAULT NULL,
  `lawful_basis_source` varchar(100) DEFAULT NULL,
  `primary_address_street` varchar(200) DEFAULT NULL,
  `primary_address_city` varchar(30) DEFAULT NULL,
  `primary_address_state` varchar(100) DEFAULT NULL,
  `primary_address_postalcode` varchar(10) DEFAULT NULL,
  `primary_address_country` varchar(100) DEFAULT NULL,
  `alt_address_street` varchar(150) DEFAULT NULL,
  `alt_address_city` varchar(100) DEFAULT NULL,
  `alt_address_state` varchar(100) DEFAULT NULL,
  `alt_address_postalcode` varchar(20) DEFAULT NULL,
  `alt_address_country` varchar(255) DEFAULT NULL,
  `assistant` varchar(75) DEFAULT NULL,
  `assistant_phone` varchar(100) DEFAULT NULL,
  `date_naissance` date DEFAULT NULL,
  `lieu_naissance` varchar(255) DEFAULT NULL,
  `nationalite` varchar(100) DEFAULT NULL,
  `situation_familiale` varchar(100) DEFAULT NULL,
  `reference` varchar(255) DEFAULT NULL,
  `tiers_financier` tinyint(1) DEFAULT 0,
  `financeur` tinyint(1) DEFAULT 0,
  `num_individu` int(255) DEFAULT NULL,
  `connexion_internet` tinyint(1) DEFAULT 0,
  `statut_compte` varchar(100) DEFAULT NULL,
  `canal` varchar(100) DEFAULT NULL,
  `primary_address_number` varchar(200) DEFAULT NULL,
  `primary_address_complement_batiment` varchar(100) DEFAULT NULL,
  `primary_address_complement_lieu` varchar(100) DEFAULT NULL,
  `type_individu` varchar(100) DEFAULT NULL,
  `nom_jeune_fille` varchar(255) DEFAULT NULL,
  `etat` varchar(100) DEFAULT 'vivant',
  `pays_naissance` varchar(255) DEFAULT NULL,
  `representant_parent` tinyint(1) DEFAULT 0,
  `accepte_mail` tinyint(1) DEFAULT 0,
  `accepte_sms` tinyint(1) DEFAULT 0,
  `profession_pcs` varchar(100) DEFAULT NULL,
  `nom_employeur` varchar(255) DEFAULT NULL,
  `adresse_num` varchar(255) DEFAULT NULL,
  `adresse_voie` varchar(255) DEFAULT NULL,
  `adresse_complement_lieu` varchar(255) DEFAULT NULL,
  `adresse_complement_batiment` varchar(255) DEFAULT NULL,
  `address_postalcode` varchar(10) DEFAULT NULL,
  `address_city` varchar(30) DEFAULT NULL,
  `handicap` varchar(100) DEFAULT 'non',
  `aide_handicap` tinyint(1) DEFAULT 0,
  `vaccin_a_jour` tinyint(1) DEFAULT 0,
  `medecin_traitant` varchar(255) DEFAULT NULL,
  `presence_trouble_consigne` text DEFAULT NULL,
  `menu_autorise` varchar(100) DEFAULT NULL,
  `fai` tinyint(1) DEFAULT 0,
  `production_diffusion_image` tinyint(1) DEFAULT 0,
  `diffusion_caf` tinyint(1) DEFAULT 0,
  `attestation_assurance` tinyint(1) DEFAULT 0,
  `sexe` varchar(100) DEFAULT NULL,
  `medecin_traitant_id` char(36) DEFAULT NULL,
  `nom_usage` varchar(255) DEFAULT NULL,
  `mandataire_id` varchar(255) DEFAULT NULL,
  `mandataire_type` varchar(100) DEFAULT NULL,
  `gestion_financiere_id` varchar(255) DEFAULT NULL,
  `inactif_notification` tinyint(1) DEFAULT 0,
  PRIMARY KEY (`id`)
) ENGINE=MyISAM DEFAULT CHARSET=utf8mb3 COLLATE=utf8mb3_general_ci;

--
-- Dumping data for table `ops_individu`
--

INSERT INTO `ops_individu` VALUES ('e390e1ea-e05a-ae97-d634-66dac33e0751','2024-09-06 08:54:56','2024-10-08 12:45:59','1','1',NULL,0,'',NULL,'Julie','LEMAIRE',NULL,NULL,NULL,0,NULL,NULL,NULL,NULL,NULL,NULL,NULL,NULL,NULL,NULL,NULL,NULL,NULL,NULL,NULL,NULL,NULL,NULL,NULL,NULL,NULL,NULL,NULL,NULL,NULL,0,0,1,1,'actif','internet',NULL,NULL,NULL,'adulte',NULL,'vivant',NULL,0,0,0,NULL,NULL,NULL,NULL,NULL,NULL,NULL,NULL,'non',0,0,NULL,NULL,NULL,0,0,0,0,NULL,NULL,NULL,NULL,NULL,NULL,0),('809d2aec-6732-a2cb-fca0-66e14d69b458','2024-09-11 07:57:07','2024-09-29 13:38:55','1','1',NULL,0,'',NULL,'Rodolphe','LANCTUIT',NULL,NULL,NULL,0,NULL,NULL,NULL,NULL,NULL,NULL,NULL,NULL,NULL,NULL,NULL,NULL,NULL,NULL,NULL,NULL,NULL,NULL,NULL,NULL,NULL,NULL,NULL,NULL,NULL,0,0,2,1,'actif','internet',NULL,NULL,NULL,'adulte',NULL,'vivant',NULL,0,0,0,NULL,NULL,NULL,NULL,NULL,NULL,NULL,NULL,'non',0,0,NULL,NULL,NULL,0,0,0,0,NULL,NULL,NULL,NULL,NULL,NULL,0),('45230d3f-85d7-848d-a776-66e1f753815f','2024-09-11 20:04:44','2024-09-11 20:04:48','1','1','',1,'1','Mme','Emilie','AZERTY',NULL,NULL,NULL,0,'','','','',NULL,'',NULL,NULL,'','',NULL,'',NULL,NULL,NULL,NULL,NULL,NULL,NULL,NULL,NULL,'','','celibataire',NULL,0,0,3,0,'','crm','','','','adulte',NULL,'vivant','',0,0,0,'0','','','','','','','','non',0,0,'','','',0,0,0,0,'',NULL,'',NULL,NULL,NULL,0),('d0e2e59b-6657-3e7c-3c0d-66e1f79f9118','2024-09-11 20:04:48','2024-09-11 20:04:48','1','1',NULL,0,NULL,NULL,'','ANONYME',NULL,NULL,NULL,0,NULL,NULL,NULL,NULL,NULL,'',NULL,NULL,NULL,NULL,NULL,NULL,NULL,NULL,NULL,NULL,NULL,NULL,NULL,NULL,NULL,NULL,NULL,NULL,NULL,0,0,4,0,NULL,'crm',NULL,NULL,NULL,NULL,NULL,'vivant',NULL,0,0,0,NULL,NULL,NULL,NULL,NULL,NULL,NULL,NULL,'non',0,0,NULL,NULL,'',0,0,0,0,NULL,NULL,'',NULL,NULL,NULL,0),('1aaf31af-89f1-0c49-9ca8-66e3f9a9f25b','2024-09-13 08:34:50','2025-11-04 13:36:32','1','1',NULL,1,'',NULL,'Patricia','DUBESSY',NULL,NULL,NULL,0,NULL,NULL,NULL,NULL,NULL,NULL,NULL,NULL,NULL,NULL,NULL,NULL,NULL,NULL,NULL,NULL,NULL,NULL,NULL,NULL,NULL,NULL,NULL,NULL,NULL,0,0,5,1,'actif','internet',NULL,NULL,NULL,'adulte',NULL,'vivant',NULL,0,0,0,NULL,NULL,NULL,NULL,NULL,NULL,NULL,NULL,'non',0,0,NULL,NULL,NULL,0,0,0,0,NULL,NULL,NULL,NULL,NULL,NULL,0),('30f3b809-4266-52e9-f592-66e3f957de34','2024-09-13 08:35:03','2024-09-13 08:35:03','1','1',NULL,0,'',NULL,'Formation6','LANTEAS',NULL,NULL,NULL,0,NULL,NULL,NULL,NULL,NULL,NULL,NULL,NULL,NULL,NULL,NULL,NULL,NULL,NULL,NULL,NULL,NULL,NULL,NULL,NULL,NULL,NULL,NULL,NULL,NULL,0,0,6,1,'actif','internet',NULL,NULL,NULL,'adulte',NULL,'vivant',NULL,0,0,0,NULL,NULL,NULL,NULL,NULL,NULL,NULL,NULL,'non',0,0,NULL,NULL,NULL,0,0,0,0,NULL,NULL,NULL,NULL,NULL,NULL,0),('26b8c834-72e9-488b-29cf-66e3f9b96c41','2024-09-13 08:37:41','2024-09-13 09:28:23','1','1',NULL,0,'',NULL,'Philippe','ASTIER',NULL,NULL,NULL,0,NULL,NULL,NULL,NULL,NULL,NULL,NULL,NULL,NULL,NULL,NULL,NULL,NULL,NULL,NULL,NULL,NULL,NULL,NULL,NULL,NULL,NULL,NULL,NULL,NULL,0,0,7,1,'actif','internet',NULL,NULL,NULL,'adulte',NULL,'vivant',NULL,0,0,0,NULL,NULL,NULL,NULL,NULL,NULL,NULL,NULL,'non',0,0,NULL,NULL,NULL,0,0,0,0,NULL,NULL,NULL,NULL,NULL,NULL,0),('ac9f2da6-248c-2d9b-7efc-66e3f90e9c50','2024-09-13 08:37:42','2025-02-07 08:46:03','1','1',NULL,0,'',NULL,'Sara','CHAHBI',NULL,NULL,NULL,0,NULL,NULL,NULL,NULL,NULL,NULL,NULL,NULL,NULL,NULL,NULL,NULL,NULL,NULL,NULL,NULL,NULL,NULL,NULL,NULL,NULL,NULL,NULL,NULL,NULL,0,0,8,1,'actif','internet',NULL,NULL,NULL,'adulte',NULL,'vivant',NULL,0,0,0,NULL,NULL,NULL,NULL,NULL,NULL,NULL,NULL,'non',0,0,NULL,NULL,NULL,0,0,0,0,NULL,NULL,NULL,NULL,NULL,NULL,0),('64b493d6-3261-195f-5a58-66e3f9ce46fe','2024-09-13 08:37:48','2024-09-13 08:40:59','1','1',NULL,0,'',NULL,'Association','DE VALENTIN (INDIV)',NULL,NULL,NULL,0,NULL,NULL,NULL,NULL,NULL,NULL,NULL,NULL,NULL,NULL,NULL,NULL,NULL,NULL,NULL,NULL,NULL,NULL,NULL,NULL,NULL,NULL,NULL,'celibataire',NULL,0,0,9,1,'actif','internet',NULL,NULL,NULL,'adulte',NULL,'vivant',NULL,0,0,0,'0',NULL,NULL,NULL,NULL,NULL,NULL,NULL,'non',0,0,NULL,NULL,NULL,0,0,0,0,NULL,NULL,NULL,NULL,NULL,NULL,0),('7ccf81ef-44f1-3340-bf15-66e3fa3f594d','2024-09-13 08:41:02','2024-09-13 10:20:34','c4250303-bf3c-53d5-45a9-66e15bb9cb43','1',NULL,1,'',NULL,'Benjamin','DUBREUIL',NULL,NULL,NULL,0,NULL,NULL,NULL,NULL,NULL,NULL,NULL,NULL,NULL,NULL,NULL,NULL,NULL,NULL,NULL,NULL,NULL,NULL,NULL,NULL,NULL,NULL,NULL,NULL,NULL,0,0,10,1,'actif','internet',NULL,NULL,NULL,'adulte',NULL,'vivant',NULL,0,0,0,NULL,NULL,NULL,NULL,NULL,NULL,NULL,NULL,'non',0,0,NULL,NULL,NULL,0,0,0,0,NULL,NULL,NULL,NULL,NULL,NULL,0),('7dc8dc3e-48e0-dec8-19b8-66e3fa3fd389','2024-09-13 08:41:04','2024-09-30 14:24:36','1','1',NULL,0,'',NULL,'Laurent','DÉOUX',NULL,NULL,NULL,0,NULL,NULL,NULL,NULL,NULL,NULL,NULL,NULL,NULL,NULL,NULL,NULL,NULL,NULL,NULL,NULL,NULL,NULL,NULL,NULL,NULL,NULL,NULL,NULL,NULL,0,0,11,1,'actif','internet',NULL,NULL,NULL,'adulte',NULL,'vivant',NULL,0,0,0,NULL,NULL,NULL,NULL,NULL,NULL,NULL,NULL,'non',0,0,NULL,NULL,NULL,0,0,0,0,NULL,NULL,NULL,NULL,NULL,NULL,0),('222bf321-82af-5fda-693d-66e412d48155','2024-09-13 10:21:36','2024-09-13 10:22:16','570ffb24-bf80-fd75-034a-66e15c297641','570ffb24-bf80-fd75-034a-66e15c297641','',1,'570ffb24-bf80-fd75-034a-66e15c297641','M.','Mon','NOM',NULL,NULL,NULL,0,'','','','',NULL,'',NULL,NULL,'','',NULL,'',NULL,NULL,NULL,NULL,NULL,NULL,NULL,NULL,NULL,'','','celibataire',NULL,0,0,12,0,'','crm','','','','',NULL,'vivant','',0,0,0,'0','','','','','','','','non',0,0,'','','',0,0,0,0,'',NULL,'INDIVIDU',NULL,NULL,NULL,0),('da0551e7-5e5d-af53-464d-66e412d3d095','2024-09-13 10:22:44','2024-09-13 10:22:50','984bab36-6ea9-3a3f-cc48-66e15b39ccb8','984bab36-6ea9-3a3f-cc48-66e15b39ccb8','',1,'984bab36-6ea9-3a3f-cc48-66e15b39ccb8','M.','Baba','COOL',NULL,NULL,NULL,0,'','','','',NULL,'',NULL,NULL,'','',NULL,'',NULL,NULL,NULL,NULL,NULL,NULL,NULL,NULL,'1990-01-01','Chalon-sur-Saône','union_europeenne','celibataire',NULL,0,0,12,0,'','crm','','','','adulte',NULL,'vivant','France',0,0,0,'0','','','','','','','','non',0,0,'','','',0,0,0,0,'',NULL,'COOL',NULL,NULL,NULL,0),('54cd2052-5c8b-8f44-d716-66f4104714ca','2024-09-25 13:32:01','2024-09-25 13:32:01','1','1',NULL,0,NULL,'M.','Test','TEST',NULL,NULL,NULL,0,NULL,NULL,NULL,NULL,NULL,'',NULL,NULL,NULL,NULL,NULL,NULL,NULL,NULL,NULL,NULL,NULL,NULL,NULL,NULL,NULL,NULL,NULL,NULL,NULL,0,0,12,0,NULL,'hors_compte',NULL,NULL,NULL,NULL,NULL,'vivant',NULL,0,0,0,NULL,NULL,NULL,NULL,NULL,NULL,NULL,NULL,'non',0,0,NULL,NULL,'',0,0,0,0,NULL,NULL,'',NULL,NULL,NULL,0),('358e481e-4a74-580c-e951-66fab2eefdea','2024-09-30 14:15:59','2025-10-27 15:59:53','1','1',NULL,0,'',NULL,'Natalia','THIBERT',NULL,NULL,NULL,0,NULL,NULL,NULL,NULL,NULL,NULL,NULL,NULL,NULL,NULL,NULL,NULL,NULL,NULL,NULL,NULL,NULL,NULL,NULL,NULL,NULL,NULL,NULL,NULL,NULL,0,0,13,1,'actif','internet',NULL,NULL,NULL,'adulte',NULL,'vivant',NULL,0,0,0,NULL,NULL,NULL,NULL,NULL,NULL,NULL,NULL,'non',0,0,NULL,NULL,NULL,0,0,0,0,NULL,NULL,NULL,NULL,NULL,NULL,0),('7653ee59-fe29-9af0-35bf-66fab292b5ac','2024-09-30 14:16:40','2024-10-02 13:41:00','1','1',NULL,0,'',NULL,'Louis','FER',NULL,NULL,NULL,0,NULL,NULL,NULL,NULL,NULL,NULL,NULL,NULL,NULL,NULL,NULL,NULL,NULL,NULL,NULL,NULL,NULL,NULL,NULL,NULL,NULL,NULL,NULL,NULL,NULL,0,0,14,1,'actif','internet',NULL,NULL,NULL,'adulte',NULL,'vivant',NULL,0,0,0,NULL,NULL,NULL,NULL,NULL,NULL,NULL,NULL,'non',0,0,NULL,NULL,NULL,0,0,0,0,NULL,NULL,NULL,NULL,NULL,NULL,0),('299c06c5-a4fc-566f-621e-66fab26c568b','2024-09-30 14:16:43','2024-09-30 14:16:44','1','1',NULL,0,'',NULL,'Justine','DARD',NULL,NULL,NULL,0,NULL,NULL,NULL,NULL,NULL,NULL,NULL,NULL,NULL,NULL,NULL,NULL,NULL,NULL,NULL,NULL,NULL,NULL,NULL,NULL,NULL,NULL,NULL,NULL,NULL,0,0,15,1,'actif','internet',NULL,NULL,NULL,'adulte',NULL,'vivant',NULL,0,0,0,NULL,NULL,NULL,NULL,NULL,NULL,NULL,NULL,'non',0,0,NULL,NULL,NULL,0,0,0,0,NULL,NULL,NULL,NULL,NULL,NULL,0),('4c5a0962-5df2-8fa4-60b9-66fab2946ad1','2024-09-30 14:16:46','2024-09-30 14:16:47','1','1',NULL,0,'',NULL,'Mathilde','VOLLET',NULL,NULL,NULL,0,NULL,NULL,NULL,NULL,NULL,NULL,NULL,NULL,NULL,NULL,NULL,NULL,NULL,NULL,NULL,NULL,NULL,NULL,NULL,NULL,NULL,NULL,NULL,NULL,NULL,0,0,16,1,'actif','internet',NULL,NULL,NULL,'adulte',NULL,'vivant',NULL,0,0,0,NULL,NULL,NULL,NULL,NULL,NULL,NULL,NULL,'non',0,0,NULL,NULL,NULL,0,0,0,0,NULL,NULL,NULL,NULL,NULL,NULL,0),('2e2ba959-4cfc-5e03-17ec-66fab24db976','2024-09-30 14:16:49','2024-09-30 14:16:49','1','1',NULL,0,'',NULL,'Caro','RABU',NULL,NULL,NULL,0,NULL,NULL,NULL,NULL,NULL,NULL,NULL,NULL,NULL,NULL,NULL,NULL,NULL,NULL,NULL,NULL,NULL,NULL,NULL,NULL,NULL,NULL,NULL,NULL,NULL,0,0,17,1,'actif','internet',NULL,NULL,NULL,'adulte',NULL,'vivant',NULL,0,0,0,NULL,NULL,NULL,NULL,NULL,NULL,NULL,NULL,'non',0,0,NULL,NULL,NULL,0,0,0,0,NULL,NULL,NULL,NULL,NULL,NULL,0),('cdb004af-1aa1-995a-ffca-66fab3487a0d','2024-09-30 14:18:55','2024-09-30 14:18:55','1','1',NULL,0,'',NULL,'Evelyne','LAURENT GALLON',NULL,NULL,NULL,0,NULL,NULL,NULL,NULL,NULL,NULL,NULL,NULL,NULL,NULL,NULL,NULL,NULL,NULL,NULL,NULL,NULL,NULL,NULL,NULL,NULL,NULL,NULL,NULL,NULL,0,0,18,1,'actif','internet',NULL,NULL,NULL,'adulte',NULL,'vivant',NULL,0,0,0,NULL,NULL,NULL,NULL,NULL,NULL,NULL,NULL,'non',0,0,NULL,NULL,NULL,0,0,0,0,NULL,NULL,NULL,NULL,NULL,NULL,0),('7f5d7b86-2cae-be77-67ee-66fab3cb2d5d','2024-09-30 14:19:17','2024-09-30 14:19:18','1','1',NULL,0,'',NULL,'Johann','COULON',NULL,NULL,NULL,0,NULL,NULL,NULL,NULL,NULL,NULL,NULL,NULL,NULL,NULL,NULL,NULL,NULL,NULL,NULL,NULL,NULL,NULL,NULL,NULL,NULL,NULL,NULL,NULL,NULL,0,0,19,1,'actif','internet',NULL,NULL,NULL,'adulte',NULL,'vivant',NULL,0,0,0,NULL,NULL,NULL,NULL,NULL,NULL,NULL,NULL,'non',0,0,NULL,NULL,NULL,0,0,0,0,NULL,NULL,NULL,NULL,NULL,NULL,0),('dcf3e6b7-dfb5-1b6e-d17f-66fab487b802','2024-09-30 14:23:19','2024-09-30 14:23:19','326c449b-a872-58d3-5ae2-66e15b07aa48','326c449b-a872-58d3-5ae2-66e15b07aa48',NULL,0,NULL,'Mme','Mathilde','TEST',NULL,NULL,NULL,0,NULL,'0665669759',NULL,NULL,NULL,'',NULL,NULL,NULL,NULL,NULL,NULL,NULL,NULL,NULL,NULL,NULL,NULL,NULL,NULL,'1997-06-15',NULL,NULL,NULL,NULL,0,0,20,0,NULL,'crm',NULL,NULL,NULL,'adulte',NULL,'vivant',NULL,0,0,0,NULL,NULL,NULL,NULL,NULL,NULL,NULL,NULL,'non',0,0,NULL,NULL,'',0,0,0,0,'',NULL,'TEST',NULL,NULL,NULL,0),('2172fd04-c943-e888-77ce-66fab49c1a25','2024-09-30 14:23:43','2024-09-30 14:23:43','e64475cf-02f9-b7e1-4f19-66e15ba04a6c','e64475cf-02f9-b7e1-4f19-66e15ba04a6c',NULL,0,NULL,'Mme','Caro','RABU',NULL,NULL,NULL,0,NULL,'',NULL,NULL,NULL,'',NULL,NULL,NULL,NULL,NULL,NULL,NULL,NULL,NULL,NULL,NULL,NULL,NULL,NULL,'2004-04-14',NULL,NULL,NULL,NULL,0,0,21,0,NULL,'crm',NULL,NULL,NULL,'adulte',NULL,'vivant',NULL,0,0,0,NULL,NULL,NULL,NULL,NULL,NULL,NULL,NULL,'non',0,0,NULL,NULL,'',0,0,0,0,'',NULL,'',NULL,NULL,NULL,0),('7841fd35-0b31-e2b3-be17-66fab49620d8','2024-09-30 14:24:10','2024-09-30 14:24:10','326c449b-a872-58d3-5ae2-66e15b07aa48','326c449b-a872-58d3-5ae2-66e15b07aa48',NULL,0,NULL,'Mme','Mathilde','TEST',NULL,NULL,NULL,0,NULL,'0665669759',NULL,NULL,NULL,'',NULL,NULL,NULL,NULL,NULL,NULL,NULL,NULL,NULL,NULL,NULL,NULL,NULL,NULL,'1997-06-15',NULL,NULL,NULL,NULL,0,0,22,0,NULL,'crm',NULL,NULL,NULL,'',NULL,'vivant',NULL,0,0,0,NULL,NULL,NULL,NULL,NULL,NULL,NULL,NULL,'non',0,0,NULL,NULL,'',0,0,0,0,'',NULL,'TEST',NULL,NULL,NULL,0),('5612fcdc-f502-cf7a-7a23-66fab4d63510','2024-09-30 14:24:27','2024-09-30 14:24:27','326c449b-a872-58d3-5ae2-66e15b07aa48','326c449b-a872-58d3-5ae2-66e15b07aa48',NULL,0,NULL,'Mme','Mathilde','TEST',NULL,NULL,NULL,0,NULL,'',NULL,NULL,NULL,'',NULL,NULL,NULL,NULL,NULL,NULL,NULL,NULL,NULL,NULL,NULL,NULL,NULL,NULL,'1997-06-15',NULL,NULL,NULL,NULL,0,0,23,0,NULL,'crm',NULL,NULL,NULL,'',NULL,'vivant',NULL,0,0,0,NULL,NULL,NULL,NULL,NULL,NULL,NULL,NULL,'non',0,0,NULL,NULL,'',0,0,0,0,'',NULL,'TEST',NULL,NULL,NULL,0),('4d2bcde3-48b5-9fab-be20-66fab4001578','2024-09-30 14:24:34','2024-09-30 14:24:34','326c449b-a872-58d3-5ae2-66e15b07aa48','326c449b-a872-58d3-5ae2-66e15b07aa48',NULL,0,NULL,'Mme','Mathilde','TEST',NULL,NULL,NULL,0,NULL,'',NULL,NULL,NULL,'',NULL,NULL,NULL,NULL,NULL,NULL,NULL,NULL,NULL,NULL,NULL,NULL,NULL,NULL,'1997-06-15',NULL,NULL,NULL,NULL,0,0,24,0,NULL,'crm',NULL,NULL,NULL,'adulte',NULL,'vivant',NULL,0,0,0,NULL,NULL,NULL,NULL,NULL,NULL,NULL,NULL,'non',0,0,NULL,NULL,'',0,0,0,0,'',NULL,'TEST',NULL,NULL,NULL,0),('77ad5246-0416-9813-3f9a-66fab41c5b42','2024-09-30 14:25:35','2024-09-30 14:25:35','326c449b-a872-58d3-5ae2-66e15b07aa48','326c449b-a872-58d3-5ae2-66e15b07aa48',NULL,0,NULL,'Mme','Mathilde','FIFI',NULL,NULL,NULL,0,NULL,'',NULL,NULL,NULL,'',NULL,NULL,NULL,NULL,NULL,NULL,NULL,NULL,NULL,NULL,NULL,NULL,NULL,NULL,'1997-06-15',NULL,NULL,NULL,NULL,0,0,25,0,NULL,'crm',NULL,NULL,NULL,'adulte',NULL,'vivant',NULL,0,0,0,NULL,NULL,NULL,NULL,NULL,NULL,NULL,NULL,'non',0,0,NULL,NULL,'',0,0,0,0,'',NULL,'',NULL,NULL,NULL,0),('3ca34f57-fe89-81fc-eabb-66fab5367bfc','2024-09-30 14:28:14','2024-09-30 14:28:14','d84bd81b-83f8-4df1-9bf8-66e15cabfa6b','d84bd81b-83f8-4df1-9bf8-66e15cabfa6b',NULL,0,NULL,'M.','Laurent','DEOUX',NULL,NULL,NULL,0,NULL,'0608272520',NULL,NULL,NULL,'',NULL,NULL,NULL,NULL,NULL,NULL,NULL,NULL,NULL,NULL,NULL,NULL,NULL,NULL,'1968-09-06',NULL,NULL,NULL,NULL,0,0,26,0,NULL,'crm',NULL,NULL,NULL,'adulte',NULL,'vivant',NULL,0,0,0,NULL,NULL,NULL,NULL,NULL,NULL,NULL,NULL,'non',0,0,NULL,NULL,'',0,0,0,0,'',NULL,'',NULL,NULL,NULL,0),('d37cd973-605f-ef33-b7b7-66fab51323b0','2024-09-30 14:28:28','2024-09-30 14:28:28','326c449b-a872-58d3-5ae2-66e15b07aa48','326c449b-a872-58d3-5ae2-66e15b07aa48',NULL,0,NULL,'Mme','Mathilde','FIFI',NULL,NULL,NULL,0,NULL,'',NULL,NULL,NULL,'',NULL,NULL,NULL,NULL,NULL,NULL,NULL,NULL,NULL,NULL,NULL,NULL,NULL,NULL,'1997-06-15',NULL,NULL,NULL,NULL,0,0,27,0,NULL,'crm',NULL,NULL,NULL,'adulte',NULL,'vivant',NULL,0,0,0,NULL,NULL,NULL,NULL,NULL,NULL,NULL,NULL,'non',0,0,NULL,NULL,'',0,0,0,0,'',NULL,'',NULL,NULL,NULL,0),('eab5b957-8999-de6b-9ef7-66fab551c95f','2024-09-30 14:29:45','2024-09-30 14:29:45','326c449b-a872-58d3-5ae2-66e15b07aa48','326c449b-a872-58d3-5ae2-66e15b07aa48',NULL,0,NULL,'Mme','Mathilde','FIFI',NULL,NULL,NULL,0,NULL,'',NULL,NULL,NULL,'',NULL,NULL,NULL,NULL,NULL,NULL,NULL,NULL,NULL,NULL,NULL,NULL,NULL,NULL,'1997-06-15',NULL,NULL,NULL,NULL,0,0,28,0,NULL,'crm',NULL,NULL,NULL,'adulte',NULL,'vivant',NULL,0,0,0,NULL,NULL,NULL,NULL,NULL,NULL,NULL,NULL,'non',0,0,NULL,NULL,'',0,0,0,0,'',NULL,'',NULL,NULL,NULL,0),('1d537ab1-bd76-e610-e57d-66fab6dfa40e','2024-09-30 14:34:37','2024-09-30 14:34:37','984bab36-6ea9-3a3f-cc48-66e15b39ccb8','984bab36-6ea9-3a3f-cc48-66e15b39ccb8',NULL,0,NULL,'Mme','Evelyne','GALLON',NULL,NULL,NULL,0,NULL,'0614911246',NULL,NULL,NULL,'',NULL,NULL,NULL,NULL,NULL,NULL,NULL,NULL,NULL,NULL,NULL,NULL,NULL,NULL,'1981-02-01',NULL,NULL,NULL,NULL,0,0,29,0,NULL,'crm',NULL,NULL,NULL,'',NULL,'vivant',NULL,0,0,0,NULL,NULL,NULL,NULL,NULL,NULL,NULL,NULL,'non',0,0,NULL,NULL,'',0,0,0,0,'',NULL,'LAURENT GALLON',NULL,NULL,NULL,0),('d24a3e74-ccb1-70c6-2b57-670784184303','2024-10-10 07:40:18','2024-10-11 09:14:05','1','1',NULL,0,'',NULL,'Ee','CH',NULL,NULL,NULL,0,NULL,NULL,NULL,NULL,NULL,NULL,NULL,NULL,NULL,NULL,NULL,NULL,NULL,NULL,NULL,NULL,NULL,NULL,NULL,NULL,NULL,NULL,NULL,NULL,NULL,0,0,30,1,'actif','internet',NULL,NULL,NULL,'adulte',NULL,'vivant',NULL,0,0,0,NULL,NULL,NULL,NULL,NULL,NULL,NULL,NULL,'non',0,0,NULL,NULL,NULL,0,0,0,0,NULL,NULL,NULL,NULL,NULL,NULL,0),('e6a70aca-1659-c27e-b93f-67078495949a','2024-10-10 07:40:32','2024-10-10 08:08:10','1','1',NULL,0,'',NULL,'Evelyne','DALLOT',NULL,NULL,NULL,0,NULL,NULL,NULL,NULL,NULL,NULL,NULL,NULL,NULL,NULL,NULL,NULL,NULL,NULL,NULL,NULL,NULL,NULL,NULL,NULL,NULL,NULL,NULL,NULL,NULL,0,0,31,1,'actif','internet',NULL,NULL,NULL,'adulte',NULL,'vivant',NULL,0,0,0,NULL,NULL,NULL,NULL,NULL,NULL,NULL,NULL,'non',0,0,NULL,NULL,NULL,0,0,0,0,NULL,NULL,NULL,NULL,NULL,NULL,0),('4538c0f8-29d5-8398-8ebb-6707846512b2','2024-10-10 07:40:35','2024-10-10 10:24:26','1','1',NULL,0,'326c449b-a872-58d3-5ae2-66e15b07aa48',NULL,'Alain','DELAVIGNE',NULL,NULL,NULL,0,NULL,NULL,NULL,NULL,NULL,NULL,NULL,NULL,NULL,NULL,NULL,NULL,NULL,NULL,NULL,NULL,NULL,NULL,NULL,NULL,NULL,NULL,'union_europeenne','celibataire',NULL,0,0,32,1,'actif','internet',NULL,NULL,NULL,'adulte',NULL,'vivant',NULL,0,0,0,'0',NULL,NULL,NULL,NULL,NULL,NULL,NULL,'non',0,0,NULL,NULL,NULL,0,0,0,0,NULL,NULL,NULL,NULL,NULL,NULL,0),('90e2181f-6c6a-6bbb-bc33-672251ae167a','2024-10-30 15:32:33','2025-09-03 08:32:07','1','1',NULL,0,'',NULL,'Test','LANTEAS',NULL,NULL,NULL,0,NULL,NULL,NULL,NULL,NULL,NULL,NULL,NULL,NULL,NULL,NULL,NULL,NULL,NULL,NULL,NULL,NULL,NULL,NULL,NULL,NULL,NULL,NULL,NULL,NULL,0,0,33,1,'actif','internet',NULL,NULL,NULL,'adulte',NULL,'vivant',NULL,0,0,0,NULL,NULL,NULL,NULL,NULL,NULL,NULL,NULL,'non',0,0,NULL,NULL,NULL,0,0,0,0,NULL,NULL,NULL,NULL,NULL,NULL,0),('cd8ccb72-9b13-8aba-e675-673366a567df','2024-11-12 14:28:53','2024-11-12 15:34:38','1','1',NULL,0,'',NULL,'Malory','OBERTAN',NULL,NULL,NULL,0,NULL,NULL,NULL,NULL,NULL,NULL,NULL,NULL,NULL,NULL,NULL,NULL,NULL,NULL,NULL,NULL,NULL,NULL,NULL,NULL,NULL,NULL,NULL,NULL,NULL,0,0,34,1,'actif','internet',NULL,NULL,NULL,'adulte',NULL,'vivant',NULL,0,0,0,NULL,NULL,NULL,NULL,NULL,NULL,NULL,NULL,'non',0,0,NULL,NULL,NULL,0,0,0,0,NULL,NULL,NULL,NULL,NULL,NULL,0),('6d5eb31a-427d-53fc-704f-673366c9adbd','2024-11-12 14:29:28','2024-11-12 14:41:31','1','1',NULL,0,'',NULL,'Cédric','GALOU',NULL,NULL,NULL,0,NULL,NULL,NULL,NULL,NULL,NULL,NULL,NULL,NULL,NULL,NULL,NULL,NULL,NULL,NULL,NULL,NULL,NULL,NULL,NULL,NULL,NULL,NULL,NULL,NULL,0,0,35,1,'actif','internet',NULL,NULL,NULL,'adulte',NULL,'vivant',NULL,0,0,0,NULL,NULL,NULL,NULL,NULL,NULL,NULL,NULL,'non',0,0,NULL,NULL,NULL,0,0,0,0,NULL,NULL,NULL,NULL,NULL,NULL,0),('4cc31708-4981-5419-5ba6-673367866fc6','2024-11-12 14:32:35','2024-11-12 15:26:03','1','1',NULL,0,'',NULL,'Nicolas','D',NULL,NULL,NULL,0,NULL,NULL,NULL,NULL,NULL,NULL,NULL,NULL,NULL,NULL,NULL,NULL,NULL,NULL,NULL,NULL,NULL,NULL,NULL,NULL,NULL,NULL,NULL,NULL,NULL,0,0,36,1,'actif','internet',NULL,NULL,NULL,'adulte',NULL,'vivant',NULL,0,0,0,NULL,NULL,NULL,NULL,NULL,NULL,NULL,NULL,'non',0,0,NULL,NULL,NULL,0,0,0,0,NULL,NULL,NULL,NULL,NULL,NULL,0),('40473833-8de7-29b6-a635-67336a888efa','2024-11-12 14:47:54','2024-11-12 14:53:12','1','1',NULL,0,'',NULL,'Noram','DEGLAS',NULL,NULL,NULL,0,NULL,NULL,NULL,NULL,NULL,NULL,NULL,NULL,NULL,NULL,NULL,NULL,NULL,NULL,NULL,NULL,NULL,NULL,NULL,NULL,NULL,NULL,NULL,NULL,NULL,0,0,37,1,'actif','internet',NULL,NULL,NULL,'adulte',NULL,'vivant',NULL,0,0,0,NULL,NULL,NULL,NULL,NULL,NULL,NULL,NULL,'non',0,0,NULL,NULL,NULL,0,0,0,0,NULL,NULL,NULL,NULL,NULL,NULL,0),('399d6883-990b-6470-25ee-67446e8d29b0','2024-11-25 12:31:05','2024-11-25 13:35:18','1','1',NULL,0,'',NULL,'Nicolas','D.',NULL,NULL,NULL,0,NULL,NULL,NULL,NULL,NULL,NULL,NULL,NULL,NULL,NULL,NULL,NULL,NULL,NULL,NULL,NULL,NULL,NULL,NULL,NULL,NULL,NULL,NULL,NULL,NULL,0,0,38,1,'actif','internet',NULL,NULL,NULL,'adulte',NULL,'vivant',NULL,0,0,0,NULL,NULL,NULL,NULL,NULL,NULL,NULL,NULL,'non',0,0,NULL,NULL,NULL,0,0,0,0,NULL,NULL,NULL,NULL,NULL,NULL,0),('98d36a5b-b859-5bc2-8220-674d87a809db','2024-12-02 10:09:40','2024-12-09 08:40:40','1','1',NULL,0,'',NULL,'Elsa','DESHAIES',NULL,NULL,NULL,0,NULL,NULL,NULL,NULL,NULL,NULL,NULL,NULL,NULL,NULL,NULL,NULL,NULL,NULL,NULL,NULL,NULL,NULL,NULL,NULL,NULL,NULL,NULL,NULL,NULL,0,0,39,1,'actif','internet',NULL,NULL,NULL,'adulte',NULL,'vivant',NULL,0,0,0,NULL,NULL,NULL,NULL,NULL,NULL,NULL,NULL,'non',0,0,NULL,NULL,NULL,0,0,0,0,NULL,NULL,NULL,NULL,NULL,NULL,0),('6bf3b432-c9b2-c14d-eda4-6756d1c2aa4a','2024-12-09 11:15:53','2024-12-09 11:15:53','c4250303-bf3c-53d5-45a9-66e15bb9cb43','c4250303-bf3c-53d5-45a9-66e15bb9cb43',NULL,0,NULL,'','Test','TEM',NULL,NULL,NULL,0,NULL,'',NULL,NULL,NULL,'',NULL,NULL,NULL,NULL,NULL,NULL,NULL,NULL,NULL,NULL,NULL,NULL,NULL,NULL,NULL,NULL,NULL,NULL,NULL,0,0,40,0,NULL,'crm',NULL,NULL,NULL,'',NULL,'vivant',NULL,0,0,0,NULL,NULL,NULL,NULL,NULL,NULL,NULL,NULL,'non',0,0,NULL,NULL,'',0,0,0,0,'',NULL,'',NULL,NULL,NULL,0),('ec6e56dc-83fc-535a-3d27-6798e0a31a71','2025-01-28 13:48:19','2025-01-28 13:48:20','1','1',NULL,0,'',NULL,'Frédéric','MÉLIS',NULL,NULL,NULL,0,NULL,NULL,NULL,NULL,NULL,NULL,NULL,NULL,NULL,NULL,NULL,NULL,NULL,NULL,NULL,NULL,NULL,NULL,NULL,NULL,NULL,NULL,NULL,NULL,NULL,0,0,41,1,'actif','internet',NULL,NULL,NULL,'adulte',NULL,'vivant',NULL,0,0,0,NULL,NULL,NULL,NULL,NULL,NULL,NULL,NULL,'non',0,0,NULL,NULL,NULL,0,0,0,0,NULL,NULL,NULL,NULL,NULL,NULL,0),('c9902691-ad6c-6a43-05d7-67a4a2897dca','2025-02-06 11:50:24','2025-02-06 11:50:25','1','1',NULL,0,'',NULL,'Test','TOTO',NULL,NULL,NULL,0,NULL,NULL,NULL,NULL,NULL,NULL,NULL,NULL,NULL,NULL,NULL,NULL,NULL,NULL,NULL,NULL,NULL,NULL,NULL,NULL,NULL,NULL,NULL,NULL,NULL,0,0,42,1,'actif','internet',NULL,NULL,NULL,'adulte',NULL,'vivant',NULL,0,0,0,NULL,NULL,NULL,NULL,NULL,NULL,NULL,NULL,'non',0,0,NULL,NULL,NULL,0,0,0,0,NULL,NULL,NULL,NULL,NULL,NULL,0),('eaf0878c-1f4e-21fd-a6f7-67a5c03f15e1','2025-02-07 08:14:12','2025-11-04 13:36:39','1','1',NULL,1,'',NULL,'Patricia','DUBESSY',NULL,NULL,NULL,0,NULL,NULL,NULL,NULL,NULL,NULL,NULL,NULL,NULL,NULL,NULL,NULL,NULL,NULL,NULL,NULL,NULL,NULL,NULL,NULL,NULL,NULL,NULL,NULL,NULL,0,0,43,1,'actif','internet',NULL,NULL,NULL,'adulte',NULL,'vivant',NULL,0,0,0,NULL,NULL,NULL,NULL,NULL,NULL,NULL,NULL,'non',0,0,NULL,NULL,NULL,0,0,0,0,NULL,NULL,NULL,NULL,NULL,NULL,0),('d8d51dbb-e61b-e471-4c30-67a5c10ad4fc','2025-02-07 08:17:42','2025-02-07 09:18:42','1','1',NULL,0,'',NULL,'Thomas','GOBIN',NULL,NULL,NULL,0,NULL,NULL,NULL,NULL,NULL,NULL,NULL,NULL,NULL,NULL,NULL,NULL,NULL,NULL,NULL,NULL,NULL,NULL,NULL,NULL,NULL,NULL,NULL,NULL,NULL,0,0,44,1,'actif','internet',NULL,NULL,NULL,'adulte',NULL,'vivant',NULL,0,0,0,NULL,NULL,NULL,NULL,NULL,NULL,NULL,NULL,'non',0,0,NULL,NULL,NULL,0,0,0,0,NULL,NULL,NULL,NULL,NULL,NULL,0),('9fe9ec41-b8ec-f47b-4ad2-67a5c308f237','2025-02-07 08:23:31','2025-03-14 16:53:07','1','1',NULL,0,'',NULL,'Aurelie','ROZIER',NULL,NULL,NULL,0,NULL,NULL,NULL,NULL,NULL,NULL,NULL,NULL,NULL,NULL,NULL,NULL,NULL,NULL,NULL,NULL,NULL,NULL,NULL,NULL,NULL,NULL,NULL,NULL,NULL,0,0,45,1,'actif','internet',NULL,NULL,NULL,'adulte',NULL,'vivant',NULL,0,0,0,NULL,NULL,NULL,NULL,NULL,NULL,NULL,NULL,'non',0,0,NULL,NULL,NULL,0,0,0,0,NULL,NULL,NULL,NULL,NULL,NULL,0),('562ed9c2-4d38-3f29-de2d-67a5c31f6347','2025-02-07 08:24:34','2025-02-07 10:05:17','1','1',NULL,0,'',NULL,'Catherine','PICHON',NULL,NULL,NULL,0,NULL,NULL,NULL,NULL,NULL,NULL,NULL,NULL,NULL,NULL,NULL,NULL,NULL,NULL,NULL,NULL,NULL,NULL,NULL,NULL,NULL,NULL,NULL,NULL,NULL,0,0,46,1,'actif','internet',NULL,NULL,NULL,'adulte',NULL,'vivant',NULL,0,0,0,NULL,NULL,NULL,NULL,NULL,NULL,NULL,NULL,'non',0,0,NULL,NULL,NULL,0,0,0,0,NULL,NULL,NULL,NULL,NULL,NULL,0),('d466ce4b-3c26-0209-66a2-67a5c3083e46','2025-02-07 08:25:46','2025-02-07 09:48:30','1','1',NULL,0,'',NULL,'Quentin','LEFRANC',NULL,NULL,NULL,0,NULL,NULL,NULL,NULL,NULL,NULL,NULL,NULL,NULL,NULL,NULL,NULL,NULL,NULL,NULL,NULL,NULL,NULL,NULL,NULL,NULL,NULL,NULL,NULL,NULL,0,0,47,1,'actif','internet',NULL,NULL,NULL,'adulte',NULL,'vivant',NULL,0,0,0,NULL,NULL,NULL,NULL,NULL,NULL,NULL,NULL,'non',0,0,NULL,NULL,NULL,0,0,0,0,NULL,NULL,NULL,NULL,NULL,NULL,0),('6d3b3cfb-0b2e-252f-ba9d-67a5d109a8a9','2025-02-07 09:24:46','2025-02-07 09:24:46','1','1',NULL,0,NULL,'M.','Test','TOTO',NULL,NULL,NULL,0,NULL,NULL,NULL,NULL,NULL,'',NULL,NULL,NULL,NULL,NULL,NULL,NULL,NULL,NULL,NULL,NULL,NULL,NULL,NULL,NULL,NULL,NULL,NULL,NULL,0,0,48,0,NULL,'internet',NULL,NULL,NULL,'adulte',NULL,'vivant',NULL,0,0,0,NULL,NULL,NULL,NULL,NULL,NULL,NULL,NULL,'non',0,0,NULL,NULL,'',0,0,0,0,NULL,NULL,'',NULL,NULL,NULL,0),('ad7e8a7b-a169-8289-9b09-67a5d1dc39d9','2025-02-07 09:25:08','2025-02-07 09:25:08','1','1',NULL,0,NULL,NULL,'Lina','TOTO',NULL,NULL,NULL,0,NULL,NULL,NULL,NULL,NULL,'',NULL,NULL,NULL,NULL,NULL,NULL,NULL,NULL,NULL,NULL,NULL,NULL,NULL,NULL,NULL,NULL,NULL,NULL,NULL,0,0,49,0,NULL,'internet',NULL,NULL,NULL,'enfant',NULL,'vivant',NULL,0,0,0,NULL,NULL,NULL,NULL,NULL,NULL,NULL,NULL,'non',0,0,NULL,NULL,'',0,0,0,0,'feminin',NULL,'',NULL,NULL,NULL,0),('927bab5a-a156-757a-370f-67a5db22be84','2025-02-07 10:08:30','2025-02-07 10:08:30','c4250303-bf3c-53d5-45a9-66e15bb9cb43','c4250303-bf3c-53d5-45a9-66e15bb9cb43',NULL,0,NULL,'Mme','X','PICHON',NULL,NULL,NULL,0,NULL,'',NULL,NULL,NULL,'',NULL,NULL,NULL,NULL,NULL,NULL,NULL,NULL,NULL,NULL,NULL,NULL,NULL,NULL,NULL,NULL,NULL,NULL,NULL,0,0,50,0,NULL,'crm',NULL,NULL,NULL,'',NULL,'vivant',NULL,0,0,0,NULL,NULL,NULL,NULL,NULL,NULL,NULL,NULL,'non',0,0,NULL,NULL,'',0,0,0,0,'',NULL,'',NULL,NULL,NULL,0),('92776850-4475-f5f6-721d-67a5dbc889fb','2025-02-07 10:08:44','2025-02-07 10:08:44','c4250303-bf3c-53d5-45a9-66e15bb9cb43','c4250303-bf3c-53d5-45a9-66e15bb9cb43',NULL,0,NULL,'Mme','Xyz','PICHON',NULL,NULL,NULL,0,NULL,'',NULL,NULL,NULL,'',NULL,NULL,NULL,NULL,NULL,NULL,NULL,NULL,NULL,NULL,NULL,NULL,NULL,NULL,NULL,NULL,NULL,NULL,NULL,0,0,51,0,NULL,'crm',NULL,NULL,NULL,'',NULL,'vivant',NULL,0,0,0,NULL,NULL,NULL,NULL,NULL,NULL,NULL,NULL,'non',0,0,NULL,NULL,'',0,0,0,0,'',NULL,'',NULL,NULL,NULL,0),('da291abe-c294-b839-7fd6-67a5db555853','2025-02-07 10:08:49','2025-02-07 10:08:49','c4250303-bf3c-53d5-45a9-66e15bb9cb43','c4250303-bf3c-53d5-45a9-66e15bb9cb43',NULL,0,NULL,'Mme','Xyz','PICHON',NULL,NULL,NULL,0,NULL,'',NULL,NULL,NULL,'',NULL,NULL,NULL,NULL,NULL,NULL,NULL,NULL,NULL,NULL,NULL,NULL,NULL,NULL,NULL,NULL,NULL,NULL,NULL,0,0,52,0,NULL,'crm',NULL,NULL,NULL,'',NULL,'vivant',NULL,0,0,0,NULL,NULL,NULL,NULL,NULL,NULL,NULL,NULL,'non',0,0,NULL,NULL,'',0,0,0,0,'',NULL,'',NULL,NULL,NULL,0),('50e86f2c-3f63-c116-31c8-67a5db0b150c','2025-02-07 10:09:16','2025-02-07 10:09:16','c4250303-bf3c-53d5-45a9-66e15bb9cb43','c4250303-bf3c-53d5-45a9-66e15bb9cb43',NULL,0,NULL,'Mme','Xyz','PICHON',NULL,NULL,NULL,0,NULL,'',NULL,NULL,NULL,'',NULL,NULL,NULL,NULL,NULL,NULL,NULL,NULL,NULL,NULL,NULL,NULL,NULL,NULL,NULL,NULL,NULL,NULL,NULL,0,0,53,0,NULL,'crm',NULL,NULL,NULL,'adulte',NULL,'vivant',NULL,0,0,0,NULL,NULL,NULL,NULL,NULL,NULL,NULL,NULL,'non',0,0,NULL,NULL,'',0,0,0,0,'',NULL,'PICHON',NULL,NULL,NULL,0),('a8675563-0c72-37e8-b21e-67aa067df0d5','2025-02-10 14:01:17','2025-02-20 13:07:26','1','1',NULL,0,'',NULL,'Maxime','LENOIR',NULL,NULL,NULL,0,NULL,NULL,NULL,NULL,NULL,NULL,NULL,NULL,NULL,NULL,NULL,NULL,NULL,NULL,NULL,NULL,NULL,NULL,NULL,NULL,NULL,NULL,NULL,NULL,NULL,0,0,54,1,'actif','internet',NULL,NULL,NULL,'adulte',NULL,'vivant',NULL,0,0,0,NULL,NULL,NULL,NULL,NULL,NULL,NULL,NULL,'non',0,0,NULL,NULL,NULL,0,0,0,0,NULL,NULL,NULL,NULL,NULL,NULL,0),('943834a9-065f-7f8f-72ad-67aa07d83e13','2025-02-10 14:03:58','2025-02-20 13:09:19','1','1',NULL,0,'',NULL,'Sylvain','PILORGET',NULL,NULL,NULL,0,NULL,NULL,NULL,NULL,NULL,NULL,NULL,NULL,NULL,NULL,NULL,NULL,NULL,NULL,NULL,NULL,NULL,NULL,NULL,NULL,NULL,NULL,NULL,NULL,NULL,0,0,55,1,'actif','internet',NULL,NULL,NULL,'adulte',NULL,'vivant',NULL,0,0,0,NULL,NULL,NULL,NULL,NULL,NULL,NULL,NULL,'non',0,0,NULL,NULL,NULL,0,0,0,0,NULL,NULL,NULL,NULL,NULL,NULL,0),('34ef2300-ccfa-2af0-a317-682346eaeeea','2025-05-13 13:17:32','2025-09-25 08:10:36','1','1',NULL,0,'',NULL,'Marc','GABILLAT',NULL,NULL,NULL,0,NULL,NULL,NULL,NULL,NULL,NULL,NULL,NULL,NULL,NULL,NULL,NULL,NULL,NULL,NULL,NULL,NULL,NULL,NULL,NULL,NULL,NULL,NULL,NULL,NULL,0,0,56,1,'actif','internet',NULL,NULL,NULL,'adulte',NULL,'vivant',NULL,0,0,0,NULL,NULL,NULL,NULL,NULL,NULL,NULL,NULL,'non',0,0,NULL,NULL,NULL,0,0,0,0,NULL,NULL,NULL,NULL,NULL,NULL,0),('6d370238-e9fe-9643-fb69-682346fc501d','2025-05-13 13:18:11','2025-05-27 12:49:44','1','1',NULL,0,'',NULL,'Delphine','DEJOLLAT',NULL,NULL,NULL,0,NULL,NULL,NULL,NULL,NULL,NULL,NULL,NULL,NULL,NULL,NULL,NULL,NULL,NULL,NULL,NULL,NULL,NULL,NULL,NULL,NULL,NULL,NULL,NULL,NULL,0,0,57,1,'actif','internet',NULL,NULL,NULL,'adulte',NULL,'vivant',NULL,0,0,0,NULL,NULL,NULL,NULL,NULL,NULL,NULL,NULL,'non',0,0,NULL,NULL,NULL,0,0,0,0,NULL,NULL,NULL,NULL,NULL,NULL,0),('d949f51f-d7dc-8da8-58f8-68b5a002e870','2025-09-01 13:34:51','2025-09-08 06:52:39','1','1',NULL,0,'',NULL,'Alice','BELGACEM',NULL,NULL,NULL,0,NULL,NULL,NULL,NULL,NULL,NULL,NULL,NULL,NULL,NULL,NULL,NULL,NULL,NULL,NULL,NULL,NULL,NULL,NULL,NULL,NULL,NULL,NULL,NULL,NULL,0,0,58,1,'actif','internet',NULL,NULL,NULL,'adulte',NULL,'vivant',NULL,0,0,0,NULL,NULL,NULL,NULL,NULL,NULL,NULL,NULL,'non',0,0,NULL,NULL,NULL,0,0,0,0,NULL,NULL,NULL,NULL,NULL,NULL,0),('53eb2fab-0470-7389-0c73-68b6fcecf2fa','2025-09-02 14:18:00','2025-09-02 14:18:00','1','1',NULL,0,NULL,NULL,'Blabla','BLABLA',NULL,NULL,NULL,0,NULL,NULL,NULL,NULL,NULL,'',NULL,NULL,NULL,NULL,NULL,NULL,NULL,NULL,NULL,NULL,NULL,NULL,NULL,NULL,NULL,NULL,NULL,NULL,NULL,0,0,59,0,NULL,'internet',NULL,NULL,NULL,'enfant',NULL,'vivant',NULL,0,0,0,NULL,NULL,NULL,NULL,NULL,NULL,NULL,NULL,'non',0,0,NULL,NULL,'',0,0,0,0,'feminin',NULL,'',NULL,NULL,NULL,0),('ca34043d-9df4-56af-772c-68baae178e02','2025-09-05 09:32:30','2025-09-05 09:32:46','984bab36-6ea9-3a3f-cc48-66e15b39ccb8','984bab36-6ea9-3a3f-cc48-66e15b39ccb8','',1,'984bab36-6ea9-3a3f-cc48-66e15b39ccb8','M.','','BIDULE',NULL,NULL,NULL,0,'','','','',NULL,'',NULL,NULL,'','',NULL,'',NULL,NULL,NULL,NULL,NULL,NULL,NULL,NULL,NULL,'','','celibataire',NULL,0,0,60,0,'','crm','','','','adulte',NULL,'vivant','',0,0,0,'0','','','','','','','','non',0,0,'','','',0,0,0,0,'',NULL,'',NULL,NULL,NULL,0),('1b6b1544-b6da-afeb-208d-68da3ef19b16','2025-09-29 08:08:10','2025-10-06 07:18:57','1','1',NULL,0,'',NULL,'Damien','VINCELOT',NULL,NULL,NULL,0,NULL,NULL,NULL,NULL,NULL,NULL,NULL,NULL,NULL,NULL,NULL,NULL,NULL,NULL,NULL,NULL,NULL,NULL,NULL,NULL,NULL,NULL,NULL,NULL,NULL,0,0,60,1,'actif','internet',NULL,NULL,NULL,'adulte',NULL,'vivant',NULL,0,0,0,NULL,NULL,NULL,NULL,NULL,NULL,NULL,NULL,'non',0,0,NULL,NULL,NULL,0,0,0,0,NULL,NULL,NULL,NULL,NULL,NULL,0),('ba364af6-59fe-fba5-d0bc-68da3e1911a2','2025-09-29 08:08:30','2025-10-06 07:53:10','1','1',NULL,0,'',NULL,'Geoff','RICHEZ',NULL,NULL,NULL,0,NULL,NULL,NULL,NULL,NULL,NULL,NULL,NULL,NULL,NULL,NULL,NULL,NULL,NULL,NULL,NULL,NULL,NULL,NULL,NULL,NULL,NULL,NULL,NULL,NULL,0,0,61,1,'actif','internet',NULL,NULL,NULL,'adulte',NULL,'vivant',NULL,0,0,0,NULL,NULL,NULL,NULL,NULL,NULL,NULL,NULL,'non',0,0,NULL,NULL,NULL,0,0,0,0,NULL,NULL,NULL,NULL,NULL,NULL,0),('1fb5908f-8e92-e2d1-ba18-68da3e52b930','2025-09-29 08:08:57','2025-10-06 07:51:47','1','1',NULL,0,'',NULL,'Christine','DEMONFOND',NULL,NULL,NULL,0,NULL,NULL,NULL,NULL,NULL,NULL,NULL,NULL,NULL,NULL,NULL,NULL,NULL,NULL,NULL,NULL,NULL,NULL,NULL,NULL,NULL,NULL,NULL,NULL,NULL,0,0,62,1,'actif','internet',NULL,NULL,NULL,'adulte',NULL,'vivant',NULL,0,0,0,NULL,NULL,NULL,NULL,NULL,NULL,NULL,NULL,'non',0,0,NULL,NULL,NULL,0,0,0,0,NULL,NULL,NULL,NULL,NULL,NULL,0),('e19fffb6-ec6b-e54d-7642-68da58915050','2025-09-29 10:00:10','2025-09-29 10:00:10','e64475cf-02f9-b7e1-4f19-66e15ba04a6c','e64475cf-02f9-b7e1-4f19-66e15ba04a6c',NULL,0,NULL,'M.','Damien','VINCELOT',NULL,NULL,NULL,0,NULL,'',NULL,NULL,NULL,'',NULL,NULL,NULL,NULL,NULL,NULL,NULL,NULL,NULL,NULL,NULL,NULL,NULL,NULL,NULL,NULL,NULL,NULL,NULL,0,0,63,0,NULL,'crm',NULL,NULL,NULL,'',NULL,'vivant',NULL,0,0,0,NULL,NULL,NULL,NULL,NULL,NULL,NULL,NULL,'non',0,0,NULL,NULL,'',0,0,0,0,'',NULL,'',NULL,NULL,NULL,0),('a01b4689-81a4-2cc3-628e-68e3bd6a6ee9','2025-10-06 13:02:05','2025-10-27 15:47:02','1','1',NULL,0,'',NULL,'Samira','CHAOUCH',NULL,NULL,NULL,0,NULL,NULL,NULL,NULL,NULL,NULL,NULL,NULL,NULL,NULL,NULL,NULL,NULL,NULL,NULL,NULL,NULL,NULL,NULL,NULL,NULL,NULL,NULL,NULL,NULL,0,0,64,1,'actif','internet',NULL,NULL,NULL,'adulte',NULL,'vivant',NULL,0,0,0,NULL,NULL,NULL,NULL,NULL,NULL,NULL,NULL,'non',0,0,NULL,NULL,NULL,0,0,0,0,NULL,NULL,NULL,NULL,NULL,NULL,0),('dea2143d-aa57-ee74-9e98-68e3bdda9b15','2025-10-06 13:02:34','2025-10-31 08:47:23','1','1',NULL,0,'',NULL,'Olivier','PEYLET',NULL,NULL,NULL,0,NULL,NULL,NULL,NULL,NULL,NULL,NULL,NULL,NULL,NULL,NULL,NULL,NULL,NULL,NULL,NULL,NULL,NULL,NULL,NULL,NULL,NULL,NULL,NULL,NULL,0,0,65,1,'actif','internet',NULL,NULL,NULL,'adulte',NULL,'vivant',NULL,0,0,0,NULL,NULL,NULL,NULL,NULL,NULL,NULL,NULL,'non',0,0,NULL,NULL,NULL,0,0,0,0,NULL,NULL,NULL,NULL,NULL,NULL,0),('6da48d1c-d991-3ebc-f788-68f747cb60a7','2025-10-21 08:44:21','2025-10-23 14:16:45','1','1',NULL,0,'',NULL,'Alessio','BEDARD',NULL,NULL,NULL,0,NULL,NULL,NULL,NULL,NULL,NULL,NULL,NULL,NULL,NULL,NULL,NULL,NULL,NULL,NULL,NULL,NULL,NULL,NULL,NULL,NULL,NULL,NULL,NULL,NULL,0,0,66,1,'actif','internet',NULL,NULL,NULL,'adulte',NULL,'vivant',NULL,0,0,0,NULL,NULL,NULL,NULL,NULL,NULL,NULL,NULL,'non',0,0,NULL,NULL,NULL,0,0,0,0,NULL,NULL,NULL,NULL,NULL,NULL,0);

--
-- Table structure for table `ops_individu_audit`
--

CREATE TABLE `ops_individu_audit` (
  `id` char(36) NOT NULL,
  `parent_id` char(36) NOT NULL,
  `date_created` datetime DEFAULT NULL,
  `created_by` varchar(36) DEFAULT NULL,
  `field_name` varchar(100) DEFAULT NULL,
  `data_type` varchar(100) DEFAULT NULL,
  `before_value_string` varchar(255) DEFAULT NULL,
  `after_value_string` varchar(255) DEFAULT NULL,
  `before_value_text` text DEFAULT NULL,
  `after_value_text` text DEFAULT NULL,
  PRIMARY KEY (`id`),
  KEY `idx_ops_individu_parent_id` (`parent_id`)
) ENGINE=MyISAM DEFAULT CHARSET=utf8mb3 COLLATE=utf8mb3_general_ci;

--
-- Dumping data for table `ops_individu_audit`
--

INSERT INTO `ops_individu_audit` VALUES ('31b2c139-0f6f-3e2b-56e9-66dac3043f2e','e390e1ea-e05a-ae97-d634-66dac33e0751','2024-09-06 08:54:57','1','statut_compte','enum','inactif','actif',NULL,NULL),('ef89f277-a9a0-9ca3-4069-66e14d09cc21','809d2aec-6732-a2cb-fca0-66e14d69b458','2024-09-11 07:57:07','1','statut_compte','enum','inactif','actif',NULL,NULL),('7d431bfc-664e-df54-61e8-66e3f996b17c','1aaf31af-89f1-0c49-9ca8-66e3f9a9f25b','2024-09-13 08:34:50','1','statut_compte','enum','inactif','actif',NULL,NULL),('80bce97e-af40-3602-17f3-66e3f9b0e848','30f3b809-4266-52e9-f592-66e3f957de34','2024-09-13 08:35:03','1','statut_compte','enum','inactif','actif',NULL,NULL),('8dec9c68-0c8e-8fa6-a001-66e3f9fd794d','26b8c834-72e9-488b-29cf-66e3f9b96c41','2024-09-13 08:37:41','1','statut_compte','enum','inactif','actif',NULL,NULL),('bb6e0629-c4ab-0648-85d9-66e3f9372136','ac9f2da6-248c-2d9b-7efc-66e3f90e9c50','2024-09-13 08:37:42','1','statut_compte','enum','inactif','actif',NULL,NULL),('c8f29542-cc0b-c2cc-adbc-66e3f9c68bc2','64b493d6-3261-195f-5a58-66e3f9ce46fe','2024-09-13 08:37:48','1','statut_compte','enum','inactif','actif',NULL,NULL),('97aa850b-af3b-9227-405a-66e3faeb9005','64b493d6-3261-195f-5a58-66e3f9ce46fe','2024-09-13 08:40:19','e64475cf-02f9-b7e1-4f19-66e15ba04a6c','first_name','varchar','Val','Association',NULL,NULL),('97ce1d1f-612c-6783-a12c-66e3fa4024ef','64b493d6-3261-195f-5a58-66e3f9ce46fe','2024-09-13 08:40:19','e64475cf-02f9-b7e1-4f19-66e15ba04a6c','last_name','varchar','CHAZ','DE VALENTIN (INDIV)',NULL,NULL),('97de1ad5-1a44-6296-5964-66e3fae7e966','64b493d6-3261-195f-5a58-66e3f9ce46fe','2024-09-13 08:40:19','e64475cf-02f9-b7e1-4f19-66e15ba04a6c','situation_familiale','enum','','celibataire',NULL,NULL),('c8894ac3-e50e-ba08-7fe4-66e3fa355583','7ccf81ef-44f1-3340-bf15-66e3fa3f594d','2024-09-13 08:41:02','1','statut_compte','enum','inactif','actif',NULL,NULL),('ce1ce62e-aab8-1272-029d-66e3fa026a3e','7dc8dc3e-48e0-dec8-19b8-66e3fa3fd389','2024-09-13 08:41:04','1','statut_compte','enum','inactif','actif',NULL,NULL),('8a3fee37-9632-0a68-48c2-66fab2b984d0','358e481e-4a74-580c-e951-66fab2eefdea','2024-09-30 14:15:59','1','statut_compte','enum','inactif','actif',NULL,NULL),('c12baec0-c585-0c55-cad9-66fab2c87006','7653ee59-fe29-9af0-35bf-66fab292b5ac','2024-09-30 14:16:40','1','statut_compte','enum','inactif','actif',NULL,NULL),('4abdcf1b-073f-2658-1b16-66fab215f048','299c06c5-a4fc-566f-621e-66fab26c568b','2024-09-30 14:16:44','1','statut_compte','enum','inactif','actif',NULL,NULL),('7610cea1-7852-6911-37ac-66fab2ccb402','4c5a0962-5df2-8fa4-60b9-66fab2946ad1','2024-09-30 14:16:47','1','statut_compte','enum','inactif','actif',NULL,NULL),('89aba9b5-63d7-04fb-3543-66fab2743b95','2e2ba959-4cfc-5e03-17ec-66fab24db976','2024-09-30 14:16:49','1','statut_compte','enum','inactif','actif',NULL,NULL),('61858b77-a38e-6bd5-29a9-66fab3230006','cdb004af-1aa1-995a-ffca-66fab3487a0d','2024-09-30 14:18:55','1','statut_compte','enum','inactif','actif',NULL,NULL),('e186c4a4-c1bc-820b-cdfc-66fab351195c','7f5d7b86-2cae-be77-67ee-66fab3cb2d5d','2024-09-30 14:19:17','1','statut_compte','enum','inactif','actif',NULL,NULL),('4b088e1a-4445-0015-877a-6707841b9b38','d24a3e74-ccb1-70c6-2b57-670784184303','2024-10-10 07:40:19','1','statut_compte','enum','inactif','actif',NULL,NULL),('4aed12d8-1521-b480-30b2-670784392794','e6a70aca-1659-c27e-b93f-67078495949a','2024-10-10 07:40:33','1','statut_compte','enum','inactif','actif',NULL,NULL),('98a33108-ea94-e737-cc68-6707846a86ee','4538c0f8-29d5-8398-8ebb-6707846512b2','2024-10-10 07:40:35','1','statut_compte','enum','inactif','actif',NULL,NULL),('68d6de69-ad33-089d-b31c-670795c7dfd4','4538c0f8-29d5-8398-8ebb-6707846512b2','2024-10-10 08:52:51','326c449b-a872-58d3-5ae2-66e15b07aa48','assigned_user_id','relate','','326c449b-a872-58d3-5ae2-66e15b07aa48',NULL,NULL),('68f26901-7edb-b1f2-f589-670795d051df','4538c0f8-29d5-8398-8ebb-6707846512b2','2024-10-10 08:52:51','326c449b-a872-58d3-5ae2-66e15b07aa48','nationalite','enum','','union_europeenne',NULL,NULL),('6905aa7e-fef7-4ee5-6a47-67079595c91d','4538c0f8-29d5-8398-8ebb-6707846512b2','2024-10-10 08:52:51','326c449b-a872-58d3-5ae2-66e15b07aa48','situation_familiale','enum','','celibataire',NULL,NULL),('f3e6d539-0e47-1c9f-6dc4-6722514c53f6','90e2181f-6c6a-6bbb-bc33-672251ae167a','2024-10-30 15:32:33','1','statut_compte','enum','inactif','actif',NULL,NULL),('3b630441-e5fd-7f6b-d9e5-6733663501b2','cd8ccb72-9b13-8aba-e675-673366a567df','2024-11-12 14:28:54','1','statut_compte','enum','inactif','actif',NULL,NULL),('b767e0c0-2282-80e2-ef9d-67336621e83a','6d5eb31a-427d-53fc-704f-673366c9adbd','2024-11-12 14:29:28','1','statut_compte','enum','inactif','actif',NULL,NULL),('e82cfe10-ebbb-edff-0441-67336796ec2a','4cc31708-4981-5419-5ba6-673367866fc6','2024-11-12 14:32:35','1','statut_compte','enum','inactif','actif',NULL,NULL),('8fffd07e-60eb-e4db-e322-67336a23be5a','40473833-8de7-29b6-a635-67336a888efa','2024-11-12 14:47:54','1','statut_compte','enum','inactif','actif',NULL,NULL),('9dea2d35-04eb-a83a-c5d8-67446e4fc796','399d6883-990b-6470-25ee-67446e8d29b0','2024-11-25 12:31:05','1','statut_compte','enum','inactif','actif',NULL,NULL),('9ea000d5-d758-b8ee-c9d7-674d87fe856d','98d36a5b-b859-5bc2-8220-674d87a809db','2024-12-02 10:09:40','1','statut_compte','enum','inactif','actif',NULL,NULL),('75351b6e-2ced-5cc2-7658-6798e02d2248','ec6e56dc-83fc-535a-3d27-6798e0a31a71','2025-01-28 13:48:20','1','statut_compte','enum','inactif','actif',NULL,NULL),('47953532-eaea-98ef-2f81-67a4a27f5a97','c9902691-ad6c-6a43-05d7-67a4a2897dca','2025-02-06 11:50:25','1','statut_compte','enum','inactif','actif',NULL,NULL),('422ca1d1-371f-25a1-c743-67a5c064dc01','eaf0878c-1f4e-21fd-a6f7-67a5c03f15e1','2025-02-07 08:14:13','1','statut_compte','enum','inactif','actif',NULL,NULL),('3286f83f-e95e-06cc-afb0-67a5c1658a0d','d8d51dbb-e61b-e471-4c30-67a5c10ad4fc','2025-02-07 08:17:43','1','statut_compte','enum','inactif','actif',NULL,NULL),('f04b78e8-f9c1-fa98-8508-67a5c3e8fbf1','9fe9ec41-b8ec-f47b-4ad2-67a5c308f237','2025-02-07 08:23:31','1','statut_compte','enum','inactif','actif',NULL,NULL),('ad101ccd-d53a-0bfd-b411-67a5c3e09bfc','562ed9c2-4d38-3f29-de2d-67a5c31f6347','2025-02-07 08:24:34','1','statut_compte','enum','inactif','actif',NULL,NULL),('394bfdc7-ec90-c064-370b-67a5c341f45a','d466ce4b-3c26-0209-66a2-67a5c3083e46','2025-02-07 08:25:47','1','statut_compte','enum','inactif','actif',NULL,NULL),('54570b08-7555-0326-ff6c-67aa06c5057f','a8675563-0c72-37e8-b21e-67aa067df0d5','2025-02-10 14:01:17','1','statut_compte','enum','inactif','actif',NULL,NULL),('e29be802-b763-0b27-d3e7-67aa07bdcf4b','943834a9-065f-7f8f-72ad-67aa07d83e13','2025-02-10 14:03:58','1','statut_compte','enum','inactif','actif',NULL,NULL),('96818e7b-dfe0-291c-c6aa-68234689353c','34ef2300-ccfa-2af0-a317-682346eaeeea','2025-05-13 13:17:32','1','statut_compte','enum','inactif','actif',NULL,NULL),('5dfdbf8f-8a1a-e1a8-a5d8-68234633a1a4','6d370238-e9fe-9643-fb69-682346fc501d','2025-05-13 13:18:12','1','statut_compte','enum','inactif','actif',NULL,NULL),('4966ce5c-47ad-443e-18c6-68b5a059d240','d949f51f-d7dc-8da8-58f8-68b5a002e870','2025-09-01 13:34:52','1','statut_compte','enum','inactif','actif',NULL,NULL),('6f615467-d905-6283-e38e-68da3e5f3527','1b6b1544-b6da-afeb-208d-68da3ef19b16','2025-09-29 08:08:10','1','statut_compte','enum','inactif','actif',NULL,NULL),('13b60080-f059-db44-e71b-68da3e4d86dc','ba364af6-59fe-fba5-d0bc-68da3e1911a2','2025-09-29 08:08:31','1','statut_compte','enum','inactif','actif',NULL,NULL),('8953991a-ecdf-e097-bbb4-68da3e1c07da','1fb5908f-8e92-e2d1-ba18-68da3e52b930','2025-09-29 08:08:57','1','statut_compte','enum','inactif','actif',NULL,NULL),('581e0ca1-ef52-2cb1-2cdf-68e3bd2a12e7','a01b4689-81a4-2cc3-628e-68e3bd6a6ee9','2025-10-06 13:02:05','1','statut_compte','enum','inactif','actif',NULL,NULL),('3184fb3c-730a-2bdd-8a26-68e3bdfead4e','dea2143d-aa57-ee74-9e98-68e3bdda9b15','2025-10-06 13:02:35','1','statut_compte','enum','inactif','actif',NULL,NULL),('c8c417bc-3f62-14dc-44c5-68f7479497c8','6da48d1c-d991-3ebc-f788-68f747cb60a7','2025-10-21 08:44:21','1','statut_compte','enum','inactif','actif',NULL,NULL);

--
-- Table structure for table `ops_individu_documents`
--

CREATE TABLE `ops_individu_documents` (
  `id` varchar(36) NOT NULL,
  `date_modified` datetime DEFAULT NULL,
  `deleted` tinyint(1) DEFAULT 0,
  `ops_individu_id` varchar(36) DEFAULT NULL,
  `document_id` varchar(36) DEFAULT NULL,
  `document_revision_id` varchar(36) DEFAULT NULL,
  PRIMARY KEY (`id`),
  KEY `ops_individu_documents_ida1` (`ops_individu_id`),
  KEY `ops_individu_documents_alt` (`document_id`)
) ENGINE=MyISAM DEFAULT CHARSET=utf8mb3 COLLATE=utf8mb3_general_ci;

--
-- Dumping data for table `ops_individu_documents`
--


--
-- Table structure for table `ops_individu_ops_domiciliation`
--

CREATE TABLE `ops_individu_ops_domiciliation` (
  `id` varchar(36) NOT NULL,
  `date_modified` datetime DEFAULT NULL,
  `deleted` tinyint(1) DEFAULT 0,
  `ops_individu_id` varchar(36) DEFAULT NULL,
  `ops_domiciliation_id` varchar(36) DEFAULT NULL,
  PRIMARY KEY (`id`),
  KEY `ops_individu_ops_domiciliation_ida1` (`ops_individu_id`),
  KEY `ops_individu_ops_domiciliation_alt` (`ops_domiciliation_id`)
) ENGINE=MyISAM DEFAULT CHARSET=utf8mb3 COLLATE=utf8mb3_general_ci;

--
-- Dumping data for table `ops_individu_ops_domiciliation`
--


--
-- Table structure for table `ops_individu_ops_dossier`
--

CREATE TABLE `ops_individu_ops_dossier` (
  `id` varchar(36) NOT NULL,
  `date_modified` datetime DEFAULT NULL,
  `deleted` tinyint(1) DEFAULT 0,
  `ops_individu_id` varchar(36) DEFAULT NULL,
  `ops_dossier_id` varchar(36) DEFAULT NULL,
  PRIMARY KEY (`id`),
  KEY `ops_individu_ops_dossier_ida1` (`ops_individu_id`),
  KEY `ops_individu_ops_dossier_alt` (`ops_dossier_id`)
) ENGINE=MyISAM DEFAULT CHARSET=utf8mb3 COLLATE=utf8mb3_general_ci;

--
-- Dumping data for table `ops_individu_ops_dossier`
--

INSERT INTO `ops_individu_ops_dossier` VALUES ('7a530faf-c7e8-1091-ad8f-66e14d6ee457','2024-09-11 07:58:01',0,'809d2aec-6732-a2cb-fca0-66e14d69b458','5ab2062a-75e6-e79d-04e1-66e14da948a0'),('b9c33bfc-2dce-a749-a43f-66e14d108df6','2024-09-11 07:58:59',0,'809d2aec-6732-a2cb-fca0-66e14d69b458','b8d64b14-d489-86a1-588f-66e14db61fed'),('3f152910-d1e2-bace-857d-66e14dc8f6c3','2024-09-11 07:59:41',0,'809d2aec-6732-a2cb-fca0-66e14d69b458','3e1ccebc-780a-d99e-2698-66e14df2ad30'),('20bbebdf-06b7-6b44-21f5-66e154c97dd4','2024-09-11 08:27:31',0,'809d2aec-6732-a2cb-fca0-66e14d69b458','1ec51801-17c2-872d-b71b-66e1545bc854'),('f0dac1eb-749b-b4d0-9307-66e4051187fb','2024-09-13 09:26:11',0,'ac9f2da6-248c-2d9b-7efc-66e3f90e9c50','efe94c1e-460c-d952-0ea0-66e405325019'),('95f5ea89-c06c-c42c-5607-66e40571a1d5','2024-09-13 09:26:29',0,'7dc8dc3e-48e0-dec8-19b8-66e3fa3fd389','94e9b92a-f584-eaad-c9eb-66e405cddfe6'),('f0a2df33-437d-9ded-d827-66e40599bf9b','2025-11-04 13:36:32',1,'1aaf31af-89f1-0c49-9ca8-66e3f9a9f25b','ef24dfa9-aa3a-edc1-4aba-66e4059b2b04'),('4e99ff66-8c46-697c-55c9-66e405b7b4b9','2025-11-04 13:36:32',1,'1aaf31af-89f1-0c49-9ca8-66e3f9a9f25b','4bd2df8c-6eec-2662-53cb-66e405422d27'),('983dd6c3-f45e-cf60-137d-66e4052d1983','2025-11-04 13:36:32',1,'1aaf31af-89f1-0c49-9ca8-66e3f9a9f25b','973acc69-359d-aca5-dd04-66e40513cabd'),('3ecc6738-0b18-703e-dfca-66e405bd6c5d','2024-09-13 09:29:05',0,'26b8c834-72e9-488b-29cf-66e3f9b96c41','3db8f573-67e5-ea57-4527-66e405bc5f66'),('a7ebd2da-6979-2ff3-c9ad-66e40659136a','2024-09-13 09:29:39',0,'30f3b809-4266-52e9-f592-66e3f957de34','a71eee8a-7ffc-5490-70d3-66e40661fef7'),('7694cae5-442c-d647-e902-66f410e6db40','2024-09-25 13:32:01',0,'54cd2052-5c8b-8f44-d716-66f4104714ca','752de52d-72fe-a535-aeb6-66f410adb96c'),('a0264db8-97c5-9653-3a56-66fab2a2f0b4','2024-09-30 14:16:34',0,'358e481e-4a74-580c-e951-66fab2eefdea','9ee39b8a-0f95-3c0b-4b58-66fab24fc30e'),('29d351b3-6701-f5f5-5f86-66fab3177b95','2024-09-30 14:17:39',0,'7653ee59-fe29-9af0-35bf-66fab292b5ac','28ebae57-0b60-9cc4-271c-66fab346ddbe'),('53030cb4-8844-53ba-285b-66fab3a75caf','2024-09-30 14:18:30',0,'7653ee59-fe29-9af0-35bf-66fab292b5ac','51fae409-0de6-aeda-98ff-66fab39019db'),('9af884cc-4f2f-f3ce-c0db-66fab415df94','2024-09-30 14:24:33',0,'4c5a0962-5df2-8fa4-60b9-66fab2946ad1','9274cc64-0ed2-922c-8e6e-66fab405cdab'),('61521899-0160-82c4-6246-66fab5ddd9d8','2024-09-30 14:30:06',0,'3ca34f57-fe89-81fc-eabb-66fab5367bfc','55455a2f-0b91-1f8d-7181-66fab5680d04'),('9678c51e-d3b3-d6ff-974f-6705078757d5','2024-10-08 10:18:56',0,'e390e1ea-e05a-ae97-d634-66dac33e0751','95812164-4a46-5e80-a965-670507cdfdd8'),('4df1e47c-e85f-78ef-3d10-670507735bd2','2024-10-08 10:19:54',0,'e390e1ea-e05a-ae97-d634-66dac33e0751','4d20cc8c-2fef-6503-dc57-670507ab55fa'),('6033140b-88e2-547c-fab5-67063332356b','2024-10-09 07:38:43',0,'e390e1ea-e05a-ae97-d634-66dac33e0751','51b2f9f9-2aac-2a67-e9a2-67063350b2db'),('a7479f44-9370-3d56-9206-670633c66fc6','2024-10-09 07:42:13',0,'7dc8dc3e-48e0-dec8-19b8-66e3fa3fd389','9d087e62-e401-2c77-4523-670633e76433'),('31c834bb-38a2-613f-bbcb-670634e7e639','2024-10-09 07:46:05',0,'e390e1ea-e05a-ae97-d634-66dac33e0751','1fe64cd3-d062-1363-af6b-670634c2df10'),('92275abd-999c-0da4-3fb5-6706525aadc5','2024-10-10 08:45:34',1,'358e481e-4a74-580c-e951-66fab2eefdea','904cbd95-439c-244a-e0cf-670652625224'),('7914ae51-2d7e-7617-d1b7-67068d55b82e','2024-10-09 14:04:48',0,'358e481e-4a74-580c-e951-66fab2eefdea','77855a54-2b4e-b2b7-1f12-67068d6ce566'),('801466bd-6c8b-2bc9-ad4e-670791929848','2024-10-10 08:36:15',0,'d24a3e74-ccb1-70c6-2b57-670784184303','7f1c2c2a-3d39-e1c2-cecb-6707910058dd'),('17fd06e7-b1d9-db3f-34d5-6707929e17a9','2024-10-10 08:40:14',0,'e6a70aca-1659-c27e-b93f-67078495949a','16bcb229-77c1-1bf0-2ed7-67079201ed9c'),('8900312f-e2bf-0f6f-c426-670793c44ca0','2024-10-10 08:44:22',0,'358e481e-4a74-580c-e951-66fab2eefdea','87fd8883-74c8-74f3-c60d-670793bdb411'),('4f7c3b06-f7d1-9d0c-3ce1-670794b384e7','2024-10-10 08:45:16',0,'e6a70aca-1659-c27e-b93f-67078495949a','4e862e4d-c918-0cc6-f490-670794f8fa16'),('dd955d89-8d45-6273-84e9-670794fb263e','2024-10-10 08:45:34',0,'4538c0f8-29d5-8398-8ebb-6707846512b2','904cbd95-439c-244a-e0cf-670652625224'),('ec79b668-a77e-2751-8e6c-67079421b6c3','2024-10-10 08:45:48',0,'358e481e-4a74-580c-e951-66fab2eefdea','eb9149b3-a9bf-9776-c24f-6707947dd878'),('5fcf0f6f-7d1a-3c61-f1c0-670794e1145b','2024-10-10 08:45:52',0,'d24a3e74-ccb1-70c6-2b57-670784184303','51960a57-01ac-65fa-d77a-670794bd8fbf'),('8d35f000-ec5c-608e-3ba9-670794b5022b','2024-10-10 08:46:10',0,'358e481e-4a74-580c-e951-66fab2eefdea','8c4a3ef4-70c2-a584-bbb1-670794e50593'),('be541377-aa2f-d64b-9c60-670794d25df6','2024-10-10 08:46:51',0,'358e481e-4a74-580c-e951-66fab2eefdea','bd425bd6-ff88-1d88-4bda-67079491aec6'),('b33dcf3b-ea23-4720-447e-670794977b65','2024-10-10 08:46:53',0,'e6a70aca-1659-c27e-b93f-67078495949a','b2748ca5-7689-3149-b8cd-67079432f159'),('14a77dc9-aeab-37e1-46df-6707960fec19','2024-10-10 08:54:19',0,'e6a70aca-1659-c27e-b93f-67078495949a','d7d80a90-9919-76e1-1d22-670796be3be2'),('1f58a375-ab19-314b-a30a-67336bae67aa','2024-11-12 14:51:44',0,'6d5eb31a-427d-53fc-704f-673366c9adbd','1e4484cf-ce06-d8b2-a718-67336b900dc4'),('ac4f8354-37b0-0c4e-5994-67336b7f6360','2024-11-12 14:53:13',0,'40473833-8de7-29b6-a635-67336a888efa','ab9f1c77-7920-f928-319f-67336b35b491'),('77f717ca-ccab-ad39-755f-67336c031ffa','2024-11-12 14:57:39',0,'ac9f2da6-248c-2d9b-7efc-66e3f90e9c50','76f16593-adac-4ab8-568b-67336c1dea6e'),('bb08b5d4-0d47-97e7-b080-6733724c0143','2024-11-12 15:21:47',0,'40473833-8de7-29b6-a635-67336a888efa','ba460d1a-e1a0-8881-dacc-673372c7fe15'),('dbb8b7ad-007a-a469-eb3f-673372feb81d','2024-11-12 15:22:26',0,'40473833-8de7-29b6-a635-67336a888efa','dae382e4-1d0f-6b5d-affc-673372ef235c'),('1e7e5c18-c3f4-e1e3-d969-67337567a91f','2024-11-12 15:33:12',0,'4cc31708-4981-5419-5ba6-673367866fc6','1d805739-6453-29c8-5eea-673375670f5b'),('3bd29272-1076-c425-2e51-673375dc60e1','2024-11-12 15:34:40',0,'cd8ccb72-9b13-8aba-e675-673366a567df','3adbb072-ae8a-9e27-25bc-673375cd5797'),('3ab1f55c-472c-4041-df7d-67447d4cefb5','2024-11-25 13:35:21',0,'399d6883-990b-6470-25ee-67446e8d29b0','350800f2-daa0-9ce2-3d6b-67447dbe048a'),('dad1989e-5b41-5077-1b8e-6748315bdae0','2024-11-28 09:00:41',0,'ac9f2da6-248c-2d9b-7efc-66e3f90e9c50','d8f54698-39a9-47b6-2796-6748315c11cb'),('d27f8d09-1463-b690-270b-674d8e1be683','2024-12-02 10:41:15',0,'ac9f2da6-248c-2d9b-7efc-66e3f90e9c50','d0aaa634-b4ee-4b12-e86a-674d8ed7c977'),('891a67fe-5228-2b35-ed5c-674d9221ea92','2024-12-02 10:55:23',0,'98d36a5b-b859-5bc2-8220-674d87a809db','86afb1b3-ce99-a4b4-cf70-674d92cd7057'),('668a3fc5-2a88-f8ba-c714-674d9472b0bd','2024-12-02 11:05:32',0,'98d36a5b-b859-5bc2-8220-674d87a809db','4274ff95-9415-ff66-57a9-674d947d7b2b'),('45c7bc70-9c93-e585-469c-674db32a3b0e','2024-12-02 13:17:02',0,'98d36a5b-b859-5bc2-8220-674d87a809db','44287d1a-6c50-f0c7-9213-674db37987ab'),('782efd38-2e34-be62-a875-674db53edac9','2024-12-02 13:26:24',0,'98d36a5b-b859-5bc2-8220-674d87a809db','751677fd-e865-7e9f-8024-674db5306822'),('9446f339-eedc-27cb-9b4f-674dba4e474d','2024-12-02 13:47:11',0,'98d36a5b-b859-5bc2-8220-674d87a809db','928e0998-4a2a-5fbc-a1e9-674dbacd69cf'),('b17e2c04-ce88-cab1-afc1-674dbc70e92e','2024-12-02 13:56:47',0,'98d36a5b-b859-5bc2-8220-674d87a809db','af75b8e0-c332-9f9e-2023-674dbcd7caee'),('3c9237b7-4297-4335-a0cc-674dbd06fbe7','2024-12-02 13:58:39',0,'98d36a5b-b859-5bc2-8220-674d87a809db','3ac85bf6-7327-dd24-6dfe-674dbd84af35'),('97cf06d2-4388-0e0c-ed49-674dbd132eb3','2024-12-02 13:59:35',0,'98d36a5b-b859-5bc2-8220-674d87a809db','76e206d4-4af3-5611-410e-674dbd048941'),('b7febc13-9a25-a787-2833-674dbd099664','2024-12-02 14:00:31',0,'98d36a5b-b859-5bc2-8220-674d87a809db','b6ed2cf4-f90a-8666-8f8d-674dbd4adf5d'),('3add5fee-c36d-eb05-c080-674dbdc8fd19','2024-12-02 14:00:56',0,'98d36a5b-b859-5bc2-8220-674d87a809db','39d33add-486c-4ac1-add6-674dbdc11d3e'),('7c684ede-717c-523b-b164-674dbe1ca33b','2024-12-02 14:06:17',0,'98d36a5b-b859-5bc2-8220-674d87a809db','7af8fb22-c4ff-f2e7-2872-674dbea0d5df'),('10cb2a0d-2170-4a13-c85a-674dcee91797','2024-12-02 15:12:09',0,'98d36a5b-b859-5bc2-8220-674d87a809db','f7540819-9b02-9636-dcd5-674dce7b942c'),('ed10e7a0-789b-a572-cee9-6756b76af0d9','2024-12-09 09:27:09',0,'98d36a5b-b859-5bc2-8220-674d87a809db','dff04d11-4ce7-bc11-2139-6756b7c948dd'),('b8e720b8-d312-b162-c4ec-6798e08bdf5e','2025-01-28 13:49:39',1,'ec6e56dc-83fc-535a-3d27-6798e0a31a71','b7033a00-361e-ca90-3253-6798e0693375'),('cdd2c307-aebd-3ea5-f8e1-67a4a1c804be','2025-02-06 11:46:57',0,'ac9f2da6-248c-2d9b-7efc-66e3f90e9c50','ccd41f17-58df-505d-c9a7-67a4a1860fc0'),('9bf5345b-749a-df0e-445f-67a5da371c1d','2025-02-07 10:02:12',0,'d8d51dbb-e61b-e471-4c30-67a5c10ad4fc','9aa29f2f-9312-093b-9d71-67a5dad46352'),('49081976-9ad7-5e92-8027-67a5daa05e62','2025-02-07 10:05:28',0,'562ed9c2-4d38-3f29-de2d-67a5c31f6347','480ffde2-c6b2-6562-0ad3-67a5da080a8f'),('672855e2-9063-3da2-20f6-67aa0aa746a4','2025-02-10 14:19:42',0,'358e481e-4a74-580c-e951-66fab2eefdea','661a3e15-1c5e-9668-5e0f-67aa0a166664'),('4617e754-614e-0097-7abf-67aa0b4ac9c5','2025-02-10 14:22:12',0,'943834a9-065f-7f8f-72ad-67aa07d83e13','4524b900-85de-4401-f3d6-67aa0bb01f5e'),('a20c08c5-5d9d-dcf5-afac-67aa1007e879','2025-02-10 14:41:12',0,'a8675563-0c72-37e8-b21e-67aa067df0d5','8ccb0c0b-fe0a-5054-a3c5-67aa101e0a1b'),('842cece3-de2e-d32b-9773-67aa10f02d6a','2025-02-10 14:43:51',0,'a8675563-0c72-37e8-b21e-67aa067df0d5','835919b5-7374-7e36-2f61-67aa10fa55e7'),('3eca589b-a656-e226-62be-67aa10b897ba','2025-02-10 14:44:35',0,'358e481e-4a74-580c-e951-66fab2eefdea','3dc84363-df12-2207-973c-67aa102effa5'),('6644602d-6ae1-c056-f3c3-67aa10e2b6cd','2025-02-10 14:44:43',0,'a8675563-0c72-37e8-b21e-67aa067df0d5','6556ca9b-fdca-dd3b-d7e0-67aa10d4eec0'),('ddb03604-f223-c265-edec-67aa105591c8','2025-02-10 14:44:49',0,'a8675563-0c72-37e8-b21e-67aa067df0d5','dcd9d8c3-9e98-9b9b-6889-67aa10b1ad8b'),('ee520635-bff0-074c-a7e3-67aa10d8438b','2025-02-10 14:45:11',0,'a8675563-0c72-37e8-b21e-67aa067df0d5','e20a0770-c13c-6a39-08e8-67aa106ff10d'),('696177c4-c197-8ba6-5fdb-67aa11690c09','2025-02-10 14:45:58',0,'943834a9-065f-7f8f-72ad-67aa07d83e13','6853c7d0-d9e0-0349-5d8b-67aa11042cd8'),('b1d0acb9-fd56-67af-e9b7-67aa11ac4ae2','2025-02-10 14:48:25',0,'943834a9-065f-7f8f-72ad-67aa07d83e13','b0c16c13-11a6-c302-d0a4-67aa11d56f04'),('c3e4fffd-23c1-817d-dc3f-67adf1d8b2e2','2025-02-13 13:19:31',0,'a8675563-0c72-37e8-b21e-67aa067df0d5','c3099b64-6e9e-ff5c-f3ec-67adf122f5c3'),('b7373483-51e1-d284-1c47-67adf42b7499','2025-02-13 13:33:32',0,'943834a9-065f-7f8f-72ad-67aa07d83e13','b6220f91-4079-2a13-68f6-67adf49cf96e'),('1f7f0e15-fc31-fd51-46dd-67adf5fbc2ef','2025-02-13 13:38:36',0,'a8675563-0c72-37e8-b21e-67aa067df0d5','125d039c-f871-3ace-54d4-67adf5dcecb0'),('43190b16-8972-3aa9-f92e-67adf78532ff','2025-02-13 13:44:12',0,'943834a9-065f-7f8f-72ad-67aa07d83e13','33750615-70c8-9c88-5f7e-67adf7e70ccf'),('96c65a01-1c7c-e204-803a-67adf859e640','2025-02-13 13:50:27',0,'358e481e-4a74-580c-e951-66fab2eefdea','95c0e3c6-525b-d62c-e21f-67adf8b39c66'),('841ade72-c520-5f7a-889e-67adff689c28','2025-02-13 14:20:25',0,'a8675563-0c72-37e8-b21e-67aa067df0d5','835f618d-9a0d-54a2-0170-67adff7288cc'),('45fbe6d8-4445-e393-9be6-67ae01258b06','2025-02-13 14:30:23',0,'a8675563-0c72-37e8-b21e-67aa067df0d5','4524beee-c181-2410-0562-67ae01d4d63b'),('615bb436-3cdc-8bce-ec43-67ae07861ac4','2025-02-13 14:54:34',0,'943834a9-065f-7f8f-72ad-67aa07d83e13','5fbab4ab-a080-cd9a-8afe-67ae0707834c'),('e231ddb6-f31f-cca1-afd6-67ae08555be4','2025-02-13 14:59:15',0,'943834a9-065f-7f8f-72ad-67aa07d83e13','e13a3f5c-1717-a9f6-35c6-67ae08a59617'),('733cb6e8-99bd-1a08-68b1-67ae096ea767','2025-02-13 15:01:33',0,'358e481e-4a74-580c-e951-66fab2eefdea','72438b74-fd6e-bea4-6e86-67ae093d95bf'),('40523b77-8e90-5b82-abd7-68234c4509e4','2025-05-13 13:42:55',0,'358e481e-4a74-580c-e951-66fab2eefdea','3e9c021e-001d-90b5-e6af-68234cc24db1'),('d86a05d4-c0b9-3f09-8ce6-682352048753','2025-05-13 14:09:31',0,'6d370238-e9fe-9643-fb69-682346fc501d','d6b1840e-ede5-8d04-86cd-682352da401a'),('438c5059-2569-ed36-45fc-682354151dd5','2025-05-13 14:15:29',0,'34ef2300-ccfa-2af0-a317-682346eaeeea','429c050c-dfb5-ccf9-0f0b-682354b08ef0'),('56d136db-6a04-9718-30c6-6823551d476b','2025-05-13 14:22:44',0,'34ef2300-ccfa-2af0-a317-682346eaeeea','55f37a2a-ea29-a779-c170-6823557842fe'),('6c422b6c-df17-2e9c-df54-68235e5d3791','2025-05-13 14:58:20',0,'34ef2300-ccfa-2af0-a317-682346eaeeea','6a9a4ec7-53a4-67d8-61b1-68235ed27e62'),('6336213f-ace3-30e2-2d99-68235ef48528','2025-05-13 14:59:07',0,'6d370238-e9fe-9643-fb69-682346fc501d','62452bec-2312-5899-28dc-68235e63da08'),('3ba35b8f-99e9-4655-daa1-68235f89288b','2025-05-13 15:05:19',0,'34ef2300-ccfa-2af0-a317-682346eaeeea','3a89baf0-5861-f78f-2c39-68235f790790'),('bf8d8cf7-3b08-b77d-f845-682c33b3441d','2025-05-20 07:46:06',0,'6d370238-e9fe-9643-fb69-682346fc501d','be7b48ac-4de7-39da-4120-682c330b52d6'),('d46231d3-5e1a-9d32-b572-682c3301217e','2025-05-20 07:47:34',0,'6d370238-e9fe-9643-fb69-682346fc501d','d35977e2-9367-5d05-b096-682c33165974'),('7a49d389-12bb-3e58-1867-682c3476785f','2025-05-20 07:50:37',0,'34ef2300-ccfa-2af0-a317-682346eaeeea','79607ec3-79a2-013b-ac3c-682c3424df51'),('534903a0-07ea-708f-c6ec-682c351e4430','2025-05-20 07:54:29',0,'34ef2300-ccfa-2af0-a317-682346eaeeea','422900d7-9018-75c0-8160-682c35c4cf06'),('8bb1b36f-9244-ea4b-0891-682c3b80146c','2025-05-20 08:23:24',0,'34ef2300-ccfa-2af0-a317-682346eaeeea','8ac1cb5d-06c1-f70d-1282-682c3b549790'),('80accfde-aeb0-9a6c-f353-682c3cbd389e','2025-05-20 08:27:35',0,'34ef2300-ccfa-2af0-a317-682346eaeeea','7f0aa2b8-37d5-6143-c30e-682c3c286a08'),('5df69d47-2d62-0f2b-4a77-682c3d5dd7e0','2025-05-20 08:28:59',0,'34ef2300-ccfa-2af0-a317-682346eaeeea','5c7b59a7-9410-b089-c250-682c3d631f74'),('b1670c1a-4808-bcae-9f62-682c3eb7aa7b','2025-05-20 08:32:18',0,'6d370238-e9fe-9643-fb69-682346fc501d','afde2a62-0c65-4822-471e-682c3e18bab6'),('dd0bc3cf-2ab2-bc96-6ed0-682c443e4e30','2025-05-20 09:01:18',0,'6d370238-e9fe-9643-fb69-682346fc501d','db2c94db-268c-72ae-6c51-682c44697359'),('5ab6f505-4088-2f20-55dc-682c458bced7','2025-05-20 09:02:24',0,'6d370238-e9fe-9643-fb69-682346fc501d','59cd0b5e-2279-773d-1e15-682c45cf20ed'),('a00fd3fb-0536-0cbe-e52a-682c4537bdfe','2025-05-20 09:04:04',0,'6d370238-e9fe-9643-fb69-682346fc501d','9f335def-e715-21cc-c2fe-682c45b55954'),('c6cc478a-2c1a-af39-e751-682c4624b7e8','2025-05-20 09:06:22',0,'34ef2300-ccfa-2af0-a317-682346eaeeea','c5f43767-90b9-67a6-6eb3-682c466deba6'),('717f312f-7be8-af02-1cb9-682c4a23c365','2025-05-20 09:23:27',0,'34ef2300-ccfa-2af0-a317-682346eaeeea','708c45f2-3bcf-96f8-7856-682c4a7b78bd'),('a2b437a2-d980-160c-fb30-682c4d971985','2025-05-20 09:37:37',0,'34ef2300-ccfa-2af0-a317-682346eaeeea','a1d42296-845a-5d21-be7b-682c4dd0fe47'),('b2f57742-4d9c-6572-0c84-682c4d09f2a3','2025-05-20 09:39:05',0,'358e481e-4a74-580c-e951-66fab2eefdea','b197ba67-0326-cdf6-b503-682c4d6664af'),('31dc01c4-9378-e0ce-1ef6-6834618d5d58','2025-05-26 12:43:02',0,'6d370238-e9fe-9643-fb69-682346fc501d','23f702a5-a799-6ed1-f803-683461a279ae'),('a30b58e9-375e-023c-95af-683462a27fab','2025-05-26 12:47:22',0,'6d370238-e9fe-9643-fb69-682346fc501d','a224a320-57fa-9d30-fcfd-683462ea5dd6'),('aef080c8-d51d-7d6c-c5b1-683462c2796d','2025-05-26 12:47:57',0,'34ef2300-ccfa-2af0-a317-682346eaeeea','ae100ece-b07e-d408-5a41-6834629c2471'),('1f47ce6e-750d-030f-e8d0-683465ca3e59','2025-05-26 12:58:39',0,'34ef2300-ccfa-2af0-a317-682346eaeeea','1359f1a4-52d3-e6d1-fc78-683465897e3d'),('50004a99-6082-5652-e40b-68346bb63950','2025-05-26 13:23:00',0,'6d370238-e9fe-9643-fb69-682346fc501d','4f1a3e63-4dc3-d12d-0375-68346bb10e9f'),('12e3e90a-597b-a0e1-df12-68346b8c90ac','2025-05-26 13:23:33',0,'34ef2300-ccfa-2af0-a317-682346eaeeea','1202dad8-4065-b643-6cca-68346b8b20b2'),('6f0c2ab9-ce76-e10c-046f-68346bce369a','2025-05-26 13:26:05',0,'6d370238-e9fe-9643-fb69-682346fc501d','67cb7a79-3f66-9ff8-ad9b-68346b2d3511'),('31f4683a-6176-5610-c6a2-68346d4be4cc','2025-05-26 13:35:02',1,'34ef2300-ccfa-2af0-a317-682346eaeeea','3111318c-5f28-3086-aa81-68346dd55537'),('c0081268-580a-b355-6ccc-68346d31f5fe','2025-05-26 13:34:17',0,'34ef2300-ccfa-2af0-a317-682346eaeeea','b742ecbf-15a9-725b-b8bc-68346dffdd4a'),('dd751462-b965-36a4-607d-68346e17ee49','2025-05-26 13:34:57',0,'34ef2300-ccfa-2af0-a317-682346eaeeea','d4e5dfe6-d2b8-5c07-df16-68346e9b50d7'),('d8950a69-a2d8-780c-dc94-6834741d3d25','2025-05-26 14:01:39',0,'34ef2300-ccfa-2af0-a317-682346eaeeea','6e7e09de-ad90-d5c2-1a83-6834748bd8aa'),('236217f7-45a5-92b0-9008-6834755426b5','2025-05-26 14:07:57',0,'34ef2300-ccfa-2af0-a317-682346eaeeea','22690c70-55d0-10a7-61f1-683475648a64'),('60b236a8-b375-d2b2-8a09-683475bc7abb','2025-05-26 14:08:46',0,'6d370238-e9fe-9643-fb69-682346fc501d','56a30ace-de0c-5c45-73b0-683475baaf91'),('8df9afcd-757b-aec4-d4e2-6834833118e3','2025-05-26 15:05:09',0,'34ef2300-ccfa-2af0-a317-682346eaeeea','87d8094b-5e71-037a-3936-68348366cc63'),('30491a1a-9018-2e52-0c10-6835c3a1b2d5','2025-05-27 13:53:27',0,'34ef2300-ccfa-2af0-a317-682346eaeeea','29537658-d6ad-ea7b-5f32-6835c3d7ff9a'),('aa9f32ca-aa9c-3813-df81-68b6a254d1ec','2025-09-02 07:55:29',0,'d949f51f-d7dc-8da8-58f8-68b5a002e870','a8713f97-06cc-93f3-4cd8-68b6a2f9e43b'),('e83969f0-5180-ed86-fe87-68b6a425e82c','2025-09-02 08:01:33',0,'d949f51f-d7dc-8da8-58f8-68b5a002e870','d7e74d98-73fd-4297-70ff-68b6a48f0f80'),('bce977cd-fe9b-90a0-a3a4-68b6a69e6f5f','2025-09-02 08:12:10',0,'d949f51f-d7dc-8da8-58f8-68b5a002e870','bb8111f0-16ca-4b3a-f688-68b6a6e88f90'),('94566ef5-da12-25fd-561f-68b6b2cd854b','2025-09-02 09:01:59',0,'d949f51f-d7dc-8da8-58f8-68b5a002e870','93744285-8476-81a7-913e-68b6b2c04f7a'),('e2bbd82d-6cd1-6796-409a-68b6b3d8b348','2025-09-02 09:04:26',0,'d949f51f-d7dc-8da8-58f8-68b5a002e870','e1e1f24f-5d31-1d3f-c037-68b6b31759ed'),('126c4028-baa6-d14b-0566-68b6f88d7073','2025-09-02 14:01:08',0,'d949f51f-d7dc-8da8-58f8-68b5a002e870','11913bd6-e501-1f1d-6e05-68b6f8a2e0a4'),('d86ee6f8-fd29-b5aa-6757-68b6f82a1d73','2025-09-02 14:02:25',0,'d949f51f-d7dc-8da8-58f8-68b5a002e870','d67fad31-e3bd-9e2f-7503-68b6f82a5eaf'),('8c458a6b-d5f0-7810-40da-68b6fbb2703c','2025-09-02 14:12:43',0,'d949f51f-d7dc-8da8-58f8-68b5a002e870','8a6ffa81-f623-3e99-706f-68b6fb17aa99'),('48f88194-a1e5-fd98-9b01-68b6fcc9ef66','2025-09-02 14:18:02',0,'d949f51f-d7dc-8da8-58f8-68b5a002e870','483b3ff9-a110-3894-941b-68b6fca03049'),('b74cb29e-7af5-00cd-84e0-68b7f635fbc8','2025-09-03 08:05:40',0,'d949f51f-d7dc-8da8-58f8-68b5a002e870','b6234c64-c07e-f992-54b1-68b7f62b7362'),('72ec6fe7-6157-8e5c-e40d-68b7f76a188e','2025-09-03 08:07:24',0,'d949f51f-d7dc-8da8-58f8-68b5a002e870','71d8f3d2-4c84-7ac1-7b9c-68b7f7a03436'),('deab71d3-0c8b-9f41-8d4b-68b7fd7dc457','2025-09-03 08:32:09',0,'90e2181f-6c6a-6bbb-bc33-672251ae167a','dd4c02bd-6f5e-4567-b44d-68b7fdcf1911'),('6a8004a3-ffcb-2f2f-7c53-68b8113c4230','2025-09-03 10:00:34',0,'90e2181f-6c6a-6bbb-bc33-672251ae167a','f335350d-870f-d9a1-ea7b-68b811b679b1'),('1b0d78c1-c6b0-72ce-2fc6-68b83c5d5363','2025-09-03 13:00:50',0,'d949f51f-d7dc-8da8-58f8-68b5a002e870','19b28c64-ff3a-637e-7e9d-68b83c936095'),('9ec73f6b-3317-03aa-adb7-68b83c0d3574','2025-09-03 13:03:33',0,'d949f51f-d7dc-8da8-58f8-68b5a002e870','9d273c39-d548-196b-233e-68b83c79b1e2'),('bacc5676-e752-35a9-1fa2-68b84033ad65','2025-09-03 13:21:46',0,'d949f51f-d7dc-8da8-58f8-68b5a002e870','b9ece693-1522-f54c-98b2-68b8408660ae'),('f294cb95-0e60-c206-68d4-68b841a4fa02','2025-09-03 13:22:40',0,'d949f51f-d7dc-8da8-58f8-68b5a002e870','f1c3da38-d5a8-43b5-8638-68b841d536f3'),('64050478-d336-dbc0-f7e1-68b84142864c','2025-09-03 13:25:38',0,'d949f51f-d7dc-8da8-58f8-68b5a002e870','633fb076-986f-4d29-169f-68b841c29fa1'),('a0476a45-58d0-0410-9465-68b842d7ea8e','2025-09-03 13:27:41',0,'d949f51f-d7dc-8da8-58f8-68b5a002e870','9f891ceb-beee-c3ad-c2d7-68b8424e803e'),('7a44c109-d63c-98e6-4157-68b842e31e66','2025-09-03 13:30:33',0,'d949f51f-d7dc-8da8-58f8-68b5a002e870','7988bf2a-0940-5999-6298-68b8424623df'),('a83bc89c-71bc-8431-cba9-68b844c2b9ed','2025-09-03 13:37:49',0,'d949f51f-d7dc-8da8-58f8-68b5a002e870','a76439d3-5534-7aef-0bea-68b84489fa96'),('13f40ffa-a85b-66c3-506f-68b84cf90876','2025-09-03 14:10:17',0,'d949f51f-d7dc-8da8-58f8-68b5a002e870','f3897965-e66f-83ae-47c7-68b84cbdb24a'),('19be4dad-ab78-7c9b-7de0-68b85078fbd6','2025-09-03 14:27:40',0,'d949f51f-d7dc-8da8-58f8-68b5a002e870','17e5c6bc-97a0-516f-c4bb-68b850ccda35'),('1bc8b5ed-5014-de90-0a3a-68b854954583','2025-09-03 14:46:09',0,'d949f51f-d7dc-8da8-58f8-68b5a002e870','1a583f15-2db4-0aab-577b-68b8542a4f03'),('38cde290-9b5c-4b0e-4a24-68b857fe7521','2025-09-03 14:56:51',0,'d949f51f-d7dc-8da8-58f8-68b5a002e870','3775d7c7-6405-7314-50fe-68b8578304fd'),('a3ea05e4-0b2b-60b2-dc14-68b94e5fcba4','2025-09-04 08:33:15',0,'d949f51f-d7dc-8da8-58f8-68b5a002e870','8c3e0e39-b510-478b-b7de-68b94e9f7e1d'),('81810e1d-0a8c-9096-f3a0-68b956ab4fc6','2025-09-04 09:06:49',0,'d949f51f-d7dc-8da8-58f8-68b5a002e870','72860485-d088-45e7-c080-68b956c917a3'),('459e1126-b893-9b97-6605-68b9574a187b','2025-09-04 09:11:08',0,'d949f51f-d7dc-8da8-58f8-68b5a002e870','43886555-3b04-981e-a728-68b957bc2313'),('cb3e5e02-fd01-0c93-be35-68b9850732d4','2025-09-04 12:27:13',0,'d949f51f-d7dc-8da8-58f8-68b5a002e870','c951c9a4-83a6-3c25-4497-68b9855f0fb6'),('eaf46938-5d82-098d-a5ac-68ba9f8e391a','2025-09-05 08:28:04',0,'d949f51f-d7dc-8da8-58f8-68b5a002e870','ea0565ca-57c4-2fb5-7806-68ba9fb1b61d'),('8ecf9cfb-faba-6e00-b9de-68baa161d9f9','2025-09-05 08:40:12',0,'d949f51f-d7dc-8da8-58f8-68b5a002e870','8cf29d6f-1e82-7c90-335d-68baa189dcc3'),('14f7069d-a613-ab0d-8cf1-68da41590680','2025-09-29 08:20:47',0,'358e481e-4a74-580c-e951-66fab2eefdea','13d60754-8367-258d-51fd-68da412d0ead'),('d2339381-014a-9eec-c85a-68da41d1bc77','2025-09-29 08:21:48',0,'358e481e-4a74-580c-e951-66fab2eefdea','d1464169-8338-2d24-1c98-68da41ec18e7'),('5c8b69b8-019a-8081-ca9b-68da489f9a96','2025-09-29 08:50:35',0,'358e481e-4a74-580c-e951-66fab2eefdea','5ba4fa0f-4fc9-bca8-b24f-68da481f6ae7'),('7a084e40-7a5e-518a-b738-68da50acf5ff','2025-09-29 09:25:08',0,'1b6b1544-b6da-afeb-208d-68da3ef19b16','791750e7-b9f9-5a8d-fab9-68da505f0d84'),('eb9d58ee-70d0-c230-3ede-68da51e8e586','2025-09-29 09:31:07',0,'ba364af6-59fe-fba5-d0bc-68da3e1911a2','ea988709-e974-0956-045b-68da515d2fbb'),('8e177066-ba9f-fb18-f9f2-68da52a27cf1','2025-09-29 09:32:44',0,'1fb5908f-8e92-e2d1-ba18-68da3e52b930','8d4c0b2f-de46-07f8-b495-68da523f5685'),('72e76919-8fbe-670e-6772-68da536544c1','2025-09-29 09:38:18',0,'358e481e-4a74-580c-e951-66fab2eefdea','71f4911d-1472-608d-64be-68da53eaabcb'),('e92e0f87-a112-785a-83be-68da538d4689','2025-09-29 09:38:32',0,'1b6b1544-b6da-afeb-208d-68da3ef19b16','e859650c-9d43-a108-685f-68da53612778'),('792034c8-d803-767e-042b-68da59075e22','2025-09-29 10:03:58',0,'358e481e-4a74-580c-e951-66fab2eefdea','7860da19-eade-b954-9380-68da596d98c3'),('63194514-c811-5316-c5eb-68da59793ded','2025-09-29 10:04:19',0,'ba364af6-59fe-fba5-d0bc-68da3e1911a2','624fa778-9d4d-5da5-e010-68da59a5ccc2'),('b1053030-4879-fd2d-d148-68da5ae49e75','2025-09-29 10:06:45',0,'1b6b1544-b6da-afeb-208d-68da3ef19b16','a6f711dc-ae35-e625-c788-68da5a7c2a4c'),('cd632029-08e2-f01d-5959-68da5a970283','2025-09-29 10:06:45',0,'358e481e-4a74-580c-e951-66fab2eefdea','c4551dbe-7df1-377b-150f-68da5a44d97e'),('8405fa4a-da0e-e061-5529-68da5af46829','2025-09-29 10:08:21',0,'1fb5908f-8e92-e2d1-ba18-68da3e52b930','830bd485-efa0-0747-6a43-68da5aee9050'),('cd983f82-1748-a031-2e84-68db933edcde','2025-09-30 08:25:10',0,'1b6b1544-b6da-afeb-208d-68da3ef19b16','cbc437ab-7d2c-527e-6c34-68db93ebb515'),('eb5d3541-b49b-fe99-c88b-68db94d2a7f0','2025-09-30 08:26:26',0,'1b6b1544-b6da-afeb-208d-68da3ef19b16','ea988634-90a7-9904-c9a8-68db9448ba8d'),('d4574653-93f9-944c-9ff1-68db95674a59','2025-09-30 08:30:04',0,'1b6b1544-b6da-afeb-208d-68da3ef19b16','c99e45a8-eeee-af3e-65cf-68db95d87739'),('6136957f-cf5e-3046-2f9f-68db95d38bf2','2025-09-30 08:30:53',0,'1b6b1544-b6da-afeb-208d-68da3ef19b16','6065839f-bb81-e125-70c1-68db956133a2'),('d4403821-16d9-760b-8cd3-68db9519b83f','2025-09-30 08:32:40',0,'1b6b1544-b6da-afeb-208d-68da3ef19b16','d351ec50-e031-5972-8b84-68db9580cdc0'),('7982d308-4863-aa86-7fd4-68db95a873ad','2025-09-30 08:33:44',0,'1b6b1544-b6da-afeb-208d-68da3ef19b16','78b46c94-e489-2aa6-f470-68db95d7a04a'),('754d657d-5fdd-97d4-15d3-68db95d40c99','2025-09-30 08:33:48',0,'1b6b1544-b6da-afeb-208d-68da3ef19b16','749583b3-03b6-41cd-0f46-68db9536d0ad'),('a09bbc6a-17a7-5d4c-ae59-68db96cc4e45','2025-09-30 08:34:17',0,'ba364af6-59fe-fba5-d0bc-68da3e1911a2','9fb433f5-4bf9-bd64-7b28-68db96e75021'),('4d7760b5-2c0d-f253-dafd-68db96b85fef','2025-09-30 08:34:29',0,'1b6b1544-b6da-afeb-208d-68da3ef19b16','4cc33fab-2e9d-b286-1ec1-68db969fff83'),('e17b9b93-fb5b-1570-26b9-68db96402745','2025-09-30 08:37:43',0,'ba364af6-59fe-fba5-d0bc-68da3e1911a2','e08d87e7-b05f-ef35-2f8f-68db96f904b6'),('242d92d1-ee2f-26d9-b255-68db96949891','2025-09-30 08:37:50',0,'1fb5908f-8e92-e2d1-ba18-68da3e52b930','234cf49c-ef8d-d715-afec-68db96097350'),('2f0005d7-7596-aa45-cc66-68db96ee08db','2025-09-30 08:38:08',0,'ba364af6-59fe-fba5-d0bc-68da3e1911a2','2e04ea28-f963-a56b-5ef4-68db968cc116'),('59cdacdc-4840-b169-2257-68db972eaaac','2025-09-30 08:38:52',0,'1fb5908f-8e92-e2d1-ba18-68da3e52b930','58df4797-53f5-9526-1197-68db9772451e'),('c1d9319f-a71c-8294-da00-68db9784edd5','2025-09-30 08:40:19',0,'358e481e-4a74-580c-e951-66fab2eefdea','c0ffc7ad-a758-60a1-a25f-68db97d48a11'),('a5140002-d05a-a235-7a10-68db97b1c915','2025-09-30 08:42:20',0,'358e481e-4a74-580c-e951-66fab2eefdea','98190f39-025e-7fc7-8308-68db9757af1d'),('11f33992-8e47-19fc-aadc-68db986b3230','2025-09-30 08:44:05',0,'358e481e-4a74-580c-e951-66fab2eefdea','1135faa6-6ced-3f75-75f4-68db98785557'),('143df443-efa5-d159-574d-68db98214574','2025-09-30 08:44:44',0,'358e481e-4a74-580c-e951-66fab2eefdea','137792a4-df3b-bbf3-1a72-68db984be19b'),('18c86f53-6a83-7b11-6638-68db99f433d0','2025-09-30 08:47:05',0,'358e481e-4a74-580c-e951-66fab2eefdea','18147a2a-376a-da36-e9d9-68db996fdb8e'),('4f7f8691-1c74-1832-4831-68db992840ef','2025-09-30 08:48:45',0,'358e481e-4a74-580c-e951-66fab2eefdea','4ec376bb-19ee-5a95-1bfc-68db996accff'),('c2828529-821c-8a8f-dbdc-68db99ac12fc','2025-09-30 08:49:18',0,'358e481e-4a74-580c-e951-66fab2eefdea','c19ed420-a904-13eb-3609-68db994173ad'),('805d7a90-3fed-f129-88b1-68db9a6a29a7','2025-09-30 08:51:28',0,'358e481e-4a74-580c-e951-66fab2eefdea','7f47b116-7a22-f60d-28d8-68db9a6bb1f1'),('4ef8c3a7-f949-a93f-edfd-68dba0f653f8','2025-09-30 09:18:16',0,'1fb5908f-8e92-e2d1-ba18-68da3e52b930','4d5efc99-2d6f-57fd-a36e-68dba0922061'),('483a2dff-e8eb-72d9-e2de-68dba14a38a0','2025-09-30 09:25:18',0,'1b6b1544-b6da-afeb-208d-68da3ef19b16','47583da6-1c5d-e0c1-85eb-68dba1771436'),('29f93ce8-fa86-e8e6-28c8-68dba2426b7c','2025-09-30 09:28:23',0,'1b6b1544-b6da-afeb-208d-68da3ef19b16','293b40ca-2b8a-8d76-6c2d-68dba25074ba'),('91c62c20-41d0-6024-2370-68dba2d1d0aa','2025-09-30 09:28:49',0,'1fb5908f-8e92-e2d1-ba18-68da3e52b930','90b43f8d-98bb-c282-b12b-68dba28436b8'),('ec17a0e5-2656-ef81-908d-68dba22d6858','2025-09-30 09:29:32',0,'1b6b1544-b6da-afeb-208d-68da3ef19b16','eb447111-599d-36db-7f18-68dba2196051'),('6419d81a-434b-ac26-2424-68dba36eb17c','2025-09-30 09:31:53',0,'1b6b1544-b6da-afeb-208d-68da3ef19b16','62a67720-30c8-4ae4-a846-68dba3b83bc0'),('7f7a092f-cca5-b54e-4308-68dba3ee03e8','2025-09-30 09:31:59',0,'ba364af6-59fe-fba5-d0bc-68da3e1911a2','71210ef6-c039-8bc2-af20-68dba37a2d0c'),('328bba53-d3b4-c711-0bfe-68dba3696cd2','2025-09-30 09:32:56',0,'1b6b1544-b6da-afeb-208d-68da3ef19b16','31b84ec3-8f86-c53e-bc1e-68dba321b213'),('e930d066-b194-7e26-4282-68dba42a8ca0','2025-09-30 09:35:16',0,'1fb5908f-8e92-e2d1-ba18-68da3e52b930','e8419ec2-9601-ef71-3a6f-68dba4590fc5'),('5e19c560-7245-5a24-3fac-68dba4159bf3','2025-09-30 09:35:59',0,'1b6b1544-b6da-afeb-208d-68da3ef19b16','5d45dd6c-3edf-cc60-5594-68dba4330119'),('6352abaf-5ec5-d297-e3df-68dba52ed7a8','2025-09-30 09:39:05',0,'1fb5908f-8e92-e2d1-ba18-68da3e52b930','6265c9b8-1e3a-9504-ce88-68dba576b9f6'),('f2c630c4-b8e0-c554-0795-68dba614b4da','2025-09-30 09:44:58',0,'1b6b1544-b6da-afeb-208d-68da3ef19b16','f1e6523a-efb1-d0ec-20f5-68dba6a6a145'),('91ba5381-5ca6-24df-ff54-68dba65aeb10','2025-09-30 09:45:16',0,'1b6b1544-b6da-afeb-208d-68da3ef19b16','91040b57-1930-2251-414e-68dba64c91c2'),('d94c8868-527c-fb75-c367-68dba7bda1c4','2025-09-30 09:49:23',0,'1fb5908f-8e92-e2d1-ba18-68da3e52b930','d845b6ae-f312-93e1-4154-68dba7fbe5d0'),('b61b111a-b6f9-9980-84f8-68dba8375209','2025-09-30 09:54:10',0,'1fb5908f-8e92-e2d1-ba18-68da3e52b930','b41f8543-2814-b766-4864-68dba8f8ed67'),('1c59ed8c-b847-c206-9933-68dba9f56c3e','2025-09-30 09:58:37',0,'1fb5908f-8e92-e2d1-ba18-68da3e52b930','1b6c96e4-7114-1afb-9b44-68dba99bbc8a'),('2e27fb08-3b1b-ecb4-621c-68dbaa25c389','2025-09-30 10:03:35',0,'1b6b1544-b6da-afeb-208d-68da3ef19b16','2d60a83c-c8ff-f3e7-c034-68dbaa6fdc62'),('3237c0d9-f12b-2c7c-d3dc-68dbab89bf53','2025-09-30 10:07:37',0,'1fb5908f-8e92-e2d1-ba18-68da3e52b930','315d3f17-a896-5e8a-f1d3-68dbab060dcb'),('a4323500-3bcf-743e-596f-68dcdc9cad35','2025-10-01 07:46:57',0,'54cd2052-5c8b-8f44-d716-66f4104714ca','94b1320b-6b95-d38f-7ffe-68dcdc8c747d'),('c6dfa13f-4cc0-cd4c-0911-68dcea52d7dd','2025-10-01 08:45:34',0,'1b6b1544-b6da-afeb-208d-68da3ef19b16','c62a65e4-5100-4217-0ff0-68dcea4eca64'),('cd66f975-548f-2617-a68a-68dcea961890','2025-10-01 08:45:44',0,'1fb5908f-8e92-e2d1-ba18-68da3e52b930','cc865284-5f31-c597-9e9e-68dceab3c54c'),('10cd4514-2a39-718e-ac43-68dcea44f47a','2025-10-01 08:47:31',0,'1b6b1544-b6da-afeb-208d-68da3ef19b16','ffeb0a31-01a2-9f63-8e91-68dcea88ad9c'),('e5b49fe0-2e37-dd85-3103-68dceb4f1543','2025-10-01 08:50:22',0,'1fb5908f-8e92-e2d1-ba18-68da3e52b930','e4dbe89e-978e-9fbf-5d90-68dceb130459'),('23b0a1f9-de68-cc30-50fe-68dcef165b13','2025-10-01 09:08:06',0,'ba364af6-59fe-fba5-d0bc-68da3e1911a2','22c61a71-0e6e-cb90-99d0-68dcef38b498'),('c3d7096b-ba1f-15cc-45cb-68dcf0b49d23','2025-10-01 09:11:01',0,'1fb5908f-8e92-e2d1-ba18-68da3e52b930','33810856-a9c6-ba64-e09d-68dcf05a9c2a'),('8ce16c80-fff6-253a-5fbd-68dcf7ec429e','2025-10-01 09:42:10',0,'ba364af6-59fe-fba5-d0bc-68da3e1911a2','8bd96e5c-30c3-555a-dc7e-68dcf7a7a87e'),('d19ff81d-e0e8-276d-0d72-68dcf7140d30','2025-10-01 09:43:41',0,'1fb5908f-8e92-e2d1-ba18-68da3e52b930','d0c763a3-e2c6-065a-4fc9-68dcf73d3843'),('ceec700c-6c48-78be-84b6-68dcf832bfc7','2025-10-01 09:47:32',0,'1fb5908f-8e92-e2d1-ba18-68da3e52b930','ce0959f5-5f48-3e01-1a43-68dcf81a0e7d'),('d1db9ff7-7718-3c50-7694-68e37334f553','2025-10-06 07:44:04',0,'1b6b1544-b6da-afeb-208d-68da3ef19b16','d096eb36-398d-b9ef-558e-68e3739354ea'),('5a3c0f07-77ef-f5b5-1a96-68e38e9b4333','2025-10-06 09:40:58',0,'358e481e-4a74-580c-e951-66fab2eefdea','5973d345-fc9b-14bd-aa80-68e38e32dce9'),('ed1983b3-ecbc-8fe6-78f8-68e3c21566a1','2025-10-06 13:23:08',0,'358e481e-4a74-580c-e951-66fab2eefdea','eb1997b3-f52a-ebf5-1a8d-68e3c2677af7'),('ec3ac306-e1dc-4bf1-ab20-68e3ca26d6a1','2025-10-06 13:56:43',0,'358e481e-4a74-580c-e951-66fab2eefdea','ead76d37-c706-b7e3-b957-68e3ca1feca3'),('67ad18a1-1180-e76f-790f-68e3d762d96b','2025-10-06 14:53:29',0,'a01b4689-81a4-2cc3-628e-68e3bd6a6ee9','66375123-9ebf-f4bd-1194-68e3d76ce55a'),('33731d41-73b2-bea2-4c6e-68e3da85214b','2025-10-06 15:03:05',0,'dea2143d-aa57-ee74-9e98-68e3bdda9b15','3273c5b5-31d5-d52d-0bb9-68e3da1115c8'),('e9458b08-9040-b289-8c0c-68e3dae81fad','2025-10-06 15:06:20',0,'dea2143d-aa57-ee74-9e98-68e3bdda9b15','e6a8db8d-80d8-2ce9-ff16-68e3dabefc8c'),('c72634c8-e58e-5e7e-cd1a-68e3dbbac556','2025-10-06 15:08:06',0,'a01b4689-81a4-2cc3-628e-68e3bd6a6ee9','c645e5d1-7d9f-a8c3-3087-68e3db37eb57'),('5b62402a-0bf3-4203-0efa-68f740fbc6d9','2025-10-21 08:12:31',0,'a01b4689-81a4-2cc3-628e-68e3bd6a6ee9','59667b62-e099-180d-a701-68f740afb3c1'),('9f364f91-0586-127b-8c2e-68f7544c69c1','2025-10-21 09:38:58',0,'a01b4689-81a4-2cc3-628e-68e3bd6a6ee9','9d9a3cc6-f6ca-b1b8-3a89-68f754125cb7'),('e49ec58f-a86a-7242-c8e0-68f75495f0cb','2025-10-21 09:39:23',0,'dea2143d-aa57-ee74-9e98-68e3bdda9b15','e3c7639d-5235-b934-e16e-68f7547acc1f'),('519bd0a8-7bb7-f9d6-5f21-68f7568ac9e5','2025-10-21 09:44:41',0,'dea2143d-aa57-ee74-9e98-68e3bdda9b15','4fd2310f-e0f6-da87-3dec-68f756efdb76'),('4e98ce34-029d-9d23-31ae-68f7572cfb1c','2025-10-21 09:52:17',0,'a01b4689-81a4-2cc3-628e-68e3bd6a6ee9','4d266186-82f8-8313-8805-68f7571a5fcc'),('d90ba93e-b4a9-390f-3e60-68fa2e9ae149','2025-10-23 13:32:06',0,'6da48d1c-d991-3ebc-f788-68f747cb60a7','d76aeee8-a48d-1f3e-71f7-68fa2e2a4726'),('18413a9a-9895-c17c-90f4-68fa2fdb143c','2025-10-23 13:38:08',0,'6da48d1c-d991-3ebc-f788-68f747cb60a7','2f050cc9-2387-7bac-5ede-68fa2f6f1755'),('1ab6a4d8-8a9c-2462-68fa-68fa38ee5e28','2025-10-23 14:17:12',0,'6da48d1c-d991-3ebc-f788-68f747cb60a7','18dd1afe-6591-658f-3d65-68fa38a31bd5'),('b4ed0dba-bb9b-516b-2d40-68fa3d90bfc9','2025-10-23 14:37:51',0,'6da48d1c-d991-3ebc-f788-68f747cb60a7','9be50cb0-378f-a10e-0203-68fa3daf8b6f'),('1657086f-0aa8-4f5d-9aa6-68ff83d127bc','2025-10-27 14:36:16',0,'a01b4689-81a4-2cc3-628e-68e3bd6a6ee9','14c6a7f5-7216-14e8-4789-68ff83fb0cd0'),('c0816efb-a8cd-fae2-a51c-68ff9416cc78','2025-10-27 15:47:28',0,'a01b4689-81a4-2cc3-628e-68e3bd6a6ee9','bfa78423-c096-64d5-bf13-68ff94cd740e'),('d272ef55-da5f-ecb2-6de1-68ff942c6ff7','2025-10-27 15:47:31',0,'dea2143d-aa57-ee74-9e98-68e3bdda9b15','d19d0946-e7c3-330b-a2ed-68ff947a00d6'),('3dec7081-8935-b73d-2c38-68ff9461ecde','2025-10-27 15:51:25',0,'dea2143d-aa57-ee74-9e98-68e3bdda9b15','3d006894-e2e5-6db9-35d8-68ff94443408'),('120e87b8-a435-26ad-631a-69048085e1de','2025-10-31 09:25:07',0,'dea2143d-aa57-ee74-9e98-68e3bdda9b15','95bf0d71-42f1-bbb1-640c-6904805c837c'),('cb086f03-e5fb-130f-fb03-69048123386e','2025-10-31 09:28:08',0,'dea2143d-aa57-ee74-9e98-68e3bdda9b15','bfbd8aef-3a49-1a95-7e1e-69048192f35a'),('15613883-a7c3-c230-485c-690a01bd6c99','2025-11-04 13:36:32',0,'d0e2e59b-6657-3e7c-3c0d-66e1f79f9118','ef24dfa9-aa3a-edc1-4aba-66e4059b2b04'),('19844bdf-aa7b-82f3-a5df-690a011d9c25','2025-11-04 13:36:32',0,'d0e2e59b-6657-3e7c-3c0d-66e1f79f9118','4bd2df8c-6eec-2662-53cb-66e405422d27'),('1dec30af-39e3-1a62-9206-690a0127c959','2025-11-04 13:36:32',0,'d0e2e59b-6657-3e7c-3c0d-66e1f79f9118','973acc69-359d-aca5-dd04-66e40513cabd');

--
-- Table structure for table `ops_individu_ops_personne_morale_individu`
--

CREATE TABLE `ops_individu_ops_personne_morale_individu` (
  `id` varchar(36) NOT NULL,
  `date_modified` datetime DEFAULT NULL,
  `deleted` tinyint(1) DEFAULT 0,
  `ops_individu_id` varchar(36) DEFAULT NULL,
  `ops_personne_morale_individu_id` varchar(36) DEFAULT NULL,
  PRIMARY KEY (`id`),
  KEY `ops_individu_ops_personne_morale_individu_ida1` (`ops_individu_id`),
  KEY `ops_individu_ops_personne_morale_individu_alt` (`ops_personne_morale_individu_id`)
) ENGINE=InnoDB DEFAULT CHARSET=utf8mb3 COLLATE=utf8mb3_general_ci;

--
-- Dumping data for table `ops_individu_ops_personne_morale_individu`
--

INSERT INTO `ops_individu_ops_personne_morale_individu` VALUES ('15183d0e-77cb-cb32-532c-68da4106de80','2025-09-29 08:20:50',0,'ba364af6-59fe-fba5-d0bc-68da3e1911a2','13eb8582-0516-2efb-4968-68da417fcab7'),('2f2c6f15-4d17-04e7-cf01-68da43969a50','2025-09-29 08:28:05',0,'1b6b1544-b6da-afeb-208d-68da3ef19b16','4e5cfe26-0398-50b8-b5bf-68da421f241e'),('34c6b5e6-8e8b-9ed7-8d67-670786656b79','2024-10-10 07:45:12',0,'e6a70aca-1659-c27e-b93f-67078495949a','33a76409-ae18-3a53-b06d-670786ed4eaa'),('36595445-cde0-a1cf-d271-68da3f3c423a','2025-09-29 08:14:54',0,'1fb5908f-8e92-e2d1-ba18-68da3e52b930','351e9869-32e7-0865-26b0-68da3fa2617d'),('42864b7f-7fd1-98ad-e85a-67aa0749a5b6','2025-02-10 14:05:34',0,'943834a9-065f-7f8f-72ad-67aa07d83e13','4156500b-1d9a-7134-ec9b-67aa07261371'),('48ebca51-79de-1aed-4658-68e3bf6834b9','2025-10-06 13:07:24',0,'dea2143d-aa57-ee74-9e98-68e3bdda9b15','47d66edf-2438-a3ea-38fd-68e3bf6be9e6'),('51b7eed0-fda4-864a-ab19-67aa0654e198','2025-02-10 14:02:06',0,'a8675563-0c72-37e8-b21e-67aa067df0d5','5019d190-dbdf-582d-4175-67aa064c963a'),('5442338f-e39f-ad2a-d394-68b6a1f95c57','2025-09-02 07:47:58',0,'d949f51f-d7dc-8da8-58f8-68b5a002e870','4eefce12-4c26-021b-bcf7-68b6a15d357e'),('581da5a2-b977-0d0e-faf5-68b6f8f9ef86','2025-09-02 14:01:07',0,'d949f51f-d7dc-8da8-58f8-68b5a002e870','56dc7933-5ea5-dcd2-591d-68b6f8b9d6c7'),('59347cd3-26b2-d152-36ff-68e3be843f0f','2025-10-06 13:06:33',0,'358e481e-4a74-580c-e951-66fab2eefdea','5670f2d7-fd45-614e-0b60-68e3be9af24e'),('5abccbda-8537-a8ff-d307-68b6fc4e3720','2025-09-02 14:18:00',0,'53eb2fab-0470-7389-0c73-68b6fcecf2fa','59ba625e-2883-5ed3-e442-68b6fc26ee41'),('5fb00788-43aa-7c9f-25ae-66e400a866d0','2024-09-13 09:05:11',0,'7dc8dc3e-48e0-dec8-19b8-66e3fa3fd389','5e477044-2760-b433-5e5b-66e400d2788e'),('662b5174-6961-dcca-be4d-68da42e948e8','2025-09-29 08:25:50',0,'358e481e-4a74-580c-e951-66fab2eefdea','64c81486-f209-f834-54fa-68da420e4668'),('6e932b91-7e29-2337-eadf-66e3fffa7fbb','2024-09-13 09:01:40',0,'ac9f2da6-248c-2d9b-7efc-66e3f90e9c50','6d7c4ff7-975e-424b-5c38-66e3ff433c8f'),('745e231c-85c2-ebcd-8f3a-674d8a4659db','2024-12-02 10:20:49',0,'98d36a5b-b859-5bc2-8220-674d87a809db','734bbdd7-b1e4-77a8-ac84-674d8a436ded'),('77176aed-dd33-f5ff-bd58-67a5d1172833','2025-02-07 09:25:57',1,'6d3b3cfb-0b2e-252f-ba9d-67a5d109a8a9','7615702c-9f9f-68f6-f14c-67a5d1223783'),('78a0655f-8224-4d3d-4724-682348e31809','2025-05-13 13:25:15',0,'6d370238-e9fe-9643-fb69-682346fc501d','7758fac0-2b74-3221-ece8-682348302107'),('7d3897f4-9e9b-a7a5-27ae-68e3c1708e45','2025-10-06 13:19:03',0,'e19fffb6-ec6b-e54d-7642-68da58915050','7abc7696-71ca-dc59-79f1-68e3c123ff24'),('7e7a0f3d-5fb9-23d4-e905-66e402bac0c9','2025-11-04 13:36:32',1,'1aaf31af-89f1-0c49-9ca8-66e3f9a9f25b','5ff1019c-ceb4-71de-2762-66e402c9417b'),('80795130-e3d7-29bc-3256-67336868a712','2024-11-12 14:38:42',0,'6d5eb31a-427d-53fc-704f-673366c9adbd','7f5d0b4b-9455-a5c1-8949-673368c066e3'),('83836a38-c2bd-af89-779b-66e4005ae19d','2024-09-13 09:07:43',0,'26b8c834-72e9-488b-29cf-66e3f9b96c41','80fe7200-0062-25fe-1fc3-66e4000db6c2'),('84064025-1502-19a1-6ac9-67a5d3c7900f','2025-02-07 09:31:56',0,'562ed9c2-4d38-3f29-de2d-67a5c31f6347','82caf351-c39f-897a-cc76-67a5d3fceb04'),('8a177017-4941-919a-5489-67336716a64c','2024-11-12 14:35:35',0,'4cc31708-4981-5419-5ba6-673367866fc6','874f96ed-dbfc-5709-8e08-673367e74220'),('93292ac0-5c2c-8c56-c425-6705176df61f','2024-10-08 11:28:02',0,'358e481e-4a74-580c-e951-66fab2eefdea','8f8c2c9a-7461-c2ac-8906-670517f3096a'),('933526b5-ca36-f192-3778-68da440283e5','2025-09-29 08:32:16',0,'1fb5908f-8e92-e2d1-ba18-68da3e52b930','59ac6291-7517-f356-e2cd-68da435cc355'),('974b708c-32cd-307f-79d3-67336a78e998','2024-11-12 14:45:24',0,'ac9f2da6-248c-2d9b-7efc-66e3f90e9c50','957c6ad8-7857-4611-4413-67336a7b0e4a'),('a25402e3-5674-ac63-a509-68fa280446ad','2025-10-23 13:06:07',0,'6da48d1c-d991-3ebc-f788-68f747cb60a7','8c960e22-dba7-ef77-b8a4-68fa284e3538'),('a2f4116e-52cf-aac3-b8aa-67a5d1b80d1b','2025-02-07 09:24:12',0,'ac9f2da6-248c-2d9b-7efc-66e3f90e9c50','a1e5d90b-7f1f-f10c-31d3-67a5d131b2b5'),('b99fd9a7-2744-e6e3-4e47-67a5d1f3f894','2025-02-07 09:25:08',0,'ad7e8a7b-a169-8289-9b09-67a5d1dc39d9','b87dc9e7-ac9a-4bb5-117b-67a5d16bb83e'),('bbc493ea-c7ec-a52e-075c-67a5d245d05a','2025-02-07 09:29:13',0,'d8d51dbb-e61b-e471-4c30-67a5c10ad4fc','baa1a2fa-28bf-9347-4e96-67a5d2e456ff'),('bc4df3d3-bdbe-b754-a3e9-66e406b9da86','2024-09-13 09:29:38',0,'30f3b809-4266-52e9-f592-66e3f957de34','ba455f2f-98ee-0aa8-99e4-66e406f1891a'),('c1f9056a-3de1-3717-dff6-673372d1bb78','2024-11-12 15:21:46',0,'40473833-8de7-29b6-a635-67336a888efa','ac5c028c-d47f-e0e0-7b82-67337210c0d9'),('c5ba8c7b-b328-2701-0e4d-68da3f5fdc29','2025-09-29 08:12:48',0,'1b6b1544-b6da-afeb-208d-68da3ef19b16','c416bcf2-a0d1-1c70-e87b-68da3f77679b'),('d14c7137-d153-b2c8-34b5-66e40204d986','2024-09-13 09:14:15',0,'26b8c834-72e9-488b-29cf-66e3f9b96c41','d03a3bde-f71e-86d1-49b6-66e402037524'),('d2079d9b-eaee-9964-6422-67078902004b','2024-10-10 08:00:21',0,'d24a3e74-ccb1-70c6-2b57-670784184303','d02b8530-a472-08b0-ed5d-6707895e8e00'),('e34d0a98-38c8-e35d-2118-682347c3a7aa','2025-05-13 13:23:51',0,'34ef2300-ccfa-2af0-a317-682346eaeeea','e212ba09-0007-2c30-376e-682347e8d441'),('e8cd0f39-e462-5409-ba33-674d89bd055e','2024-12-02 10:19:37',0,'ac9f2da6-248c-2d9b-7efc-66e3f90e9c50','e6ef7a6c-fb06-6c65-da62-674d89763189'),('f0461b26-7163-a47c-900c-66e3fa5adeb9','2024-09-13 08:39:29',0,'64b493d6-3261-195f-5a58-66e3f9ce46fe','eee5c2bc-7104-e8f5-2755-66e3fac82dea');

--
-- Table structure for table `ops_individu_ops_revenu`
--

CREATE TABLE `ops_individu_ops_revenu` (
  `id` varchar(36) NOT NULL,
  `date_modified` datetime DEFAULT NULL,
  `deleted` tinyint(1) DEFAULT 0,
  `ops_individu_id` varchar(36) DEFAULT NULL,
  `ops_revenu_id` varchar(36) DEFAULT NULL,
  PRIMARY KEY (`id`),
  KEY `ops_individu_ops_revenu_ida1` (`ops_individu_id`),
  KEY `ops_individu_ops_revenu_alt` (`ops_revenu_id`)
) ENGINE=InnoDB DEFAULT CHARSET=utf8mb3 COLLATE=utf8mb3_general_ci;

--
-- Dumping data for table `ops_individu_ops_revenu`
--


--
-- Table structure for table `ops_information_fiscale`
--

CREATE TABLE `ops_information_fiscale` (
  `id` char(36) NOT NULL,
  `name` varchar(255) DEFAULT NULL,
  `date_entered` datetime DEFAULT NULL,
  `date_modified` datetime DEFAULT NULL,
  `modified_user_id` char(36) DEFAULT NULL,
  `created_by` char(36) DEFAULT NULL,
  `description` text DEFAULT NULL,
  `deleted` tinyint(1) DEFAULT 0,
  `assigned_user_id` char(36) DEFAULT NULL,
  `numero_fiscale` varchar(255) DEFAULT NULL,
  `numero_allocataire` varchar(255) DEFAULT NULL,
  `regime_allocataire` varchar(100) DEFAULT NULL,
  `qf_caf` decimal(18,2) DEFAULT NULL,
  `qf_ville` decimal(18,2) DEFAULT NULL,
  `date_debut_validite` date DEFAULT NULL,
  `date_fin_validite` date DEFAULT NULL,
  PRIMARY KEY (`id`)
) ENGINE=InnoDB DEFAULT CHARSET=utf8mb3 COLLATE=utf8mb3_general_ci;

--
-- Dumping data for table `ops_information_fiscale`
--


--
-- Table structure for table `ops_information_fiscale_audit`
--

CREATE TABLE `ops_information_fiscale_audit` (
  `id` char(36) NOT NULL,
  `parent_id` char(36) NOT NULL,
  `date_created` datetime DEFAULT NULL,
  `created_by` varchar(36) DEFAULT NULL,
  `field_name` varchar(100) DEFAULT NULL,
  `data_type` varchar(100) DEFAULT NULL,
  `before_value_string` varchar(255) DEFAULT NULL,
  `after_value_string` varchar(255) DEFAULT NULL,
  `before_value_text` text DEFAULT NULL,
  `after_value_text` text DEFAULT NULL,
  PRIMARY KEY (`id`),
  KEY `idx_ops_information_fiscale_parent_id` (`parent_id`)
) ENGINE=InnoDB DEFAULT CHARSET=utf8mb3 COLLATE=utf8mb3_general_ci;

--
-- Dumping data for table `ops_information_fiscale_audit`
--


--
-- Table structure for table `ops_integrites`
--

CREATE TABLE `ops_integrites` (
  `id` char(36) NOT NULL,
  `name` varchar(255) DEFAULT NULL,
  `date_entered` datetime DEFAULT NULL,
  `date_modified` datetime DEFAULT NULL,
  `modified_user_id` char(36) DEFAULT NULL,
  `created_by` char(36) DEFAULT NULL,
  `description` text DEFAULT NULL,
  `deleted` tinyint(1) DEFAULT 0,
  `assigned_user_id` char(36) DEFAULT NULL,
  PRIMARY KEY (`id`)
) ENGINE=MyISAM DEFAULT CHARSET=utf8mb3 COLLATE=utf8mb3_general_ci;

--
-- Dumping data for table `ops_integrites`
--


--
-- Table structure for table `ops_integrites_audit`
--

CREATE TABLE `ops_integrites_audit` (
  `id` char(36) NOT NULL,
  `parent_id` char(36) NOT NULL,
  `date_created` datetime DEFAULT NULL,
  `created_by` varchar(36) DEFAULT NULL,
  `field_name` varchar(100) DEFAULT NULL,
  `data_type` varchar(100) DEFAULT NULL,
  `before_value_string` varchar(255) DEFAULT NULL,
  `after_value_string` varchar(255) DEFAULT NULL,
  `before_value_text` text DEFAULT NULL,
  `after_value_text` text DEFAULT NULL,
  PRIMARY KEY (`id`),
  KEY `idx_ops_integrites_parent_id` (`parent_id`)
) ENGINE=MyISAM DEFAULT CHARSET=utf8mb3 COLLATE=utf8mb3_general_ci;

--
-- Dumping data for table `ops_integrites_audit`
--


--
-- Table structure for table `ops_integrites_req`
--

CREATE TABLE `ops_integrites_req` (
  `id` char(36) NOT NULL,
  `name` varchar(255) DEFAULT NULL,
  `date_entered` datetime DEFAULT NULL,
  `date_modified` datetime DEFAULT NULL,
  `modified_user_id` char(36) DEFAULT NULL,
  `created_by` char(36) DEFAULT NULL,
  `description` text DEFAULT NULL,
  `deleted` tinyint(1) DEFAULT 0,
  `assigned_user_id` char(36) DEFAULT NULL,
  `nivlog` varchar(100) DEFAULT NULL,
  `actif` tinyint(1) DEFAULT 0,
  `choix_module` varchar(100) DEFAULT NULL,
  `conseil` text DEFAULT NULL,
  PRIMARY KEY (`id`)
) ENGINE=MyISAM DEFAULT CHARSET=utf8mb3 COLLATE=utf8mb3_general_ci;

--
-- Dumping data for table `ops_integrites_req`
--


--
-- Table structure for table `ops_integrites_req_audit`
--

CREATE TABLE `ops_integrites_req_audit` (
  `id` char(36) NOT NULL,
  `parent_id` char(36) NOT NULL,
  `date_created` datetime DEFAULT NULL,
  `created_by` varchar(36) DEFAULT NULL,
  `field_name` varchar(100) DEFAULT NULL,
  `data_type` varchar(100) DEFAULT NULL,
  `before_value_string` varchar(255) DEFAULT NULL,
  `after_value_string` varchar(255) DEFAULT NULL,
  `before_value_text` text DEFAULT NULL,
  `after_value_text` text DEFAULT NULL,
  PRIMARY KEY (`id`),
  KEY `idx_ops_integrites_req_parent_id` (`parent_id`)
) ENGINE=MyISAM DEFAULT CHARSET=utf8mb3 COLLATE=utf8mb3_general_ci;

--
-- Dumping data for table `ops_integrites_req_audit`
--


--
-- Table structure for table `ops_integrites_req_ops_integrites`
--

CREATE TABLE `ops_integrites_req_ops_integrites` (
  `id` varchar(36) NOT NULL,
  `date_modified` datetime DEFAULT NULL,
  `deleted` tinyint(1) DEFAULT 0,
  `ops_integrites_id` varchar(36) DEFAULT NULL,
  `ops_integrites_req_id` varchar(36) DEFAULT NULL,
  PRIMARY KEY (`id`),
  KEY `ops_integrites_req_ops_integrites_ida1` (`ops_integrites_id`),
  KEY `ops_integrites_req_ops_integrites_alt` (`ops_integrites_req_id`)
) ENGINE=MyISAM DEFAULT CHARSET=utf8mb3 COLLATE=utf8mb3_general_ci;

--
-- Dumping data for table `ops_integrites_req_ops_integrites`
--


--
-- Table structure for table `ops_journal`
--

CREATE TABLE `ops_journal` (
  `id` char(36) NOT NULL,
  `name` varchar(255) DEFAULT NULL,
  `date_entered` datetime DEFAULT NULL,
  `date_modified` datetime DEFAULT NULL,
  `modified_user_id` char(36) DEFAULT NULL,
  `created_by` char(36) DEFAULT NULL,
  `description` text DEFAULT NULL,
  `deleted` tinyint(1) DEFAULT 0,
  `assigned_user_id` char(36) DEFAULT NULL,
  `parent_type` varchar(255) DEFAULT NULL,
  `parent_id` char(36) DEFAULT NULL,
  `erreur` varchar(255) DEFAULT NULL,
  `statut` varchar(100) DEFAULT NULL,
  PRIMARY KEY (`id`)
) ENGINE=MyISAM DEFAULT CHARSET=utf8mb3 COLLATE=utf8mb3_general_ci;

--
-- Dumping data for table `ops_journal`
--


--
-- Table structure for table `ops_journal_audit`
--

CREATE TABLE `ops_journal_audit` (
  `id` char(36) NOT NULL,
  `parent_id` char(36) NOT NULL,
  `date_created` datetime DEFAULT NULL,
  `created_by` varchar(36) DEFAULT NULL,
  `field_name` varchar(100) DEFAULT NULL,
  `data_type` varchar(100) DEFAULT NULL,
  `before_value_string` varchar(255) DEFAULT NULL,
  `after_value_string` varchar(255) DEFAULT NULL,
  `before_value_text` text DEFAULT NULL,
  `after_value_text` text DEFAULT NULL,
  PRIMARY KEY (`id`),
  KEY `idx_ops_journal_parent_id` (`parent_id`)
) ENGINE=MyISAM DEFAULT CHARSET=utf8mb3 COLLATE=utf8mb3_general_ci;

--
-- Dumping data for table `ops_journal_audit`
--


--
-- Table structure for table `ops_journal_detail`
--

CREATE TABLE `ops_journal_detail` (
  `id` char(36) NOT NULL,
  `name` varchar(255) DEFAULT NULL,
  `date_entered` datetime DEFAULT NULL,
  `date_modified` datetime DEFAULT NULL,
  `modified_user_id` char(36) DEFAULT NULL,
  `created_by` char(36) DEFAULT NULL,
  `description` text DEFAULT NULL,
  `deleted` tinyint(1) DEFAULT 0,
  `assigned_user_id` char(36) DEFAULT NULL,
  `tache` varchar(255) DEFAULT NULL,
  `reponse` varchar(255) DEFAULT NULL,
  `erreur` varchar(255) DEFAULT NULL,
  `statut` varchar(100) DEFAULT NULL,
  `ordre` int(5) DEFAULT NULL,
  PRIMARY KEY (`id`)
) ENGINE=MyISAM DEFAULT CHARSET=utf8mb3 COLLATE=utf8mb3_general_ci;

--
-- Dumping data for table `ops_journal_detail`
--


--
-- Table structure for table `ops_journal_detail_audit`
--

CREATE TABLE `ops_journal_detail_audit` (
  `id` char(36) NOT NULL,
  `parent_id` char(36) NOT NULL,
  `date_created` datetime DEFAULT NULL,
  `created_by` varchar(36) DEFAULT NULL,
  `field_name` varchar(100) DEFAULT NULL,
  `data_type` varchar(100) DEFAULT NULL,
  `before_value_string` varchar(255) DEFAULT NULL,
  `after_value_string` varchar(255) DEFAULT NULL,
  `before_value_text` text DEFAULT NULL,
  `after_value_text` text DEFAULT NULL,
  PRIMARY KEY (`id`),
  KEY `idx_ops_journal_detail_parent_id` (`parent_id`)
) ENGINE=MyISAM DEFAULT CHARSET=utf8mb3 COLLATE=utf8mb3_general_ci;

--
-- Dumping data for table `ops_journal_detail_audit`
--


--
-- Table structure for table `ops_journal_detail_ops_journal`
--

CREATE TABLE `ops_journal_detail_ops_journal` (
  `id` varchar(36) NOT NULL,
  `date_modified` datetime DEFAULT NULL,
  `deleted` tinyint(1) DEFAULT 0,
  `ops_journal_id` varchar(36) DEFAULT NULL,
  `ops_journal_detail_id` varchar(36) DEFAULT NULL,
  PRIMARY KEY (`id`),
  KEY `ops_journal_detail_ops_journal_ida1` (`ops_journal_id`),
  KEY `ops_journal_detail_ops_journal_alt` (`ops_journal_detail_id`)
) ENGINE=MyISAM DEFAULT CHARSET=utf8mb3 COLLATE=utf8mb3_general_ci;

--
-- Dumping data for table `ops_journal_detail_ops_journal`
--


--
-- Table structure for table `ops_justificatif`
--

CREATE TABLE `ops_justificatif` (
  `id` char(36) NOT NULL,
  `date_entered` datetime DEFAULT NULL,
  `date_modified` datetime DEFAULT NULL,
  `modified_user_id` char(36) DEFAULT NULL,
  `created_by` char(36) DEFAULT NULL,
  `description` text DEFAULT NULL,
  `deleted` tinyint(1) DEFAULT 0,
  `assigned_user_id` char(36) DEFAULT NULL,
  `document_name` varchar(255) DEFAULT NULL,
  `filename` varchar(255) DEFAULT NULL,
  `file_ext` varchar(100) DEFAULT NULL,
  `file_mime_type` varchar(100) DEFAULT NULL,
  `active_date` date DEFAULT NULL,
  `exp_date` date DEFAULT NULL,
  `category_id` varchar(100) DEFAULT NULL,
  `subcategory_id` varchar(100) DEFAULT NULL,
  `status_id` varchar(100) DEFAULT NULL,
  `depot` varchar(100) DEFAULT 'initial',
  `obligatoire` tinyint(1) DEFAULT 0,
  `statut` varchar(100) DEFAULT 'etude',
  `ordre` int(255) DEFAULT 1,
  `notification` tinyint(1) DEFAULT 0,
  `visible_internet` tinyint(1) DEFAULT 1,
  `visible_partenaire` tinyint(1) DEFAULT 0,
  `commentaire_usager` text DEFAULT NULL,
  PRIMARY KEY (`id`)
) ENGINE=InnoDB DEFAULT CHARSET=utf8mb3 COLLATE=utf8mb3_general_ci;

--
-- Dumping data for table `ops_justificatif`
--

INSERT INTO `ops_justificatif` VALUES ('1314881b-cd0d-ff38-e0f7-68b84cc257ef','2025-09-03 14:11:10','2025-09-03 14:11:10','1','1',NULL,0,NULL,'Dep_Sport_en_Indre6-17_2022OKWeb-1.pdf','Dep_Sport_en_Indre6-17_2022OKWeb-1.pdf','pdf','application/pdf','2025-09-03',NULL,NULL,NULL,NULL,'initial',1,'etude',1,0,1,0,NULL),('14114bc5-e6ce-824f-a1a1-68b8027a6d46','2025-09-03 08:55:03','2025-09-03 09:07:23','984bab36-6ea9-3a3f-cc48-66e15b39ccb8','1','\n',0,'','logo_courrier_pf.png','logo_courrier_pf.png','png','image/png','2025-09-03',NULL,NULL,NULL,NULL,'initial',0,'valide',1,0,0,0,NULL),('14400c89-dbed-a4f2-5a22-670507510932','2024-10-08 10:19:32','2024-10-08 10:19:32','1','1','',0,NULL,'','',NULL,NULL,'2024-10-08',NULL,NULL,NULL,NULL,'complementaire',1,'non_fourni',2,0,1,0,NULL),('25cf0ec0-5ff6-7a6d-025f-682c4713bfc5','2025-05-20 09:12:18','2025-05-20 09:20:03','984bab36-6ea9-3a3f-cc48-66e15b39ccb8','1','\nrejeté',0,'','cc.pdf','cc.pdf','pdf','application/pdf','2025-05-20',NULL,NULL,NULL,NULL,'initial',1,'rejete',1,0,0,0,NULL),('26cb7b84-d1ac-8bdf-5c0a-66e404524177','2024-09-13 09:22:56','2024-09-13 09:22:56','d84bd81b-83f8-4df1-9bf8-66e15cabfa6b','d84bd81b-83f8-4df1-9bf8-66e15cabfa6b','Bonjour merci de bien vouloir nous renvoyer cette pièce ',0,NULL,'','',NULL,NULL,'2024-09-13',NULL,NULL,NULL,NULL,'complementaire',1,'non_fourni',2,0,1,0,NULL),('27f61427-1e30-ddcc-b853-682c4d92adbc','2025-05-20 09:38:22','2025-05-20 09:40:07','1','1','\n',0,'','cc.pdf','cc.pdf','pdf','application/pdf','2025-05-20',NULL,NULL,NULL,NULL,'initial',0,'rejete',1,0,0,0,NULL),('28046b23-d1f0-7c4e-5135-68b854b71d31','2025-09-03 14:46:22','2025-09-03 14:46:22','1','1',NULL,0,NULL,'Dep_Sport_en_Indre6-17_2022OKWeb-1.pdf','Dep_Sport_en_Indre6-17_2022OKWeb-1.pdf','pdf','application/pdf','2025-09-03',NULL,NULL,NULL,NULL,'initial',1,'etude',1,0,1,0,NULL),('28417693-be8c-9bad-e344-67a5db4561b8','2025-02-07 10:06:23','2025-02-07 10:06:23','1','1',NULL,0,NULL,'2025-01-31_14-43-22.png','2025-01-31_14-43-22.png','png','image/png','2025-02-07',NULL,NULL,NULL,NULL,'initial',0,'etude',1,0,1,0,NULL),('3018b1b6-83c4-b541-b9c5-67a5ca73322c','2025-02-07 08:57:02','2025-02-07 08:57:02','1','1','',0,NULL,'','',NULL,NULL,'2025-02-07',NULL,NULL,NULL,NULL,'complementaire',0,'non_fourni',2,0,1,0,NULL),('31fcaf00-5db4-dc90-832a-68ba9f1225c3','2025-09-05 08:29:16','2025-09-05 08:29:16','1','1',NULL,0,NULL,'aaron-burden-P7YWx8GKDKI-unsplash.jpg','aaron-burden-P7YWx8GKDKI-unsplash.jpg','jpg','image/jpeg','2025-09-05',NULL,NULL,NULL,NULL,'initial',1,'etude',1,0,1,0,NULL),('39213ac8-69d0-aa99-59b8-6706340b9ac5','2024-10-09 07:46:05','2024-10-09 07:46:05','1','1','',0,'','','','','','2024-10-08',NULL,'','','','complementaire',1,'non_fourni',2,0,1,0,''),('3a482c6f-50d1-3592-7485-68b802f0e11a','2025-09-03 08:54:54','2025-09-03 09:22:12','984bab36-6ea9-3a3f-cc48-66e15b39ccb8','1','illisible\n',0,'','erreur_export_ddl.JPG','erreur_export_ddl.JPG','JPG','image/jpeg','2025-09-03',NULL,NULL,NULL,NULL,'initial',0,'valide',1,0,0,0,NULL),('483387bd-ea0e-09c4-127d-68b957f22967','2025-09-04 09:11:32','2025-09-04 09:11:32','1','1',NULL,0,NULL,'aaron-burden-P7YWx8GKDKI-unsplash.jpg','aaron-burden-P7YWx8GKDKI-unsplash.jpg','jpg','image/jpeg','2025-09-04',NULL,NULL,NULL,NULL,'initial',1,'etude',1,0,1,0,NULL),('523b45dc-0a5b-8d0e-78c2-67adf8cedc90','2025-02-13 13:50:53','2025-02-13 13:55:39','1','1','\nrejeté\n\n',0,'','ticket_5000.JPG','ticket_5000.JPG','JPG','image/jpeg','2025-02-13',NULL,NULL,NULL,NULL,'initial',0,'etude',1,0,0,0,NULL),('53ea8884-0252-2c90-fec6-68b8119dcd29','2025-09-03 10:00:56','2025-09-03 10:00:56','1','1',NULL,0,NULL,'erreur_export_ddl.JPG','erreur_export_ddl.JPG','JPG','image/jpeg','2025-09-03',NULL,NULL,NULL,NULL,'initial',0,'etude',1,0,1,0,NULL),('54130012-b94b-2d79-5a21-67a5db2cb8b9','2025-02-07 10:06:32','2025-02-07 10:06:32','1','1',NULL,0,NULL,'bienvenue.png','bienvenue.png','png','image/png','2025-02-07',NULL,NULL,NULL,NULL,'initial',0,'etude',1,0,1,0,NULL),('59825be2-f0a5-3701-308b-68b85061f0d4','2025-09-03 14:27:54','2025-09-03 14:27:54','1','1',NULL,0,NULL,'Dep_Sport_en_Indre6-17_2022OKWeb-1.pdf','Dep_Sport_en_Indre6-17_2022OKWeb-1.pdf','pdf','application/pdf','2025-09-03',NULL,NULL,NULL,NULL,'initial',1,'etude',1,0,1,0,NULL),('5b5c4a6b-e7dc-44cc-45d1-68b971710154','2025-09-04 11:02:14','2025-09-04 11:02:14','1','1',NULL,0,NULL,'aaron-burden-P7YWx8GKDKI-unsplash.jpg','aaron-burden-P7YWx8GKDKI-unsplash.jpg','jpg','image/jpeg','2025-09-04',NULL,NULL,NULL,NULL,'initial',1,'etude',1,0,1,0,NULL),('63f426f9-9d7e-6cd7-6f51-6706331d4959','2024-10-09 07:38:43','2024-10-09 07:38:43','1','1','',0,'','','','','','2024-10-08',NULL,'','','','complementaire',1,'non_fourni',2,0,1,0,''),('65cefb67-18dc-54d8-a20f-68b844087975','2025-09-03 13:36:33','2025-09-03 13:36:33','1','1',NULL,0,NULL,'Dep_Sport_en_Indre6-17_2022OKWeb-1.pdf','Dep_Sport_en_Indre6-17_2022OKWeb-1.pdf','pdf','application/pdf','2025-09-03',NULL,NULL,NULL,NULL,'initial',1,'etude',1,0,1,0,NULL),('6ec9ffd1-8572-be2b-2605-68b950786c12','2025-09-04 08:39:44','2025-09-04 08:39:44','1','1',NULL,0,NULL,'aaron-burden-P7YWx8GKDKI-unsplash.jpg','aaron-burden-P7YWx8GKDKI-unsplash.jpg','jpg','image/jpeg','2025-09-04',NULL,NULL,NULL,NULL,'initial',1,'etude',1,0,1,0,NULL),('6f048de2-a4e6-0b06-c84c-67ae0f08facd','2025-02-13 15:26:56','2025-02-20 14:58:26','1','1','\n',0,'','','',NULL,NULL,'2025-02-13',NULL,NULL,NULL,NULL,'complementaire',1,'reetude',2,0,0,0,NULL),('7d17bc55-4284-b216-54e4-682c49f40cec','2025-05-20 09:18:58','2025-05-20 09:21:42','c4250303-bf3c-53d5-45a9-66e15bb9cb43','c4250303-bf3c-53d5-45a9-66e15bb9cb43','fournir une facture acquitée\n',0,'','EU-2025-Programme-Workshops-Masterclass.pdf','EU-2025-Programme-Workshops-Masterclass.pdf','pdf','application/pdf','2025-05-20',NULL,NULL,NULL,NULL,'complementaire',0,'valide',2,0,0,0,NULL),('809d65cd-ec61-0972-1038-68b85782f7b1','2025-09-03 14:57:03','2025-09-03 14:57:03','1','1',NULL,0,NULL,'Dep_Sport_en_Indre6-17_2022OKWeb-1.pdf','Dep_Sport_en_Indre6-17_2022OKWeb-1.pdf','pdf','application/pdf','2025-09-03',NULL,NULL,NULL,NULL,'initial',1,'etude',1,0,1,0,NULL),('8cf9e735-f299-9d4c-3100-682c452b14ff','2025-05-20 09:05:55','2025-05-20 09:15:15','c4250303-bf3c-53d5-45a9-66e15bb9cb43','1','\nVous n\'avez pas fourni une facture acquittée mais un devis',0,'','EU-2025-Programme.pdf','EU-2025-Programme.pdf','pdf','application/pdf','2025-05-20',NULL,NULL,NULL,NULL,'initial',0,'rejete',1,0,0,0,NULL),('8ed97bac-4905-1e90-044d-68b95630d082','2025-09-04 09:07:14','2025-09-04 09:07:14','1','1',NULL,0,NULL,'aaron-burden-P7YWx8GKDKI-unsplash.jpg','aaron-burden-P7YWx8GKDKI-unsplash.jpg','jpg','image/jpeg','2025-09-04',NULL,NULL,NULL,NULL,'initial',1,'etude',1,0,1,0,NULL),('92b6b551-680f-9d82-85b6-67adf74d3526','2025-02-13 13:44:48','2025-05-13 12:42:00','1','1','\nmauvaise PJ\n',0,'','coriop.pdf','coriop.pdf','pdf','application/pdf','2025-02-13',NULL,NULL,NULL,NULL,'initial',0,'rejete',1,0,0,0,NULL),('9716de0b-aeb5-d577-f18a-67adf516bbb3','2025-02-13 13:39:06','2025-02-13 13:48:08','984bab36-6ea9-3a3f-cc48-66e15b39ccb8','1','\n\n\n',0,'','Capture_d_ecran_2025-02-10_161109.png','Capture_d_ecran_2025-02-10_161109.png','png','image/png','2025-02-13',NULL,NULL,NULL,NULL,'initial',0,'rejete',1,0,0,0,NULL),('9cf789b0-4fbc-6e36-9a9e-66e14e672fe5','2024-09-11 08:00:13','2024-09-11 08:00:13','1','1',NULL,0,NULL,'accompagnement_sportif.png','accompagnement_sportif.png','png','image/png','2024-09-11',NULL,NULL,NULL,NULL,'initial',1,'etude',1,0,1,0,NULL),('ad3cf628-194c-3879-dab2-68e38efbb27a','2025-10-06 09:41:22','2025-10-06 09:41:22','1','1',NULL,0,NULL,'Devis_estimatif_et_descriptif.pdf','Devis_estimatif_et_descriptif.pdf','pdf','application/pdf','2025-10-06',NULL,NULL,NULL,NULL,'initial',0,'etude',1,0,1,0,NULL),('ae858a8b-60e4-a668-cf75-682c4dbfb7d0','2025-05-20 09:39:24','2025-05-20 09:43:12','1','1','\n',0,'','dossier_95.pdf','dossier_95.pdf','pdf','application/pdf','2025-05-20',NULL,NULL,NULL,NULL,'initial',1,'rejete',1,0,0,0,NULL),('af74b3f8-f176-99ee-7d01-683463a5fc66','2025-05-26 12:49:08','2025-05-26 12:49:08','1','1',NULL,0,NULL,'cc.pdf','cc.pdf','pdf','application/pdf','2025-05-26',NULL,NULL,NULL,NULL,'initial',1,'etude',1,0,1,0,NULL),('afaae1ff-2b68-a814-68c6-68e37a0a4a07','2025-10-06 08:16:16','2025-10-06 10:17:06','1','1','',0,NULL,'Candidature spontanée _ lettre négative.pdf','Candidature spontanée _ lettre négative.pdf','pdf','application/pdf','2025-10-06',NULL,NULL,NULL,NULL,'complementaire',1,'etude',2,0,1,0,''),('b41be350-c2e8-205a-36a7-68b844177e65','2025-09-03 13:38:04','2025-09-03 13:38:04','1','1',NULL,0,NULL,'2021_12_13_Dossier_APA_en_etablissement.pdf','2021_12_13_Dossier_APA_en_etablissement.pdf','pdf','application/pdf','2025-09-03',NULL,NULL,NULL,NULL,'initial',1,'etude',1,0,1,0,NULL),('c6ad2fa9-610a-e069-e7e9-682c4ae9925f','2025-05-20 09:24:13','2025-05-20 09:26:40','984bab36-6ea9-3a3f-cc48-66e15b39ccb8','1','\nrejeté',0,'','cc.pdf','cc.pdf','pdf','application/pdf','2025-05-20',NULL,NULL,NULL,NULL,'initial',1,'rejete',1,0,0,0,NULL),('c94e0c01-10b9-2a22-6ced-66e405f3d54b','2024-09-13 09:28:56','2024-09-13 09:28:56','1','1',NULL,0,NULL,'10_ans.jpg','10_ans.jpg','jpg','image/jpeg','2024-09-13',NULL,NULL,NULL,NULL,'initial',0,'etude',1,0,1,0,NULL),('d32839ea-7292-9e5c-12e5-68baa1cfff0f','2025-09-05 08:40:28','2025-09-05 08:40:28','1','1',NULL,0,NULL,'aaron-burden-P7YWx8GKDKI-unsplash.jpg','aaron-burden-P7YWx8GKDKI-unsplash.jpg','jpg','image/jpeg','2025-09-05',NULL,NULL,NULL,NULL,'initial',1,'etude',1,0,1,0,NULL),('e03dac65-dbb9-37fa-2923-68b985e30526','2025-09-04 12:27:59','2025-09-04 12:27:59','1','1',NULL,0,NULL,'aaron-burden-P7YWx8GKDKI-unsplash.jpg','aaron-burden-P7YWx8GKDKI-unsplash.jpg','jpg','image/jpeg','2025-09-04',NULL,NULL,NULL,NULL,'initial',1,'etude',1,0,1,0,NULL),('e59f59e5-a031-caf5-4052-682c46b9776c','2025-05-20 09:07:10','2025-05-20 09:20:29','984bab36-6ea9-3a3f-cc48-66e15b39ccb8','1','erreur pièce\n',0,'','Webi_Niveau_2_v2022.pdf','Webi_Niveau_2_v2022.pdf','pdf','application/pdf','2025-05-20',NULL,NULL,NULL,NULL,'initial',1,'rejete',1,0,0,0,NULL),('e66f8973-6a62-f72f-f8e4-66e14e291ce2','2024-09-11 08:00:19','2024-09-11 08:00:19','1','1',NULL,0,NULL,'agenda1.png','agenda1.png','png','image/png','2024-09-11',NULL,NULL,NULL,NULL,'initial',1,'etude',1,0,1,0,NULL),('ee527465-e07c-1870-f689-6733768dbf97','2024-11-12 15:36:37','2024-11-12 15:36:37','1','1',NULL,0,NULL,'dream.png','dream.png','png','image/png','2024-11-12',NULL,NULL,NULL,NULL,'initial',0,'etude',1,0,1,0,NULL);

--
-- Table structure for table `ops_justificatif_audit`
--

CREATE TABLE `ops_justificatif_audit` (
  `id` char(36) NOT NULL,
  `parent_id` char(36) NOT NULL,
  `date_created` datetime DEFAULT NULL,
  `created_by` varchar(36) DEFAULT NULL,
  `field_name` varchar(100) DEFAULT NULL,
  `data_type` varchar(100) DEFAULT NULL,
  `before_value_string` varchar(255) DEFAULT NULL,
  `after_value_string` varchar(255) DEFAULT NULL,
  `before_value_text` text DEFAULT NULL,
  `after_value_text` text DEFAULT NULL,
  PRIMARY KEY (`id`),
  KEY `idx_ops_justificatif_parent_id` (`parent_id`)
) ENGINE=InnoDB DEFAULT CHARSET=utf8mb3 COLLATE=utf8mb3_general_ci;

--
-- Dumping data for table `ops_justificatif_audit`
--

INSERT INTO `ops_justificatif_audit` VALUES ('1011030d-0a03-6998-938c-682c4a86b0f5','c6ad2fa9-610a-e069-e7e9-682c4ae9925f','2025-05-20 09:26:40','984bab36-6ea9-3a3f-cc48-66e15b39ccb8','visible_internet','bool','1','',NULL,NULL),('309eb140-8b8a-9f6f-6e24-67adf8086bf8','9716de0b-aeb5-d577-f18a-67adf516bbb3','2025-02-13 13:48:08','984bab36-6ea9-3a3f-cc48-66e15b39ccb8','statut','enum','valide','rejete',NULL,NULL),('337289c7-2327-407c-2d01-67adf8465e52','9716de0b-aeb5-d577-f18a-67adf516bbb3','2025-02-13 13:47:44','984bab36-6ea9-3a3f-cc48-66e15b39ccb8','statut','enum','rejete','valide',NULL,NULL),('3a1d9e76-0351-346d-66cf-682c49ac529e','25cf0ec0-5ff6-7a6d-025f-682c4713bfc5','2025-05-20 09:20:03','984bab36-6ea9-3a3f-cc48-66e15b39ccb8','statut','enum','etude','rejete',NULL,NULL),('3ade7a62-aaf7-e7c9-1fda-682c493a9f06','25cf0ec0-5ff6-7a6d-025f-682c4713bfc5','2025-05-20 09:20:03','984bab36-6ea9-3a3f-cc48-66e15b39ccb8','visible_internet','bool','1','',NULL,NULL),('4b9e80b7-1e5f-60d1-3f81-68b805f356be','14114bc5-e6ce-824f-a1a1-68b8027a6d46','2025-09-03 09:07:23','984bab36-6ea9-3a3f-cc48-66e15b39ccb8','statut','enum','etude','valide',NULL,NULL),('4ca98b99-ed6a-00c1-dd80-68b805a32c3d','14114bc5-e6ce-824f-a1a1-68b8027a6d46','2025-09-03 09:07:23','984bab36-6ea9-3a3f-cc48-66e15b39ccb8','visible_internet','bool','1','',NULL,NULL),('4cafa277-8de2-db2e-1913-68b805a504f8','3a482c6f-50d1-3592-7485-68b802f0e11a','2025-09-03 09:09:04','984bab36-6ea9-3a3f-cc48-66e15b39ccb8','statut','enum','etude','rejete',NULL,NULL),('4d3aa678-8735-7f06-cbbe-68b8056c76fe','3a482c6f-50d1-3592-7485-68b802f0e11a','2025-09-03 09:09:04','984bab36-6ea9-3a3f-cc48-66e15b39ccb8','visible_internet','bool','1','',NULL,NULL),('59cb447d-f2e7-322a-94ca-682c48dd7b45','8cf9e735-f299-9d4c-3100-682c452b14ff','2025-05-20 09:15:15','c4250303-bf3c-53d5-45a9-66e15bb9cb43','statut','enum','etude','rejete',NULL,NULL),('5abf7871-d25c-97e2-bd2a-682c485e73ba','8cf9e735-f299-9d4c-3100-682c452b14ff','2025-05-20 09:15:15','c4250303-bf3c-53d5-45a9-66e15bb9cb43','visible_internet','bool','1','',NULL,NULL),('5ae4de8a-b7af-13ed-9d02-682c4908339e','e59f59e5-a031-caf5-4052-682c46b9776c','2025-05-20 09:20:29','984bab36-6ea9-3a3f-cc48-66e15b39ccb8','statut','enum','etude','rejete',NULL,NULL),('5cdc956d-6d9b-5690-3c11-682c49e4e51e','e59f59e5-a031-caf5-4052-682c46b9776c','2025-05-20 09:20:29','984bab36-6ea9-3a3f-cc48-66e15b39ccb8','visible_internet','bool','1','',NULL,NULL),('753468be-8416-d8d0-4724-67adf74bdd5e','9716de0b-aeb5-d577-f18a-67adf516bbb3','2025-02-13 13:46:57','984bab36-6ea9-3a3f-cc48-66e15b39ccb8','statut','enum','etude','rejete',NULL,NULL),('75dad84b-7915-4284-c960-67adf782dbe9','9716de0b-aeb5-d577-f18a-67adf516bbb3','2025-02-13 13:46:57','984bab36-6ea9-3a3f-cc48-66e15b39ccb8','visible_internet','bool','1','',NULL,NULL),('77fa4af2-0d99-8e3c-1bea-682c4da8b164','27f61427-1e30-ddcc-b853-682c4d92adbc','2025-05-20 09:40:07','1','statut','enum','etude','rejete',NULL,NULL),('78737236-bae0-7886-d1ba-682c4d3c6670','27f61427-1e30-ddcc-b853-682c4d92adbc','2025-05-20 09:40:07','1','visible_internet','bool','1','',NULL,NULL),('81101b4f-7dab-8ed6-ee89-67adf81fd4e6','523b45dc-0a5b-8d0e-78c2-67adf8cedc90','2025-02-13 13:51:42','1','statut','enum','etude','rejete',NULL,NULL),('817a4e63-ed99-3e13-ab5d-67adf878e47c','523b45dc-0a5b-8d0e-78c2-67adf8cedc90','2025-02-13 13:51:42','1','visible_internet','bool','1','',NULL,NULL),('89900298-0e7b-6462-3b69-682c4af4648d','c6ad2fa9-610a-e069-e7e9-682c4ae9925f','2025-05-20 09:26:40','984bab36-6ea9-3a3f-cc48-66e15b39ccb8','statut','enum','etude','rejete',NULL,NULL),('8dd4c18d-a3f1-93c3-81a7-67adf8279f27','92b6b551-680f-9d82-85b6-67adf74d3526','2025-02-13 13:47:47','c4250303-bf3c-53d5-45a9-66e15bb9cb43','statut','enum','etude','rejete',NULL,NULL),('8e3f6cc9-eb1d-9053-6e2d-67adf8a01dfe','92b6b551-680f-9d82-85b6-67adf74d3526','2025-02-13 13:47:47','c4250303-bf3c-53d5-45a9-66e15bb9cb43','visible_internet','bool','1','',NULL,NULL),('bb26b14a-5ecb-2b59-b364-682c491b9ff0','7d17bc55-4284-b216-54e4-682c49f40cec','2025-05-20 09:21:42','c4250303-bf3c-53d5-45a9-66e15bb9cb43','statut','enum','etude','valide',NULL,NULL),('bb8ab945-539d-37bf-9e77-682c49e32c4c','7d17bc55-4284-b216-54e4-682c49f40cec','2025-05-20 09:21:42','c4250303-bf3c-53d5-45a9-66e15bb9cb43','visible_internet','bool','1','',NULL,NULL),('c9f9d78b-af86-0343-651f-67adf930c274','523b45dc-0a5b-8d0e-78c2-67adf8cedc90','2025-02-13 13:53:40','1','statut','enum','rejete','valide',NULL,NULL),('d04be2cf-bd76-3181-22e0-67b743defb22','6f048de2-a4e6-0b06-c84c-67ae0f08facd','2025-02-20 14:58:26','1','statut','enum','non_fourni','reetude',NULL,NULL),('d0d2233b-44e5-764c-f57b-67b7431fec6b','6f048de2-a4e6-0b06-c84c-67ae0f08facd','2025-02-20 14:58:26','1','visible_internet','bool','1','',NULL,NULL),('d19ffab8-21bb-c214-4c34-67adf9ec979c','523b45dc-0a5b-8d0e-78c2-67adf8cedc90','2025-02-13 13:55:39','1','statut','enum','valide','etude',NULL,NULL),('d7341365-89a3-5588-a0ca-682c4effb10a','ae858a8b-60e4-a668-cf75-682c4dbfb7d0','2025-05-20 09:43:12','1','statut','enum','etude','rejete',NULL,NULL),('d7cdf40e-c335-f7ba-1f2b-682c4e6dba72','ae858a8b-60e4-a668-cf75-682c4dbfb7d0','2025-05-20 09:43:12','1','visible_internet','bool','1','',NULL,NULL),('e3de096c-0ec5-4f94-8a5b-68b8085fc8f3','3a482c6f-50d1-3592-7485-68b802f0e11a','2025-09-03 09:22:12','984bab36-6ea9-3a3f-cc48-66e15b39ccb8','statut','enum','rejete','valide',NULL,NULL);

--
-- Table structure for table `ops_justificatif_historisation`
--

CREATE TABLE `ops_justificatif_historisation` (
  `id` char(36) NOT NULL,
  `date_entered` datetime DEFAULT NULL,
  `date_modified` datetime DEFAULT NULL,
  `modified_user_id` char(36) DEFAULT NULL,
  `created_by` char(36) DEFAULT NULL,
  `description` text DEFAULT NULL,
  `deleted` tinyint(1) DEFAULT 0,
  `assigned_user_id` char(36) DEFAULT NULL,
  `document_name` varchar(255) DEFAULT NULL,
  `filename` varchar(255) DEFAULT NULL,
  `file_ext` varchar(100) DEFAULT NULL,
  `file_mime_type` varchar(100) DEFAULT NULL,
  `active_date` date DEFAULT NULL,
  `exp_date` date DEFAULT NULL,
  `category_id` varchar(100) DEFAULT NULL,
  `subcategory_id` varchar(100) DEFAULT NULL,
  `status_id` varchar(100) DEFAULT NULL,
  `depot` varchar(100) DEFAULT 'initial',
  `obligatoire` tinyint(1) DEFAULT 0,
  `statut` varchar(100) DEFAULT 'etude',
  `ordre` int(255) DEFAULT 1,
  `notification` tinyint(1) DEFAULT 0,
  `visible_internet` tinyint(1) DEFAULT 1,
  `visible_partenaire` tinyint(1) DEFAULT 0,
  `commentaire_usager` text DEFAULT NULL,
  PRIMARY KEY (`id`)
) ENGINE=MyISAM DEFAULT CHARSET=utf8mb3 COLLATE=utf8mb3_general_ci;

--
-- Dumping data for table `ops_justificatif_historisation`
--


--
-- Table structure for table `ops_justificatif_historisation_audit`
--

CREATE TABLE `ops_justificatif_historisation_audit` (
  `id` char(36) NOT NULL,
  `parent_id` char(36) NOT NULL,
  `date_created` datetime DEFAULT NULL,
  `created_by` varchar(36) DEFAULT NULL,
  `field_name` varchar(100) DEFAULT NULL,
  `data_type` varchar(100) DEFAULT NULL,
  `before_value_string` varchar(255) DEFAULT NULL,
  `after_value_string` varchar(255) DEFAULT NULL,
  `before_value_text` text DEFAULT NULL,
  `after_value_text` text DEFAULT NULL,
  PRIMARY KEY (`id`),
  KEY `idx_ops_justificatif_historisation_parent_id` (`parent_id`)
) ENGINE=MyISAM DEFAULT CHARSET=utf8mb3 COLLATE=utf8mb3_general_ci;

--
-- Dumping data for table `ops_justificatif_historisation_audit`
--


--
-- Table structure for table `ops_justificatif_historisation_ops_justificatif`
--

CREATE TABLE `ops_justificatif_historisation_ops_justificatif` (
  `id` varchar(36) NOT NULL,
  `date_modified` datetime DEFAULT NULL,
  `deleted` tinyint(1) DEFAULT 0,
  `ops_justificatif_id` varchar(36) DEFAULT NULL,
  `ops_justificatif_historisation_id` varchar(36) DEFAULT NULL,
  PRIMARY KEY (`id`),
  KEY `ops_justificatif_historisation_ops_justificatif_ida1` (`ops_justificatif_id`),
  KEY `ops_justificatif_historisation_ops_justificatif_alt` (`ops_justificatif_historisation_id`)
) ENGINE=MyISAM DEFAULT CHARSET=utf8mb3 COLLATE=utf8mb3_general_ci;

--
-- Dumping data for table `ops_justificatif_historisation_ops_justificatif`
--


--
-- Table structure for table `ops_lien_parente`
--

CREATE TABLE `ops_lien_parente` (
  `id` char(36) NOT NULL,
  `name` varchar(255) DEFAULT NULL,
  `date_entered` datetime DEFAULT NULL,
  `date_modified` datetime DEFAULT NULL,
  `modified_user_id` char(36) DEFAULT NULL,
  `created_by` char(36) DEFAULT NULL,
  `description` text DEFAULT NULL,
  `deleted` tinyint(1) DEFAULT 0,
  `assigned_user_id` char(36) DEFAULT NULL,
  `mode_garde` varchar(100) DEFAULT NULL,
  `autorite_parentale` tinyint(1) DEFAULT 0,
  `autorise_recuperer` tinyint(1) DEFAULT 0,
  `appeler_urgence` tinyint(1) DEFAULT 0,
  `referent_tarifaire` tinyint(1) DEFAULT 0,
  `payeur` varchar(100) DEFAULT NULL,
  `role_1` varchar(100) DEFAULT NULL,
  `role_2` varchar(100) DEFAULT NULL,
  `assurance_compagnie` varchar(255) DEFAULT NULL,
  `assurance_numero` varchar(255) DEFAULT NULL,
  PRIMARY KEY (`id`)
) ENGINE=InnoDB DEFAULT CHARSET=utf8mb3 COLLATE=utf8mb3_general_ci;

--
-- Dumping data for table `ops_lien_parente`
--

INSERT INTO `ops_lien_parente` VALUES ('551a6a67-0c6f-2f72-5a38-64370ee80d9b','','2023-04-12 20:05:15','2023-04-12 20:09:14','1','1',NULL,1,'','alternee',1,1,0,0,'60','mere','fille','MMA','A12124F5'),('5693b6f5-364a-c677-9423-642b301d6d0f','','2023-04-03 20:00:36','2023-04-03 20:00:36','1','1','',0,NULL,'',1,0,0,0,'','pere','fille','',''),('a4f9d757-475d-1065-5bfb-643710e3a7da','','2023-04-12 20:09:42','2023-04-12 20:10:19','1','1',NULL,0,'','alternee',1,1,0,0,'60','fille','mere',NULL,NULL),('ad13bcd4-00dc-79fa-9eaa-6437144cb753','','2023-04-12 20:30:33','2023-04-12 20:30:33','1','1','',0,NULL,'',0,0,0,0,'25','petit_fils','grand_mere','',''),('badbbfdd-e490-a2ea-36c6-6428886c02ab','','2023-04-01 19:39:40','2023-04-01 19:39:40','1','1','',0,NULL,'',1,1,0,0,'','mere','fille','',''),('be7ac9b3-3a3f-9a7c-7df5-643714ee4717','','2023-04-12 20:27:38','2023-04-12 20:30:08','1','1',NULL,1,'',NULL,0,0,0,0,'25','grand_mere','petit_fils',NULL,NULL),('c4248646-9439-1ee3-ffac-642b308b4fec','','2023-04-03 20:00:06','2023-04-03 20:00:06','1','1','',0,NULL,'',1,1,0,0,'','pere','fille','',''),('cac6dfa3-4cfd-9e9a-23a1-642888b979dd','','2023-04-01 19:40:15','2023-04-01 19:40:15','1','1','',0,NULL,'',1,1,0,0,'','mere','fille','',''),('dc5a0982-250c-8736-bd0f-64370f4e4a33','','2023-04-12 20:07:39','2023-04-25 13:25:25','1','1',NULL,1,'','alternee',1,1,1,0,'40','fils','pere','MATMUT','5556565');

--
-- Table structure for table `ops_lien_parente_audit`
--

CREATE TABLE `ops_lien_parente_audit` (
  `id` char(36) NOT NULL,
  `parent_id` char(36) NOT NULL,
  `date_created` datetime DEFAULT NULL,
  `created_by` varchar(36) DEFAULT NULL,
  `field_name` varchar(100) DEFAULT NULL,
  `data_type` varchar(100) DEFAULT NULL,
  `before_value_string` varchar(255) DEFAULT NULL,
  `after_value_string` varchar(255) DEFAULT NULL,
  `before_value_text` text DEFAULT NULL,
  `after_value_text` text DEFAULT NULL,
  PRIMARY KEY (`id`),
  KEY `idx_ops_lien_parente_parent_id` (`parent_id`)
) ENGINE=InnoDB DEFAULT CHARSET=utf8mb3 COLLATE=utf8mb3_general_ci;

--
-- Dumping data for table `ops_lien_parente_audit`
--


--
-- Table structure for table `ops_lien_parente_ops_individu`
--

CREATE TABLE `ops_lien_parente_ops_individu` (
  `id` varchar(36) NOT NULL,
  `date_modified` datetime DEFAULT NULL,
  `deleted` tinyint(1) DEFAULT 0,
  `ops_individu_id` varchar(36) DEFAULT NULL,
  `ops_lien_parente_id` varchar(36) DEFAULT NULL,
  PRIMARY KEY (`id`),
  KEY `ops_lien_parente_ops_individu_ida1` (`ops_individu_id`),
  KEY `ops_lien_parente_ops_individu_alt` (`ops_lien_parente_id`)
) ENGINE=InnoDB DEFAULT CHARSET=utf8mb3 COLLATE=utf8mb3_general_ci;

--
-- Dumping data for table `ops_lien_parente_ops_individu`
--

INSERT INTO `ops_lien_parente_ops_individu` VALUES ('132101fe-d340-73d7-6e74-64370fcfa2a9','2023-04-25 13:24:35',1,'63747e84-3627-2af6-3890-642889523bfc','dc5a0982-250c-8736-bd0f-64370f4e4a33'),('59895868-f39d-db97-d1d6-64370efeab79','2023-04-12 20:08:33',1,'ff7e04ff-3b8d-cd7a-49c3-64370ea8a15b','551a6a67-0c6f-2f72-5a38-64370ee80d9b'),('5b425bb6-4c67-568c-f8d5-642b30285abe','2023-04-03 20:00:36',0,'75d91e18-1ab7-99c3-a6be-6421f221b20b','5693b6f5-364a-c677-9423-642b301d6d0f'),('8304f8e9-f189-9fa4-8032-64370f367e21','2023-04-12 20:09:14',1,'63747e84-3627-2af6-3890-642889523bfc','551a6a67-0c6f-2f72-5a38-64370ee80d9b'),('ad9eee10-8e06-a20f-275e-643710dce5e6','2023-04-12 20:09:42',0,'63747e84-3627-2af6-3890-642889523bfc','a4f9d757-475d-1065-5bfb-643710e3a7da'),('b26ca31f-a9ce-7e9f-e2bc-643714a569f0','2023-04-12 20:30:33',0,'61197382-8320-5458-98e0-643713231623','ad13bcd4-00dc-79fa-9eaa-6437144cb753'),('ba71c269-7212-3739-3960-64370fd44375','2023-04-12 20:09:14',1,'63747e84-3627-2af6-3890-642889523bfc','551a6a67-0c6f-2f72-5a38-64370ee80d9b'),('bec714db-840e-205b-dc1a-642888528a60','2023-04-01 19:39:40',0,'7151102d-a568-ae9e-b97e-642887546b5f','badbbfdd-e490-a2ea-36c6-6428886c02ab'),('c295fa56-644d-894a-249c-643714696829','2023-04-12 20:28:08',1,'77f0d445-595f-b3bf-cf00-6437146c4b23','be7ac9b3-3a3f-9a7c-7df5-643714ee4717'),('c34ac714-2046-953e-6bd7-64370f82c2b1','2023-04-12 20:08:33',1,'ff7e04ff-3b8d-cd7a-49c3-64370ea8a15b','551a6a67-0c6f-2f72-5a38-64370ee80d9b'),('c88189bc-d4f7-c6e7-30e6-64370f42008e','2023-04-12 20:09:14',1,'63747e84-3627-2af6-3890-642889523bfc','551a6a67-0c6f-2f72-5a38-64370ee80d9b'),('c9696cc3-106d-e606-85cf-642b3034541b','2023-04-03 20:00:06',0,'75d91e18-1ab7-99c3-a6be-6421f221b20b','c4248646-9439-1ee3-ffac-642b308b4fec'),('d0711814-0b34-b371-3216-642888f45d9d','2023-04-01 19:40:15',0,'7151102d-a568-ae9e-b97e-642887546b5f','cac6dfa3-4cfd-9e9a-23a1-642888b979dd'),('d5ebff4b-4438-3ef3-6721-6447d46a4b45','2023-04-25 13:25:25',1,'75d91e18-1ab7-99c3-a6be-6421f221b20b','dc5a0982-250c-8736-bd0f-64370f4e4a33'),('e865ee6a-ae30-9109-905b-643714a70d2c','2023-04-12 20:30:08',1,'61197382-8320-5458-98e0-643713231623','be7ac9b3-3a3f-9a7c-7df5-643714ee4717');

--
-- Table structure for table `ops_lien_parente_ops_individu_2`
--

CREATE TABLE `ops_lien_parente_ops_individu_2` (
  `id` varchar(36) NOT NULL,
  `date_modified` datetime DEFAULT NULL,
  `deleted` tinyint(1) DEFAULT 0,
  `ops_individu_id2` varchar(36) DEFAULT NULL,
  `ops_lien_parente_id` varchar(36) DEFAULT NULL,
  PRIMARY KEY (`id`),
  KEY `ops_lien_parente_ops_individu_2_ida1` (`ops_individu_id2`),
  KEY `ops_lien_parente_ops_individu_2_alt` (`ops_lien_parente_id`)
) ENGINE=InnoDB DEFAULT CHARSET=utf8mb3 COLLATE=utf8mb3_general_ci;

--
-- Dumping data for table `ops_lien_parente_ops_individu_2`
--

INSERT INTO `ops_lien_parente_ops_individu_2` VALUES ('56df3f8c-06b4-40c1-772b-64370efafc87','2023-04-12 20:09:14',1,'63747e84-3627-2af6-3890-642889523bfc','551a6a67-0c6f-2f72-5a38-64370ee80d9b'),('57ff14fa-0bd6-8e6e-bdea-642b303796a7','2023-04-03 20:00:36',0,'effdd822-9a7e-1012-0fcb-64288629f5fc','5693b6f5-364a-c677-9423-642b301d6d0f'),('a67d9bd8-fc69-2e77-6520-643710984c4a','2023-04-12 20:09:42',0,'ff7e04ff-3b8d-cd7a-49c3-64370ea8a15b','a4f9d757-475d-1065-5bfb-643710e3a7da'),('aee30713-998e-2df0-6dc4-643714035b19','2023-04-12 20:30:33',0,'77f0d445-595f-b3bf-cf00-6437146c4b23','ad13bcd4-00dc-79fa-9eaa-6437144cb753'),('bcaa58e0-6805-dd7d-2bb9-6428888f54eb','2023-04-01 19:39:40',0,'effdd822-9a7e-1012-0fcb-64288629f5fc','badbbfdd-e490-a2ea-36c6-6428886c02ab'),('c00ada64-0a47-3ed7-7728-6437149b4364','2023-04-12 20:30:08',1,'61197382-8320-5458-98e0-643713231623','be7ac9b3-3a3f-9a7c-7df5-643714ee4717'),('c67ab00f-2c91-1d6c-518b-642b308ceac2','2023-04-03 20:00:06',0,'596c138b-ca7a-d1d0-d7db-642885811ed1','c4248646-9439-1ee3-ffac-642b308b4fec'),('cc8aea02-28b4-b648-ca23-6428883e98c2','2023-04-01 19:40:15',0,'596c138b-ca7a-d1d0-d7db-642885811ed1','cac6dfa3-4cfd-9e9a-23a1-642888b979dd'),('fada029b-ca87-16b5-7125-64370ff09ce3','2023-04-25 13:25:25',1,'75d91e18-1ab7-99c3-a6be-6421f221b20b','dc5a0982-250c-8736-bd0f-64370f4e4a33');

--
-- Table structure for table `ops_lieux`
--

CREATE TABLE `ops_lieux` (
  `id` char(36) NOT NULL,
  `name` varchar(255) DEFAULT NULL,
  `date_entered` datetime DEFAULT NULL,
  `date_modified` datetime DEFAULT NULL,
  `modified_user_id` char(36) DEFAULT NULL,
  `created_by` char(36) DEFAULT NULL,
  `description` text DEFAULT NULL,
  `deleted` tinyint(1) DEFAULT 0,
  `assigned_user_id` char(36) DEFAULT NULL,
  `address_numero` varchar(38) DEFAULT NULL,
  `address_street` varchar(38) DEFAULT NULL,
  `address_city` varchar(255) DEFAULT NULL,
  `address_state` varchar(100) DEFAULT NULL,
  `address_postalcode` varchar(10) DEFAULT NULL,
  `address_country` varchar(100) DEFAULT NULL,
  `address_bat` varchar(100) DEFAULT NULL,
  `address_lieu` varchar(100) DEFAULT NULL,
  `address_latitude` varchar(100) DEFAULT NULL,
  `address_longitude` varchar(100) DEFAULT NULL,
  `categorie` varchar(100) DEFAULT NULL,
  `couleur` varchar(255) DEFAULT NULL,
  `latitude` varchar(255) DEFAULT NULL,
  `longitude` varchar(255) DEFAULT NULL,
  `tel` varchar(14) DEFAULT NULL,
  PRIMARY KEY (`id`)
) ENGINE=MyISAM DEFAULT CHARSET=utf8mb3 COLLATE=utf8mb3_general_ci;

--
-- Dumping data for table `ops_lieux`
--

INSERT INTO `ops_lieux` VALUES ('a8f43e2d-cdc4-9b6d-80e7-6425c6769867','Mairie Aix en Provence','2023-03-30 17:25:51','2023-03-30 17:52:33','1','1',NULL,0,'','12','Rue des Rêves','Aix en Provence',NULL,'13290',NULL,NULL,NULL,'43.612614','3.861951',NULL,'7DFFF2',NULL,NULL,NULL),('f20cd081-fcb5-ad68-6965-6425c63dcb45','Annexe de la Duranne','2023-03-30 17:27:33','2023-03-30 17:28:53','1','1',NULL,0,'','256','Rue des Alouettes','Aix-en-Provence',NULL,'13290',NULL,NULL,NULL,'43.48675','5.388088',NULL,'FFD37A',NULL,NULL,NULL),('e83a1b4a-9a31-94ba-ef7d-662f4cae8262','Salle des fêtes de Puyricard','2024-04-29 07:28:21','2024-04-29 07:28:21','1','1','',0,NULL,'35','Avenue  Jean Orsini','Aix-en-Provence',NULL,'13540',NULL,'','','43.580767','5.421721','','5AC48F',NULL,NULL,''),('d495319c-a134-c5c5-c35c-662f4c8144d1','Salle des fêtes de Couteron','2024-04-29 07:28:59','2024-04-29 07:28:59','1','1','',0,NULL,'1','Place  Emile Bossy','Aix-en-Provence',NULL,'13100',NULL,'','','43.599118','5.447923','','FF38D1',NULL,NULL,''),('ea611602-64e8-6052-7411-662f4c217bcd','Salle des fêtes des Platanes','2024-04-29 07:29:38','2024-04-29 07:29:38','1','1','',0,NULL,'','Rue  Fernand Arata','Aix-en-Provence',NULL,'13100',NULL,'','','43.557144','5.462203','','B5A77F',NULL,NULL,'');

--
-- Table structure for table `ops_lieux_audit`
--

CREATE TABLE `ops_lieux_audit` (
  `id` char(36) NOT NULL,
  `parent_id` char(36) NOT NULL,
  `date_created` datetime DEFAULT NULL,
  `created_by` varchar(36) DEFAULT NULL,
  `field_name` varchar(100) DEFAULT NULL,
  `data_type` varchar(100) DEFAULT NULL,
  `before_value_string` varchar(255) DEFAULT NULL,
  `after_value_string` varchar(255) DEFAULT NULL,
  `before_value_text` text DEFAULT NULL,
  `after_value_text` text DEFAULT NULL,
  PRIMARY KEY (`id`),
  KEY `idx_ops_lieux_parent_id` (`parent_id`)
) ENGINE=MyISAM DEFAULT CHARSET=utf8mb3 COLLATE=utf8mb3_general_ci;

--
-- Dumping data for table `ops_lieux_audit`
--

INSERT INTO `ops_lieux_audit` VALUES ('d0bfc72b-3737-d801-c1ee-6425c6a9dae5','a8f43e2d-cdc4-9b6d-80e7-6425c6769867','2023-03-30 17:26:26','1','address_numero','varchar','','12',NULL,NULL),('d4072a67-1e13-18b8-9fe6-6425c6f06a34','a8f43e2d-cdc4-9b6d-80e7-6425c6769867','2023-03-30 17:26:26','1','address_street','varchar','','Rue des Rêves',NULL,NULL),('d42ce731-35a9-e5c0-2217-6425c6f48213','a8f43e2d-cdc4-9b6d-80e7-6425c6769867','2023-03-30 17:26:26','1','address_city','varchar','','Aix en Provence',NULL,NULL),('d44856bc-9b48-c120-8b54-6425c62eb97f','a8f43e2d-cdc4-9b6d-80e7-6425c6769867','2023-03-30 17:26:26','1','address_postalcode','varchar','','13290',NULL,NULL),('d46393ad-dc07-54ac-ea26-6425c6d98f23','a8f43e2d-cdc4-9b6d-80e7-6425c6769867','2023-03-30 17:26:26','1','address_latitude','varchar','','43.612614',NULL,NULL),('d480d4da-a6f2-0243-04c0-6425c6954f94','a8f43e2d-cdc4-9b6d-80e7-6425c6769867','2023-03-30 17:26:26','1','address_longitude','varchar','','3.861951',NULL,NULL);

--
-- Table structure for table `ops_lieux_ops_exception`
--

CREATE TABLE `ops_lieux_ops_exception` (
  `id` varchar(36) NOT NULL,
  `date_modified` datetime DEFAULT NULL,
  `deleted` tinyint(1) DEFAULT 0,
  `ops_lieux_id` varchar(36) DEFAULT NULL,
  `ops_exception_id` varchar(36) DEFAULT NULL,
  PRIMARY KEY (`id`),
  KEY `ops_lieux_ops_exception_ida` (`ops_lieux_id`),
  KEY `ops_lieux_ops_exception_alt` (`ops_exception_id`)
) ENGINE=MyISAM DEFAULT CHARSET=utf8mb3 COLLATE=utf8mb3_general_ci;

--
-- Dumping data for table `ops_lieux_ops_exception`
--


--
-- Table structure for table `ops_lieux_ops_plage_ouverture`
--

CREATE TABLE `ops_lieux_ops_plage_ouverture` (
  `id` varchar(36) NOT NULL,
  `date_modified` datetime DEFAULT NULL,
  `deleted` tinyint(1) DEFAULT 0,
  `ops_lieux_id` varchar(36) DEFAULT NULL,
  `ops_plage_ouverture_id` varchar(36) DEFAULT NULL,
  PRIMARY KEY (`id`),
  KEY `ops_lieux_ops_plage_ouverture_ida1` (`ops_lieux_id`),
  KEY `ops_lieux_ops_plage_ouverture_alt` (`ops_plage_ouverture_id`)
) ENGINE=MyISAM DEFAULT CHARSET=utf8mb3 COLLATE=utf8mb3_general_ci;

--
-- Dumping data for table `ops_lieux_ops_plage_ouverture`
--

INSERT INTO `ops_lieux_ops_plage_ouverture` VALUES ('6982410d-57a1-c59e-7f45-6425c689a98a','2023-03-30 17:28:01',0,'a8f43e2d-cdc4-9b6d-80e7-6425c6769867','5fdb7e8e-2cb7-723a-a925-6425c616ceb3'),('5980033d-72f9-8aea-858a-6425c6d8fa06','2023-03-30 17:28:41',0,'f20cd081-fcb5-ad68-6965-6425c63dcb45','f35f9c04-7c30-516c-f938-6425c66d61dc'),('3c1e0fc3-c5d4-01ed-eb99-6425d08ba77b','2023-03-30 18:08:32',0,'a8f43e2d-cdc4-9b6d-80e7-6425c6769867','2cef0329-3b6d-4950-4d74-6425d0af860c'),('f15550a8-4b32-98bc-4b1b-65f37e1b5dd0','2024-03-14 22:46:38',0,'a8f43e2d-cdc4-9b6d-80e7-6425c6769867','ed8aeab7-c37a-03c7-9543-65f37e34539c'),('d4ac4c05-6312-bf9c-9983-65f37ee78faf','2024-03-14 22:47:42',0,'a8f43e2d-cdc4-9b6d-80e7-6425c6769867','d3b6c938-0647-f568-2390-65f37e54cfbf'),('ec267d83-085d-bb24-1853-65f37e555b17','2024-03-14 22:48:13',0,'a8f43e2d-cdc4-9b6d-80e7-6425c6769867','eac1a55e-c68b-7ba1-ee44-65f37e54702f'),('669e17f8-b8cd-2c27-f295-65f37e9dd265','2024-03-14 22:48:52',0,'a8f43e2d-cdc4-9b6d-80e7-6425c6769867','65913090-94a0-a803-0817-65f37e948e33'),('ac7e19b4-9d61-d1e7-a639-662f50bbfcc3','2024-04-29 07:45:46',0,'ea611602-64e8-6052-7411-662f4c217bcd','abce5ef4-8296-62bd-7e66-662f50714668'),('15000537-2339-9cd5-0fa0-662f509a49e4','2024-04-29 07:47:26',0,'e83a1b4a-9a31-94ba-ef7d-662f4cae8262','146619d1-d3a5-d0f4-a879-662f50902f87'),('bc0c1bd9-db3e-1fcb-4654-662f504f7712','2024-04-29 07:48:34',0,'d495319c-a134-c5c5-c35c-662f4c8144d1','bb65289a-0acd-228f-8b5b-662f50251ab2'),('26f327eb-af91-aacd-c537-662f5139c50e','2024-04-29 07:49:56',0,'d495319c-a134-c5c5-c35c-662f4c8144d1','264a014c-51af-7423-6c31-662f51047133'),('da5540b8-a613-e202-8929-662f70607ec1','2024-04-29 10:02:59',0,'e83a1b4a-9a31-94ba-ef7d-662f4cae8262','d9858afa-6512-a674-e255-662f700d5d47'),('8783258b-054b-b5e8-d4c6-662f70df7ed0','2024-04-29 10:04:39',0,'e83a1b4a-9a31-94ba-ef7d-662f4cae8262','86dca4fd-559e-fdab-1116-662f703f32d1'),('b91b4218-7efa-58a1-9164-662f713eeca9','2024-04-29 10:06:19',0,'e83a1b4a-9a31-94ba-ef7d-662f4cae8262','b83b90da-1710-fc9f-524b-662f71264e37'),('59f90c65-bddc-319e-3a1f-662f71b3629d','2024-04-29 10:07:06',0,'e83a1b4a-9a31-94ba-ef7d-662f4cae8262','59533bb0-8806-e2de-fe1b-662f7121b52a'),('b4a72d92-9b75-f427-3884-662f71d72136','2024-04-29 10:08:21',0,'ea611602-64e8-6052-7411-662f4c217bcd','b407a6b7-e7fe-7509-bec0-662f71d5509f');

--
-- Table structure for table `ops_liquidation`
--

CREATE TABLE `ops_liquidation` (
  `id` char(36) NOT NULL,
  `name` varchar(255) DEFAULT NULL,
  `date_entered` datetime DEFAULT NULL,
  `date_modified` datetime DEFAULT NULL,
  `modified_user_id` char(36) DEFAULT NULL,
  `created_by` char(36) DEFAULT NULL,
  `description` text DEFAULT NULL,
  `deleted` tinyint(1) DEFAULT 0,
  `assigned_user_id` char(36) DEFAULT NULL,
  `date_previsionnelle` date DEFAULT NULL,
  `montant_previsionnel` decimal(26,6) DEFAULT NULL,
  `currency_id` char(36) DEFAULT NULL,
  `valide` tinyint(1) DEFAULT 0,
  `mode_gestion` varchar(100) DEFAULT NULL,
  `montant_ttc` decimal(26,6) DEFAULT NULL,
  `montant_mandate` decimal(26,6) DEFAULT NULL,
  `montant_paye` decimal(26,6) DEFAULT NULL,
  `montant_annule` decimal(26,6) DEFAULT NULL,
  `gestion_financiere_id` varchar(255) DEFAULT NULL,
  `num_ligne_liquidation` varchar(255) DEFAULT NULL,
  `exercice` varchar(255) DEFAULT NULL,
  `numero_bordereau` varchar(255) DEFAULT NULL,
  `date_emission` date DEFAULT NULL,
  `date_paiement` date DEFAULT NULL,
  PRIMARY KEY (`id`)
) ENGINE=MyISAM DEFAULT CHARSET=utf8mb3 COLLATE=utf8mb3_general_ci;

--
-- Dumping data for table `ops_liquidation`
--


--
-- Table structure for table `ops_liquidation_audit`
--

CREATE TABLE `ops_liquidation_audit` (
  `id` char(36) NOT NULL,
  `parent_id` char(36) NOT NULL,
  `date_created` datetime DEFAULT NULL,
  `created_by` varchar(36) DEFAULT NULL,
  `field_name` varchar(100) DEFAULT NULL,
  `data_type` varchar(100) DEFAULT NULL,
  `before_value_string` varchar(255) DEFAULT NULL,
  `after_value_string` varchar(255) DEFAULT NULL,
  `before_value_text` text DEFAULT NULL,
  `after_value_text` text DEFAULT NULL,
  PRIMARY KEY (`id`),
  KEY `idx_ops_liquidation_parent_id` (`parent_id`)
) ENGINE=MyISAM DEFAULT CHARSET=utf8mb3 COLLATE=utf8mb3_general_ci;

--
-- Dumping data for table `ops_liquidation_audit`
--


--
-- Table structure for table `ops_liquidation_documents`
--

CREATE TABLE `ops_liquidation_documents` (
  `id` varchar(36) NOT NULL,
  `date_modified` datetime DEFAULT NULL,
  `deleted` tinyint(1) DEFAULT 0,
  `ops_liquidation_id` varchar(36) DEFAULT NULL,
  `document_id` varchar(36) DEFAULT NULL,
  `document_revision_id` varchar(36) DEFAULT NULL,
  PRIMARY KEY (`id`),
  KEY `ops_liquidation_documents_ida1` (`ops_liquidation_id`),
  KEY `ops_liquidation_documents_alt` (`document_id`)
) ENGINE=MyISAM DEFAULT CHARSET=utf8mb3 COLLATE=utf8mb3_general_ci;

--
-- Dumping data for table `ops_liquidation_documents`
--


--
-- Table structure for table `ops_liste_referentiel`
--

CREATE TABLE `ops_liste_referentiel` (
  `id` char(36) NOT NULL,
  `name` varchar(255) DEFAULT NULL,
  `date_entered` datetime DEFAULT NULL,
  `date_modified` datetime DEFAULT NULL,
  `modified_user_id` char(36) DEFAULT NULL,
  `created_by` char(36) DEFAULT NULL,
  `description` text DEFAULT NULL,
  `deleted` tinyint(1) DEFAULT 0,
  `assigned_user_id` char(36) DEFAULT NULL,
  PRIMARY KEY (`id`)
) ENGINE=InnoDB DEFAULT CHARSET=utf8mb3 COLLATE=utf8mb3_general_ci;

--
-- Dumping data for table `ops_liste_referentiel`
--

INSERT INTO `ops_liste_referentiel` VALUES ('24b43ade-a1a4-496a-2eba-66222e578caa','Périodes scolaires','2024-04-19 08:42:49','2024-04-19 08:42:49','1','1','',0,NULL),('25e3f23c-1058-c155-1f49-65f2c8c3cc19','Lieux Complexe Saint-Exupéry','2024-03-14 09:49:35','2024-03-14 09:49:35','1','1','',0,NULL),('396848f5-5851-bba3-4501-65f1e8e5dbf9','Types de ressources','2024-03-13 17:53:12','2024-03-13 17:53:12','1','1','',0,NULL),('5dd8658d-27c5-89b9-5dc9-682c42eaad4e','Disciplines','2025-05-20 08:51:30','2025-05-20 08:51:30','1','1','',0,NULL),('9214472a-2b75-5c11-0718-6662f5e786b7','Probabilité','2024-06-07 11:56:30','2024-06-07 12:43:25','1','1',NULL,0,''),('bafd019c-4e08-9f60-5091-666c43603251','TEST - DEMANDE LOGICIELS','2024-06-14 13:21:29','2024-06-14 13:21:29','604ce6b2-0113-9588-7fa6-65f42e2efabe','604ce6b2-0113-9588-7fa6-65f42e2efabe','Liste Logiciels proposée',0,NULL),('c7651d75-1a6d-0ddb-aaa9-66222df9715b','Activités prestataires','2024-04-19 08:38:30','2025-02-13 13:21:09','984bab36-6ea9-3a3f-cc48-66e15b39ccb8','1',NULL,0,''),('c8230b04-38f4-ff06-7a01-68db8a50a6ac','Liste Natalia','2025-09-30 07:43:04','2025-09-30 07:43:04','1','1','',0,NULL),('ccdd2a70-5ea9-3893-f743-68db8a3a25a7','cd test','2025-09-30 07:43:50','2025-09-30 07:43:50','c4250303-bf3c-53d5-45a9-66e15bb9cb43','c4250303-bf3c-53d5-45a9-66e15bb9cb43','',0,NULL),('d94715b6-66c5-71ce-4be9-65c05c552507','Oui-Non','2024-02-05 03:56:11','2024-02-05 03:56:11','1','1','',0,NULL),('eef6ca37-36d9-6e7e-e4cd-65f2c74cef36','Lieux Maison des sports et de la jeunesse','2024-03-14 09:46:55','2024-03-14 09:49:01','1','1',NULL,0,'');

--
-- Table structure for table `ops_liste_referentiel_audit`
--

CREATE TABLE `ops_liste_referentiel_audit` (
  `id` char(36) NOT NULL,
  `parent_id` char(36) NOT NULL,
  `date_created` datetime DEFAULT NULL,
  `created_by` varchar(36) DEFAULT NULL,
  `field_name` varchar(100) DEFAULT NULL,
  `data_type` varchar(100) DEFAULT NULL,
  `before_value_string` varchar(255) DEFAULT NULL,
  `after_value_string` varchar(255) DEFAULT NULL,
  `before_value_text` text DEFAULT NULL,
  `after_value_text` text DEFAULT NULL,
  PRIMARY KEY (`id`),
  KEY `idx_ops_liste_referentiel_parent_id` (`parent_id`)
) ENGINE=InnoDB DEFAULT CHARSET=utf8mb3 COLLATE=utf8mb3_general_ci;

--
-- Dumping data for table `ops_liste_referentiel_audit`
--


--
-- Table structure for table `ops_liste_valeur`
--

CREATE TABLE `ops_liste_valeur` (
  `id` char(36) NOT NULL,
  `name` varchar(255) DEFAULT NULL,
  `date_entered` datetime DEFAULT NULL,
  `date_modified` datetime DEFAULT NULL,
  `modified_user_id` char(36) DEFAULT NULL,
  `created_by` char(36) DEFAULT NULL,
  `description` text DEFAULT NULL,
  `deleted` tinyint(1) DEFAULT 0,
  `assigned_user_id` char(36) DEFAULT NULL,
  `libelle` varchar(255) DEFAULT NULL,
  `ordre` int(255) DEFAULT 0,
  PRIMARY KEY (`id`)
) ENGINE=InnoDB DEFAULT CHARSET=utf8mb3 COLLATE=utf8mb3_general_ci;

--
-- Dumping data for table `ops_liste_valeur`
--

INSERT INTO `ops_liste_valeur` VALUES ('11e242f0-700d-3cd3-44f0-65f1e8b1bf6b','','2024-03-13 17:56:08','2024-03-13 17:56:08','1','1',NULL,0,NULL,'Tables et chaises',40),('1a4dd859-67fc-9d91-feba-66222eef48cb','VAA','2024-04-19 08:43:21','2024-04-19 08:43:21','1','1',NULL,0,NULL,'Vacances animation',20),('1e4fd31d-c5ba-fc0d-09e0-6662f54cd48a','2','2024-06-07 11:56:54','2024-06-07 12:43:43','1','1',NULL,0,'','Forte',2),('2942259d-2aa5-c4dc-cee2-666c44c037b7','4','2024-06-14 13:23:23','2024-06-14 14:22:05','604ce6b2-0113-9588-7fa6-65f42e2efabe','604ce6b2-0113-9588-7fa6-65f42e2efabe',NULL,0,'','BTP - AUtocad',4),('2e352a02-a355-4362-a82c-66222df16189','ALR','2024-04-19 08:39:18','2024-04-19 08:39:18','1','1',NULL,0,NULL,'AL - Réunion',10),('35d74de1-f50f-8e42-a146-67aa1c28a1b3','50','2025-02-10 15:34:24','2025-02-10 15:34:24','1','1',NULL,0,NULL,'Ajoutée',50),('37db3ab6-7612-30e7-9f0e-66222eef372b','VAD','2024-04-19 08:43:40','2024-04-19 08:43:40','1','1',NULL,0,NULL,'Vacances Direction',30),('39e30b59-c6eb-d5f4-c3d1-682c428e41a3','karate','2025-05-20 08:52:21','2025-05-20 08:52:21','1','1',NULL,0,NULL,'Karaté',2),('3a8a0a5c-02d2-9f32-cad7-65f2c8f50783','SAM','2024-03-14 09:50:17','2024-03-14 10:51:41','1','1',NULL,0,'','Salle André Malraux',10),('3c53dbeb-a6bf-7cb7-77e2-66222e746660','GYM','2024-04-19 08:42:03','2024-04-19 08:42:03','1','1',NULL,0,NULL,'Gymnastique',40),('408974f0-6db8-8ee0-0c2a-682c42dfa274','course','2025-05-20 08:52:03','2025-05-20 08:52:03','1','1',NULL,0,NULL,'Course à pieds',1),('48d18909-5e13-96d5-a9e2-65f1e8d8b510','','2024-03-13 17:55:01','2024-03-13 17:55:01','1','1',NULL,0,NULL,'Salles',10),('4953a848-02ef-5d04-a7f1-66222ec70893','ALA','2024-04-19 08:40:45','2024-04-19 08:40:45','1','1',NULL,0,NULL,'AL - animation',20),('4ed71ca2-e17b-9e77-1c9e-65c05cf85acf','vide','2024-02-05 03:57:36','2024-02-05 03:57:36','1','1',NULL,0,NULL,' Non saisi',5),('4f87807f-1aeb-569c-d9a0-65f1e8660466','','2024-03-13 17:55:43','2024-03-13 17:55:43','1','1',NULL,0,NULL,'Equipements culturels',20),('50a4de66-b32b-b903-68df-65f1e8e6df97','','2024-03-13 17:57:03','2024-03-13 17:57:03','1','1',NULL,0,NULL,'Equipements vidéo',60),('5317a43d-9800-7eb3-4b68-666c4497ee75','2','2024-06-14 13:22:27','2024-06-14 14:21:41','604ce6b2-0113-9588-7fa6-65f42e2efabe','604ce6b2-0113-9588-7fa6-65f42e2efabe',NULL,0,'','Finance ASTRE',2),('5f30a446-babb-376a-2594-65c05c3852b6','oui','2024-02-05 03:56:31','2024-02-05 03:56:31','1','1',NULL,0,NULL,'Oui',10),('62302a21-56d5-14a7-69a6-666c43e26aa6','1','2024-06-14 13:22:05','2024-06-14 14:21:33','604ce6b2-0113-9588-7fa6-65f42e2efabe','604ce6b2-0113-9588-7fa6-65f42e2efabe',NULL,0,'','Office 365',1),('6cfaddc0-0ed4-c88b-d37d-65f2c88b6e53','GCO','2024-03-14 09:51:06','2024-03-14 10:52:15','1','1',NULL,0,'','Gymnase du COSEC',30),('6e4db4db-f4ae-6eb6-4512-68db8a083e50','1','2025-09-30 07:43:43','2025-09-30 07:43:43','1','1',NULL,0,NULL,'Libellée 1',1),('7ad76dde-bc9b-f19b-ad4e-65f1e84c445f','','2024-03-13 17:55:21','2024-03-13 17:55:21','1','1',NULL,0,NULL,'Equipements sportifs',20),('830736cc-2eca-bd30-167d-6662f546e78c','3','2024-06-07 11:57:01','2024-06-07 12:43:53','1','1',NULL,0,'','Moyenne',3),('8582d242-d830-fd11-2e8c-65c05cb8430e','non','2024-02-05 03:56:51','2024-02-05 03:56:51','1','1',NULL,0,NULL,'Non',20),('8a0ba0ad-8688-a522-65d9-6662f55b05a3','4','2024-06-07 11:57:09','2024-06-07 12:44:02','1','1',NULL,0,'','Faible',4),('9bfd8f9e-d4ef-8563-25e5-65f2c7b3f3c8','','2024-03-14 09:48:04','2024-03-14 09:48:04','1','1',NULL,0,NULL,'Salle Carbonnel',20),('a921285a-5445-14a1-433b-66222eb8d51e','HVA','2024-04-19 08:43:05','2024-04-19 08:43:05','1','1',NULL,0,NULL,'Hors vacances',10),('ab0a0075-bfec-96d6-24b4-65f2c7d21c4d','','2024-03-14 09:47:49','2024-03-14 09:47:49','1','1',NULL,0,NULL,'Salle de conférence',10),('b62552a0-a42e-d273-6d8b-6662f57ec18a','1','2024-06-07 11:56:45','2024-06-07 12:43:36','1','1',NULL,0,'','Très forte',1),('bb3a8dcb-51fa-c5be-ee8e-666c448a4780','3','2024-06-14 13:22:55','2024-06-14 14:21:56','604ce6b2-0113-9588-7fa6-65f42e2efabe','604ce6b2-0113-9588-7fa6-65f42e2efabe',NULL,0,'','Logiciel Courriers',3),('c19e6208-5771-429c-8b30-65f2c84ce423','SPC','2024-03-14 09:50:40','2024-03-14 10:52:02','1','1',NULL,0,'','Salle Pierre de Coubertin',20),('c3d05202-3cb1-75f5-2ef2-66222e04b23c','PAL','2024-04-19 08:41:21','2024-04-19 08:41:21','1','1',NULL,0,NULL,'Prépa accueil Loisir',30),('d806d5d0-ff44-1274-9420-68db8a4b2128','2','2025-09-30 07:43:58','2025-09-30 07:43:58','1','1',NULL,0,NULL,'Libellé 2',2),('df6c229e-bc69-6150-e152-65f1e800b71f',NULL,'2024-03-13 17:56:28','2024-03-13 17:57:17','1','1',NULL,0,'','Equipements audio',50);

--
-- Table structure for table `ops_liste_valeur_audit`
--

CREATE TABLE `ops_liste_valeur_audit` (
  `id` char(36) NOT NULL,
  `parent_id` char(36) NOT NULL,
  `date_created` datetime DEFAULT NULL,
  `created_by` varchar(36) DEFAULT NULL,
  `field_name` varchar(100) DEFAULT NULL,
  `data_type` varchar(100) DEFAULT NULL,
  `before_value_string` varchar(255) DEFAULT NULL,
  `after_value_string` varchar(255) DEFAULT NULL,
  `before_value_text` text DEFAULT NULL,
  `after_value_text` text DEFAULT NULL,
  PRIMARY KEY (`id`),
  KEY `idx_ops_liste_valeur_parent_id` (`parent_id`)
) ENGINE=InnoDB DEFAULT CHARSET=utf8mb3 COLLATE=utf8mb3_general_ci;

--
-- Dumping data for table `ops_liste_valeur_audit`
--

INSERT INTO `ops_liste_valeur_audit` VALUES ('7b7603d9-0387-bf66-dc9c-666300a36017','b62552a0-a42e-d273-6d8b-6662f57ec18a','2024-06-07 12:43:36','1','libelle','varchar','100 %','Très forte',NULL,NULL),('801fc0ec-3bee-9e70-b394-65f1e8364c11','df6c229e-bc69-6150-e152-65f1e800b71f','2024-03-13 17:57:17','1','libelle','varchar','Equipents audio','Equipements audio',NULL,NULL),('d920167e-50be-3fb9-709a-666300d3f968','1e4fd31d-c5ba-fc0d-09e0-6662f54cd48a','2024-06-07 12:43:43','1','libelle','varchar','75 %','Forte',NULL,NULL),('e8e6c79c-24ab-2be8-d84a-66630068874e','830736cc-2eca-bd30-167d-6662f546e78c','2024-06-07 12:43:53','1','libelle','varchar','50 %','Moyenne',NULL,NULL),('e9bb3696-7f7f-2b91-9a7e-666300655624','8a0ba0ad-8688-a522-65d9-6662f55b05a3','2024-06-07 12:44:02','1','libelle','varchar','25 %','Faible',NULL,NULL);

--
-- Table structure for table `ops_liste_valeur_ops_liste_referentiel`
--

CREATE TABLE `ops_liste_valeur_ops_liste_referentiel` (
  `id` varchar(36) NOT NULL,
  `date_modified` datetime DEFAULT NULL,
  `deleted` tinyint(1) DEFAULT 0,
  `ops_liste_referentiel_id` varchar(36) DEFAULT NULL,
  `ops_liste_valeur_id` varchar(36) DEFAULT NULL,
  PRIMARY KEY (`id`),
  KEY `ops_liste_valeur_ops_liste_referentiel_ida1` (`ops_liste_referentiel_id`),
  KEY `ops_liste_valeur_ops_liste_referentiel_alt` (`ops_liste_valeur_id`)
) ENGINE=InnoDB DEFAULT CHARSET=utf8mb3 COLLATE=utf8mb3_general_ci;

--
-- Dumping data for table `ops_liste_valeur_ops_liste_referentiel`
--

INSERT INTO `ops_liste_valeur_ops_liste_referentiel` VALUES ('1287d514-c818-31d9-779f-65f1e8518efa','2024-03-13 17:56:08',0,'396848f5-5851-bba3-4501-65f1e8e5dbf9','11e242f0-700d-3cd3-44f0-65f1e8b1bf6b'),('1ac89944-2026-caa9-177d-66222e404b73','2024-04-19 08:43:21',0,'24b43ade-a1a4-496a-2eba-66222e578caa','1a4dd859-67fc-9d91-feba-66222eef48cb'),('1ee7de49-5944-21dc-8d0b-6662f58f4765','2024-06-07 11:56:54',0,'9214472a-2b75-5c11-0718-6662f5e786b7','1e4fd31d-c5ba-fc0d-09e0-6662f54cd48a'),('29cc3500-2fce-5821-2ad1-666c44360ce0','2024-06-14 13:23:23',0,'bafd019c-4e08-9f60-5091-666c43603251','2942259d-2aa5-c4dc-cee2-666c44c037b7'),('32f3bb66-2bed-6209-fd7c-66222d04c430','2024-04-19 08:39:18',0,'c7651d75-1a6d-0ddb-aaa9-66222df9715b','2e352a02-a355-4362-a82c-66222df16189'),('365fdfc0-b834-2372-adcc-67aa1cb99b60','2025-02-10 15:34:24',0,'c7651d75-1a6d-0ddb-aaa9-66222df9715b','35d74de1-f50f-8e42-a146-67aa1c28a1b3'),('385ccbfe-6c47-8ab7-a3dd-66222e315aa1','2024-04-19 08:43:40',0,'24b43ade-a1a4-496a-2eba-66222e578caa','37db3ab6-7612-30e7-9f0e-66222eef372b'),('3d045443-aaf6-2760-cfb5-66222e839c1a','2024-04-19 08:42:03',0,'c7651d75-1a6d-0ddb-aaa9-66222df9715b','3c53dbeb-a6bf-7cb7-77e2-66222e746660'),('407805de-ead8-d840-0702-682c42074bc1','2025-05-20 08:52:21',0,'5dd8658d-27c5-89b9-5dc9-682c42eaad4e','39e30b59-c6eb-d5f4-c3d1-682c428e41a3'),('4104afa7-05a0-fe5c-5e4f-682c42b2e0e2','2025-05-20 08:52:03',0,'5dd8658d-27c5-89b9-5dc9-682c42eaad4e','408974f0-6db8-8ee0-0c2a-682c42dfa274'),('453a0959-2f40-1dac-054b-65f2c869c45d','2024-03-14 09:50:17',0,'25e3f23c-1058-c155-1f49-65f2c8c3cc19','3a8a0a5c-02d2-9f32-cad7-65f2c8f50783'),('4a194f97-5499-a36a-9b26-66222edb33c7','2024-04-19 08:40:45',0,'c7651d75-1a6d-0ddb-aaa9-66222df9715b','4953a848-02ef-5d04-a7f1-66222ec70893'),('4a4ab90b-349f-fb8e-346f-65f1e84308db','2024-03-13 17:55:01',0,'396848f5-5851-bba3-4501-65f1e8e5dbf9','48d18909-5e13-96d5-a9e2-65f1e8d8b510'),('4f82b83e-cec2-abb9-1b42-65c05c5a6406','2024-02-05 03:57:36',0,'d94715b6-66c5-71ce-4be9-65c05c552507','4ed71ca2-e17b-9e77-1c9e-65c05cf85acf'),('5027f48d-0206-06f6-6b60-65f1e8427a6a','2024-03-13 17:55:43',0,'396848f5-5851-bba3-4501-65f1e8e5dbf9','4f87807f-1aeb-569c-d9a0-65f1e8660466'),('514e69b6-a435-794d-4151-65f1e83c9b0f','2024-03-13 17:57:03',0,'396848f5-5851-bba3-4501-65f1e8e5dbf9','50a4de66-b32b-b903-68df-65f1e8e6df97'),('539a6997-1eac-7244-63c4-666c44679c3b','2024-06-14 13:22:27',0,'bafd019c-4e08-9f60-5091-666c43603251','5317a43d-9800-7eb3-4b68-666c4497ee75'),('6029660a-b44e-83d6-e185-65c05c474324','2024-02-05 03:56:31',0,'d94715b6-66c5-71ce-4be9-65c05c552507','5f30a446-babb-376a-2594-65c05c3852b6'),('62c449da-85a6-49c3-8503-666c4313cfdb','2024-06-14 13:22:05',0,'bafd019c-4e08-9f60-5091-666c43603251','62302a21-56d5-14a7-69a6-666c43e26aa6'),('6dc86df7-9a99-edcd-8d7e-65f2c8c5095e','2024-03-14 09:51:06',0,'25e3f23c-1058-c155-1f49-65f2c8c3cc19','6cfaddc0-0ed4-c88b-d37d-65f2c88b6e53'),('6ecce204-8021-a114-669d-68db8a1818aa','2025-09-30 07:44:50',1,'c8230b04-38f4-ff06-7a01-68db8a50a6ac','6e4db4db-f4ae-6eb6-4512-68db8a083e50'),('7bdb958c-1829-6968-41b2-65f1e87c5319','2024-03-13 17:55:21',0,'396848f5-5851-bba3-4501-65f1e8e5dbf9','7ad76dde-bc9b-f19b-ad4e-65f1e84c445f'),('8385f88d-12dc-c262-9ecc-6662f5b67ef6','2024-06-07 11:57:01',0,'9214472a-2b75-5c11-0718-6662f5e786b7','830736cc-2eca-bd30-167d-6662f546e78c'),('8629040f-7d07-8eec-2854-65c05cf9e6bb','2024-02-05 03:56:51',0,'d94715b6-66c5-71ce-4be9-65c05c552507','8582d242-d830-fd11-2e8c-65c05cb8430e'),('8a98d2ab-22d7-45a9-5693-6662f547cabd','2024-06-07 11:57:09',0,'9214472a-2b75-5c11-0718-6662f5e786b7','8a0ba0ad-8688-a522-65d9-6662f55b05a3'),('9cbc9653-96bc-7fc7-e080-65f2c77f72c6','2024-03-14 09:48:04',0,'eef6ca37-36d9-6e7e-e4cd-65f2c74cef36','9bfd8f9e-d4ef-8563-25e5-65f2c7b3f3c8'),('a9aeec1b-dadf-0459-0cc7-66222e9b1171','2024-04-19 08:43:05',0,'24b43ade-a1a4-496a-2eba-66222e578caa','a921285a-5445-14a1-433b-66222eb8d51e'),('abc8ef16-eac5-b860-9b5d-65f2c74999d1','2024-03-14 09:47:49',0,'eef6ca37-36d9-6e7e-e4cd-65f2c74cef36','ab0a0075-bfec-96d6-24b4-65f2c7d21c4d'),('b6ba68d8-8573-a89d-5e77-6662f53a3950','2024-06-07 11:56:45',0,'9214472a-2b75-5c11-0718-6662f5e786b7','b62552a0-a42e-d273-6d8b-6662f57ec18a'),('bbc3328f-5c18-7031-e275-666c44eb5d0e','2024-06-14 13:22:55',0,'bafd019c-4e08-9f60-5091-666c43603251','bb3a8dcb-51fa-c5be-ee8e-666c448a4780'),('c240add8-aee7-e348-26c6-65f2c8bcc8eb','2024-03-14 09:50:40',0,'25e3f23c-1058-c155-1f49-65f2c8c3cc19','c19e6208-5771-429c-8b30-65f2c84ce423'),('c44e7577-194f-b9c2-6755-66222ebb292a','2024-04-19 08:41:21',0,'c7651d75-1a6d-0ddb-aaa9-66222df9715b','c3d05202-3cb1-75f5-2ef2-66222e04b23c'),('d877c5c1-060e-0368-d4cd-68db8a8c6e6d','2025-09-30 07:43:58',0,'c8230b04-38f4-ff06-7a01-68db8a50a6ac','d806d5d0-ff44-1274-9420-68db8a4b2128'),('e015a5f6-2ac0-e79d-9a17-65f1e82bac8f','2024-03-13 17:56:28',0,'396848f5-5851-bba3-4501-65f1e8e5dbf9','df6c229e-bc69-6150-e152-65f1e800b71f');

--
-- Table structure for table `ops_localisation`
--

CREATE TABLE `ops_localisation` (
  `id` char(36) NOT NULL,
  `name` varchar(255) DEFAULT NULL,
  `date_entered` datetime DEFAULT NULL,
  `date_modified` datetime DEFAULT NULL,
  `modified_user_id` char(36) DEFAULT NULL,
  `created_by` char(36) DEFAULT NULL,
  `description` text DEFAULT NULL,
  `deleted` tinyint(1) DEFAULT 0,
  `assigned_user_id` char(36) DEFAULT NULL,
  `code_commune` int(255) DEFAULT NULL,
  `code_departement` int(255) DEFAULT NULL,
  `code_region` int(255) DEFAULT NULL,
  `canton` varchar(255) DEFAULT NULL,
  `code_canton` int(255) DEFAULT NULL,
  PRIMARY KEY (`id`)
) ENGINE=MyISAM DEFAULT CHARSET=utf8mb3 COLLATE=utf8mb3_general_ci;

--
-- Dumping data for table `ops_localisation`
--


--
-- Table structure for table `ops_localisation_audit`
--

CREATE TABLE `ops_localisation_audit` (
  `id` char(36) NOT NULL,
  `parent_id` char(36) NOT NULL,
  `date_created` datetime DEFAULT NULL,
  `created_by` varchar(36) DEFAULT NULL,
  `field_name` varchar(100) DEFAULT NULL,
  `data_type` varchar(100) DEFAULT NULL,
  `before_value_string` varchar(255) DEFAULT NULL,
  `after_value_string` varchar(255) DEFAULT NULL,
  `before_value_text` text DEFAULT NULL,
  `after_value_text` text DEFAULT NULL,
  PRIMARY KEY (`id`),
  KEY `idx_ops_localisation_parent_id` (`parent_id`)
) ENGINE=MyISAM DEFAULT CHARSET=utf8mb3 COLLATE=utf8mb3_general_ci;

--
-- Dumping data for table `ops_localisation_audit`
--


--
-- Table structure for table `ops_modele_document`
--

CREATE TABLE `ops_modele_document` (
  `id` char(36) NOT NULL,
  `name` varchar(255) DEFAULT NULL,
  `date_entered` datetime DEFAULT NULL,
  `date_modified` datetime DEFAULT NULL,
  `modified_user_id` char(36) DEFAULT NULL,
  `created_by` char(36) DEFAULT NULL,
  `description` text DEFAULT NULL,
  `deleted` tinyint(1) DEFAULT 0,
  `assigned_user_id` char(36) DEFAULT NULL,
  `ops_type_document_id_c` char(36) DEFAULT NULL,
  `actif` tinyint(1) DEFAULT 1,
  `type` varchar(100) DEFAULT NULL,
  `format_sortie` varchar(20) DEFAULT 'PDF',
  `pdfheader` longtext DEFAULT NULL,
  `pdffooter` longtext DEFAULT NULL,
  PRIMARY KEY (`id`)
) ENGINE=InnoDB DEFAULT CHARSET=utf8mb3 COLLATE=utf8mb3_general_ci;

--
-- Dumping data for table `ops_modele_document`
--

INSERT INTO `ops_modele_document` VALUES ('167fe1b8-53a3-ff9e-6a90-64f3831fe2a4','Attestation','2023-09-02 18:48:31','2024-05-23 14:04:50','1','1','<p dir=\"ltr\"> </p>\n<table align=\"center\">\n<tbody>\n<tr>\n<td> <img src=\"https://demo23-crm.opensub.fr/custom/themes/OEPLTheme/images/open-CRM-50.png\" alt=\"Description : logo Open CRM\" /></td>\n<td> </td>\n<td>\n<p><strong>DEPARTEMENT DE DEMO</strong></p>\n<p> </p>\n<p><em>DIRECTION DE L’APPUI A LA PERFORMANCE ET A L’INNOVATION</em></p>\n<p><em> </em></p>\n</td>\n</tr>\n<tr>\n<td> </td>\n<td> </td>\n<td> </td>\n</tr>\n</tbody>\n</table>\n<p dir=\"ltr\"><span> </span></p>\n<p dir=\"ltr\">Entre  </p>\n<p dir=\"ltr\"><strong>Le DEPARTEMENT DE DEMO</strong></p>\n<p dir=\"ltr\">Représenté par Madame la Présidente du Conseil Départemental</p>\n<p dir=\"ltr\">D’une part</p>\n<p dir=\"ltr\">ET  </p>\n<p dir=\"ltr\">Nom de l’association : $ops_personne_morale_name</p>\n<p dir=\"ltr\">Représenté par $demandeur_salutation $demandeur_last_name $demandeur_first_name</p>\n<p dir=\"ltr\">D’autre part,</p>\n<p dir=\"ltr\"><span> </span></p>\n<p><strong>VU</strong> le Code Général des Collectivités Territoriales ;<br /><strong>VU</strong> la délibération n°56 de la séance plénière du 22 juin 2022,<br /><strong>VU</strong> la délibération n°300 de la commission permanente du 21 septembre 2022<br /><strong>VU</strong> la délibération n°20 de la commission permanente du 25 janvier 2023<br /><strong>VU</strong> la délibération n°85 de la commission permanente du 22 mars 2023</p>\n<p dir=\"ltr\"> </p>\n<p dir=\"ltr\"><span id=\"sugar_text_docs-internal-guid-d9dfc72e-7fff-1aae-1b55-73066158c5fc\">VU la décision de la Commission Permanente N° XXXX date du XXXX ;</span></p>\n<p dir=\"ltr\"> </p>\n<h3 dir=\"ltr\"><span>IL EST CONVENU CE QUI SUIT</span></h3>\n<p dir=\"ltr\"> </p>\n<h3 dir=\"ltr\">Article 1 : Objet de la convention</h3>\n<p dir=\"ltr\">La présente convention fixe les modalités de mise en œuvre d’une subvention du Département au profit d’une initiative citoyenne intitulée : XXXX<span id=\"sugar_text_docs-internal-guid-7321043f-7fff-39b9-c5a5-09d64bc6e36e\">.</span></p>\n<p dir=\"ltr\">Cette action associative s’inscrit dans la thématique : $ops_dossier_thematique.</p>\n<p dir=\"ltr\">Le budget prévisionnel est d’un montant de $ops_dossier_montant_vote €, avec un délai de mise en œuvre de 6 mois renouvelable une fois au maximum.</p>\n<p dir=\"ltr\"> </p>\n<h3 dir=\"ltr\">Article 2 : Durée de la convention</h3>\n<p dir=\"ltr\">La convention est signée pour une durée maximale de 12 mois, délai maximal de mise en œuvre de l’initiative lauréate.</p>\n<p dir=\"ltr\"> </p>\n<h3 dir=\"ltr\">Article 3 : Contribution financière</h3>\n<p dir=\"ltr\">Pour la réalisation de ce projet (article 1), le Département alloue à l\'Association $ops_personne_morale_name une subvention maximale de $ops_dossier_montant_vote €<span id=\"sugar_text_docs-internal-guid-d677985d-7fff-0765-c4c8-5bb0c74554d0\">.</span></p>\n<p dir=\"ltr\"> </p>\n<h3 dir=\"ltr\">Article 4 : Modalités de versement et justificatifs</h3>\n<p dir=\"ltr\">L’aide départementale fera l’objet d’un seul versement après la signature de la présente convention.</p>\n<p> </p>\n<h3 dir=\"ltr\">Article 5 : Engagements de l\'association - gestion administrative</h3>\n<p>Par la présente convention, l\'association s\'engage : </p>\n<ul>\n<li>à réaliser l’action énoncée à l\'article 1 et détaillé sur la plateforme dédiée, dans le cadre du budget prévisionnel arrêté,</li>\n<li>à suivre les procédures administratives permettant le suivi de l’action, </li>\n<li>à accueillir la délégation du Département pour le contrôle de la mise en œuvre de l’action,</li>\n<li>à mettre en oeuvre le projet dans un délai de 6 mois ; </li>\n<li>à transmettre au moins deux photos justifiant de la mise en oeuvre du projet ; </li>\n<li>à transmettre les factures acquittées dans un délai de 6 mois maximum après la date du versement </li>\n<li>à se rendre disponible pour un contrôle sur place de l’action réalisée par le Département ou par toute personne habilitée.</li>\n</ul>\n<p dir=\"ltr\"> </p>\n<h3>Article 6. Engagements de l’association - communication</h3>\n<p>Par la présente convention, l\'association s\'engage :</p>\n<ul>\n<li>à rendre compte aux citoyens de l’avancement du projet par le biais d’intégration de données sur la plateforme dédiée ;</li>\n<li>à faire mention du concours du Département de la Creuse pour toutes les formes de communication liées à la réalisation des opérations,</li>\n<li>à apposer le logo du Budget d’Initiative Citoyenne du Département sur les supports de communication .</li>\n</ul>\n<p dir=\"ltr\"> </p>\n<h3>Article 7. Responsabilité et assurance</h3>\n<p>L’association est responsable du respect des législations spécifiques à son activité. Elle est seule responsable vis-à-vis de ses membres, de ses salariés et des tiers de tous accidents, dégâts et dommages de quelque nature qu’ils soient, résultant de son activité.</p>\n<p><br /><span id=\"sugar_text_docs-internal-guid-2ca2f9eb-7fff-0c6b-1096-c32c148c2a99\">L’association fait son affaire personnelle de tous les risques et litiges pouvant survenir de fait de son activité. Elle s’engage à souscrire, auprès d’une ou plusieurs compagnies notoirement solvables, les garanties couvrant les conséquences dommageables qui pourraient lui être imputés à cet égard, de manière que la responsabilité du Département ne puisse être recherchée. Elle paiera les primes et cotisations de ces assurances de façon à ce que le Département ne puisse en aucun cas être inquiété.</span></p>\n<h3><br />Article 8. Reversement de toute ou partie de la subvention</h3>\n<p>En cas de non-respect par le bénéficiaire de ses engagements ou de la non utilisation des fonds conformément au projet présenté, celui-ci devra reverser les fonds au Département après réception d\'un titre exécutoire émis par la collectivité.<br />De même, lorsque les factures produites ne suffisent pas à justifier le montant des fonds accordés, ceux-ci seront réajustés sur le montant réel des dépenses. Dans ce cas, l\'excédent de la subvention déjà versée fera l\'objet d\'un titre de recette émis par la collectivité.</p>\n<h3><br />Article 9. Modification de la convention</h3>\n<p>La présente convention pourra être modifiée par voie d’avenant, avec l’accord des signataires.</p>\n<p> </p>\n<h3>Article 10. Résiliation et litiges</h3>\n<p>Si l’association $personne_morale_name n’était pas en mesure de respecter les termes de la présente convention, le Département de La Creuse se réserverait le droit de la résilier et d’exiger la restitution de tout ou partie des sommes versées.</p>\n<p><br />En cas de litige, la juridiction compétente, en cas d’échec de résolution à l’amiable, est le Tribunal Administratif de Saint-Denis de La Réunion.</p>\n<h3><br />Article 11. Publicité</h3>\n<p>Le bénéficiaire s’engage, le cas échéant, à assurer la publicité de la participation du département en faisant mention de son intervention sur tout support de communication ; et en assurant une information systématique de la participation de la collectivité dans tous les contacts presse et interventions publiques.</p>\n<p dir=\"ltr\"> </p>\n<p dir=\"ltr\">Fait en deux exemplaires originaux,</p>\n<p dir=\"ltr\"> </p>\n<p dir=\"ltr\"> </p>\n<table>\n<tbody>\n<tr>\n<td>\n<p>L\'Assocation $ops_personne_morale_name</p>\n<p>$demandeur_salutation $demandeur_last_name $demandeur_first_name</p>\n</td>\n<td>                                           </td>\n<td>LA PRESIDENTE DU DEPARTEMENT</td>\n</tr>\n</tbody>\n</table>',0,'','db752fbe-685e-ec86-eff7-6437072e5e9c',1,'OPS_dossier','PDF',NULL,NULL),('3ba30f66-9de0-0a47-3814-652f7ca46719','Notification de refus','2023-10-18 06:34:11','2023-10-18 06:34:11','1','1','<h2>NOTIFICATION D\'ACCORD</h2>\n<p> </p>\n<p><span>Modèle à paramétrer</span></p>',0,NULL,'668a15e1-bf6b-62a2-0ddb-64e713e2ae45',1,'OPS_dossier','PDF',NULL,NULL),('a334acc3-3dff-894a-d5d4-64f08cd7f4c5','Convention','2023-08-31 12:48:33','2023-10-18 07:39:19','1','1','<p dir=\"ltr\"> </p>\n<table align=\"center\">\n<tbody>\n<tr>\n<td> <img src=\"https://demo23-crm.opensub.fr/custom/themes/OEPLTheme/images/open-CRM-50.png\" alt=\"Description : logo Open CRM\" /></td>\n<td> </td>\n<td>\n<p><strong>DEPARTEMENT DE DEMO</strong></p>\n<p> </p>\n<p><em>DIRECTION DE L’APPUI A LA PERFORMANCE ET A L’INNOVATION</em></p>\n<p><em> </em></p>\n<p>CONVENTION N° XXX</p>\n</td>\n</tr>\n<tr>\n<td> </td>\n<td> </td>\n<td> </td>\n</tr>\n</tbody>\n</table>\n<p dir=\"ltr\"><span> </span></p>\n<p dir=\"ltr\">Entre  </p>\n<p dir=\"ltr\"><strong>Le DEPARTEMENT DE DEMO</strong></p>\n<p dir=\"ltr\">Représenté par Madame la Présidente du Conseil Départemental</p>\n<p dir=\"ltr\">D’une part</p>\n<p dir=\"ltr\">ET  </p>\n<p dir=\"ltr\">Nom de l’association : $ops_personne_morale_name</p>\n<p dir=\"ltr\">Représenté par $demandeur_salutation $demandeur_last_name $demandeur_first_name</p>\n<p dir=\"ltr\">D’autre part,</p>\n<p dir=\"ltr\"><span> </span></p>\n<p><strong>VU</strong> le Code Général des Collectivités Territoriales ;<br /><strong>VU</strong> la délibération n°56 de la séance plénière du 22 juin 2022,<br /><strong>VU</strong> la délibération n°300 de la commission permanente du 21 septembre 2022<br /><strong>VU</strong> la délibération n°20 de la commission permanente du 25 janvier 2023<br /><strong>VU</strong> la délibération n°85 de la commission permanente du 22 mars 2023</p>\n<p dir=\"ltr\"> </p>\n<p dir=\"ltr\"><span id=\"sugar_text_docs-internal-guid-d9dfc72e-7fff-1aae-1b55-73066158c5fc\">VU la décision de la Commission Permanente N° XXXX date du XXXX ;</span></p>\n<p dir=\"ltr\"> </p>\n<h3 dir=\"ltr\"><span>IL EST CONVENU CE QUI SUIT</span></h3>\n<p dir=\"ltr\"> </p>\n<h3 dir=\"ltr\">Article 1 : Objet de la convention</h3>\n<p dir=\"ltr\">La présente convention fixe les modalités de mise en œuvre d’une subvention du Département au profit d’une initiative citoyenne intitulée : XXXX<span id=\"sugar_text_docs-internal-guid-7321043f-7fff-39b9-c5a5-09d64bc6e36e\">.</span></p>\n<p dir=\"ltr\">Cette action associative s’inscrit dans la thématique : $ops_dossier_thematique.</p>\n<p dir=\"ltr\">Le budget prévisionnel est d’un montant de $ops_dossier_montant_vote €, avec un délai de mise en œuvre de 6 mois renouvelable une fois au maximum.</p>\n<p dir=\"ltr\"> </p>\n<h3 dir=\"ltr\">Article 2 : Durée de la convention</h3>\n<p dir=\"ltr\">La convention est signée pour une durée maximale de 12 mois, délai maximal de mise en œuvre de l’initiative lauréate.</p>\n<p dir=\"ltr\"> </p>\n<h3 dir=\"ltr\">Article 3 : Contribution financière</h3>\n<p dir=\"ltr\">Pour la réalisation de ce projet (article 1), le Département alloue à l\'Association $ops_personne_morale_name une subvention maximale de $ops_dossier_montant_vote €<span id=\"sugar_text_docs-internal-guid-d677985d-7fff-0765-c4c8-5bb0c74554d0\">.</span></p>\n<p dir=\"ltr\"> </p>\n<h3 dir=\"ltr\">Article 4 : Modalités de versement et justificatifs</h3>\n<p dir=\"ltr\">L’aide départementale fera l’objet d’un seul versement après la signature de la présente convention.</p>\n<p> </p>\n<h3 dir=\"ltr\">Article 5 : Engagements de l\'association - gestion administrative</h3>\n<p>Par la présente convention, l\'association s\'engage : </p>\n<ul>\n<li>à réaliser l’action énoncée à l\'article 1 et détaillé sur la plateforme dédiée, dans le cadre du budget prévisionnel arrêté,</li>\n<li>à suivre les procédures administratives permettant le suivi de l’action, </li>\n<li>à accueillir la délégation du Département pour le contrôle de la mise en œuvre de l’action,</li>\n<li>à mettre en oeuvre le projet dans un délai de 6 mois ; </li>\n<li>à transmettre au moins deux photos justifiant de la mise en oeuvre du projet ; </li>\n<li>à transmettre les factures acquittées dans un délai de 6 mois maximum après la date du versement </li>\n<li>à se rendre disponible pour un contrôle sur place de l’action réalisée par le Département ou par toute personne habilitée.</li>\n</ul>\n<p dir=\"ltr\"> </p>\n<h3>Article 6. Engagements de l’association - communication</h3>\n<p>Par la présente convention, l\'association s\'engage :</p>\n<ul>\n<li>à rendre compte aux citoyens de l’avancement du projet par le biais d’intégration de données sur la plateforme dédiée ;</li>\n<li>à faire mention du concours du Département de la Creuse pour toutes les formes de communication liées à la réalisation des opérations,</li>\n<li>à apposer le logo du Budget d’Initiative Citoyenne du Département sur les supports de communication .</li>\n</ul>\n<p dir=\"ltr\"> </p>\n<h3>Article 7. Responsabilité et assurance</h3>\n<p>L’association est responsable du respect des législations spécifiques à son activité. Elle est seule responsable vis-à-vis de ses membres, de ses salariés et des tiers de tous accidents, dégâts et dommages de quelque nature qu’ils soient, résultant de son activité.</p>\n<p><br /><span id=\"sugar_text_docs-internal-guid-2ca2f9eb-7fff-0c6b-1096-c32c148c2a99\">L’association fait son affaire personnelle de tous les risques et litiges pouvant survenir de fait de son activité. Elle s’engage à souscrire, auprès d’une ou plusieurs compagnies notoirement solvables, les garanties couvrant les conséquences dommageables qui pourraient lui être imputés à cet égard, de manière que la responsabilité du Département ne puisse être recherchée. Elle paiera les primes et cotisations de ces assurances de façon à ce que le Département ne puisse en aucun cas être inquiété.</span></p>\n<h3><br />Article 8. Reversement de toute ou partie de la subvention</h3>\n<p>En cas de non-respect par le bénéficiaire de ses engagements ou de la non utilisation des fonds conformément au projet présenté, celui-ci devra reverser les fonds au Département après réception d\'un titre exécutoire émis par la collectivité.<br />De même, lorsque les factures produites ne suffisent pas à justifier le montant des fonds accordés, ceux-ci seront réajustés sur le montant réel des dépenses. Dans ce cas, l\'excédent de la subvention déjà versée fera l\'objet d\'un titre de recette émis par la collectivité.</p>\n<h3><br />Article 9. Modification de la convention</h3>\n<p>La présente convention pourra être modifiée par voie d’avenant, avec l’accord des signataires.</p>\n<p> </p>\n<h3>Article 10. Résiliation et litiges</h3>\n<p>Si l’association $ops_personne_morale_name n’était pas en mesure de respecter les termes de la présente convention, le Département de La Réunion se réserverait le droit de la résilier et d’exiger la restitution de tout ou partie des sommes versées.</p>\n<p><br />En cas de litige, la juridiction compétente, en cas d’échec de résolution à l’amiable, est le Tribunal Administratif de Saint-Denis de La Réunion.</p>\n<h3><br />Article 11. Publicité</h3>\n<p>Le bénéficiaire s’engage, le cas échéant, à assurer la publicité de la participation du département en faisant mention de son intervention sur tout support de communication ; et en assurant une information systématique de la participation de la collectivité dans tous les contacts presse et interventions publiques.</p>\n<p dir=\"ltr\"> </p>\n<p dir=\"ltr\">Fait en deux exemplaires originaux,</p>\n<p dir=\"ltr\"> </p>\n<p dir=\"ltr\"> </p>\n<table>\n<tbody>\n<tr>\n<td>\n<p>L\'Assocation $ops_personne_morale_name</p>\n<p>$demandeur_salutation $demandeur_last_name $demandeur_first_name</p>\n</td>\n<td>                                           </td>\n<td>LA PRESIDENTE DU DEPARTEMENT</td>\n</tr>\n</tbody>\n</table>',0,'','668a15e1-bf6b-62a2-0ddb-64e713e2ae45',1,'OPS_dossier','PDF',NULL,NULL),('b1ab13bc-4ac0-5ffe-700a-6622790bb67d','Convention jeunesse','2024-04-19 14:00:55','2024-04-19 14:00:55','1','1','<p> </p>\n<p dir=\"ltr\"> </p>\n<table align=\"center\">\n<tbody>\n<tr>\n<td> <img src=\"https://demo23-crm.opensub.fr/custom/themes/OEPLTheme/images/open-CRM-50.png\" alt=\"Description : logo Open CRM\" /></td>\n<td> </td>\n<td>\n<p><strong>CONVENTION ENFANCE JEUNESSE</strong></p>\n<p> </p>\n<p><em>DIRECTION DE L’APPUI A LA PERFORMANCE ET A L’INNOVATION</em></p>\n<p><em> </em></p>\n<p>CONVENTION N° XXX</p>\n</td>\n</tr>\n<tr>\n<td> </td>\n<td> </td>\n<td> </td>\n</tr>\n</tbody>\n</table>\n<p dir=\"ltr\"> </p>\n<p dir=\"ltr\">Entre  </p>\n<p dir=\"ltr\"><strong>Le DEPARTEMENT DE DEMO</strong></p>\n<p dir=\"ltr\">Représenté par Madame la Présidente du Conseil Départemental</p>\n<p dir=\"ltr\">D’une part</p>\n<p dir=\"ltr\">ET  </p>\n<p dir=\"ltr\">Nom de l’association : $ops_personne_morale_name</p>\n<p dir=\"ltr\">Représenté par $demandeur_salutation $demandeur_last_name $demandeur_first_name</p>\n<p dir=\"ltr\">D’autre part,</p>\n<p dir=\"ltr\">Le tableau de présences validé :</p>\n<p dir=\"ltr\">$ops_dossier_tableau_presences_ajustees</p>\n<p>de Saint-Denis de La Réunion.</p>\n<h3><br />Article 11. Publicité</h3>\n<p>Le bénéficiaire s’engage, le cas échéant, à assurer la publicité de la participation du département en faisant mention de son intervention sur tout support de communication ; et en assurant une information systématique de la participation de la collectivité dans tous les contacts presse et interventions publiques.</p>\n<p dir=\"ltr\"> </p>\n<p dir=\"ltr\">Fait en deux exemplaires originaux,</p>\n<p dir=\"ltr\"> </p>\n<p dir=\"ltr\"> </p>\n<table>\n<tbody>\n<tr>\n<td>\n<p>Lutation $demandeur_last_name $demandeur_first_name</p>\n</td>\n<td>                                           </td>\n<td>LA PRESIDENTE DU DEPARTEMENT</td>\n</tr>\n</tbody>\n</table>',0,NULL,'668a15e1-bf6b-62a2-0ddb-64e713e2ae45',1,'OPS_dossier','PDF',NULL,NULL),('ba14b910-bbea-d312-d228-652f7c2d85ef','Notification accord','2023-10-18 06:33:08','2023-10-18 06:33:08','1','1','<h2>NOTIFICATION D\'ACCORD</h2>\n<p> </p>\n<p><span style=\"color:#ff0000;\">Modèle à paramétrer</span></p>',0,NULL,'668a15e1-bf6b-62a2-0ddb-64e713e2ae45',1,'OPS_dossier','PDF',NULL,NULL),('d4a2032b-4872-766e-33e8-65bfdbfcd340','Relance Voeux','2024-02-04 18:48:00','2024-02-04 18:50:55','1','1','<p> <img src=\"https://demo23-crm.opensub.fr/custom/themes/OEPLTheme/images/open-CRM-50.png\" alt=\"\" width=\"240\" height=\"90\" /></p>\n<p dir=\"ltr\"> </p>\n<h1 dir=\"ltr\">LA REGION</h1>\n<p> </p>\n<p>Objet : rappel : votre présence aux voeux de la Présidente</p>\n<p><br /><br /></p>\n<p dir=\"ltr\"> </p>\n<h3 dir=\"ltr\">INVITIATION</h3>\n<p dir=\"ltr\"> </p>\n<p>  </p>\n<p dir=\"ltr\">Le Conseil Régional,</p>\n<p dir=\"ltr\">Représenté par sa Présidente, Madame xxx XXXXXXXXX dûment habilitée, </p>\n<p dir=\"ltr\">Adresse de la Région</p>\n<p> </p>\n<p>Présentera ses voeux aux entreprises le 15 février 2024*;</p>\n<p><br /><br /></p>\n<h3 dir=\"ltr\">Rappel des personnes isncrites pour votre société:</h3>\n<p>$ops_dossier_tab_inscriptions</p>\n<h3 dir=\"ltr\"> </h3>\n<h3 dir=\"ltr\"><strong>Présentation de la manifestation</strong></h3>\n<p>ici le texte de présentation</p>\n<p dir=\"ltr\"> </p>\n<h3 dir=\"ltr\"> </h3>\n<p dir=\"ltr\">Fait à Montpellier</p>\n<p> </p>\n<p> </p>',0,'','58b29456-8014-e966-3509-6426d61c1dd8',1,'OPS_dossier','PDF',NULL,NULL),('ee148d7e-abc3-8bbd-3aa0-667156eb800c','DP - Notification d\'accord','2024-06-18 09:43:50','2024-06-18 09:52:08','604ce6b2-0113-9588-7fa6-65f42e2efabe','604ce6b2-0113-9588-7fa6-65f42e2efabe','<p>NOTIFICATION D\'ACCORD DE MISE A DISPOSITION DE LOGICIEL INFORMATIQUE</p>\n<p> </p>\n<p>Pour faire suite à votre demande, nous avons le plaisir de vous accorder la mise à disposition du logiciel demandé.</p>\n<p> </p>\n<p> </p>\n<p>Cordialement.</p>\n<p> </p>\n<p>DSI</p>\n<p> </p>',0,'','668a15e1-bf6b-62a2-0ddb-64e713e2ae45',1,'OPS_dossier','PDF',NULL,NULL);

--
-- Table structure for table `ops_modele_document_audit`
--

CREATE TABLE `ops_modele_document_audit` (
  `id` char(36) NOT NULL,
  `parent_id` char(36) NOT NULL,
  `date_created` datetime DEFAULT NULL,
  `created_by` varchar(36) DEFAULT NULL,
  `field_name` varchar(100) DEFAULT NULL,
  `data_type` varchar(100) DEFAULT NULL,
  `before_value_string` varchar(255) DEFAULT NULL,
  `after_value_string` varchar(255) DEFAULT NULL,
  `before_value_text` text DEFAULT NULL,
  `after_value_text` text DEFAULT NULL,
  PRIMARY KEY (`id`),
  KEY `idx_ops_modele_document_parent_id` (`parent_id`)
) ENGINE=InnoDB DEFAULT CHARSET=utf8mb3 COLLATE=utf8mb3_general_ci;

--
-- Dumping data for table `ops_modele_document_audit`
--


--
-- Table structure for table `ops_modele_document_ops_dispositif`
--

CREATE TABLE `ops_modele_document_ops_dispositif` (
  `id` varchar(36) NOT NULL,
  `date_modified` datetime DEFAULT NULL,
  `deleted` tinyint(1) DEFAULT 0,
  `ops_modele_document_id` varchar(36) DEFAULT NULL,
  `ops_dispositif_id` varchar(36) DEFAULT NULL,
  PRIMARY KEY (`id`),
  KEY `ops_modele_document_ops_dispositif_alt` (`ops_modele_document_id`,`ops_dispositif_id`)
) ENGINE=InnoDB DEFAULT CHARSET=utf8mb3 COLLATE=utf8mb3_general_ci;

--
-- Dumping data for table `ops_modele_document_ops_dispositif`
--


--
-- Table structure for table `ops_modele_document_ops_type_personne`
--

CREATE TABLE `ops_modele_document_ops_type_personne` (
  `id` varchar(36) NOT NULL,
  `date_modified` datetime DEFAULT NULL,
  `deleted` tinyint(1) DEFAULT 0,
  `ops_modele_document_id` varchar(36) DEFAULT NULL,
  `ops_type_personne_id` varchar(36) DEFAULT NULL,
  PRIMARY KEY (`id`),
  KEY `ops_modele_document_ops_type_personne_alt` (`ops_modele_document_id`,`ops_type_personne_id`)
) ENGINE=InnoDB DEFAULT CHARSET=utf8mb3 COLLATE=utf8mb3_general_ci;

--
-- Dumping data for table `ops_modele_document_ops_type_personne`
--


--
-- Table structure for table `ops_niveau_1`
--

CREATE TABLE `ops_niveau_1` (
  `id` char(36) NOT NULL,
  `name` varchar(255) DEFAULT NULL,
  `date_entered` datetime DEFAULT NULL,
  `date_modified` datetime DEFAULT NULL,
  `modified_user_id` char(36) DEFAULT NULL,
  `created_by` char(36) DEFAULT NULL,
  `description` text DEFAULT NULL,
  `deleted` tinyint(1) DEFAULT 0,
  `assigned_user_id` char(36) DEFAULT NULL,
  `code` varchar(255) DEFAULT NULL,
  `montant_alloue` float(18,2) DEFAULT NULL,
  `nombre_alloue` int(255) DEFAULT NULL,
  PRIMARY KEY (`id`)
) ENGINE=InnoDB DEFAULT CHARSET=utf8mb3 COLLATE=utf8mb3_general_ci;

--
-- Dumping data for table `ops_niveau_1`
--

INSERT INTO `ops_niveau_1` VALUES ('328114ca-7a21-54a4-6937-642892a084d1','Budget 2','2023-04-01 20:24:03','2023-04-01 20:24:03','1','1','',0,NULL,'b2',0.00,0),('37db92ed-c482-135f-9044-64e3917bbedd','Aménagement du territoire','2023-08-21 16:30:12','2023-08-21 16:31:07','1','1',NULL,0,'','AMG',1500.00,0),('3fe30df5-2886-e06a-cad2-6428920d4141','Budget 1','2023-04-01 20:23:52','2023-04-01 20:23:52','1','1','',0,NULL,'b1',0.00,0),('62de0e1e-3f34-3e75-60c6-64e3916707dc','Aides publiques','2023-08-21 16:31:59','2023-08-21 16:31:59','1','1','',0,NULL,'AIP',3200.00,0),('c62d7f17-acfa-4812-2857-65c061f6ce1e','Attractivité','2024-02-05 04:18:51','2024-02-05 04:18:51','1','1','',0,NULL,'ATT',0.00,0);

--
-- Table structure for table `ops_niveau_1_audit`
--

CREATE TABLE `ops_niveau_1_audit` (
  `id` char(36) NOT NULL,
  `parent_id` char(36) NOT NULL,
  `date_created` datetime DEFAULT NULL,
  `created_by` varchar(36) DEFAULT NULL,
  `field_name` varchar(100) DEFAULT NULL,
  `data_type` varchar(100) DEFAULT NULL,
  `before_value_string` varchar(255) DEFAULT NULL,
  `after_value_string` varchar(255) DEFAULT NULL,
  `before_value_text` text DEFAULT NULL,
  `after_value_text` text DEFAULT NULL,
  PRIMARY KEY (`id`),
  KEY `idx_ops_niveau_1_parent_id` (`parent_id`)
) ENGINE=InnoDB DEFAULT CHARSET=utf8mb3 COLLATE=utf8mb3_general_ci;

--
-- Dumping data for table `ops_niveau_1_audit`
--

INSERT INTO `ops_niveau_1_audit` VALUES ('acf23418-55f2-e115-7f67-64e391d16571','37db92ed-c482-135f-9044-64e3917bbedd','2023-08-21 16:31:07','1','montant_alloue','float','0.00','1500',NULL,NULL);

--
-- Table structure for table `ops_niveau_1_ops_classement_type`
--

CREATE TABLE `ops_niveau_1_ops_classement_type` (
  `id` varchar(36) NOT NULL,
  `date_modified` datetime DEFAULT NULL,
  `deleted` tinyint(1) DEFAULT 0,
  `ops_classement_type_id` varchar(36) DEFAULT NULL,
  `ops_niveau_1_id` varchar(36) DEFAULT NULL,
  PRIMARY KEY (`id`),
  KEY `ops_niveau_1_ops_classement_type_ida1` (`ops_classement_type_id`),
  KEY `ops_niveau_1_ops_classement_type_alt` (`ops_niveau_1_id`)
) ENGINE=InnoDB DEFAULT CHARSET=utf8mb3 COLLATE=utf8mb3_general_ci;

--
-- Dumping data for table `ops_niveau_1_ops_classement_type`
--

INSERT INTO `ops_niveau_1_ops_classement_type` VALUES ('3316ffca-5a4f-2ce6-d1cf-64289228970d','2023-04-01 20:24:03',0,'4d5ba03e-a251-9ffb-40d5-642892086e98','328114ca-7a21-54a4-6937-642892a084d1'),('3895c16c-2abd-4f2f-431c-64e39147b46d','2023-08-21 16:30:12',0,'b765ab28-47b3-a109-5c88-64e38f31cee3','37db92ed-c482-135f-9044-64e3917bbedd'),('4f340df5-9964-be49-1307-6428922315d5','2023-04-01 20:23:52',0,'4d5ba03e-a251-9ffb-40d5-642892086e98','3fe30df5-2886-e06a-cad2-6428920d4141'),('638ab464-b213-a200-ea5c-64e391475c43','2023-08-21 16:31:59',0,'b765ab28-47b3-a109-5c88-64e38f31cee3','62de0e1e-3f34-3e75-60c6-64e3916707dc'),('c72cf341-d644-8d9f-3f0e-65c0616f654e','2024-02-05 04:18:51',0,'b765ab28-47b3-a109-5c88-64e38f31cee3','c62d7f17-acfa-4812-2857-65c061f6ce1e');

--
-- Table structure for table `ops_niveau_2`
--

CREATE TABLE `ops_niveau_2` (
  `id` char(36) NOT NULL,
  `name` varchar(255) DEFAULT NULL,
  `date_entered` datetime DEFAULT NULL,
  `date_modified` datetime DEFAULT NULL,
  `modified_user_id` char(36) DEFAULT NULL,
  `created_by` char(36) DEFAULT NULL,
  `description` text DEFAULT NULL,
  `deleted` tinyint(1) DEFAULT 0,
  `assigned_user_id` char(36) DEFAULT NULL,
  `code` varchar(255) DEFAULT NULL,
  `montant_alloue` float(18,2) DEFAULT NULL,
  `nombre_alloue` int(255) DEFAULT NULL,
  PRIMARY KEY (`id`)
) ENGINE=InnoDB DEFAULT CHARSET=utf8mb3 COLLATE=utf8mb3_general_ci;

--
-- Dumping data for table `ops_niveau_2`
--

INSERT INTO `ops_niveau_2` VALUES ('3b5c04b2-c717-bf1c-2ab2-64e3911b65ae','Secteur Est','2023-08-21 16:32:51','2023-08-21 16:32:51','1','1','',0,NULL,'SE',0.00,0),('41c6edc5-5367-138f-6af6-64e391bc6454','Secteur Nord','2023-08-21 16:32:29','2023-08-21 16:32:29','1','1','',0,NULL,'SN',0.00,0),('46f46477-01a7-434e-420f-642893fa3521','Sous-budget 2C','2023-04-01 20:26:21','2023-04-01 20:26:21','1','1','',0,NULL,'sb2c',0.00,0),('5b047de6-c1ab-262b-dd3b-6428938656c3','Sous-budget 2B','2023-04-01 20:26:09','2023-04-01 20:26:09','1','1','',0,NULL,'sb2b',0.00,0),('61c68150-a1e2-27e2-d37f-6428934fdd26','Sous-budget 1B','2023-04-01 20:24:42','2023-04-01 20:24:42','1','1','',0,NULL,'sb1b',0.00,0),('67e6283a-a360-244d-d2d1-642893d61c2e','Sous-budget 2A','2023-04-01 20:25:56','2023-04-01 20:25:56','1','1','',0,NULL,'sb2a',0.00,0),('82c6362c-64f7-4575-5016-64e391d656db','Secteur Ouest','2023-08-21 16:33:04','2023-08-21 16:33:04','1','1','',0,NULL,'SO',0.00,0),('acceaef4-c2b8-8c29-cd6d-64e391b4a154','Secteur Sud','2023-08-21 16:32:41','2023-08-21 16:32:41','1','1','',0,NULL,'SU',0.00,0),('d6f709f4-5acd-b9a3-a7d6-642892a5de29','Sous-budget 1A','2023-04-01 20:24:27','2023-04-01 20:24:27','1','1','',0,NULL,'sb1a',0.00,0);

--
-- Table structure for table `ops_niveau_2_audit`
--

CREATE TABLE `ops_niveau_2_audit` (
  `id` char(36) NOT NULL,
  `parent_id` char(36) NOT NULL,
  `date_created` datetime DEFAULT NULL,
  `created_by` varchar(36) DEFAULT NULL,
  `field_name` varchar(100) DEFAULT NULL,
  `data_type` varchar(100) DEFAULT NULL,
  `before_value_string` varchar(255) DEFAULT NULL,
  `after_value_string` varchar(255) DEFAULT NULL,
  `before_value_text` text DEFAULT NULL,
  `after_value_text` text DEFAULT NULL,
  PRIMARY KEY (`id`),
  KEY `idx_ops_niveau_2_parent_id` (`parent_id`)
) ENGINE=InnoDB DEFAULT CHARSET=utf8mb3 COLLATE=utf8mb3_general_ci;

--
-- Dumping data for table `ops_niveau_2_audit`
--


--
-- Table structure for table `ops_niveau_2_ops_niveau_1`
--

CREATE TABLE `ops_niveau_2_ops_niveau_1` (
  `id` varchar(36) NOT NULL,
  `date_modified` datetime DEFAULT NULL,
  `deleted` tinyint(1) DEFAULT 0,
  `ops_niveau_1_id` varchar(36) DEFAULT NULL,
  `ops_niveau_2_id` varchar(36) DEFAULT NULL,
  PRIMARY KEY (`id`),
  KEY `ops_niveau_2_ops_niveau_1_ida1` (`ops_niveau_1_id`),
  KEY `ops_niveau_2_ops_niveau_1_alt` (`ops_niveau_2_id`)
) ENGINE=InnoDB DEFAULT CHARSET=utf8mb3 COLLATE=utf8mb3_general_ci;

--
-- Dumping data for table `ops_niveau_2_ops_niveau_1`
--

INSERT INTO `ops_niveau_2_ops_niveau_1` VALUES ('3c643064-a3e4-875f-6b8a-64e3915627bc','2023-08-21 16:32:51',0,'37db92ed-c482-135f-9044-64e3917bbedd','3b5c04b2-c717-bf1c-2ab2-64e3911b65ae'),('433baf78-d7f6-4560-aa96-64e391f14d4e','2023-08-21 16:32:29',0,'37db92ed-c482-135f-9044-64e3917bbedd','41c6edc5-5367-138f-6af6-64e391bc6454'),('47eac61b-dca3-ed16-e5c8-642893aaefe6','2023-04-01 20:26:21',0,'328114ca-7a21-54a4-6937-642892a084d1','46f46477-01a7-434e-420f-642893fa3521'),('5c18ca3a-a4fb-36ea-9af8-6428938d65c6','2023-04-01 20:26:09',0,'328114ca-7a21-54a4-6937-642892a084d1','5b047de6-c1ab-262b-dd3b-6428938656c3'),('62dd8684-908b-7212-2e97-642893c96e35','2023-04-01 20:24:42',0,'3fe30df5-2886-e06a-cad2-6428920d4141','61c68150-a1e2-27e2-d37f-6428934fdd26'),('68db3c28-1249-d987-4c63-642893b3bcf3','2023-04-01 20:25:56',0,'328114ca-7a21-54a4-6937-642892a084d1','67e6283a-a360-244d-d2d1-642893d61c2e'),('83d3008a-0bcb-bb0d-20ee-64e3910c8262','2023-08-21 16:33:04',0,'37db92ed-c482-135f-9044-64e3917bbedd','82c6362c-64f7-4575-5016-64e391d656db'),('adf8322b-1111-d0b9-46fc-64e391c21985','2023-08-21 16:32:41',0,'37db92ed-c482-135f-9044-64e3917bbedd','acceaef4-c2b8-8c29-cd6d-64e391b4a154'),('ebc90c07-7da3-8d67-a986-642892ae09e4','2023-04-01 20:24:27',0,'3fe30df5-2886-e06a-cad2-6428920d4141','d6f709f4-5acd-b9a3-a7d6-642892a5de29');

--
-- Table structure for table `ops_niveau_3`
--

CREATE TABLE `ops_niveau_3` (
  `id` char(36) NOT NULL,
  `name` varchar(255) DEFAULT NULL,
  `date_entered` datetime DEFAULT NULL,
  `date_modified` datetime DEFAULT NULL,
  `modified_user_id` char(36) DEFAULT NULL,
  `created_by` char(36) DEFAULT NULL,
  `description` text DEFAULT NULL,
  `deleted` tinyint(1) DEFAULT 0,
  `assigned_user_id` char(36) DEFAULT NULL,
  `code` varchar(255) DEFAULT NULL,
  `montant_alloue` float(18,2) DEFAULT NULL,
  `nombre_alloue` int(255) DEFAULT NULL,
  PRIMARY KEY (`id`)
) ENGINE=InnoDB DEFAULT CHARSET=utf8mb3 COLLATE=utf8mb3_general_ci;

--
-- Dumping data for table `ops_niveau_3`
--

INSERT INTO `ops_niveau_3` VALUES ('9d610bf9-7aec-2839-3784-6428933011e2','Sous-budget 2C - 1','2023-04-01 20:26:43','2023-04-01 20:26:43','1','1','',0,NULL,'sb2c1',0.00,0);

--
-- Table structure for table `ops_niveau_3_audit`
--

CREATE TABLE `ops_niveau_3_audit` (
  `id` char(36) NOT NULL,
  `parent_id` char(36) NOT NULL,
  `date_created` datetime DEFAULT NULL,
  `created_by` varchar(36) DEFAULT NULL,
  `field_name` varchar(100) DEFAULT NULL,
  `data_type` varchar(100) DEFAULT NULL,
  `before_value_string` varchar(255) DEFAULT NULL,
  `after_value_string` varchar(255) DEFAULT NULL,
  `before_value_text` text DEFAULT NULL,
  `after_value_text` text DEFAULT NULL,
  PRIMARY KEY (`id`),
  KEY `idx_ops_niveau_3_parent_id` (`parent_id`)
) ENGINE=InnoDB DEFAULT CHARSET=utf8mb3 COLLATE=utf8mb3_general_ci;

--
-- Dumping data for table `ops_niveau_3_audit`
--


--
-- Table structure for table `ops_niveau_3_ops_niveau_2`
--

CREATE TABLE `ops_niveau_3_ops_niveau_2` (
  `id` varchar(36) NOT NULL,
  `date_modified` datetime DEFAULT NULL,
  `deleted` tinyint(1) DEFAULT 0,
  `ops_niveau_2_id` varchar(36) DEFAULT NULL,
  `ops_niveau_3_id` varchar(36) DEFAULT NULL,
  PRIMARY KEY (`id`),
  KEY `ops_niveau_3_ops_niveau_2_ida1` (`ops_niveau_2_id`),
  KEY `ops_niveau_3_ops_niveau_2_alt` (`ops_niveau_3_id`)
) ENGINE=InnoDB DEFAULT CHARSET=utf8mb3 COLLATE=utf8mb3_general_ci;

--
-- Dumping data for table `ops_niveau_3_ops_niveau_2`
--

INSERT INTO `ops_niveau_3_ops_niveau_2` VALUES ('9f10c796-da7c-9db1-6cc9-642893a2e4b6','2023-04-01 20:26:43',0,'46f46477-01a7-434e-420f-642893fa3521','9d610bf9-7aec-2839-3784-6428933011e2');

--
-- Table structure for table `ops_niveau_4`
--

CREATE TABLE `ops_niveau_4` (
  `id` char(36) NOT NULL,
  `name` varchar(255) DEFAULT NULL,
  `date_entered` datetime DEFAULT NULL,
  `date_modified` datetime DEFAULT NULL,
  `modified_user_id` char(36) DEFAULT NULL,
  `created_by` char(36) DEFAULT NULL,
  `description` text DEFAULT NULL,
  `deleted` tinyint(1) DEFAULT 0,
  `assigned_user_id` char(36) DEFAULT NULL,
  `code` varchar(255) DEFAULT NULL,
  `montant_alloue` float(18,2) DEFAULT NULL,
  `nombre_alloue` int(255) DEFAULT NULL,
  PRIMARY KEY (`id`)
) ENGINE=InnoDB DEFAULT CHARSET=utf8mb3 COLLATE=utf8mb3_general_ci;

--
-- Dumping data for table `ops_niveau_4`
--


--
-- Table structure for table `ops_niveau_4_audit`
--

CREATE TABLE `ops_niveau_4_audit` (
  `id` char(36) NOT NULL,
  `parent_id` char(36) NOT NULL,
  `date_created` datetime DEFAULT NULL,
  `created_by` varchar(36) DEFAULT NULL,
  `field_name` varchar(100) DEFAULT NULL,
  `data_type` varchar(100) DEFAULT NULL,
  `before_value_string` varchar(255) DEFAULT NULL,
  `after_value_string` varchar(255) DEFAULT NULL,
  `before_value_text` text DEFAULT NULL,
  `after_value_text` text DEFAULT NULL,
  PRIMARY KEY (`id`),
  KEY `idx_ops_niveau_4_parent_id` (`parent_id`)
) ENGINE=InnoDB DEFAULT CHARSET=utf8mb3 COLLATE=utf8mb3_general_ci;

--
-- Dumping data for table `ops_niveau_4_audit`
--


--
-- Table structure for table `ops_niveau_4_ops_niveau_3`
--

CREATE TABLE `ops_niveau_4_ops_niveau_3` (
  `id` varchar(36) NOT NULL,
  `date_modified` datetime DEFAULT NULL,
  `deleted` tinyint(1) DEFAULT 0,
  `ops_niveau_3_id` varchar(36) DEFAULT NULL,
  `ops_niveau_4_id` varchar(36) DEFAULT NULL,
  PRIMARY KEY (`id`),
  KEY `ops_niveau_4_ops_niveau_3_ida1` (`ops_niveau_3_id`),
  KEY `ops_niveau_4_ops_niveau_3_alt` (`ops_niveau_4_id`)
) ENGINE=InnoDB DEFAULT CHARSET=utf8mb3 COLLATE=utf8mb3_general_ci;

--
-- Dumping data for table `ops_niveau_4_ops_niveau_3`
--


--
-- Table structure for table `ops_nomenclature`
--

CREATE TABLE `ops_nomenclature` (
  `id` char(36) NOT NULL,
  `name` varchar(255) DEFAULT NULL,
  `date_entered` datetime DEFAULT NULL,
  `date_modified` datetime DEFAULT NULL,
  `modified_user_id` char(36) DEFAULT NULL,
  `created_by` char(36) DEFAULT NULL,
  `description` text DEFAULT NULL,
  `deleted` tinyint(1) DEFAULT 0,
  `assigned_user_id` char(36) DEFAULT NULL,
  `libelle` varchar(255) DEFAULT NULL,
  PRIMARY KEY (`id`)
) ENGINE=InnoDB DEFAULT CHARSET=utf8mb3 COLLATE=utf8mb3_general_ci;

--
-- Dumping data for table `ops_nomenclature`
--


--
-- Table structure for table `ops_nomenclature_audit`
--

CREATE TABLE `ops_nomenclature_audit` (
  `id` char(36) NOT NULL,
  `parent_id` char(36) NOT NULL,
  `date_created` datetime DEFAULT NULL,
  `created_by` varchar(36) DEFAULT NULL,
  `field_name` varchar(100) DEFAULT NULL,
  `data_type` varchar(100) DEFAULT NULL,
  `before_value_string` varchar(255) DEFAULT NULL,
  `after_value_string` varchar(255) DEFAULT NULL,
  `before_value_text` text DEFAULT NULL,
  `after_value_text` text DEFAULT NULL,
  PRIMARY KEY (`id`),
  KEY `idx_ops_nomenclature_parent_id` (`parent_id`)
) ENGINE=InnoDB DEFAULT CHARSET=utf8mb3 COLLATE=utf8mb3_general_ci;

--
-- Dumping data for table `ops_nomenclature_audit`
--


--
-- Table structure for table `ops_nomenclature_ops_valeurs_nomenclature`
--

CREATE TABLE `ops_nomenclature_ops_valeurs_nomenclature` (
  `id` varchar(36) NOT NULL,
  `date_modified` datetime DEFAULT NULL,
  `deleted` tinyint(1) DEFAULT 0,
  `ops_nomenclature_id` varchar(36) DEFAULT NULL,
  `ops_valeurs_nomenclature_id` varchar(36) DEFAULT NULL,
  PRIMARY KEY (`id`),
  KEY `ops_nomenclature_ops_valeurs_nomenclature_ida1` (`ops_nomenclature_id`),
  KEY `ops_nomenclature_ops_valeurs_nomenclature_alt` (`ops_valeurs_nomenclature_id`)
) ENGINE=InnoDB DEFAULT CHARSET=utf8mb3 COLLATE=utf8mb3_general_ci;

--
-- Dumping data for table `ops_nomenclature_ops_valeurs_nomenclature`
--


--
-- Table structure for table `ops_onglet`
--

CREATE TABLE `ops_onglet` (
  `id` char(36) NOT NULL,
  `name` varchar(255) DEFAULT NULL,
  `date_entered` datetime DEFAULT NULL,
  `date_modified` datetime DEFAULT NULL,
  `modified_user_id` char(36) DEFAULT NULL,
  `created_by` char(36) DEFAULT NULL,
  `description` text DEFAULT NULL,
  `deleted` tinyint(1) DEFAULT 0,
  `assigned_user_id` char(36) DEFAULT NULL,
  `libelle` varchar(255) DEFAULT NULL,
  `nb_colonnes` varchar(100) DEFAULT '2',
  PRIMARY KEY (`id`)
) ENGINE=MyISAM DEFAULT CHARSET=utf8mb3 COLLATE=utf8mb3_general_ci;

--
-- Dumping data for table `ops_onglet`
--

INSERT INTO `ops_onglet` VALUES ('1f4aae11-da50-bc06-e938-642863d67ca2','Gestion de l\'accueil','2023-04-01 17:02:19','2024-05-23 15:05:40','1','1',NULL,0,'',NULL,'2'),('800d8102-570c-4819-635e-6428685f41c7','Gestion des dossiers','2023-04-01 17:21:34','2024-05-23 15:05:52','1','1',NULL,0,'',NULL,'2'),('23ccfa03-1b7e-8c4f-5d19-643a9dc4ce19','Accueil TdB','2023-04-15 12:50:34','2023-04-15 12:50:34','1','1','Tableau de bord accueil',0,NULL,'Accueil TdB','2'),('b12c534f-0425-cc35-202c-643a9dec8474','Accueil dossiers','2023-04-15 12:51:12','2023-04-15 12:51:12','1','1','Suivi des dossiers accueil',0,NULL,'Accueil dossiers','1'),('738e0574-0c02-9525-125f-643a9eb81937','Accueil instruction','2023-04-15 12:52:27','2023-04-15 12:52:27','1','1','',0,NULL,'Accueil instruction','1'),('aec55294-da9e-6fb5-aae6-643a9e44ae91','Accueil validation','2023-04-15 12:52:54','2023-04-15 12:52:54','1','1','',0,NULL,'Accueil validation','1'),('d66359a1-53fd-6863-5202-643abb3feb1e','Accueil DHAB réponses faites','2023-04-15 14:58:17','2023-04-15 14:58:17','1','1','',0,NULL,'Accueil DHAB réponses faites','1'),('3f219080-c5ea-0d02-c86d-643bd44e1d36','Accueil DHAB nouvelles demandes','2023-04-16 10:58:08','2023-04-16 10:58:08','eb11b140-bfc7-7d6d-fdac-643bd1bebcd1','eb11b140-bfc7-7d6d-fdac-643bd1bebcd1','',0,NULL,'nouvelles demandes','1'),('66f7b955-b009-13dc-4ce9-64a7195f2866','Accueil Amélio','2023-07-06 19:42:03','2023-07-06 19:42:03','1','1','',0,NULL,'Demandes transmises par l\'accueil DHAB','2'),('28f19d9b-bdb4-4ff6-8b55-64a71cc60be2','Accueil DHAB demandes à valider RC','2023-07-06 19:58:02','2023-07-06 19:58:02','1','1','',0,NULL,'Demandes accueil à valider RC','1'),('b79fa9a7-3ed9-8061-39fb-658029299162','Avis','2023-12-18 11:12:04','2023-12-18 11:12:04','1','1','',0,NULL,'','2'),('19f28398-090c-83bf-92c4-6633a9e0084b','Candidature offre d\'emploi -RH','2024-05-02 14:54:09','2024-05-02 15:58:03','1','1',NULL,0,'','Candidature offre d\'emploi','1'),('64e7a005-cf39-bb92-1a43-6633b840d62c','Candidatures spontanées - RH','2024-05-02 15:59:26','2024-05-02 15:59:26','1','1','',0,NULL,'Candidatures spontanées','2'),('cf22a0a7-46fd-b8ff-be23-6633b931d15d','Candidatures offre d\'emploi - DIRFI','2024-05-02 16:06:05','2024-05-02 16:06:05','1','1','',0,NULL,'Offres d\'emploi','1'),('5191cb31-fd41-1664-0ec8-6633bb7d29f9','Candidatures offres d\'emploi - DSI','2024-05-02 16:14:44','2024-05-02 16:14:44','1','1','',0,NULL,'Offres d\'emploi','1'),('81c8cd03-1b1e-cd17-aa9e-6638d10f21c5','Courriers','2024-05-06 12:47:06','2024-05-06 12:47:06','1','1','',0,NULL,'Courriers','1'),('3fd2f328-c5ac-75f3-6b8e-664ca1ff6b51','test','2024-05-21 13:27:43','2024-05-21 13:27:43','1','1','',0,NULL,'','2'),('e8e8c17c-2664-c13d-9ea6-666320c25120','Subventions reçues','2024-06-07 15:01:02','2024-06-07 15:01:34','1','1',NULL,0,'',NULL,'2'),('1b0d6277-4dac-c2c8-7808-666322285270','Suivi des projets','2024-06-07 15:06:50','2024-06-07 15:06:50','1','1','',0,NULL,'','1'),('403042d8-bd66-9d55-5171-6756ca9e46e2','dossier fonds cantal','2024-12-09 10:44:48','2024-12-09 10:44:48','c4250303-bf3c-53d5-45a9-66e15bb9cb43','c4250303-bf3c-53d5-45a9-66e15bb9cb43','',0,NULL,'Demandes subvention','1'),('ab5dfe3f-1593-857d-b7e2-6756cc41b93f','ED_1er onglet','2024-12-09 10:56:57','2024-12-09 10:57:14','984bab36-6ea9-3a3f-cc48-66e15b39ccb8','984bab36-6ea9-3a3f-cc48-66e15b39ccb8',NULL,0,'',NULL,'2'),('97d70e30-1bc0-1f4e-11c7-6756cfebc880','ED_2eme onglet','2024-12-09 11:05:57','2024-12-09 11:06:06','984bab36-6ea9-3a3f-cc48-66e15b39ccb8','984bab36-6ea9-3a3f-cc48-66e15b39ccb8',NULL,0,'',NULL,'1'),('2b047bec-e61f-8237-195c-67b73ed479db','LM_Onglet','2025-02-20 14:40:53','2025-02-20 14:41:24','984bab36-6ea9-3a3f-cc48-66e15b39ccb8','984bab36-6ea9-3a3f-cc48-66e15b39ccb8',NULL,0,'',NULL,'1'),('4a950064-5da7-1a85-5e79-67b73f4574b6','Natalia','2025-02-20 14:42:00','2025-02-20 14:42:22','1','1','Description:',0,'',NULL,'1'),('cf8025fe-ecf1-67c8-ebbb-67b73f67942b','SP_Onglet1','2025-02-20 14:42:06','2025-02-20 14:42:06','c4250303-bf3c-53d5-45a9-66e15bb9cb43','c4250303-bf3c-53d5-45a9-66e15bb9cb43','test Onglet1',0,NULL,'Onglet affiche1','1'),('d7f94988-f9b1-6656-a0ec-6835c06c7d47','Mon onglet','2025-05-27 13:39:08','2025-05-27 13:39:08','1','1','',0,NULL,'','2'),('f1a0b306-bb94-a39a-ae51-6835c1271782','MG-1er Onglet','2025-05-27 13:44:05','2025-05-27 14:03:28','984bab36-6ea9-3a3f-cc48-66e15b39ccb8','984bab36-6ea9-3a3f-cc48-66e15b39ccb8',NULL,0,'','1er Onglet MG','2'),('a8314e5a-ad8c-13e8-9f3c-6835c615cd52','CD36_DD_1erOnglet','2025-05-27 14:03:19','2025-05-27 14:03:19','c4250303-bf3c-53d5-45a9-66e15bb9cb43','c4250303-bf3c-53d5-45a9-66e15bb9cb43','',0,NULL,'1er onglet','2'),('1ed09f83-f496-5d9e-853e-6835c730fdfc','MG-2ème Onglet','2025-05-27 14:07:48','2025-05-27 14:07:48','984bab36-6ea9-3a3f-cc48-66e15b39ccb8','984bab36-6ea9-3a3f-cc48-66e15b39ccb8','',0,NULL,'2ème onglet','1'),('f3c63365-c829-6cbd-b42b-6835c8543ee9','CD36_DD_2emeOnglet','2025-05-27 14:12:20','2025-05-27 14:12:20','c4250303-bf3c-53d5-45a9-66e15bb9cb43','c4250303-bf3c-53d5-45a9-66e15bb9cb43','',0,NULL,'Deuxième onglet','1'),('7d8861db-3aca-61a3-6ff6-68b812fc643f','Dossier agriculture','2025-09-03 10:02:45','2025-09-03 10:02:45','984bab36-6ea9-3a3f-cc48-66e15b39ccb8','984bab36-6ea9-3a3f-cc48-66e15b39ccb8','',0,NULL,'Agriculture','1'),('dda8961b-24ed-479c-7d0a-68b9a6ba0cfb','Test Alice ','2025-09-04 14:45:34','2025-09-04 14:55:10','984bab36-6ea9-3a3f-cc48-66e15b39ccb8','984bab36-6ea9-3a3f-cc48-66e15b39ccb8',NULL,1,'',NULL,'2'),('3d8475c1-130a-3f43-0b5d-68b9a80cef56','1er onglet test Alice','2025-09-04 14:55:41','2025-09-04 14:55:41','984bab36-6ea9-3a3f-cc48-66e15b39ccb8','984bab36-6ea9-3a3f-cc48-66e15b39ccb8','',0,NULL,'','2'),('f36f53b5-92b4-f8dd-7aa2-68b9a93728b1','2e onglet test Alice','2025-09-04 14:58:31','2025-09-04 15:16:50','984bab36-6ea9-3a3f-cc48-66e15b39ccb8','984bab36-6ea9-3a3f-cc48-66e15b39ccb8',NULL,0,'',NULL,'2'),('47d474ac-7670-92e1-1056-68e38a52a0ca','Onglet NT','2025-10-06 09:23:08','2025-10-06 09:23:08','1','1','',0,NULL,'','1'),('4c46f6f2-37f8-c548-6850-68e3911c0ce9','Accueil Amélio','2025-10-06 09:51:13','2025-10-06 09:51:13','1','1','',0,NULL,'Demandes transmises par l\'accueil DHAB','2'),('21e493d8-77dd-87bb-c282-69048e1bf63c','Onglet NT','2025-10-31 10:26:48','2025-10-31 10:26:48','1','1','',0,NULL,'','2'),('6939fdfa-6664-ad0d-97e7-69048f96658d','AB_Dashlet','2025-10-31 10:28:30','2025-10-31 10:28:30','81297ee7-4d44-54e8-1090-66e15bd4b75c','81297ee7-4d44-54e8-1090-66e15bd4b75c','',0,NULL,'','2'),('c3a8fa21-7906-3506-4b61-690493666f89','Dossier à instruire SC','2025-10-31 10:46:20','2025-10-31 10:46:20','984bab36-6ea9-3a3f-cc48-66e15b39ccb8','984bab36-6ea9-3a3f-cc48-66e15b39ccb8','',0,NULL,'Dossier à instruire SC','2'),('44c1e88c-4ba9-b564-a06c-69049336b913','op 1er onglet','2025-10-31 10:47:41','2025-10-31 10:50:35','c4250303-bf3c-53d5-45a9-66e15bb9cb43','c4250303-bf3c-53d5-45a9-66e15bb9cb43','',1,NULL,'premier onglet','2'),('404709c2-56ff-f6cb-1e14-6904944fc55f','op 1er onglet','2025-10-31 10:48:36','2025-10-31 10:50:56','c4250303-bf3c-53d5-45a9-66e15bb9cb43','c4250303-bf3c-53d5-45a9-66e15bb9cb43',NULL,0,'','Mes favoris','2'),('97d90b6e-4ee7-bd69-38d7-690494c8970e','AB_1er onglet','2025-10-31 10:48:51','2025-10-31 10:48:51','81297ee7-4d44-54e8-1090-66e15bd4b75c','81297ee7-4d44-54e8-1090-66e15bd4b75c','',0,NULL,'','2'),('f1178d46-69cd-f268-5d52-690494d0dd28','AB_2èmeonglet','2025-10-31 10:49:16','2025-10-31 10:49:16','81297ee7-4d44-54e8-1090-66e15bd4b75c','81297ee7-4d44-54e8-1090-66e15bd4b75c','',0,NULL,'','1'),('2f920e21-1a06-2bbd-396b-69049414b3d5','OP Mes dossiers','2025-10-31 10:51:38','2025-10-31 10:51:38','c4250303-bf3c-53d5-45a9-66e15bb9cb43','c4250303-bf3c-53d5-45a9-66e15bb9cb43','',0,NULL,'Mes dossiers','2'),('d705a9f2-3c19-b51d-c845-6904950c9e51','op 2eme onglet','2025-10-31 10:55:44','2025-10-31 10:55:44','c4250303-bf3c-53d5-45a9-66e15bb9cb43','c4250303-bf3c-53d5-45a9-66e15bb9cb43','',0,NULL,'2eme onglet','1'),('1390be8a-4e96-11a2-27c7-690496fe7dab','Dossiers incomplets','2025-10-31 10:58:16','2025-10-31 10:58:16','984bab36-6ea9-3a3f-cc48-66e15b39ccb8','984bab36-6ea9-3a3f-cc48-66e15b39ccb8','',0,NULL,'','2');

--
-- Table structure for table `ops_onglet_audit`
--

CREATE TABLE `ops_onglet_audit` (
  `id` char(36) NOT NULL,
  `parent_id` char(36) NOT NULL,
  `date_created` datetime DEFAULT NULL,
  `created_by` varchar(36) DEFAULT NULL,
  `field_name` varchar(100) DEFAULT NULL,
  `data_type` varchar(100) DEFAULT NULL,
  `before_value_string` varchar(255) DEFAULT NULL,
  `after_value_string` varchar(255) DEFAULT NULL,
  `before_value_text` text DEFAULT NULL,
  `after_value_text` text DEFAULT NULL,
  PRIMARY KEY (`id`),
  KEY `idx_ops_onglet_parent_id` (`parent_id`)
) ENGINE=MyISAM DEFAULT CHARSET=utf8mb3 COLLATE=utf8mb3_general_ci;

--
-- Dumping data for table `ops_onglet_audit`
--


--
-- Table structure for table `ops_onglet_securitygroups`
--

CREATE TABLE `ops_onglet_securitygroups` (
  `id` char(36) NOT NULL,
  `name` varchar(255) DEFAULT NULL,
  `date_entered` datetime DEFAULT NULL,
  `date_modified` datetime DEFAULT NULL,
  `modified_user_id` char(36) DEFAULT NULL,
  `created_by` char(36) DEFAULT NULL,
  `description` text DEFAULT NULL,
  `deleted` tinyint(1) DEFAULT 0,
  `assigned_user_id` char(36) DEFAULT NULL,
  `ordre` int(255) DEFAULT NULL,
  PRIMARY KEY (`id`)
) ENGINE=MyISAM DEFAULT CHARSET=utf8mb3 COLLATE=utf8mb3_general_ci;

--
-- Dumping data for table `ops_onglet_securitygroups`
--

INSERT INTO `ops_onglet_securitygroups` VALUES ('774664ee-4060-d6fa-9b64-6428646716f6','','2023-04-01 17:04:12','2023-04-01 17:04:12','1','1','',0,NULL,1),('7850a0ff-0ea1-0a08-b49d-64286827ab63','','2023-04-01 17:21:50','2023-12-18 11:11:17','1','1',NULL,0,'',10),('43e881c7-1c62-ad2a-a1a1-643a9fe92298','','2023-04-15 12:59:02','2023-04-15 12:59:02','1','1','',0,NULL,10),('a46903e3-4522-be1f-f51b-643aa17b5651','','2023-04-15 13:06:37','2023-04-15 13:06:37','1','1','',0,NULL,20),('d403086b-b5f1-d040-2f76-643abb6ba408','','2023-04-15 14:59:04','2023-04-15 14:59:04','1','1','',0,NULL,30),('447617b9-45da-d38a-f084-643bd2c0877d','','2023-04-16 10:47:16','2023-04-16 10:47:16','6f8ff2e0-a1c9-778f-332a-643aa04a16d7','6f8ff2e0-a1c9-778f-332a-643aa04a16d7','',0,NULL,10),('bcdf128d-7770-0542-f1bc-643bd2143044','','2023-04-16 10:48:00','2023-04-16 10:48:00','6f8ff2e0-a1c9-778f-332a-643aa04a16d7','6f8ff2e0-a1c9-778f-332a-643aa04a16d7','',0,NULL,20),('661001c3-2927-2a86-16f0-643bd2ee682f','','2023-04-16 10:48:23','2023-04-16 10:48:23','6f8ff2e0-a1c9-778f-332a-643aa04a16d7','6f8ff2e0-a1c9-778f-332a-643aa04a16d7','',0,NULL,30),('dc335670-9737-1af3-5899-643bd5d4bbbe','','2023-04-16 10:59:20','2023-04-16 10:59:20','eb11b140-bfc7-7d6d-fdac-643bd1bebcd1','eb11b140-bfc7-7d6d-fdac-643bd1bebcd1','',0,NULL,15),('ccdb1155-4599-3d2d-5347-64a7194ed569','','2023-07-06 19:42:29','2023-07-06 19:42:29','1','1','',0,NULL,10),('a7e6a2fd-dfca-4eab-32b0-64a71c36d4e7','','2023-07-06 19:58:22','2023-07-06 19:58:22','1','1','',0,NULL,10),('17a6fd84-71f3-d5d0-aa20-65802997cf3e','','2023-12-18 11:15:52','2023-12-18 11:15:52','1','1','',0,NULL,30),('8ac0238e-0a35-3d35-ebcd-6633b72317e6','','2024-05-02 15:55:17','2024-05-02 15:55:17','1','1','',0,NULL,10),('c422e313-6c91-3534-96e2-6633ba816acd','','2024-05-02 16:07:40','2024-05-02 16:07:40','1','1','',0,NULL,10),('edab6a64-4abf-c850-53f8-6633bcdef58f','','2024-05-02 16:14:58','2024-05-02 16:14:58','1','1','',0,NULL,10),('1e660e70-be21-94a7-0818-6633ca6c99e5','','2024-05-02 17:16:03','2024-05-02 17:16:03','1','1','',0,NULL,20),('5822dc15-acb7-902b-7add-6638d1bb883b','','2024-05-06 12:47:48','2024-05-06 12:47:48','1','1','',0,NULL,30),('8c52f732-d35d-abcb-4533-666320024780','','2024-06-07 15:01:50','2024-06-07 15:01:50','1','1','',0,NULL,1),('9f582539-588f-3e01-736b-66632222c70b','','2024-06-07 15:07:24','2024-06-07 15:07:24','1','1','',0,NULL,2),('84e0bad2-c73f-6328-07dd-6756d0184415','','2024-12-09 11:10:03','2024-12-09 11:10:03','984bab36-6ea9-3a3f-cc48-66e15b39ccb8','984bab36-6ea9-3a3f-cc48-66e15b39ccb8','',0,NULL,10),('311007a7-870a-ef47-b8aa-6756d07cde48','','2024-12-09 11:10:18','2024-12-09 11:10:18','984bab36-6ea9-3a3f-cc48-66e15b39ccb8','984bab36-6ea9-3a3f-cc48-66e15b39ccb8','',0,NULL,20),('52c112bb-5e31-8244-957e-67b73f36b573','','2025-02-20 14:41:07','2025-02-20 14:41:07','984bab36-6ea9-3a3f-cc48-66e15b39ccb8','984bab36-6ea9-3a3f-cc48-66e15b39ccb8','',0,NULL,1),('543d7d50-47c5-c17e-dfb4-67b7411162a9','','2025-02-20 14:53:39','2025-02-20 14:53:39','1','1','',0,NULL,1),('d02464bc-f365-4390-7d54-6835c0fc7c5a','','2025-05-27 13:40:06','2025-05-27 14:17:26','984bab36-6ea9-3a3f-cc48-66e15b39ccb8','1','',1,NULL,2),('39d3942b-4a0d-08ea-3fd2-6835c62c50a7','','2025-05-27 14:05:36','2025-05-27 14:05:36','c4250303-bf3c-53d5-45a9-66e15bb9cb43','c4250303-bf3c-53d5-45a9-66e15bb9cb43','',0,NULL,1),('9d834d23-a32d-f295-4d98-6835c813c28a','','2025-05-27 14:12:45','2025-05-27 14:12:45','c4250303-bf3c-53d5-45a9-66e15bb9cb43','c4250303-bf3c-53d5-45a9-66e15bb9cb43','',0,NULL,2),('8323c5c6-fe84-2193-7b8e-6835c854f61a','','2025-05-27 14:12:48','2025-05-27 14:12:48','984bab36-6ea9-3a3f-cc48-66e15b39ccb8','984bab36-6ea9-3a3f-cc48-66e15b39ccb8','',0,NULL,20),('18e2080b-d386-7634-985b-6835c8a32905','','2025-05-27 14:13:10','2025-05-27 14:13:10','984bab36-6ea9-3a3f-cc48-66e15b39ccb8','984bab36-6ea9-3a3f-cc48-66e15b39ccb8','',0,NULL,10),('8ae70266-70c3-5d6e-e6dc-68b8125e8013','','2025-09-03 10:03:14','2025-09-03 10:03:14','984bab36-6ea9-3a3f-cc48-66e15b39ccb8','984bab36-6ea9-3a3f-cc48-66e15b39ccb8','',0,NULL,10),('36bafc03-325c-0884-45d7-68b9a9220dae','','2025-09-04 14:59:18','2025-09-04 14:59:18','984bab36-6ea9-3a3f-cc48-66e15b39ccb8','984bab36-6ea9-3a3f-cc48-66e15b39ccb8','',0,NULL,1),('4f8ae38a-72fd-c315-5def-68b9a91f5d39','','2025-09-04 14:59:33','2025-09-04 14:59:33','984bab36-6ea9-3a3f-cc48-66e15b39ccb8','984bab36-6ea9-3a3f-cc48-66e15b39ccb8','',0,NULL,2),('1b248772-7e39-73d0-55f0-68e38a28eb55','','2025-10-06 09:23:38','2025-10-06 09:23:38','1','1','',0,NULL,1),('1aa09812-6d18-34d6-271c-68e38b3eccbc','','2025-10-06 09:28:31','2025-10-06 09:28:31','1','1','',0,NULL,10),('aee833eb-5255-e2e6-69df-690493a91218','','2025-10-31 10:47:08','2025-10-31 10:47:08','984bab36-6ea9-3a3f-cc48-66e15b39ccb8','984bab36-6ea9-3a3f-cc48-66e15b39ccb8','',0,NULL,10),('3c82dc7f-2f35-88b1-b5aa-6904939a82c9','','2025-10-31 10:48:03','2025-10-31 10:48:03','c4250303-bf3c-53d5-45a9-66e15bb9cb43','c4250303-bf3c-53d5-45a9-66e15bb9cb43','',0,NULL,1),('42f01495-8fc9-b91c-9ee8-690496fb6b2b','','2025-10-31 10:58:38','2025-10-31 10:58:38','984bab36-6ea9-3a3f-cc48-66e15b39ccb8','984bab36-6ea9-3a3f-cc48-66e15b39ccb8','',0,NULL,20),('1f7b0317-782e-3c5a-51a0-690496d75567','','2025-10-31 10:59:28','2025-10-31 10:59:28','c4250303-bf3c-53d5-45a9-66e15bb9cb43','c4250303-bf3c-53d5-45a9-66e15bb9cb43','',0,NULL,1),('75f91864-85aa-9a33-ceab-6904969f48dc','','2025-10-31 10:59:50','2025-10-31 10:59:50','c4250303-bf3c-53d5-45a9-66e15bb9cb43','c4250303-bf3c-53d5-45a9-66e15bb9cb43','',0,NULL,2),('2a4de5bb-1524-6052-6d3e-690497142967','','2025-10-31 11:03:06','2025-10-31 11:03:06','c4250303-bf3c-53d5-45a9-66e15bb9cb43','c4250303-bf3c-53d5-45a9-66e15bb9cb43','',0,NULL,1);

--
-- Table structure for table `ops_onglet_securitygroups_audit`
--

CREATE TABLE `ops_onglet_securitygroups_audit` (
  `id` char(36) NOT NULL,
  `parent_id` char(36) NOT NULL,
  `date_created` datetime DEFAULT NULL,
  `created_by` varchar(36) DEFAULT NULL,
  `field_name` varchar(100) DEFAULT NULL,
  `data_type` varchar(100) DEFAULT NULL,
  `before_value_string` varchar(255) DEFAULT NULL,
  `after_value_string` varchar(255) DEFAULT NULL,
  `before_value_text` text DEFAULT NULL,
  `after_value_text` text DEFAULT NULL,
  PRIMARY KEY (`id`),
  KEY `idx_ops_onglet_securitygroups_parent_id` (`parent_id`)
) ENGINE=MyISAM DEFAULT CHARSET=utf8mb3 COLLATE=utf8mb3_general_ci;

--
-- Dumping data for table `ops_onglet_securitygroups_audit`
--


--
-- Table structure for table `ops_onglet_securitygroups_ops_onglet`
--

CREATE TABLE `ops_onglet_securitygroups_ops_onglet` (
  `id` varchar(36) NOT NULL,
  `date_modified` datetime DEFAULT NULL,
  `deleted` tinyint(1) DEFAULT 0,
  `ops_onglet_id` varchar(36) DEFAULT NULL,
  `securitygroups_id` varchar(36) DEFAULT NULL,
  PRIMARY KEY (`id`),
  KEY `ops_onglet_securitygroups_ops_onglet_ida1` (`ops_onglet_id`),
  KEY `ops_onglet_securitygroups_ops_onglet_alt` (`securitygroups_id`)
) ENGINE=MyISAM DEFAULT CHARSET=utf8mb3 COLLATE=utf8mb3_general_ci;

--
-- Dumping data for table `ops_onglet_securitygroups_ops_onglet`
--

INSERT INTO `ops_onglet_securitygroups_ops_onglet` VALUES ('78498953-49a9-e6a7-f507-642864c0b5f2','2023-04-01 17:04:12',0,'1f4aae11-da50-bc06-e938-642863d67ca2','774664ee-4060-d6fa-9b64-6428646716f6'),('796153d8-bac6-2020-af18-642868657942','2023-04-01 17:21:50',0,'800d8102-570c-4819-635e-6428685f41c7','7850a0ff-0ea1-0a08-b49d-64286827ab63'),('45309421-0c48-09fb-cbb7-643a9ff50a0e','2023-04-15 12:59:02',0,'23ccfa03-1b7e-8c4f-5d19-643a9dc4ce19','43e881c7-1c62-ad2a-a1a1-643a9fe92298'),('a50bc49c-b075-a377-1c08-643aa169b989','2023-04-15 13:06:37',0,'b12c534f-0425-cc35-202c-643a9dec8474','a46903e3-4522-be1f-f51b-643aa17b5651'),('d5325eea-653f-f212-be93-643abb5f0cb3','2023-04-15 14:59:04',0,'d66359a1-53fd-6863-5202-643abb3feb1e','d403086b-b5f1-d040-2f76-643abb6ba408'),('451f583e-a163-8f30-f8d7-643bd2b475aa','2023-04-16 10:47:16',0,'aec55294-da9e-6fb5-aae6-643a9e44ae91','447617b9-45da-d38a-f084-643bd2c0877d'),('be3489b3-f5e3-8065-5865-643bd27c1e24','2023-04-16 10:48:00',0,'738e0574-0c02-9525-125f-643a9eb81937','bcdf128d-7770-0542-f1bc-643bd2143044'),('66b2b533-dbe8-0721-d2e3-643bd2028675','2023-04-16 10:48:23',0,'d66359a1-53fd-6863-5202-643abb3feb1e','661001c3-2927-2a86-16f0-643bd2ee682f'),('dccadea9-9c70-b580-8307-643bd50f0e52','2023-04-16 10:59:20',0,'3f219080-c5ea-0d02-c86d-643bd44e1d36','dc335670-9737-1af3-5899-643bd5d4bbbe'),('cfbdb951-52a3-80af-2244-64a71951a7eb','2023-07-06 19:42:29',0,'66f7b955-b009-13dc-4ce9-64a7195f2866','ccdb1155-4599-3d2d-5347-64a7194ed569'),('a934c61f-d745-1b6e-aa46-64a71cb30ff4','2023-07-06 19:58:22',0,'28f19d9b-bdb4-4ff6-8b55-64a71cc60be2','a7e6a2fd-dfca-4eab-32b0-64a71c36d4e7'),('194f896e-dee5-9755-e402-6580296a7297','2023-12-18 11:15:52',0,'b79fa9a7-3ed9-8061-39fb-658029299162','17a6fd84-71f3-d5d0-aa20-65802997cf3e'),('8c0d5ddb-f507-0773-1ea3-6633b761eeba','2024-05-02 15:55:17',0,'19f28398-090c-83bf-92c4-6633a9e0084b','8ac0238e-0a35-3d35-ebcd-6633b72317e6'),('c54ec05c-9b65-3489-1215-6633ba37dff8','2024-05-02 16:07:40',0,'cf22a0a7-46fd-b8ff-be23-6633b931d15d','c422e313-6c91-3534-96e2-6633ba816acd'),('eeb60c3e-8f51-d9f5-b19b-6633bceae893','2024-05-02 16:14:58',0,'5191cb31-fd41-1664-0ec8-6633bb7d29f9','edab6a64-4abf-c850-53f8-6633bcdef58f'),('3c280bf5-5b6c-a918-e6b9-6633caffade6','2024-05-02 17:16:03',0,'64e7a005-cf39-bb92-1a43-6633b840d62c','1e660e70-be21-94a7-0818-6633ca6c99e5'),('59a109e8-bedb-1ca5-6b9c-6638d1c755c7','2024-05-06 12:47:48',0,'81c8cd03-1b1e-cd17-aa9e-6638d10f21c5','5822dc15-acb7-902b-7add-6638d1bb883b'),('8ddb34bb-6cfd-399a-e5e9-666320db178a','2024-06-07 15:01:50',0,'e8e8c17c-2664-c13d-9ea6-666320c25120','8c52f732-d35d-abcb-4533-666320024780'),('a05790dc-9a07-9f89-724b-666322dfa3fd','2024-06-07 15:07:24',0,'1b0d6277-4dac-c2c8-7808-666322285270','9f582539-588f-3e01-736b-66632222c70b'),('8566916b-cb3e-4809-2271-6756d0663ef1','2024-12-09 11:10:03',0,'ab5dfe3f-1593-857d-b7e2-6756cc41b93f','84e0bad2-c73f-6328-07dd-6756d0184415'),('bc60038f-a3a8-69db-d369-6756d0fd0d95','2024-12-09 11:10:18',0,'97d70e30-1bc0-1f4e-11c7-6756cfebc880','311007a7-870a-ef47-b8aa-6756d07cde48'),('53ce0999-f88f-4a98-6793-67b73faad253','2025-02-20 14:41:07',0,'2b047bec-e61f-8237-195c-67b73ed479db','52c112bb-5e31-8244-957e-67b73f36b573'),('5566acd6-bfa1-4e5d-f5e0-67b74164ccfa','2025-02-20 14:53:39',0,'4a950064-5da7-1a85-5e79-67b73f4574b6','543d7d50-47c5-c17e-dfb4-67b7411162a9'),('d133dcfd-6cd5-e6b3-b269-6835c03c6e79','2025-05-27 14:17:26',1,'d7f94988-f9b1-6656-a0ec-6835c06c7d47','d02464bc-f365-4390-7d54-6835c0fc7c5a'),('3b033aa8-b7fc-ee78-79a7-6835c6f58de9','2025-05-27 14:05:36',0,'a8314e5a-ad8c-13e8-9f3c-6835c615cd52','39d3942b-4a0d-08ea-3fd2-6835c62c50a7'),('9ea30d79-125e-b17c-54df-6835c80dd37f','2025-05-27 14:12:45',0,'f3c63365-c829-6cbd-b42b-6835c8543ee9','9d834d23-a32d-f295-4d98-6835c813c28a'),('84110129-1020-9684-a400-6835c8176f7f','2025-05-27 14:12:48',0,'1ed09f83-f496-5d9e-853e-6835c730fdfc','8323c5c6-fe84-2193-7b8e-6835c854f61a'),('1a0a102c-5f54-f1ee-6c2d-6835c8d98a4f','2025-05-27 14:13:10',0,'f1a0b306-bb94-a39a-ae51-6835c1271782','18e2080b-d386-7634-985b-6835c8a32905'),('a039023c-4698-eafd-67d7-68b8123d23bc','2025-09-03 10:03:14',0,'7d8861db-3aca-61a3-6ff6-68b812fc643f','8ae70266-70c3-5d6e-e6dc-68b8125e8013'),('38567f86-d06b-0872-8fc7-68b9a990b86c','2025-09-04 14:59:18',0,'3d8475c1-130a-3f43-0b5d-68b9a80cef56','36bafc03-325c-0884-45d7-68b9a9220dae'),('5088c1a4-6082-39f5-ee19-68b9a90e646e','2025-09-04 14:59:33',0,'f36f53b5-92b4-f8dd-7aa2-68b9a93728b1','4f8ae38a-72fd-c315-5def-68b9a91f5d39'),('1c5384b3-7d14-da93-2499-68e38a38fa4c','2025-10-06 09:23:38',0,'47d474ac-7670-92e1-1056-68e38a52a0ca','1b248772-7e39-73d0-55f0-68e38a28eb55'),('1b3b4b34-0d6c-2402-88d4-68e38b0c8938','2025-10-06 09:28:31',0,'47d474ac-7670-92e1-1056-68e38a52a0ca','1aa09812-6d18-34d6-271c-68e38b3eccbc'),('affa1a02-c9c7-e662-5147-690493a6a210','2025-10-31 10:47:08',0,'c3a8fa21-7906-3506-4b61-690493666f89','aee833eb-5255-e2e6-69df-690493a91218'),('3de2e565-4b29-dc30-3520-69049324139e','2025-10-31 10:50:35',1,'44c1e88c-4ba9-b564-a06c-69049336b913','3c82dc7f-2f35-88b1-b5aa-6904939a82c9'),('441101aa-619a-9ede-ecf9-69049680e150','2025-10-31 10:58:38',0,'1390be8a-4e96-11a2-27c7-690496fe7dab','42f01495-8fc9-b91c-9ee8-690496fb6b2b'),('2db90aeb-f8f0-d7fe-b5f6-690496c11028','2025-10-31 10:59:28',0,'404709c2-56ff-f6cb-1e14-6904944fc55f','1f7b0317-782e-3c5a-51a0-690496d75567'),('7779a904-7111-35a2-39b4-690496b38c78','2025-10-31 10:59:50',0,'d705a9f2-3c19-b51d-c845-6904950c9e51','75f91864-85aa-9a33-ceab-6904969f48dc'),('2b902b82-93bf-3d0b-5755-69049733e877','2025-10-31 11:03:06',0,'2f920e21-1a06-2bbd-396b-69049414b3d5','2a4de5bb-1524-6052-6d3e-690497142967');

--
-- Table structure for table `ops_onglet_securitygroups_securitygroups`
--

CREATE TABLE `ops_onglet_securitygroups_securitygroups` (
  `id` varchar(36) NOT NULL,
  `date_modified` datetime DEFAULT NULL,
  `deleted` tinyint(1) DEFAULT 0,
  `securitygroups_id` varchar(36) DEFAULT NULL,
  `ops_onglet_securitygroups_id` varchar(36) DEFAULT NULL,
  PRIMARY KEY (`id`),
  KEY `ops_onglet_securitygroups_securitygroups_ida1` (`securitygroups_id`),
  KEY `ops_onglet_securitygroups_securitygroups_alt` (`ops_onglet_securitygroups_id`)
) ENGINE=MyISAM DEFAULT CHARSET=utf8mb3 COLLATE=utf8mb3_general_ci;

--
-- Dumping data for table `ops_onglet_securitygroups_securitygroups`
--

INSERT INTO `ops_onglet_securitygroups_securitygroups` VALUES ('77d9a15e-b1ec-8551-bc42-642864852035','2023-04-01 17:04:12',0,'4b269bfa-b3f3-40df-2323-64285fe98448','774664ee-4060-d6fa-9b64-6428646716f6'),('78f3c069-16b6-ee1b-1682-6428689b08da','2023-04-01 17:21:50',0,'4b269bfa-b3f3-40df-2323-64285fe98448','7850a0ff-0ea1-0a08-b49d-64286827ab63'),('44b3726c-034a-b2df-0ef6-643a9f3287b0','2023-04-15 12:59:02',0,'50caa5c3-22b1-061d-e106-643a9c859d6e','43e881c7-1c62-ad2a-a1a1-643a9fe92298'),('a588745b-2608-00a9-198b-643aa1296111','2023-04-15 13:06:37',0,'50caa5c3-22b1-061d-e106-643a9c859d6e','a46903e3-4522-be1f-f51b-643aa17b5651'),('d4b1a3a7-1d7f-b60e-982d-643abbe0cf96','2023-04-15 14:59:04',0,'50caa5c3-22b1-061d-e106-643a9c859d6e','d403086b-b5f1-d040-2f76-643abb6ba408'),('45a59e90-2c3b-b50d-8235-643bd23a17bc','2023-04-16 10:47:16',0,'33a594f1-2dbe-5ef9-f6db-643bd15a30ab','447617b9-45da-d38a-f084-643bd2c0877d'),('bebba7b0-94d7-bffd-e20b-643bd26863f6','2023-04-16 10:48:00',0,'33a594f1-2dbe-5ef9-f6db-643bd15a30ab','bcdf128d-7770-0542-f1bc-643bd2143044'),('67332a37-0c6f-c973-2246-643bd29fef9c','2023-04-16 10:48:23',0,'33a594f1-2dbe-5ef9-f6db-643bd15a30ab','661001c3-2927-2a86-16f0-643bd2ee682f'),('dd3cf082-3603-b25b-280e-643bd54b33fe','2023-04-16 10:59:20',0,'33a594f1-2dbe-5ef9-f6db-643bd15a30ab','dc335670-9737-1af3-5899-643bd5d4bbbe'),('ce4bca8d-28bb-76ed-6ba7-64a71965b350','2023-07-06 19:42:29',0,'7d95e1d6-f1b9-8f3e-dc11-64a7173f85d3','ccdb1155-4599-3d2d-5347-64a7194ed569'),('a8a82d5c-ce9a-706f-5d0e-64a71c74d535','2023-07-06 19:58:22',0,'2dfad709-f130-15cf-cae2-64a71c56a99b','a7e6a2fd-dfca-4eab-32b0-64a71c36d4e7'),('18c03fd3-775f-4643-5014-658029015c8e','2023-12-18 11:15:52',0,'4b269bfa-b3f3-40df-2323-64285fe98448','17a6fd84-71f3-d5d0-aa20-65802997cf3e'),('8b56776a-ce2f-5d44-4025-6633b7cf9686','2024-05-02 15:55:17',0,'86a73573-2b38-536b-8c57-6633524312f6','8ac0238e-0a35-3d35-ebcd-6633b72317e6'),('c4c51ed9-2cb0-964a-27d1-6633ba82c511','2024-05-02 16:07:40',0,'5f081c35-643d-a90a-1a5d-663351d5d9be','c422e313-6c91-3534-96e2-6633ba816acd'),('ee3c7e58-4d76-ef97-4c10-6633bcf6d7a8','2024-05-02 16:14:58',0,'b1f488a4-9d61-02b0-8585-66335120b40d','edab6a64-4abf-c850-53f8-6633bcdef58f'),('48870977-d4e5-3d76-cdd4-6633ca682379','2024-05-02 17:16:03',0,'86a73573-2b38-536b-8c57-6633524312f6','1e660e70-be21-94a7-0818-6633ca6c99e5'),('59042b14-6c4c-8eac-ab61-6638d16ed0f2','2024-05-06 12:47:48',0,'86a73573-2b38-536b-8c57-6633524312f6','5822dc15-acb7-902b-7add-6638d1bb883b'),('8d05a0f1-04a7-ae10-8e30-666320e2dc57','2024-06-07 15:01:50',0,'219d6651-b050-8894-0847-66632076bab7','8c52f732-d35d-abcb-4533-666320024780'),('9fdd6413-3595-8e74-bd0c-66632219640f','2024-06-07 15:07:24',0,'219d6651-b050-8894-0847-66632076bab7','9f582539-588f-3e01-736b-66632222c70b'),('85e3c469-9b55-ddc6-77b8-6756d0daa313','2024-12-09 11:10:03',0,'9be5db1e-e597-5148-1f37-6756c62eea25','84e0bad2-c73f-6328-07dd-6756d0184415'),('14500a32-fe94-5ac5-da28-6756d04f9e57','2024-12-09 11:10:18',0,'9be5db1e-e597-5148-1f37-6756c62eea25','311007a7-870a-ef47-b8aa-6756d07cde48'),('53589696-5603-2848-0d5c-67b73f848137','2025-02-20 14:41:07',0,'92e2fdc0-7446-884e-b839-67b737f36c60','52c112bb-5e31-8244-957e-67b73f36b573'),('54e49aaa-dd54-f3f4-fb77-67b74131ddea','2025-02-20 14:53:39',0,'c469f335-e3de-3b36-0b18-67b732d44f3c','543d7d50-47c5-c17e-dfb4-67b7411162a9'),('d0b2795d-2203-e926-8d8d-6835c082c5a9','2025-05-27 14:17:26',1,'4bfec9f2-f662-aa9e-c482-6835b3ea3ef2','d02464bc-f365-4390-7d54-6835c0fc7c5a'),('3a7e5150-64ff-aa2f-3736-6835c644ab2f','2025-05-27 14:05:36',0,'acd093d2-31da-6af6-e3a5-6835b4074085','39d3942b-4a0d-08ea-3fd2-6835c62c50a7'),('9e265c90-3bab-d23b-8df6-6835c8cc20e8','2025-05-27 14:12:45',0,'acd093d2-31da-6af6-e3a5-6835b4074085','9d834d23-a32d-f295-4d98-6835c813c28a'),('839bec20-3e68-924e-56b2-6835c888e15d','2025-05-27 14:12:48',0,'4bfec9f2-f662-aa9e-c482-6835b3ea3ef2','8323c5c6-fe84-2193-7b8e-6835c854f61a'),('198b45db-00c5-17b4-3d6b-6835c8855651','2025-05-27 14:13:10',0,'4bfec9f2-f662-aa9e-c482-6835b3ea3ef2','18e2080b-d386-7634-985b-6835c8a32905'),('96ec060e-725a-73b5-9fa8-68b812dfe58c','2025-09-03 10:03:14',0,'6373ae0d-ba24-3d1a-bd8f-68b81077aa75','8ae70266-70c3-5d6e-e6dc-68b8125e8013'),('378e78b5-5112-da54-0026-68b9a9923d53','2025-09-04 14:59:18',0,'8184b35d-f1be-6440-240d-68b95843d13f','36bafc03-325c-0884-45d7-68b9a9220dae'),('501594e5-70b8-e122-84c3-68b9a9d91d3c','2025-09-04 14:59:33',0,'8184b35d-f1be-6440-240d-68b95843d13f','4f8ae38a-72fd-c315-5def-68b9a91f5d39'),('1bcd60a5-8a09-93d5-7cfa-68e38a0e5764','2025-10-06 09:23:38',0,'8184b35d-f1be-6440-240d-68b95843d13f','1b248772-7e39-73d0-55f0-68e38a28eb55'),('1bc9c585-dcec-4150-32b3-68e38b5698be','2025-10-06 09:28:31',0,'894024ec-9c3a-c963-bf80-68e385b91262','1aa09812-6d18-34d6-271c-68e38b3eccbc'),('af70c158-6f27-0596-4243-690493991249','2025-10-31 10:47:08',0,'5b07b37c-6267-8b81-33b8-6904830afce7','aee833eb-5255-e2e6-69df-690493a91218'),('3d3975e9-c706-236e-be5a-69049346af1c','2025-10-31 10:48:03',0,'e4fc09ad-2d08-b0de-2270-6904843840f0','3c82dc7f-2f35-88b1-b5aa-6904939a82c9'),('4390207c-8303-8215-307b-6904968dce71','2025-10-31 10:58:38',0,'5b07b37c-6267-8b81-33b8-6904830afce7','42f01495-8fc9-b91c-9ee8-690496fb6b2b'),('269c0572-8b17-7346-04c3-6904965c3935','2025-10-31 10:59:28',0,'e4fc09ad-2d08-b0de-2270-6904843840f0','1f7b0317-782e-3c5a-51a0-690496d75567'),('76c35fc6-6a1f-2288-19b0-6904969330d5','2025-10-31 10:59:50',0,'e4fc09ad-2d08-b0de-2270-6904843840f0','75f91864-85aa-9a33-ceab-6904969f48dc'),('2af69e01-9d10-44dc-4df6-6904970f4661','2025-10-31 11:03:06',0,'e4fc09ad-2d08-b0de-2270-6904843840f0','2a4de5bb-1524-6052-6d3e-690497142967');

--
-- Table structure for table `ops_periode`
--

CREATE TABLE `ops_periode` (
  `id` char(36) NOT NULL,
  `name` varchar(255) DEFAULT NULL,
  `date_entered` datetime DEFAULT NULL,
  `date_modified` datetime DEFAULT NULL,
  `modified_user_id` char(36) DEFAULT NULL,
  `created_by` char(36) DEFAULT NULL,
  `description` text DEFAULT NULL,
  `deleted` tinyint(1) DEFAULT 0,
  `assigned_user_id` char(36) DEFAULT NULL,
  `date_debut` date DEFAULT NULL,
  `date_fin` date DEFAULT NULL,
  `active` tinyint(1) DEFAULT 1,
  `filtre` tinyint(1) DEFAULT 1,
  `type_periode` varchar(100) DEFAULT NULL,
  PRIMARY KEY (`id`)
) ENGINE=MyISAM DEFAULT CHARSET=utf8mb3 COLLATE=utf8mb3_general_ci;

--
-- Dumping data for table `ops_periode`
--


--
-- Table structure for table `ops_periode_audit`
--

CREATE TABLE `ops_periode_audit` (
  `id` char(36) NOT NULL,
  `parent_id` char(36) NOT NULL,
  `date_created` datetime DEFAULT NULL,
  `created_by` varchar(36) DEFAULT NULL,
  `field_name` varchar(100) DEFAULT NULL,
  `data_type` varchar(100) DEFAULT NULL,
  `before_value_string` varchar(255) DEFAULT NULL,
  `after_value_string` varchar(255) DEFAULT NULL,
  `before_value_text` text DEFAULT NULL,
  `after_value_text` text DEFAULT NULL,
  PRIMARY KEY (`id`),
  KEY `idx_ops_periode_parent_id` (`parent_id`)
) ENGINE=MyISAM DEFAULT CHARSET=utf8mb3 COLLATE=utf8mb3_general_ci;

--
-- Dumping data for table `ops_periode_audit`
--


--
-- Table structure for table `ops_personne_morale`
--

CREATE TABLE `ops_personne_morale` (
  `id` char(36) NOT NULL,
  `name` varchar(255) DEFAULT NULL,
  `date_entered` datetime DEFAULT NULL,
  `date_modified` datetime DEFAULT NULL,
  `modified_user_id` char(36) DEFAULT NULL,
  `created_by` char(36) DEFAULT NULL,
  `description` text DEFAULT NULL,
  `deleted` tinyint(1) DEFAULT 0,
  `assigned_user_id` char(36) DEFAULT NULL,
  `ops_personne_morale_type` varchar(50) DEFAULT NULL,
  `industry` varchar(50) DEFAULT NULL,
  `annual_revenue` varchar(100) DEFAULT NULL,
  `phone_fax` varchar(100) DEFAULT NULL,
  `billing_address_street` varchar(200) DEFAULT NULL,
  `billing_address_city` varchar(255) DEFAULT NULL,
  `billing_address_state` varchar(100) DEFAULT NULL,
  `billing_address_postalcode` varchar(10) DEFAULT NULL,
  `billing_address_country` varchar(100) DEFAULT NULL,
  `rating` varchar(100) DEFAULT NULL,
  `phone_office` varchar(100) DEFAULT NULL,
  `phone_alternate` varchar(100) DEFAULT NULL,
  `website` varchar(255) DEFAULT NULL,
  `ownership` varchar(100) DEFAULT NULL,
  `employees` varchar(10) DEFAULT NULL,
  `ticker_symbol` varchar(10) DEFAULT NULL,
  `shipping_address_street` varchar(150) DEFAULT NULL,
  `shipping_address_city` varchar(100) DEFAULT NULL,
  `shipping_address_state` varchar(100) DEFAULT NULL,
  `shipping_address_postalcode` varchar(20) DEFAULT NULL,
  `shipping_address_country` varchar(255) DEFAULT NULL,
  `sigle` varchar(255) DEFAULT NULL,
  `logo` varchar(255) DEFAULT NULL,
  `tiers_appaire` varchar(100) DEFAULT 'N',
  `financeur` tinyint(1) DEFAULT 0,
  `siret` varchar(17) DEFAULT NULL,
  `reference` varchar(255) DEFAULT NULL,
  `role` varchar(100) DEFAULT NULL,
  `numero_rna` varchar(255) DEFAULT NULL,
  `numero_rne` varchar(255) DEFAULT NULL,
  `date_declaration` date DEFAULT NULL,
  `ops_formule_id` char(36) DEFAULT NULL,
  `ops_formule1_id` char(36) DEFAULT NULL,
  `ops_formule2_id` char(36) DEFAULT NULL,
  `ops_formule3_id` char(36) DEFAULT NULL,
  `num_tiers` int(5) DEFAULT NULL,
  `statut` varchar(100) DEFAULT 'n_bloque',
  `type_virement` varchar(100) DEFAULT '22',
  `ops_individu_id` char(36) DEFAULT NULL,
  `ops_individu1_id` char(36) DEFAULT NULL,
  `ops_type_tier_id` char(36) DEFAULT NULL,
  `ops_typologie_id` char(36) DEFAULT NULL,
  `code_ape` varchar(255) DEFAULT NULL,
  `forme_juridique` varchar(100) DEFAULT NULL,
  `objet_social` varchar(255) DEFAULT NULL,
  `canal` varchar(100) DEFAULT NULL,
  `num_tahiti` varchar(17) DEFAULT NULL,
  `billing_id_adresse` varchar(100) DEFAULT NULL,
  `billing_code_insee` varchar(100) DEFAULT NULL,
  `billing_coordonnees_y` varchar(255) DEFAULT NULL,
  `billing_coordonnees_x` varchar(255) DEFAULT NULL,
  `shipping_address_number` varchar(200) DEFAULT NULL,
  `billing_address_number` varchar(200) DEFAULT NULL,
  `numero_fiscale` varchar(255) DEFAULT NULL,
  `regime_allocataire` varchar(100) DEFAULT NULL,
  `numero_allocataire` varchar(255) DEFAULT NULL,
  `qf_caf_actuel` decimal(18,2) DEFAULT NULL,
  `qf_ville_actuel` decimal(18,2) DEFAULT NULL,
  `date_application` date DEFAULT NULL,
  `situation_handicap` tinyint(1) DEFAULT 0,
  `shipping_address_complement` varchar(200) DEFAULT NULL,
  `shipping_address_complement_lieu` varchar(200) DEFAULT NULL,
  `shipping_address_coordonnees_x` varchar(200) DEFAULT NULL,
  `shipping_address_coordonnees_y` varchar(200) DEFAULT NULL,
  `billing_address_complement` varchar(38) DEFAULT NULL,
  `billing_address_complement_lieu` varchar(38) DEFAULT NULL,
  `adresse_date_validite` date DEFAULT NULL,
  `adresse_hors_commune` tinyint(1) DEFAULT 0,
  `effectif` varchar(100) DEFAULT NULL,
  `agrement_administratif` tinyint(1) DEFAULT 0,
  `utilite_publique` tinyint(1) DEFAULT 0,
  `affiliee_reseau` tinyint(1) DEFAULT 0,
  `detail_agrement` text DEFAULT NULL,
  `date_utilite_publique` date DEFAULT NULL,
  `detail_affiliation` text DEFAULT NULL,
  `ops_individu_template_id` char(36) DEFAULT NULL,
  `avance_souhaitee` tinyint(1) DEFAULT 0,
  `secteur_activite` varchar(100) DEFAULT NULL,
  `mandataire_id` varchar(255) DEFAULT NULL,
  `mandataire_type` varchar(100) DEFAULT NULL,
  `gestion_financiere_id` varchar(255) DEFAULT NULL,
  `gestion_financiere_raison_sociale` varchar(255) DEFAULT NULL,
  `flag_partenaire` tinyint(1) DEFAULT 0,
  `publie` tinyint(1) DEFAULT 0,
  `thematique` text DEFAULT NULL,
  `accroche` text DEFAULT NULL,
  `description_annuaire` text DEFAULT NULL,
  `activites` text DEFAULT NULL,
  `tarifs` text DEFAULT NULL,
  `public_beneficiaire` text DEFAULT NULL,
  `image` varchar(255) DEFAULT NULL,
  `nature` varchar(100) DEFAULT NULL,
  `bon_msa` tinyint(1) DEFAULT 0,
  PRIMARY KEY (`id`)
) ENGINE=MyISAM DEFAULT CHARSET=utf8mb3 COLLATE=utf8mb3_general_ci;

--
-- Dumping data for table `ops_personne_morale`
--

INSERT INTO `ops_personne_morale` VALUES ('e2f49972-f8d6-8f88-ce30-66e3faa20320','ASSO DE VALENTIN','2024-09-13 08:39:29','2024-09-13 08:39:29','1','1',NULL,0,NULL,NULL,NULL,NULL,NULL,'','',NULL,'',NULL,NULL,'',NULL,'',NULL,NULL,NULL,'','',NULL,'',NULL,'',NULL,'N',0,'',NULL,NULL,'W181007712',NULL,NULL,NULL,NULL,NULL,NULL,1,'n_bloque','22',NULL,NULL,NULL,NULL,NULL,'','','internet',NULL,NULL,NULL,NULL,NULL,'','',NULL,NULL,NULL,NULL,NULL,NULL,0,'','',NULL,NULL,'','',NULL,0,'',0,0,0,'',NULL,'',NULL,0,'',NULL,NULL,NULL,NULL,0,0,'N',NULL,NULL,NULL,NULL,NULL,NULL,'',0),('61bfa23d-bed6-48e4-77b0-66e3ff27c15a','ASSOCIATION SARA','2024-09-13 09:01:40','2025-10-06 09:35:27','1','1',NULL,0,'',NULL,NULL,NULL,NULL,NULL,NULL,NULL,NULL,NULL,NULL,NULL,NULL,NULL,NULL,NULL,NULL,NULL,NULL,NULL,NULL,NULL,NULL,NULL,'N',0,NULL,NULL,NULL,'W458444545',NULL,NULL,'','','','',2,'n_bloque','22','','',NULL,NULL,NULL,NULL,NULL,'internet',NULL,NULL,NULL,NULL,NULL,NULL,NULL,NULL,NULL,NULL,NULL,NULL,NULL,0,NULL,NULL,NULL,NULL,NULL,NULL,NULL,0,'11',0,0,0,NULL,NULL,NULL,'',0,'commerce_artisanat',NULL,NULL,NULL,NULL,0,0,'N',NULL,NULL,NULL,NULL,NULL,NULL,NULL,0),('3776353d-ed20-8a5d-d3fb-66e40020ee6f','AQUAZEN-SPA','2024-09-13 09:05:11','2024-09-13 09:18:14','984bab36-6ea9-3a3f-cc48-66e15b39ccb8','1',NULL,0,'',NULL,NULL,NULL,NULL,'88 rue Philibert Guide','Chalon-sur-Saône',NULL,'71100',NULL,NULL,'06 08 27 25 20',NULL,'www.aquazen-spa.fr',NULL,NULL,NULL,'Carnot','Chalon-sur-Saône',NULL,'71100',NULL,NULL,NULL,'N',0,'494 670 821 00011',NULL,NULL,NULL,NULL,NULL,'','','','',3,'n_bloque','22','','',NULL,NULL,'9602B','SARL',NULL,'internet',NULL,NULL,NULL,NULL,NULL,'19','19 rue Carnot',NULL,NULL,NULL,NULL,NULL,NULL,0,NULL,NULL,NULL,NULL,NULL,NULL,'2008-12-08',0,'1',0,0,0,NULL,NULL,NULL,'',0,'commerce_artisanat',NULL,NULL,NULL,NULL,0,0,'N',NULL,NULL,NULL,NULL,NULL,NULL,NULL,0),('71492415-b84e-dda1-621b-66e400e031be','MON ASSO','2024-09-13 09:07:43','2025-09-29 08:16:45','1','1',NULL,0,'',NULL,NULL,NULL,NULL,'46 Rue de l\'Hôtel de Ville','Crest',NULL,'26400',NULL,NULL,'01.98.76.54.32',NULL,NULL,NULL,NULL,NULL,NULL,NULL,NULL,NULL,NULL,NULL,NULL,'N',0,NULL,NULL,NULL,'W123456789',NULL,NULL,'','','','',4,'n_bloque','22','','',NULL,NULL,NULL,NULL,NULL,'internet',NULL,NULL,NULL,NULL,NULL,NULL,NULL,NULL,NULL,NULL,NULL,NULL,NULL,0,NULL,NULL,NULL,NULL,NULL,NULL,NULL,0,NULL,0,0,1,NULL,NULL,'sz','',0,NULL,NULL,NULL,NULL,NULL,0,0,'N',NULL,NULL,NULL,NULL,NULL,NULL,NULL,0),('c540bcd9-c445-e66f-3c6d-66e402b720e2','MON ENTREPRISE','2024-09-13 09:14:15','2025-09-29 08:14:18','1','1',NULL,0,'',NULL,NULL,NULL,NULL,NULL,NULL,NULL,NULL,NULL,NULL,NULL,NULL,NULL,NULL,NULL,NULL,NULL,NULL,NULL,NULL,NULL,NULL,NULL,'N',0,'123-456-789-07654',NULL,NULL,NULL,NULL,NULL,'','','','',5,'n_bloque','22','','',NULL,NULL,NULL,NULL,NULL,'internet',NULL,NULL,NULL,NULL,NULL,NULL,NULL,NULL,NULL,NULL,NULL,NULL,NULL,0,NULL,NULL,NULL,NULL,NULL,NULL,NULL,0,NULL,0,0,0,NULL,NULL,NULL,'',0,NULL,NULL,NULL,NULL,NULL,0,0,'N',NULL,NULL,NULL,NULL,NULL,NULL,NULL,0),('ea8ec2fd-23d3-0858-353a-66e4023cfdb9','LANTEAS FORMATION','2024-09-13 09:15:19','2024-09-13 09:15:19','1','1',NULL,0,NULL,NULL,NULL,NULL,NULL,'','',NULL,'',NULL,NULL,'',NULL,'',NULL,NULL,NULL,'','',NULL,'',NULL,'',NULL,'N',0,'479-531-808-00042',NULL,NULL,NULL,NULL,NULL,NULL,NULL,NULL,NULL,6,'n_bloque','22',NULL,NULL,NULL,NULL,'','',NULL,'internet',NULL,NULL,NULL,NULL,NULL,'','',NULL,NULL,NULL,NULL,NULL,NULL,0,'','',NULL,NULL,'','',NULL,0,'1',0,0,0,NULL,NULL,NULL,NULL,0,'',NULL,NULL,NULL,NULL,0,0,'N',NULL,NULL,NULL,NULL,NULL,NULL,'',0),('ae3f3f23-a8b7-51e6-2ad9-66e406933c79','ADATIRHSFGSDJHFGDJ','2024-09-13 09:29:38','2025-10-06 12:27:44','1','1',NULL,0,'',NULL,NULL,NULL,NULL,NULL,NULL,NULL,NULL,NULL,NULL,NULL,NULL,NULL,NULL,NULL,NULL,NULL,NULL,NULL,NULL,NULL,NULL,NULL,'N',0,'345-455-844-00018',NULL,NULL,'Wsdgfh____',NULL,NULL,'','','','',7,'n_bloque','22','','',NULL,NULL,NULL,'asso_agreee',NULL,'internet',NULL,NULL,NULL,NULL,NULL,NULL,NULL,NULL,NULL,NULL,NULL,NULL,NULL,0,NULL,NULL,NULL,NULL,NULL,NULL,NULL,0,NULL,1,1,1,NULL,NULL,NULL,'',0,NULL,NULL,NULL,NULL,NULL,0,0,'N',NULL,NULL,NULL,NULL,NULL,NULL,NULL,0),('18a7d7b1-b308-603a-4768-67078602b2ef','EVELYNE DALLOT','2024-10-10 07:45:12','2025-05-13 12:33:39','1','1',NULL,0,'',NULL,NULL,NULL,NULL,'Rue Ingres','Guéret',NULL,'23000',NULL,NULL,'05.44.30.28.97',NULL,NULL,NULL,NULL,NULL,NULL,NULL,NULL,NULL,NULL,NULL,NULL,'N',0,NULL,NULL,NULL,NULL,NULL,NULL,'','','','',8,'n_bloque','22','','',NULL,NULL,NULL,NULL,NULL,'internet',NULL,NULL,NULL,NULL,NULL,NULL,'8',NULL,'regime_general',NULL,NULL,NULL,NULL,0,NULL,NULL,NULL,NULL,NULL,NULL,NULL,0,NULL,0,0,0,NULL,NULL,NULL,'',0,NULL,NULL,NULL,NULL,NULL,0,0,'N',NULL,NULL,NULL,NULL,NULL,NULL,'monoparentale',0),('c824a724-e6db-0834-a095-670789595a1c','FAMILLE EMMA','2024-10-10 08:00:21','2024-10-10 08:00:21','1','1',NULL,0,NULL,NULL,NULL,NULL,NULL,'','',NULL,'',NULL,NULL,'',NULL,NULL,NULL,NULL,NULL,'','',NULL,'',NULL,NULL,NULL,'N',0,NULL,NULL,NULL,NULL,NULL,NULL,NULL,NULL,NULL,NULL,9,'n_bloque','22',NULL,NULL,NULL,NULL,NULL,'',NULL,'internet',NULL,NULL,NULL,NULL,NULL,'','',NULL,'','',NULL,NULL,NULL,0,'','',NULL,NULL,'','',NULL,0,'',0,0,0,NULL,NULL,NULL,NULL,0,'',NULL,NULL,NULL,NULL,0,0,'N',NULL,NULL,NULL,NULL,NULL,NULL,'nucleaire',0),('81b97988-eec6-8385-fdc0-6823477af871','MG PROGRAMMEUR','2025-05-13 13:23:51','2025-05-27 13:43:46','1','1',NULL,0,'',NULL,NULL,NULL,NULL,'Rue Grande','Châteauroux',NULL,'36000',NULL,NULL,NULL,NULL,NULL,NULL,NULL,NULL,NULL,NULL,NULL,NULL,NULL,NULL,NULL,'N',0,NULL,NULL,NULL,NULL,NULL,'2025-05-01','','','','',24,'n_bloque','22','','',NULL,NULL,NULL,NULL,NULL,'internet',NULL,NULL,NULL,'1.689811','46.811885',NULL,'110',NULL,NULL,NULL,NULL,NULL,NULL,0,NULL,NULL,NULL,NULL,NULL,NULL,'2025-05-01',0,NULL,0,0,0,NULL,NULL,NULL,'',0,NULL,NULL,NULL,NULL,NULL,0,0,'N',NULL,NULL,NULL,NULL,NULL,NULL,'accueil',0),('7b350470-14ba-0c35-7ed9-673367d75d19','BILOU','2024-11-12 14:35:35','2024-11-12 14:47:39','1','1',NULL,0,'',NULL,NULL,NULL,NULL,NULL,NULL,NULL,NULL,NULL,NULL,NULL,NULL,NULL,NULL,NULL,NULL,NULL,NULL,NULL,NULL,NULL,NULL,NULL,'N',0,NULL,NULL,NULL,'W144558788',NULL,NULL,'','','','',10,'n_bloque','22','','',NULL,NULL,NULL,NULL,NULL,'internet',NULL,NULL,NULL,NULL,NULL,NULL,NULL,NULL,NULL,NULL,NULL,NULL,NULL,0,NULL,NULL,NULL,NULL,NULL,NULL,NULL,0,'1',1,0,0,NULL,NULL,NULL,'',0,'agriculture_agroalimentaire',NULL,NULL,NULL,NULL,0,0,'N',NULL,NULL,NULL,NULL,NULL,NULL,NULL,0),('733523ec-91b4-fc4f-65c5-6733688525aa','CKB','2024-11-12 14:38:42','2024-11-12 14:38:42','1','1',NULL,0,NULL,NULL,NULL,NULL,NULL,'','',NULL,'',NULL,NULL,'',NULL,'',NULL,NULL,NULL,'','',NULL,'',NULL,'',NULL,'N',0,'',NULL,NULL,'WDGDFGDFGD',NULL,NULL,NULL,NULL,NULL,NULL,11,'n_bloque','22',NULL,NULL,NULL,NULL,NULL,'','','internet',NULL,NULL,NULL,NULL,NULL,'','',NULL,NULL,NULL,NULL,NULL,NULL,0,'','',NULL,NULL,'','',NULL,0,'',0,0,0,'',NULL,'',NULL,0,'',NULL,NULL,NULL,NULL,0,0,'N',NULL,NULL,NULL,NULL,NULL,NULL,'',0),('1b2c538e-64ce-1278-1fdf-673368cd4b12','MAXIMAX','2024-11-12 14:40:09','2024-11-28 09:31:36','984bab36-6ea9-3a3f-cc48-66e15b39ccb8','81297ee7-4d44-54e8-1090-66e15bd4b75c',NULL,0,'81297ee7-4d44-54e8-1090-66e15bd4b75c',NULL,NULL,NULL,NULL,NULL,NULL,NULL,NULL,NULL,NULL,NULL,NULL,'http://',NULL,NULL,NULL,NULL,NULL,NULL,NULL,NULL,NULL,NULL,'N',0,NULL,NULL,NULL,NULL,NULL,NULL,'','','','',12,'n_bloque','22','','',NULL,NULL,NULL,NULL,NULL,'crm',NULL,NULL,NULL,NULL,NULL,NULL,NULL,NULL,NULL,NULL,NULL,NULL,NULL,0,NULL,NULL,NULL,NULL,NULL,NULL,NULL,0,'11',0,0,0,NULL,NULL,NULL,'',0,'commerce_artisanat',NULL,NULL,NULL,NULL,0,0,'N',NULL,NULL,NULL,NULL,NULL,NULL,NULL,0),('892916a6-fb24-05eb-105e-67336adff301','TEST COMMERCANT','2024-11-12 14:45:24','2024-11-12 14:45:24','1','1',NULL,0,NULL,NULL,NULL,NULL,NULL,'','',NULL,'',NULL,NULL,'',NULL,'',NULL,NULL,NULL,'','',NULL,'',NULL,'',NULL,'N',0,'455-444-545-45421',NULL,NULL,NULL,'',NULL,NULL,NULL,NULL,NULL,13,'n_bloque','22',NULL,NULL,NULL,NULL,'','SARL','','internet',NULL,NULL,NULL,NULL,NULL,'','',NULL,NULL,NULL,NULL,NULL,NULL,0,'','',NULL,NULL,'','',NULL,0,'1',0,0,0,NULL,NULL,NULL,NULL,0,'',NULL,NULL,NULL,NULL,0,0,'N',NULL,NULL,NULL,NULL,NULL,NULL,'',0),('35fa076b-b609-9291-c831-673372973600','TES','2024-11-12 15:21:46','2024-11-12 15:21:46','1','1',NULL,0,NULL,NULL,NULL,NULL,NULL,'','',NULL,'',NULL,NULL,'',NULL,'',NULL,NULL,NULL,'','',NULL,'',NULL,'',NULL,'N',0,'000-000-000-00000',NULL,NULL,NULL,NULL,NULL,NULL,NULL,NULL,NULL,14,'n_bloque','22',NULL,NULL,NULL,NULL,'','',NULL,'internet',NULL,NULL,NULL,NULL,NULL,'','',NULL,NULL,NULL,NULL,NULL,NULL,0,'','',NULL,NULL,'','',NULL,0,'',0,0,0,NULL,NULL,NULL,NULL,0,'',NULL,NULL,NULL,NULL,0,0,'N',NULL,NULL,NULL,NULL,NULL,NULL,'',0),('c81b3ecf-92d8-7ba5-da59-674d89d16d9f','AA','2024-12-02 10:19:37','2024-12-02 10:19:37','1','1',NULL,0,NULL,NULL,NULL,NULL,NULL,'Rue de Marmiesse','Aurillac',NULL,'15000',NULL,NULL,'',NULL,NULL,NULL,NULL,NULL,'','',NULL,'',NULL,'aa',NULL,'N',0,NULL,NULL,NULL,NULL,NULL,NULL,NULL,NULL,NULL,NULL,15,'n_bloque','22',NULL,NULL,NULL,NULL,NULL,'',NULL,'internet',NULL,NULL,NULL,NULL,NULL,'','10',NULL,NULL,NULL,NULL,NULL,NULL,0,'','',NULL,NULL,'','','2024-12-02',0,'',0,0,0,NULL,NULL,NULL,NULL,0,'',NULL,NULL,NULL,NULL,0,0,'N',NULL,NULL,NULL,NULL,NULL,NULL,'',0),('650e0e0c-ae31-7695-766a-674d8a7c0195','DESHAIES','2024-12-02 10:20:49','2024-12-09 09:54:39','c4250303-bf3c-53d5-45a9-66e15bb9cb43','1','test',0,'',NULL,NULL,NULL,NULL,'Lieu-Dit Bex','Roannes-Saint-Mary',NULL,'15220',NULL,NULL,'04 71 43 84 37',NULL,'http://',NULL,NULL,NULL,'Lieu-Dit Bex','Roannes-Saint-Mary',NULL,'15220',NULL,'Famille',NULL,'N',0,NULL,NULL,NULL,NULL,NULL,NULL,'','','','',16,'n_bloque','22','','',NULL,NULL,NULL,NULL,NULL,'internet',NULL,NULL,NULL,NULL,NULL,NULL,'3',NULL,NULL,NULL,NULL,NULL,NULL,0,NULL,NULL,NULL,NULL,NULL,NULL,'2024-12-02',0,NULL,0,0,0,NULL,NULL,NULL,'',0,NULL,NULL,NULL,NULL,NULL,0,0,'N',NULL,NULL,NULL,NULL,NULL,NULL,NULL,0),('853c9f6f-3b59-36df-9fb9-67a5d109c2c2','FAMILLE CHAHBI','2025-02-07 09:24:12','2025-09-29 08:16:04','1','1',NULL,0,'',NULL,NULL,NULL,NULL,NULL,NULL,NULL,NULL,NULL,NULL,NULL,NULL,NULL,NULL,NULL,NULL,NULL,NULL,NULL,NULL,NULL,NULL,NULL,'N',0,NULL,NULL,NULL,NULL,NULL,NULL,'','','','',17,'n_bloque','22','','',NULL,NULL,NULL,NULL,NULL,'internet',NULL,NULL,NULL,NULL,NULL,NULL,NULL,NULL,NULL,NULL,NULL,NULL,NULL,0,NULL,NULL,NULL,NULL,NULL,NULL,NULL,0,NULL,0,0,0,NULL,NULL,NULL,'',0,NULL,NULL,NULL,NULL,NULL,0,0,'N',NULL,NULL,NULL,NULL,NULL,NULL,'recomposee',0),('ee50f578-e704-d9eb-2961-67a5d224e2f3','TG MON ASSOCATION','2025-02-07 09:29:13','2025-02-07 09:29:13','1','1',NULL,0,NULL,NULL,NULL,NULL,NULL,'Rue du Massacre','Chartres',NULL,'28000',NULL,NULL,'01.02.03.04.05',NULL,'www.tgasso.asso',NULL,NULL,NULL,'Rue du Massacre','Chartres',NULL,'28000',NULL,'test',NULL,'N',0,NULL,NULL,NULL,NULL,NULL,'2020-02-01',NULL,NULL,NULL,NULL,18,'n_bloque','22',NULL,NULL,NULL,NULL,NULL,'asso_agreee','test','internet',NULL,NULL,NULL,NULL,NULL,'13','13',NULL,NULL,NULL,NULL,NULL,NULL,0,'','','48.451723','1.490467','','',NULL,0,'51',0,0,0,NULL,NULL,NULL,NULL,0,'',NULL,NULL,NULL,NULL,0,0,'N',NULL,NULL,NULL,NULL,NULL,NULL,'',0),('68436796-a537-430f-51c3-67a5d37fd8af','TESTCP','2025-02-07 09:31:56','2025-02-07 09:33:53','c4250303-bf3c-53d5-45a9-66e15bb9cb43','1',NULL,0,'',NULL,NULL,NULL,NULL,NULL,NULL,NULL,NULL,NULL,NULL,NULL,NULL,NULL,NULL,NULL,NULL,NULL,NULL,NULL,NULL,NULL,NULL,NULL,'N',0,NULL,NULL,NULL,NULL,NULL,NULL,'','','','',19,'n_bloque','22','','',NULL,NULL,NULL,NULL,NULL,'internet',NULL,NULL,NULL,NULL,NULL,NULL,NULL,NULL,NULL,NULL,NULL,NULL,NULL,0,NULL,NULL,NULL,NULL,NULL,NULL,NULL,0,NULL,0,0,0,NULL,NULL,NULL,'',0,NULL,NULL,NULL,NULL,NULL,0,0,'N',NULL,NULL,NULL,NULL,NULL,NULL,NULL,0),('8d5b2138-a898-e0f6-2793-67a5d544248f','QL','2025-02-07 09:42:30','2025-02-07 09:50:17','984bab36-6ea9-3a3f-cc48-66e15b39ccb8','984bab36-6ea9-3a3f-cc48-66e15b39ccb8','FAMILY !',0,'984bab36-6ea9-3a3f-cc48-66e15b39ccb8',NULL,NULL,NULL,NULL,NULL,NULL,NULL,NULL,NULL,NULL,NULL,NULL,'https://www.chartres-metropole.fr/',NULL,NULL,NULL,NULL,NULL,NULL,NULL,NULL,NULL,NULL,'N',0,NULL,NULL,NULL,NULL,NULL,'2025-02-07','','','','',20,'n_bloque','22','','',NULL,NULL,NULL,NULL,NULL,'crm',NULL,NULL,NULL,NULL,NULL,NULL,NULL,NULL,NULL,NULL,NULL,NULL,NULL,0,NULL,NULL,NULL,NULL,NULL,NULL,NULL,0,'1',0,0,0,NULL,NULL,NULL,'',0,NULL,NULL,NULL,NULL,NULL,0,0,'N',NULL,NULL,NULL,NULL,NULL,NULL,NULL,0),('2526f1bf-75a8-abad-e04e-67aa06155727','LES TEST DE LM','2025-02-10 14:02:06','2025-02-10 14:02:06','1','1',NULL,0,NULL,NULL,NULL,NULL,NULL,'','',NULL,'',NULL,NULL,'',NULL,'',NULL,NULL,NULL,'','',NULL,'',NULL,'',NULL,'N',0,'',NULL,NULL,NULL,'',NULL,NULL,NULL,NULL,NULL,21,'n_bloque','22',NULL,NULL,NULL,NULL,'','asso_agreee','','internet',NULL,NULL,NULL,NULL,NULL,'','',NULL,NULL,NULL,NULL,NULL,NULL,0,'','',NULL,NULL,'','',NULL,0,'',0,0,0,NULL,NULL,NULL,NULL,0,'',NULL,NULL,NULL,NULL,0,0,'N',NULL,NULL,NULL,NULL,NULL,NULL,'',0),('22cdea5d-431d-166d-d5ae-67aa073730fe','SP_ASSO1','2025-02-10 14:05:34','2025-02-10 14:11:02','c4250303-bf3c-53d5-45a9-66e15bb9cb43','1',NULL,0,'',NULL,NULL,NULL,NULL,NULL,NULL,NULL,NULL,NULL,NULL,NULL,NULL,'http://',NULL,NULL,NULL,NULL,NULL,NULL,NULL,NULL,NULL,NULL,'N',0,'111 111 111 11112',NULL,NULL,NULL,NULL,NULL,'','','','',22,'n_bloque','22','','',NULL,NULL,NULL,NULL,NULL,'internet',NULL,NULL,NULL,NULL,NULL,NULL,NULL,NULL,NULL,NULL,NULL,NULL,NULL,0,NULL,NULL,NULL,NULL,NULL,NULL,NULL,0,NULL,0,0,0,NULL,NULL,NULL,'',0,NULL,NULL,NULL,NULL,NULL,0,0,'N',NULL,NULL,NULL,NULL,NULL,NULL,NULL,0),('c33b0042-d742-6efb-2981-67aa0768099e','TEST D\'UNE ASSO LM','2025-02-10 14:05:59','2025-02-10 14:05:59','984bab36-6ea9-3a3f-cc48-66e15b39ccb8','984bab36-6ea9-3a3f-cc48-66e15b39ccb8',NULL,0,'984bab36-6ea9-3a3f-cc48-66e15b39ccb8',NULL,NULL,NULL,NULL,NULL,NULL,NULL,NULL,NULL,NULL,NULL,NULL,'http://',NULL,NULL,NULL,NULL,NULL,NULL,NULL,NULL,NULL,NULL,'N',0,NULL,NULL,NULL,NULL,NULL,NULL,'','','','',23,'n_bloque','22','','',NULL,NULL,NULL,NULL,NULL,'crm',NULL,NULL,NULL,NULL,NULL,NULL,NULL,NULL,NULL,NULL,NULL,NULL,NULL,0,NULL,NULL,NULL,NULL,NULL,NULL,NULL,0,'11',0,0,0,NULL,NULL,NULL,'',0,'tourisme',NULL,NULL,NULL,NULL,0,0,'N',NULL,NULL,NULL,NULL,NULL,NULL,NULL,0),('3303a4d7-1754-4491-8787-68e3be5c7faf','ASSOCIATION TEST LANTEAS','2025-10-06 13:06:33','2025-10-06 13:06:33','1','1',NULL,0,NULL,NULL,NULL,NULL,NULL,'','',NULL,'',NULL,NULL,'',NULL,'',NULL,NULL,NULL,'','',NULL,'',NULL,'',NULL,'N',0,NULL,NULL,NULL,NULL,'',NULL,NULL,NULL,NULL,NULL,32,'n_bloque','22',NULL,NULL,NULL,NULL,'','','tEST','internet',NULL,NULL,NULL,NULL,NULL,'','',NULL,NULL,NULL,NULL,NULL,NULL,0,'','',NULL,NULL,'','',NULL,0,'1',0,0,0,'',NULL,'',NULL,0,'',NULL,NULL,NULL,NULL,0,0,'N',NULL,NULL,NULL,NULL,NULL,NULL,'',0),('4eb8453f-d088-a217-cbb0-682348ddd5cd','TESTFORMATION','2025-05-13 13:25:15','2025-05-13 13:25:15','1','1',NULL,0,NULL,NULL,NULL,NULL,NULL,'Rue Eugène Rolland','Châteauroux',NULL,'36000',NULL,NULL,'',NULL,'',NULL,NULL,NULL,'','',NULL,'',NULL,'TESTF',NULL,'N',0,'123-456-789-09876',NULL,NULL,NULL,NULL,'2022-01-01',NULL,NULL,NULL,NULL,25,'n_bloque','22',NULL,NULL,NULL,NULL,'','','','internet',NULL,NULL,NULL,'1.703886','46.810549','','4',NULL,'fonction_publique','',NULL,NULL,NULL,0,'','',NULL,NULL,'','','2025-01-01',0,'',1,0,1,'',NULL,'',NULL,0,'',NULL,NULL,NULL,NULL,0,0,'N',NULL,NULL,NULL,NULL,NULL,NULL,'',0),('95cc217a-c46c-f5f9-7335-68b6a0f5c9e2','ASSOCIATION 1','2025-09-02 07:46:14','2025-09-04 15:06:45','623964d7-a11b-ba0f-92bf-68b96408cb84','984bab36-6ea9-3a3f-cc48-66e15b39ccb8',NULL,0,'984bab36-6ea9-3a3f-cc48-66e15b39ccb8',NULL,NULL,NULL,NULL,NULL,NULL,NULL,NULL,NULL,NULL,NULL,NULL,'http://',NULL,NULL,NULL,NULL,NULL,NULL,NULL,NULL,NULL,NULL,'N',0,NULL,NULL,NULL,NULL,NULL,NULL,'','','','',26,'n_bloque','22','','',NULL,NULL,NULL,'asso_agreee',NULL,'crm',NULL,NULL,NULL,NULL,NULL,NULL,NULL,NULL,NULL,NULL,NULL,NULL,NULL,0,NULL,NULL,NULL,NULL,NULL,NULL,NULL,0,'1',0,0,0,NULL,NULL,NULL,'',0,NULL,NULL,NULL,NULL,NULL,0,0,'N',NULL,NULL,NULL,NULL,NULL,NULL,NULL,0),('326718ed-cc95-7d92-bb50-68b6f8770ac4','FAMILLE TEST LICENCE SPORT ','2025-09-02 14:01:07','2025-09-02 14:01:07','1','1',NULL,0,NULL,NULL,NULL,NULL,NULL,'','',NULL,'',NULL,NULL,'',NULL,NULL,NULL,NULL,NULL,'','',NULL,'',NULL,NULL,NULL,'N',0,NULL,NULL,NULL,NULL,NULL,NULL,NULL,NULL,NULL,NULL,27,'n_bloque','22',NULL,NULL,NULL,NULL,NULL,'',NULL,'internet',NULL,NULL,NULL,NULL,NULL,'','',NULL,'','',NULL,NULL,NULL,0,'','',NULL,NULL,'','',NULL,0,'',0,0,0,NULL,NULL,NULL,NULL,0,'',NULL,NULL,NULL,NULL,0,0,'N',NULL,NULL,NULL,NULL,NULL,NULL,'',0),('9e6d9e0f-a093-b050-8acc-68da3fa18ccd','LANTEAS123','2025-09-29 08:12:48','2025-09-29 08:16:00','e64475cf-02f9-b7e1-4f19-66e15ba04a6c','1',NULL,0,'',NULL,NULL,NULL,NULL,NULL,NULL,NULL,NULL,NULL,NULL,NULL,NULL,NULL,NULL,NULL,NULL,NULL,NULL,NULL,NULL,NULL,NULL,NULL,'N',0,'651-649-984-89498',NULL,NULL,NULL,NULL,NULL,'','','','',28,'n_bloque','22','','',NULL,NULL,NULL,'EURL',NULL,'internet',NULL,NULL,NULL,NULL,NULL,NULL,NULL,NULL,NULL,NULL,NULL,NULL,NULL,0,NULL,NULL,NULL,NULL,NULL,NULL,NULL,0,'11',0,0,0,NULL,NULL,NULL,'',0,NULL,NULL,NULL,NULL,NULL,0,0,'N',NULL,NULL,NULL,NULL,NULL,NULL,NULL,0),('f3fe06ca-4619-ef03-67b4-68da3fe11506','ASSOC JEU','2025-09-29 08:14:54','2025-09-29 09:41:20','c4250303-bf3c-53d5-45a9-66e15bb9cb43','1',NULL,0,'',NULL,NULL,NULL,NULL,NULL,'ISSOUDUN',NULL,'36100',NULL,NULL,NULL,NULL,NULL,NULL,NULL,NULL,NULL,NULL,NULL,NULL,NULL,NULL,NULL,'N',0,'455-667-890-99999',NULL,NULL,NULL,NULL,'0025-09-29','','','','',29,'n_bloque','22','','',NULL,NULL,NULL,NULL,'Jeux de société','internet',NULL,NULL,NULL,NULL,NULL,NULL,'rue des guedons',NULL,NULL,NULL,NULL,NULL,NULL,0,NULL,NULL,NULL,NULL,NULL,NULL,NULL,0,NULL,0,0,0,NULL,NULL,NULL,'',0,'autre',NULL,NULL,NULL,NULL,0,0,'N',NULL,NULL,NULL,NULL,NULL,NULL,NULL,0),('e21bd1f0-fb08-9e39-8a4a-68da4132f23a','GR_UN FAUX LOG 36','2025-09-29 08:20:50','2025-10-06 07:50:55','984bab36-6ea9-3a3f-cc48-66e15b39ccb8','1',NULL,0,'',NULL,NULL,NULL,NULL,NULL,NULL,NULL,NULL,NULL,NULL,NULL,NULL,NULL,NULL,NULL,NULL,NULL,NULL,NULL,NULL,NULL,NULL,NULL,'N',0,NULL,NULL,NULL,NULL,NULL,'2025-09-01','','','','',30,'n_bloque','22','','',NULL,NULL,'4555_','SA',NULL,'internet',NULL,NULL,NULL,NULL,NULL,NULL,NULL,NULL,NULL,NULL,NULL,NULL,NULL,0,NULL,NULL,NULL,NULL,NULL,NULL,NULL,0,NULL,0,0,0,NULL,NULL,NULL,'',0,NULL,NULL,NULL,NULL,NULL,0,0,'N',NULL,NULL,NULL,NULL,NULL,NULL,NULL,0),('404e9648-e78b-3c2d-d850-68da420c18d2','ASSO NATALIA','2025-09-29 08:25:50','2025-10-06 13:19:03','1','1',NULL,0,'',NULL,NULL,NULL,NULL,NULL,NULL,NULL,NULL,NULL,NULL,NULL,NULL,NULL,NULL,NULL,NULL,NULL,NULL,NULL,NULL,NULL,NULL,NULL,'N',0,NULL,NULL,NULL,'W751164701',NULL,NULL,'','','','',31,'n_bloque','22','','',NULL,NULL,NULL,NULL,NULL,'internet',NULL,NULL,NULL,NULL,NULL,NULL,NULL,NULL,NULL,NULL,NULL,NULL,NULL,0,NULL,NULL,NULL,NULL,NULL,NULL,NULL,0,NULL,0,0,0,NULL,NULL,NULL,'',0,'tourisme',NULL,NULL,NULL,NULL,0,0,'N',NULL,NULL,NULL,NULL,NULL,NULL,NULL,0),('26d45266-1b3f-3be2-39c7-68e3bf5ec1ce','OP CONSULTING','2025-10-06 13:07:24','2025-10-06 13:07:24','1','1',NULL,0,NULL,NULL,NULL,NULL,NULL,'','',NULL,'',NULL,NULL,'',NULL,'',NULL,NULL,NULL,'','',NULL,'',NULL,'',NULL,'N',0,NULL,NULL,NULL,NULL,'',NULL,NULL,NULL,NULL,NULL,33,'n_bloque','22',NULL,NULL,NULL,NULL,'','','Va savoir','internet',NULL,NULL,NULL,NULL,NULL,'','',NULL,NULL,NULL,NULL,NULL,NULL,0,'','',NULL,NULL,'','',NULL,0,'200',0,0,0,'',NULL,'',NULL,0,'',NULL,NULL,NULL,NULL,0,0,'N',NULL,NULL,NULL,NULL,NULL,NULL,'',0),('b8a5d114-c5b2-9721-646f-68fa2821399b','CARS SAS','2025-10-23 13:06:07','2025-10-23 13:06:07','1','1',NULL,0,NULL,NULL,NULL,NULL,NULL,'','',NULL,'',NULL,NULL,'',NULL,'',NULL,NULL,NULL,'','',NULL,'',NULL,'',NULL,'N',0,'802-750-331-00034',NULL,NULL,'','',NULL,NULL,NULL,NULL,NULL,34,'n_bloque','22',NULL,NULL,NULL,NULL,'','auto_entrepreneur','','internet','',NULL,NULL,NULL,NULL,'','',NULL,NULL,NULL,NULL,NULL,NULL,0,'','',NULL,NULL,'','',NULL,0,'',0,0,0,NULL,NULL,NULL,NULL,0,'',NULL,NULL,NULL,NULL,0,0,'N',NULL,NULL,NULL,NULL,NULL,NULL,'',0),('5ff603bf-d60d-6566-a469-68fa28229162','CARS2  SAS','2025-10-23 13:08:11','2025-10-23 13:08:11','81297ee7-4d44-54e8-1090-66e15bd4b75c','81297ee7-4d44-54e8-1090-66e15bd4b75c',NULL,0,'81297ee7-4d44-54e8-1090-66e15bd4b75c',NULL,NULL,NULL,NULL,NULL,NULL,NULL,NULL,NULL,NULL,NULL,NULL,'http://',NULL,NULL,NULL,NULL,NULL,NULL,NULL,NULL,NULL,NULL,'N',0,'340 546 993 00684',NULL,NULL,NULL,NULL,NULL,'','','','',35,'n_bloque','22','','',NULL,NULL,NULL,'auto_entrepreneur',NULL,'crm',NULL,NULL,NULL,NULL,NULL,NULL,NULL,NULL,NULL,NULL,NULL,NULL,NULL,0,NULL,NULL,NULL,NULL,NULL,NULL,NULL,0,NULL,0,0,0,NULL,NULL,NULL,'',0,NULL,NULL,NULL,NULL,NULL,0,0,'N',NULL,NULL,NULL,NULL,NULL,NULL,NULL,0);

--
