-- Table structure for table `ops_suivi_dossier_audit`
--

CREATE TABLE `ops_suivi_dossier_audit` (
  `id` char(36) NOT NULL,
  `parent_id` char(36) NOT NULL,
  `date_created` datetime DEFAULT NULL,
  `created_by` varchar(36) DEFAULT NULL,
  `field_name` varchar(100) DEFAULT NULL,
  `data_type` varchar(100) DEFAULT NULL,
  `before_value_string` varchar(255) DEFAULT NULL,
  `after_value_string` varchar(255) DEFAULT NULL,
  `before_value_text` text DEFAULT NULL,
  `after_value_text` text DEFAULT NULL,
  PRIMARY KEY (`id`),
  KEY `idx_ops_suivi_dossier_parent_id` (`parent_id`)
) ENGINE=MyISAM DEFAULT CHARSET=utf8mb3 COLLATE=utf8mb3_general_ci;

--
-- Dumping data for table `ops_suivi_dossier_audit`
--

INSERT INTO `ops_suivi_dossier_audit` VALUES ('63061eae-d4ff-73b7-2b8f-643e704aa47c','ad8b051a-347c-af95-25ce-643e70e53982','2023-04-18 10:26:35','6f8ff2e0-a1c9-778f-332a-643aa04a16d7','visible_front','bool','0','1',NULL,NULL),('f3807b0d-7731-9b8a-c081-65099ba20ba3','8a994583-e38f-a9be-4b9b-65099b6df5bc','2023-09-19 12:59:59','1','visible_front','bool','0','1',NULL,NULL),('845c59d9-94bc-4e00-e800-65099bb7f3d4','8a994583-e38f-a9be-4b9b-65099b6df5bc','2023-09-19 13:00:38','1','name','name','Complet','Votre dossier est complet et peut être traité par nos services, ce qui ne préjuge en rien de la décision qui sera prise',NULL,NULL),('c57b9a57-69ac-e091-6527-6509a187ed51','e6d1c4b5-31e9-07fe-686e-65099b013fd0','2023-09-19 13:28:09','1','name','name','Nous avons le plaisir de vous informer que votre reçu un avis favorable','Nous avons le plaisir de vous informer que votre dossier a reçu un avis favorable',NULL,NULL),('c88ac0c8-ec7c-4303-e6cf-66d572657e4b','ed8eeafa-57cc-06f4-4e8d-66797c52284e','2024-09-02 08:09:54','1','name','name','Votre dossier est complet et peut être instruit par nos services (cela ne préjuge en rien de la décision finale qui sera prise par la commission)','Suivi',NULL,NULL),('b517e977-024c-7fce-3c41-66d572ff4b2c','ed8eeafa-57cc-06f4-4e8d-66797c52284e','2024-09-02 08:10:18','1','name','name','Suivi','Complétude',NULL,NULL),('c2c15adb-e209-ad3f-4706-66d573bbc002','5921d29e-6b23-cb17-6839-66797d1218d1','2024-09-02 08:10:46','1','name','name','La commission s\'est réunie et a décidé de donner une suite favorable à votre demande en vous attribuant une aide d\'un montant (€) de','Décision',NULL,NULL);

--
-- Table structure for table `ops_template_sms`
--

CREATE TABLE `ops_template_sms` (
  `id` char(36) NOT NULL,
  `name` varchar(255) DEFAULT NULL,
  `date_entered` datetime DEFAULT NULL,
  `date_modified` datetime DEFAULT NULL,
  `modified_user_id` char(36) DEFAULT NULL,
  `created_by` char(36) DEFAULT NULL,
  `description` text DEFAULT NULL,
  `deleted` tinyint(1) DEFAULT 0,
  `assigned_user_id` char(36) DEFAULT NULL,
  `actif` tinyint(1) DEFAULT 0,
  PRIMARY KEY (`id`)
) ENGINE=MyISAM DEFAULT CHARSET=utf8mb3 COLLATE=utf8mb3_general_ci;

--
-- Dumping data for table `ops_template_sms`
--

INSERT INTO `ops_template_sms` VALUES ('a3b90301-fa33-0779-9e85-65c056d744fe','Rappel voeux 2024','2024-02-05 03:32:16','2024-02-05 03:36:21','1','1','Bonjour $individu_salutation $individu_full_name, Rappel : les voeux de la Présidente le 15 février à 18h au Zenith. A très vite !',0,'',1);

--
-- Table structure for table `ops_template_sms_audit`
--

CREATE TABLE `ops_template_sms_audit` (
  `id` char(36) NOT NULL,
  `parent_id` char(36) NOT NULL,
  `date_created` datetime DEFAULT NULL,
  `created_by` varchar(36) DEFAULT NULL,
  `field_name` varchar(100) DEFAULT NULL,
  `data_type` varchar(100) DEFAULT NULL,
  `before_value_string` varchar(255) DEFAULT NULL,
  `after_value_string` varchar(255) DEFAULT NULL,
  `before_value_text` text DEFAULT NULL,
  `after_value_text` text DEFAULT NULL,
  PRIMARY KEY (`id`),
  KEY `idx_ops_template_sms_parent_id` (`parent_id`)
) ENGINE=MyISAM DEFAULT CHARSET=utf8mb3 COLLATE=utf8mb3_general_ci;

--
-- Dumping data for table `ops_template_sms_audit`
--


--
-- Table structure for table `ops_territoire`
--

CREATE TABLE `ops_territoire` (
  `id` char(36) NOT NULL,
  `name` varchar(255) DEFAULT NULL,
  `date_entered` datetime DEFAULT NULL,
  `date_modified` datetime DEFAULT NULL,
  `modified_user_id` char(36) DEFAULT NULL,
  `created_by` char(36) DEFAULT NULL,
  `description` text DEFAULT NULL,
  `deleted` tinyint(1) DEFAULT 0,
  `assigned_user_id` char(36) DEFAULT NULL,
  `code` varchar(255) DEFAULT NULL,
  PRIMARY KEY (`id`)
) ENGINE=MyISAM DEFAULT CHARSET=utf8mb3 COLLATE=utf8mb3_general_ci;

--
-- Dumping data for table `ops_territoire`
--

INSERT INTO `ops_territoire` VALUES ('559f4906-2ae4-ed51-44e8-6429960eb7dd','Bonnat','2023-04-02 14:51:52','2025-02-20 14:23:44','984bab36-6ea9-3a3f-cc48-66e15b39ccb8','1',NULL,0,'',NULL),('8791826b-d847-6894-35f2-6429969badf8','Évaux-les-Bains','2023-04-02 14:53:09','2023-10-02 13:27:51','1','1',NULL,0,'',NULL),('29e7f815-3f7a-b7df-0613-68347b243a45','Territoire NT','2025-05-26 14:30:59','2025-05-26 14:31:43','1','1',NULL,0,'',NULL),('17ccb5a8-693b-af76-bc84-68dcfa9bbde4','Territoire 1','2025-10-01 09:55:17','2025-10-01 09:55:17','1','1','',0,NULL,''),('294fd276-4b67-6e1a-38d2-68dcfaefb380','Territoire 2 ','2025-10-01 09:55:31','2025-10-01 09:55:31','1','1','',0,NULL,''),('2c7cf511-01ac-c17b-2225-68dcfb27e379','DV_Territoire','2025-10-01 10:01:16','2025-10-01 10:01:16','e64475cf-02f9-b7e1-4f19-66e15ba04a6c','e64475cf-02f9-b7e1-4f19-66e15ba04a6c','',0,NULL,''),('11ccf6c5-d31c-5e65-88e1-68dcfc357e6b','CD_CANTON','2025-10-01 10:01:49','2025-10-01 10:01:49','c4250303-bf3c-53d5-45a9-66e15bb9cb43','c4250303-bf3c-53d5-45a9-66e15bb9cb43','',0,NULL,''),('25876c2a-a463-ea07-2632-68dcfcc78a47','GR _ Mon canton cd36','2025-10-01 10:02:48','2025-10-01 10:02:48','984bab36-6ea9-3a3f-cc48-66e15b39ccb8','984bab36-6ea9-3a3f-cc48-66e15b39ccb8','GR _ Mon canton cd36',0,NULL,'GR _ Mon canton cd36');

--
-- Table structure for table `ops_territoire_audit`
--

CREATE TABLE `ops_territoire_audit` (
  `id` char(36) NOT NULL,
  `parent_id` char(36) NOT NULL,
  `date_created` datetime DEFAULT NULL,
  `created_by` varchar(36) DEFAULT NULL,
  `field_name` varchar(100) DEFAULT NULL,
  `data_type` varchar(100) DEFAULT NULL,
  `before_value_string` varchar(255) DEFAULT NULL,
  `after_value_string` varchar(255) DEFAULT NULL,
  `before_value_text` text DEFAULT NULL,
  `after_value_text` text DEFAULT NULL,
  PRIMARY KEY (`id`),
  KEY `idx_ops_territoire_parent_id` (`parent_id`)
) ENGINE=MyISAM DEFAULT CHARSET=utf8mb3 COLLATE=utf8mb3_general_ci;

--
-- Dumping data for table `ops_territoire_audit`
--


--
-- Table structure for table `ops_territoire_ops_type_territoire`
--

CREATE TABLE `ops_territoire_ops_type_territoire` (
  `id` varchar(36) NOT NULL,
  `date_modified` datetime DEFAULT NULL,
  `deleted` tinyint(1) DEFAULT 0,
  `ops_type_territoire_id` varchar(36) DEFAULT NULL,
  `ops_territoire_id` varchar(36) DEFAULT NULL,
  PRIMARY KEY (`id`),
  KEY `ops_territoire_ops_type_territoire_ida1` (`ops_type_territoire_id`),
  KEY `ops_territoire_ops_type_territoire_alt` (`ops_territoire_id`)
) ENGINE=MyISAM DEFAULT CHARSET=utf8mb3 COLLATE=utf8mb3_general_ci;

--
-- Dumping data for table `ops_territoire_ops_type_territoire`
--

INSERT INTO `ops_territoire_ops_type_territoire` VALUES ('56172f12-55b7-51dc-2d3b-64299660530c','2023-04-02 14:51:52',0,'6ffe1d03-39a0-ac08-aa36-6429964b42f4','559f4906-2ae4-ed51-44e8-6429960eb7dd'),('880d3e6d-6ffd-bfcd-180c-64299623a7ee','2023-04-02 14:53:09',0,'6ffe1d03-39a0-ac08-aa36-6429964b42f4','8791826b-d847-6894-35f2-6429969badf8'),('2a60dcca-1592-0e99-cc5d-68347b361bb0','2025-05-26 14:30:59',0,'1dc37759-4ef8-3353-3946-68347b5ee058','29e7f815-3f7a-b7df-0613-68347b243a45'),('184dcdc4-e695-b1d0-1a8f-68dcfa6395e4','2025-10-01 09:55:17',0,'3196aacf-390d-fbb3-cfe8-68dcfae2e738','17ccb5a8-693b-af76-bc84-68dcfa9bbde4'),('29c51b88-e57b-fb42-aeb8-68dcfa3cc392','2025-10-01 09:55:31',0,'3196aacf-390d-fbb3-cfe8-68dcfae2e738','294fd276-4b67-6e1a-38d2-68dcfaefb380'),('2cf04e55-e81e-b578-de77-68dcfbf40b71','2025-10-01 10:01:16',0,'41e10643-5277-4e84-918b-68dcfbb8d013','2c7cf511-01ac-c17b-2225-68dcfb27e379'),('12558d69-8a64-f3a5-338a-68dcfc980316','2025-10-01 10:01:49',0,'6eb330a6-c483-5bf1-b0f9-68dcfbaaf1fb','11ccf6c5-d31c-5e65-88e1-68dcfc357e6b'),('25f117f1-84f6-d00b-94da-68dcfcee6442','2025-10-01 10:02:48',0,'eb2e6489-ee36-5cb8-41d3-68dcfce69454','25876c2a-a463-ea07-2632-68dcfcc78a47');

--
-- Table structure for table `ops_territoire_users`
--

CREATE TABLE `ops_territoire_users` (
  `id` varchar(36) NOT NULL,
  `date_modified` datetime DEFAULT NULL,
  `deleted` tinyint(1) DEFAULT 0,
  `ops_territoire_id` varchar(36) DEFAULT NULL,
  `users_id` varchar(36) DEFAULT NULL,
  PRIMARY KEY (`id`),
  KEY `ops_territoire_users_alt` (`ops_territoire_id`,`users_id`)
) ENGINE=MyISAM DEFAULT CHARSET=utf8mb3 COLLATE=utf8mb3_general_ci;

--
-- Dumping data for table `ops_territoire_users`
--

INSERT INTO `ops_territoire_users` VALUES ('b27a6ad9-8ec6-67f0-8895-67b73ac3bacd','2025-02-20 14:23:44',0,'559f4906-2ae4-ed51-44e8-6429960eb7dd','6f0aff80-b2cc-5e16-2518-67b73432628a'),('e633c11b-0470-e519-805b-67b73b6db0a8','2025-02-20 14:27:03',0,'559f4906-2ae4-ed51-44e8-6429960eb7dd','74eb47b0-1736-645a-b2d7-67b73563163f'),('d12021fd-cfff-b38b-696b-67b73b244f2c','2025-02-20 14:27:08',0,'8791826b-d847-6894-35f2-6429969badf8','74eb47b0-1736-645a-b2d7-67b73563163f'),('b6fea553-27d9-e582-feac-68347b5ca720','2025-05-26 14:31:43',0,'29e7f815-3f7a-b7df-0613-68347b243a45','984bab36-6ea9-3a3f-cc48-66e15b39ccb8'),('3929a745-a458-4ed2-1272-68dcf92b3c80','2025-10-01 09:52:02',0,'29e7f815-3f7a-b7df-0613-68347b243a45','2a0e769d-dccb-f497-603a-68b8104b9393'),('39ba7d26-04d2-46a0-0c06-68dcf9fc1960','2025-10-01 09:52:02',0,'559f4906-2ae4-ed51-44e8-6429960eb7dd','2a0e769d-dccb-f497-603a-68b8104b9393'),('5f03746f-b04c-cbc7-18ab-69047e5c24e0','2025-10-31 09:16:16',0,'25876c2a-a463-ea07-2632-68dcfcc78a47','c5bbd378-f4e4-8ea1-ba12-68e38421309e'),('5f8c6686-ad04-24d0-8286-69047eb4824a','2025-10-31 09:16:16',0,'11ccf6c5-d31c-5e65-88e1-68dcfc357e6b','c5bbd378-f4e4-8ea1-ba12-68e38421309e');

--
-- Table structure for table `ops_traitement`
--

CREATE TABLE `ops_traitement` (
  `id` char(36) NOT NULL,
  `name` int(255) DEFAULT NULL,
  `date_entered` datetime DEFAULT NULL,
  `date_modified` datetime DEFAULT NULL,
  `modified_user_id` char(36) DEFAULT NULL,
  `created_by` char(36) DEFAULT NULL,
  `description` text DEFAULT NULL,
  `deleted` tinyint(1) DEFAULT 0,
  `assigned_user_id` char(36) DEFAULT NULL,
  `statut` varchar(100) DEFAULT NULL,
  `pause` tinyint(1) DEFAULT 0,
  `termine` tinyint(1) DEFAULT 0,
  `requete` text DEFAULT NULL,
  `label_externe` varchar(255) DEFAULT NULL,
  `source` varchar(255) DEFAULT NULL,
  `num_dossier` int(255) DEFAULT NULL,
  PRIMARY KEY (`id`)
) ENGINE=InnoDB DEFAULT CHARSET=utf8mb3 COLLATE=utf8mb3_general_ci;

--
-- Dumping data for table `ops_traitement`
--


--
-- Table structure for table `ops_traitement_audit`
--

CREATE TABLE `ops_traitement_audit` (
  `id` char(36) NOT NULL,
  `parent_id` char(36) NOT NULL,
  `date_created` datetime DEFAULT NULL,
  `created_by` varchar(36) DEFAULT NULL,
  `field_name` varchar(100) DEFAULT NULL,
  `data_type` varchar(100) DEFAULT NULL,
  `before_value_string` varchar(255) DEFAULT NULL,
  `after_value_string` varchar(255) DEFAULT NULL,
  `before_value_text` text DEFAULT NULL,
  `after_value_text` text DEFAULT NULL,
  PRIMARY KEY (`id`),
  KEY `idx_ops_traitement_parent_id` (`parent_id`)
) ENGINE=InnoDB DEFAULT CHARSET=utf8mb3 COLLATE=utf8mb3_general_ci;

--
-- Dumping data for table `ops_traitement_audit`
--


--
-- Table structure for table `ops_traitement_historique`
--

CREATE TABLE `ops_traitement_historique` (
  `id` char(36) NOT NULL,
  `name` varchar(255) DEFAULT NULL,
  `date_entered` datetime DEFAULT NULL,
  `date_modified` datetime DEFAULT NULL,
  `modified_user_id` char(36) DEFAULT NULL,
  `created_by` char(36) DEFAULT NULL,
  `description` text DEFAULT NULL,
  `deleted` tinyint(1) DEFAULT 0,
  `assigned_user_id` char(36) DEFAULT NULL,
  `statut` varchar(100) DEFAULT NULL,
  `format` varchar(255) DEFAULT NULL,
  `requete` text DEFAULT NULL,
  `reponse` text DEFAULT NULL,
  `erreur` text DEFAULT NULL,
  `etape` varchar(255) DEFAULT NULL,
  PRIMARY KEY (`id`)
) ENGINE=InnoDB DEFAULT CHARSET=utf8mb3 COLLATE=utf8mb3_general_ci;

--
-- Dumping data for table `ops_traitement_historique`
--


--
-- Table structure for table `ops_traitement_historique_audit`
--

CREATE TABLE `ops_traitement_historique_audit` (
  `id` char(36) NOT NULL,
  `parent_id` char(36) NOT NULL,
  `date_created` datetime DEFAULT NULL,
  `created_by` varchar(36) DEFAULT NULL,
  `field_name` varchar(100) DEFAULT NULL,
  `data_type` varchar(100) DEFAULT NULL,
  `before_value_string` varchar(255) DEFAULT NULL,
  `after_value_string` varchar(255) DEFAULT NULL,
  `before_value_text` text DEFAULT NULL,
  `after_value_text` text DEFAULT NULL,
  PRIMARY KEY (`id`),
  KEY `idx_ops_traitement_historique_parent_id` (`parent_id`)
) ENGINE=InnoDB DEFAULT CHARSET=utf8mb3 COLLATE=utf8mb3_general_ci;

--
-- Dumping data for table `ops_traitement_historique_audit`
--


--
-- Table structure for table `ops_traitement_ops_traitement_historique`
--

CREATE TABLE `ops_traitement_ops_traitement_historique` (
  `id` varchar(36) NOT NULL,
  `date_modified` datetime DEFAULT NULL,
  `deleted` tinyint(1) DEFAULT 0,
  `ops_traitement_id` varchar(36) DEFAULT NULL,
  `ops_traitement_historique_id` varchar(36) DEFAULT NULL,
  PRIMARY KEY (`id`),
  KEY `ops_traitement_ops_traitement_historique_ida1` (`ops_traitement_id`),
  KEY `ops_traitement_ops_traitement_historique_alt` (`ops_traitement_historique_id`)
) ENGINE=InnoDB DEFAULT CHARSET=utf8mb3 COLLATE=utf8mb3_general_ci;

--
-- Dumping data for table `ops_traitement_ops_traitement_historique`
--


--
-- Table structure for table `ops_traitement_ops_traitement_valeurs`
--

CREATE TABLE `ops_traitement_ops_traitement_valeurs` (
  `id` varchar(36) NOT NULL,
  `date_modified` datetime DEFAULT NULL,
  `deleted` tinyint(1) DEFAULT 0,
  `ops_traitement_id` varchar(36) DEFAULT NULL,
  `ops_traitement_valeurs_id` varchar(36) DEFAULT NULL,
  PRIMARY KEY (`id`),
  KEY `ops_traitement_ops_traitement_valeurs_ida1` (`ops_traitement_id`),
  KEY `ops_traitement_ops_traitement_valeurs_alt` (`ops_traitement_valeurs_id`)
) ENGINE=InnoDB DEFAULT CHARSET=utf8mb3 COLLATE=utf8mb3_general_ci;

--
-- Dumping data for table `ops_traitement_ops_traitement_valeurs`
--


--
-- Table structure for table `ops_traitement_valeurs`
--

CREATE TABLE `ops_traitement_valeurs` (
  `id` char(36) NOT NULL,
  `name` varchar(255) DEFAULT NULL,
  `date_entered` datetime DEFAULT NULL,
  `date_modified` datetime DEFAULT NULL,
  `modified_user_id` char(36) DEFAULT NULL,
  `created_by` char(36) DEFAULT NULL,
  `description` text DEFAULT NULL,
  `deleted` tinyint(1) DEFAULT 0,
  `assigned_user_id` char(36) DEFAULT NULL,
  `etape` varchar(255) DEFAULT NULL,
  PRIMARY KEY (`id`)
) ENGINE=InnoDB DEFAULT CHARSET=utf8mb3 COLLATE=utf8mb3_general_ci;

--
-- Dumping data for table `ops_traitement_valeurs`
--


--
-- Table structure for table `ops_traitement_valeurs_audit`
--

CREATE TABLE `ops_traitement_valeurs_audit` (
  `id` char(36) NOT NULL,
  `parent_id` char(36) NOT NULL,
  `date_created` datetime DEFAULT NULL,
  `created_by` varchar(36) DEFAULT NULL,
  `field_name` varchar(100) DEFAULT NULL,
  `data_type` varchar(100) DEFAULT NULL,
  `before_value_string` varchar(255) DEFAULT NULL,
  `after_value_string` varchar(255) DEFAULT NULL,
  `before_value_text` text DEFAULT NULL,
  `after_value_text` text DEFAULT NULL,
  PRIMARY KEY (`id`),
  KEY `idx_ops_traitement_valeurs_parent_id` (`parent_id`)
) ENGINE=InnoDB DEFAULT CHARSET=utf8mb3 COLLATE=utf8mb3_general_ci;

--
-- Dumping data for table `ops_traitement_valeurs_audit`
--


--
-- Table structure for table `ops_tranche`
--

CREATE TABLE `ops_tranche` (
  `id` char(36) NOT NULL,
  `name` varchar(255) DEFAULT NULL,
  `date_entered` datetime DEFAULT NULL,
  `date_modified` datetime DEFAULT NULL,
  `modified_user_id` char(36) DEFAULT NULL,
  `created_by` char(36) DEFAULT NULL,
  `description` text DEFAULT NULL,
  `deleted` tinyint(1) DEFAULT 0,
  `assigned_user_id` char(36) DEFAULT NULL,
  `currency_id` char(36) DEFAULT NULL,
  `code_programme` varchar(255) DEFAULT NULL,
  `programme` varchar(255) DEFAULT NULL,
  `code_operation` varchar(255) DEFAULT NULL,
  `operation` varchar(255) DEFAULT NULL,
  PRIMARY KEY (`id`)
) ENGINE=MyISAM DEFAULT CHARSET=utf8mb3 COLLATE=utf8mb3_general_ci;

--
-- Dumping data for table `ops_tranche`
--


--
-- Table structure for table `ops_tranche_audit`
--

CREATE TABLE `ops_tranche_audit` (
  `id` char(36) NOT NULL,
  `parent_id` char(36) NOT NULL,
  `date_created` datetime DEFAULT NULL,
  `created_by` varchar(36) DEFAULT NULL,
  `field_name` varchar(100) DEFAULT NULL,
  `data_type` varchar(100) DEFAULT NULL,
  `before_value_string` varchar(255) DEFAULT NULL,
  `after_value_string` varchar(255) DEFAULT NULL,
  `before_value_text` text DEFAULT NULL,
  `after_value_text` text DEFAULT NULL,
  PRIMARY KEY (`id`),
  KEY `idx_ops_tranche_parent_id` (`parent_id`)
) ENGINE=MyISAM DEFAULT CHARSET=utf8mb3 COLLATE=utf8mb3_general_ci;

--
-- Dumping data for table `ops_tranche_audit`
--


--
-- Table structure for table `ops_tranche_ops_dossier`
--

CREATE TABLE `ops_tranche_ops_dossier` (
  `id` varchar(36) NOT NULL,
  `date_modified` datetime DEFAULT NULL,
  `deleted` tinyint(1) DEFAULT 0,
  `ops_tranche_id` varchar(36) DEFAULT NULL,
  `ops_dossier_id` varchar(36) DEFAULT NULL,
  PRIMARY KEY (`id`),
  KEY `ops_tranche_ops_dossier_ida1` (`ops_tranche_id`),
  KEY `ops_tranche_ops_dossier_alt` (`ops_dossier_id`)
) ENGINE=MyISAM DEFAULT CHARSET=utf8mb3 COLLATE=utf8mb3_general_ci;

--
-- Dumping data for table `ops_tranche_ops_dossier`
--


--
-- Table structure for table `ops_tranche_ops_exercice`
--

CREATE TABLE `ops_tranche_ops_exercice` (
  `id` varchar(36) NOT NULL,
  `date_modified` datetime DEFAULT NULL,
  `deleted` tinyint(1) DEFAULT 0,
  `ops_exercice_id` varchar(36) DEFAULT NULL,
  `ops_tranche_id` varchar(36) DEFAULT NULL,
  PRIMARY KEY (`id`),
  KEY `ops_tranche_ops_exercice_ida1` (`ops_exercice_id`),
  KEY `ops_tranche_ops_exercice_alt` (`ops_tranche_id`)
) ENGINE=MyISAM DEFAULT CHARSET=utf8mb3 COLLATE=utf8mb3_general_ci;

--
-- Dumping data for table `ops_tranche_ops_exercice`
--


--
-- Table structure for table `ops_type_document`
--

CREATE TABLE `ops_type_document` (
  `id` char(36) NOT NULL,
  `name` varchar(255) DEFAULT NULL,
  `date_entered` datetime DEFAULT NULL,
  `date_modified` datetime DEFAULT NULL,
  `modified_user_id` char(36) DEFAULT NULL,
  `created_by` char(36) DEFAULT NULL,
  `description` text DEFAULT NULL,
  `deleted` tinyint(1) DEFAULT 0,
  `assigned_user_id` char(36) DEFAULT NULL,
  `identifiant` varchar(255) DEFAULT NULL,
  `objet` varchar(100) DEFAULT NULL,
  `import` tinyint(1) DEFAULT 0,
  `type_capdemat` varchar(255) DEFAULT NULL,
  `statut` tinyint(1) DEFAULT NULL,
  `document_unique` tinyint(1) DEFAULT 0,
  `ops_notifications_email_id` char(36) DEFAULT NULL,
  `notification` tinyint(1) DEFAULT 0,
  `nb_jours` int(255) DEFAULT NULL,
  `multi_fichier` tinyint(1) DEFAULT 0,
  `icone` varchar(255) DEFAULT 'file',
  `format` text DEFAULT NULL,
  `taille_limite` int(255) DEFAULT NULL,
  `visible_internet` tinyint(1) DEFAULT 1,
  `visible_partenaire` tinyint(1) DEFAULT 0,
  PRIMARY KEY (`id`)
) ENGINE=MyISAM DEFAULT CHARSET=utf8mb3 COLLATE=utf8mb3_general_ci;

--
-- Dumping data for table `ops_type_document`
--

INSERT INTO `ops_type_document` VALUES ('42fe0fca-f0ea-fe7b-704b-64258e59c5f3','Extrait KBIS','2023-03-30 13:26:36','2023-03-30 13:26:36','1','1',NULL,0,NULL,'','tiers',0,'',1,0,'',0,0,0,'file','^image/jpeg^,^application/pdf^,^image/png^',5,1,0),('34d0eca2-5657-1c57-8cd7-64258e12f0be','Justificatif de domicile','2023-03-30 13:26:58','2023-03-30 13:26:58','1','1',NULL,0,NULL,'','tiers',0,'',1,0,'',0,0,1,'file','^image/jpeg^,^application/pdf^,^image/png^',5,1,0),('6c8eae42-8661-23a4-b8b8-6425cf269b5e','RIB','2023-03-30 18:04:33','2023-03-31 15:00:14','1','1',NULL,0,'',NULL,'dossier',0,NULL,1,0,'',0,0,0,'file','^image/jpeg^,^application/pdf^,^image/png^',5,1,0),('dcf3eab3-f09b-94f8-707c-6425cf9207ce','CP - Certificat de scolarité','2023-03-30 18:05:03','2025-02-07 09:04:27','c4250303-bf3c-53d5-45a9-66e15bb9cb43','1',NULL,0,'',NULL,'tiers',0,NULL,1,0,'',0,0,0,'file','^image/jpeg^,^application/pdf^,^image/png^',5,1,0),('ced804c7-5698-cca8-f2bd-6425cff9a8b3','Licence','2023-03-30 18:05:22','2023-03-31 15:00:08','1','1',NULL,0,'',NULL,'dossier',0,NULL,1,0,'',0,0,0,'file','^image/jpeg^,^application/pdf^,^image/png^',5,1,0),('d87e3d8a-3b7c-1d5f-7276-6425d1ddb78c','Photographie','2023-03-30 18:16:22','2023-04-03 07:40:01','1','1',NULL,0,'',NULL,'dossier',0,NULL,1,0,'',0,0,0,'file','^image/jpeg^,^application/pdf^,^image/png^',5,1,0),('58b29456-8014-e966-3509-6426d61c1dd8','Divers','2023-03-31 12:49:33','2025-05-26 14:09:20','1','1',NULL,0,'',NULL,'dossier',0,NULL,1,0,'',0,0,1,'file','^image/jpeg^,^application/pdf^,^image/png^',5,1,1),('1b574570-5004-b742-15d3-6426f3c4eb10','Avis d\'imposition','2023-03-31 14:53:35','2023-03-31 14:59:30','1','1',NULL,0,'',NULL,'dossier',0,NULL,1,0,'',0,0,0,'file','^image/jpeg^,^application/pdf^,^image/png^',5,1,0),('d2318489-de11-8ad0-7c45-6426f485d6d1','Facture','2023-03-31 14:53:56','2023-03-31 15:00:01','1','1',NULL,0,'',NULL,'dossier',0,NULL,1,0,'',0,0,0,'file','^image/jpeg^,^application/pdf^,^image/png^',5,1,0),('90ee6d9d-6f99-45f1-66c4-6426f4bbf14b','Certificat d\'homologation','2023-03-31 14:54:35','2023-03-31 14:59:38','1','1',NULL,0,'',NULL,'dossier',0,NULL,1,0,'',0,0,0,'file','^image/jpeg^,^application/pdf^,^image/png^',5,1,0),('dd006e87-4798-14bc-9c4a-6426f9cc1a09','Journal officiel','2023-03-31 15:19:05','2023-03-31 15:19:05','1','1',NULL,0,NULL,'','dossier',0,'',1,0,'',0,0,0,'file','^image/jpeg^,^application/pdf^,^image/png^',5,1,0),('8e623500-6ad1-4bea-e861-6426fa74b900','Conseil d\'administration','2023-03-31 15:20:06','2023-03-31 15:20:06','1','1',NULL,0,NULL,'','dossier',0,'',1,0,'',0,0,0,'file','^image/jpeg^,^application/pdf^,^image/png^',5,1,0),('c8e52dac-c5d8-ab74-7b9e-6426fa11d7f6','PV Assemblée générale','2023-03-31 15:20:27','2023-03-31 15:20:27','1','1',NULL,0,NULL,'','dossier',0,'',1,0,'',0,0,0,'file','^image/jpeg^,^application/pdf^,^image/png^',5,1,0),('45f09770-7511-a0fa-c29e-6426fa50637c','Bilan financier','2023-03-31 15:20:53','2023-03-31 15:20:53','1','1',NULL,0,NULL,'','dossier',0,'',1,0,'',0,0,0,'file','^image/jpeg^,^application/pdf^,^image/png^',5,1,0),('f130418c-0838-7f91-807a-6426fa5c1fb6','Rapport d\'activités','2023-03-31 15:21:07','2023-03-31 15:21:07','1','1',NULL,0,NULL,'','dossier',0,'',1,0,'',0,0,0,'file','^image/jpeg^,^application/pdf^,^image/png^',5,1,0),('bbab4f1a-e792-c746-1004-6426fa5a63ce','Composition du bureau','2023-03-31 15:21:29','2023-03-31 15:21:29','1','1',NULL,0,NULL,'','dossier',0,'',1,0,'',0,0,0,'file','^image/jpeg^,^application/pdf^,^image/png^',5,1,0),('d7d07b13-1645-adc3-b803-6426fa34c943','Statuts','2023-03-31 15:22:42','2023-05-09 10:09:15','1','1',NULL,0,'',NULL,'tiers',0,NULL,1,0,'',0,0,1,'file','^image/jpeg^,^application/pdf^,^image/png^',10,1,0),('9adbed5c-fa7d-0fb8-e4c5-642705e6c26e','Livret de famille','2023-03-31 16:06:46','2023-03-31 16:06:46','1','1',NULL,0,NULL,'','dossier',0,'',1,0,'',0,0,1,'file','^image/jpeg^,^application/pdf^,^image/png^',5,1,0),('528861ce-05e9-c58f-1366-64271c9c164a','Budget','2023-03-31 17:44:32','2023-03-31 17:44:32','1','1',NULL,0,NULL,'','dossier',0,'',1,0,'',0,0,0,'file','^image/jpeg^,^application/pdf^,^image/png^',5,1,0),('830a9892-672f-e57f-b21b-64271c9e5d59','Compte de résultat','2023-03-31 17:45:02','2023-03-31 17:45:02','1','1',NULL,0,NULL,'','dossier',0,'',1,0,'',0,0,0,'file','^image/jpeg^,^application/pdf^,^image/png^',5,1,0),('725ba7f9-65a6-0b42-8844-643706299263','Attestation de paiement CAF','2023-04-12 19:30:43','2023-04-12 19:30:43','1','1',NULL,0,NULL,'','dossier',0,'',1,0,'',0,0,0,'file','^image/jpeg^,^application/pdf^,^image/png^',0,1,0),('af2fa7d7-2482-c528-73e4-643707728962','Jugement de divorce','2023-04-12 19:32:15','2023-04-12 19:32:15','1','1',NULL,0,NULL,'','dossier',0,'',1,0,'',0,0,0,'file','^image/jpeg^,^application/pdf^,^image/png^',0,1,0),('db752fbe-685e-ec86-eff7-6437072e5e9c','CP - Attestation sur l\'honneur','2023-04-12 19:32:49','2025-10-01 07:43:22','984bab36-6ea9-3a3f-cc48-66e15b39ccb8','1',NULL,0,'',NULL,'dossier',0,NULL,1,0,'',0,0,0,'file','^image/jpeg^,^application/pdf^,^image/png^',5,1,0),('99e07ea6-2c67-7790-8b40-64490eab1716','test import sans type','2023-04-26 11:43:24','2023-04-26 11:43:24','1','1',NULL,0,NULL,'','dossier',0,'',1,0,'',0,0,0,'file','',0,1,0),('cbc958b1-d127-e765-6e10-64490eaa2ca5','test import jpeg','2023-04-26 11:43:50','2023-04-26 11:43:50','1','1',NULL,0,NULL,'','tiers',0,'',1,0,'',0,0,0,'file','^image/jpeg^',0,1,0),('ae81fff6-9671-2827-bc96-64e70f65531b','Financement bancaire','2023-08-24 08:05:56','2023-12-27 14:52:34','1','1',NULL,0,'',NULL,'dossier',0,NULL,1,0,'',0,0,0,'file','^image/jpeg^,^application/pdf^,^image/png^',5,1,1),('668a15e1-bf6b-62a2-0ddb-64e713e2ae45','Convention','2023-08-24 08:21:31','2024-06-18 09:48:25','604ce6b2-0113-9588-7fa6-65f42e2efabe','1',NULL,0,'',NULL,'dossier',0,NULL,1,0,'',0,0,0,'file','^image/jpeg^,^application/pdf^,^image/png^',5,1,0),('7a63a2de-4516-95c6-a662-65913193eafa','Plan de financement','2023-12-31 09:15:04','2023-12-31 10:05:29','1','1',NULL,0,'',NULL,'dossier',0,NULL,1,0,'',0,NULL,0,'file','^image/jpeg^,^application/pdf^,^image/png^',0,1,1),('877a58de-27d8-f712-f072-6591313668ee','Copie de la demande de subvention déposée auprès des services de l\'état','2023-12-31 09:15:04','2023-12-31 09:15:04','1','1',NULL,0,NULL,'','dossier',0,NULL,1,0,NULL,0,NULL,1,'file','^image/jpeg^,^application/pdf^,^image/png^',0,1,0),('8f07d557-563d-ffab-f445-659131a7ec72','Copie de la demande de subvention déposée auprès des services de l\'UE','2023-12-31 09:15:04','2023-12-31 09:15:04','1','1',NULL,0,NULL,'','dossier',0,NULL,1,0,NULL,0,NULL,1,'file','^image/jpeg^,^application/pdf^,^image/png^',0,1,0),('942e172c-34a5-8dcc-a0ac-659131a90b9b','Copie de la demande de subvention déposée auprès des services de le la Région','2023-12-31 09:15:04','2023-12-31 09:15:04','1','1',NULL,0,NULL,'','dossier',0,NULL,1,0,NULL,0,NULL,1,'file','^image/jpeg^,^application/pdf^,^image/png^',0,1,0),('99a06293-d7c3-c157-4f8f-6591316ad56b','Plan de situation','2023-12-31 09:15:04','2023-12-31 09:15:04','1','1',NULL,0,NULL,'','dossier',0,NULL,1,0,NULL,0,NULL,1,'file','^image/png^,^image/jpeg^,^application/pdf^',0,1,0),('9e985b05-ff84-bea7-4c70-659131081386','Délibération du demandeur','2023-12-31 09:15:04','2023-12-31 09:15:04','1','1',NULL,0,NULL,'','dossier',0,NULL,1,0,NULL,0,NULL,1,'file','^image/jpeg^,^application/pdf^,^image/png^',10,1,0),('be3b3f64-0242-1e27-76bd-6591317633eb','','2023-12-31 09:15:04','2023-12-31 09:15:04','1','1',NULL,0,NULL,NULL,'dossier',0,NULL,NULL,0,NULL,0,NULL,0,'file','^image/jpeg^,^application/pdf^,^image/png^',NULL,1,0),('caec9311-b3d8-e4a6-7ada-6591313ff287','Plan de masse / plan des travaux','2023-12-31 09:15:04','2023-12-31 09:15:04','1','1',NULL,0,NULL,'','dossier',0,NULL,1,0,NULL,0,NULL,1,'file','^image/png^,^image/jpeg^,^application/pdf^',0,1,0),('d00e3b93-ce8e-df9f-c7ee-65913127a6ee','Justificatif de propriété ou d\'usufruit','2023-12-31 09:15:04','2023-12-31 09:15:04','1','1',NULL,0,NULL,'','dossier',0,NULL,1,0,NULL,0,NULL,1,'file','^image/jpeg^,^application/pdf^,^image/png^',0,1,0),('d4b4be04-a04c-480a-215e-659131d8c690','Devis','2023-12-31 09:15:04','2023-12-31 09:15:04','1','1',NULL,0,NULL,'','dossier',0,NULL,1,0,NULL,0,NULL,1,'file','^image/jpeg^,^application/pdf^,^image/png^',10,1,0),('da71a839-a369-af77-d9ef-659131c73658','Grille d\'analyse environnementale','2023-12-31 09:15:04','2023-12-31 10:05:35','1','1',NULL,0,'',NULL,'dossier',0,NULL,1,0,'',0,NULL,1,'file','^application/pdf^',0,1,1),('8fadb7cc-224a-e571-e57f-65f69837ca5f','Invitations, Convocations','2024-03-17 07:13:50','2025-05-27 12:14:13','1','1',NULL,0,'',NULL,'dossier',0,NULL,1,0,'',0,0,0,'file','^image/jpeg^,^application/pdf^,^image/png^',10,1,0),('6b943bd7-f7f3-23dc-2b10-66058a97c9e7','DP opérations','2024-03-28 15:19:00','2024-03-28 15:19:00','604ce6b2-0113-9588-7fa6-65f42e2efabe','604ce6b2-0113-9588-7fa6-65f42e2efabe',NULL,0,NULL,'','dossier',0,'',1,0,'',0,0,0,'file','^image/jpeg^,^application/pdf^,^image/png^',0,1,0),('745e8b37-1580-a786-cbaf-66058dd811d5','Délibération','2024-03-28 15:34:06','2024-03-28 15:34:06','604ce6b2-0113-9588-7fa6-65f42e2efabe','604ce6b2-0113-9588-7fa6-65f42e2efabe',NULL,0,NULL,'Delib','dossier',0,NULL,0,0,NULL,0,NULL,0,'file','^image/jpeg^,^application/pdf^,^image/png^',5,1,0),('79fb34a3-e5b7-c372-d80f-66058d43cbb7','Note de présentation ','2024-03-28 15:34:06','2024-03-28 15:34:06','604ce6b2-0113-9588-7fa6-65f42e2efabe','604ce6b2-0113-9588-7fa6-65f42e2efabe',NULL,0,NULL,'Note Presentation','dossier',0,NULL,0,0,NULL,0,NULL,0,'file','^image/jpeg^,^application/pdf^,^image/png^',5,1,0),('7bf1c654-2e26-ce40-ffbe-66058df24ea3','Devis estimatif et descriptif','2024-03-28 15:34:06','2025-10-06 09:39:59','1','604ce6b2-0113-9588-7fa6-65f42e2efabe',NULL,0,'','Devis','dossier',0,NULL,1,0,'',0,NULL,1,'file','^image/jpeg^,^application/pdf^,^image/png^',5,1,0),('7de47064-f17a-735b-2113-66058d23aba1','Avis de consultation','2024-03-28 15:34:06','2024-03-28 15:34:06','604ce6b2-0113-9588-7fa6-65f42e2efabe','604ce6b2-0113-9588-7fa6-65f42e2efabe',NULL,0,NULL,'Avis de consultation','dossier',0,NULL,0,0,NULL,0,NULL,0,'file','^image/jpeg^,^application/pdf^,^image/png^',5,1,0),('7fd1d1e6-5567-421a-5a47-66058dba7744','Autre pièce','2024-03-28 15:34:06','2024-03-28 15:34:06','604ce6b2-0113-9588-7fa6-65f42e2efabe','604ce6b2-0113-9588-7fa6-65f42e2efabe',NULL,0,NULL,'autre','dossier',0,NULL,1,0,NULL,0,NULL,0,'file','^image/jpeg^,^application/pdf^,^image/png^',5,1,0),('829d2fe9-44e5-85fb-ab80-66058d4b76d2','Demande de dérogation','2024-03-28 15:34:06','2024-03-28 15:34:06','604ce6b2-0113-9588-7fa6-65f42e2efabe','604ce6b2-0113-9588-7fa6-65f42e2efabe',NULL,0,NULL,'Dérogation','dossier',0,NULL,0,0,NULL,0,NULL,0,'file','^image/jpeg^,^application/pdf^,^image/png^',5,1,0),('85f80a0e-0f2a-89bd-ef6c-66058d363218','Avis tiers','2024-03-28 15:34:06','2025-02-20 15:09:40','984bab36-6ea9-3a3f-cc48-66e15b39ccb8','604ce6b2-0113-9588-7fa6-65f42e2efabe',NULL,0,'','avis_tiers','dossier',0,NULL,1,0,'',0,NULL,0,'file','^image/jpeg^,^application/pdf^,^image/png^',5,1,0),('a7a79417-e1b3-f4b0-c390-660594e8d1ba','Projet Associatif (sport)','2024-03-28 16:01:54','2024-03-28 16:01:54','604ce6b2-0113-9588-7fa6-65f42e2efabe','604ce6b2-0113-9588-7fa6-65f42e2efabe',NULL,0,NULL,'','dossier',0,NULL,1,0,NULL,0,NULL,1,'file','^image/jpeg^,^application/pdf^,^image/png^',0,1,0),('aecc9bdb-79a7-8e5b-5701-66059494adcd','Immatriculation au répertoire SIREN','2024-03-28 16:01:54','2024-03-28 16:01:54','604ce6b2-0113-9588-7fa6-65f42e2efabe','604ce6b2-0113-9588-7fa6-65f42e2efabe',NULL,0,NULL,'','tiers',0,NULL,1,0,NULL,0,NULL,1,'file','^image/jpeg^,^application/pdf^,^image/png^',0,1,0),('b128e31a-e231-e75f-7e86-660594248f91','Déclaration en sous-préfecture','2024-03-28 16:01:54','2024-03-28 16:01:54','604ce6b2-0113-9588-7fa6-65f42e2efabe','604ce6b2-0113-9588-7fa6-65f42e2efabe',NULL,0,NULL,'','tiers',0,NULL,1,0,NULL,0,NULL,1,'file','^image/jpeg^,^application/pdf^,^image/png^',0,1,0),('b38d6d59-309a-a9ec-8244-660594c99fff','Publication au Journal Officiel','2024-03-28 16:01:54','2024-03-28 16:01:54','604ce6b2-0113-9588-7fa6-65f42e2efabe','604ce6b2-0113-9588-7fa6-65f42e2efabe',NULL,0,NULL,'','tiers',0,NULL,1,0,NULL,0,NULL,1,'file','^image/jpeg^,^application/pdf^,^image/png^',0,1,0),('b5db6963-a5a0-fe8d-cdc2-6605942520f3','Rapport d’activité - dernier exercice','2024-03-28 16:01:54','2024-03-28 16:01:54','604ce6b2-0113-9588-7fa6-65f42e2efabe','604ce6b2-0113-9588-7fa6-65f42e2efabe',NULL,0,NULL,'','tiers',0,NULL,1,0,NULL,0,NULL,1,'file','^image/jpeg^,^application/pdf^,^image/png^',0,1,0),('b81d0af9-1de7-a3c9-2859-660594234896','Procès-verbal de la dernière Assemblée Générale','2024-03-28 16:01:54','2024-03-28 16:01:54','604ce6b2-0113-9588-7fa6-65f42e2efabe','604ce6b2-0113-9588-7fa6-65f42e2efabe',NULL,0,NULL,'','tiers',0,NULL,1,0,NULL,0,NULL,1,'file','^image/jpeg^,^application/pdf^,^image/png^',0,1,0),('ba50db46-1921-1a65-00d6-66059448ee38','Rapport d’activité - prévisionnel','2024-03-28 16:01:54','2024-03-28 16:01:54','604ce6b2-0113-9588-7fa6-65f42e2efabe','604ce6b2-0113-9588-7fa6-65f42e2efabe',NULL,0,NULL,'','tiers',0,NULL,1,0,NULL,0,NULL,1,'file','^image/jpeg^,^application/pdf^,^image/png^',0,1,0),('bcecb0a3-b6f7-bc49-f595-6605946dff79','Compte de resultat du dernier exercice valide','2024-03-28 16:01:54','2024-03-28 16:01:54','604ce6b2-0113-9588-7fa6-65f42e2efabe','604ce6b2-0113-9588-7fa6-65f42e2efabe',NULL,0,NULL,'','tiers',0,NULL,1,0,NULL,0,NULL,1,'file','^image/jpeg^,^application/pdf^',0,1,0),('bf50432e-1684-a990-bdba-660594c9b031','Compte de bilan du dernier exercice valide','2024-03-28 16:01:54','2024-03-28 16:01:54','604ce6b2-0113-9588-7fa6-65f42e2efabe','604ce6b2-0113-9588-7fa6-65f42e2efabe',NULL,0,NULL,'','tiers',0,NULL,1,0,NULL,0,NULL,1,'file','^image/jpeg^,^application/pdf^',0,1,0),('c1921377-694b-1912-2949-66059490f998','Budget prévisionnel action / projet 2023','2024-03-28 16:01:54','2024-03-28 16:01:54','604ce6b2-0113-9588-7fa6-65f42e2efabe','604ce6b2-0113-9588-7fa6-65f42e2efabe',NULL,0,NULL,'','dossier',0,NULL,1,0,NULL,0,NULL,1,'file','^image/jpeg^,^application/pdf^,^image/png^',0,1,0),('ad4e836e-7b92-be6e-9593-666c324659ca','DP - Facture Acquitée Doc test type PJ','2024-06-14 12:09:23','2024-06-14 12:14:54','604ce6b2-0113-9588-7fa6-65f42e2efabe','604ce6b2-0113-9588-7fa6-65f42e2efabe',NULL,0,'',NULL,'dossier',0,NULL,1,0,'5810f805-bd90-ac92-277b-654e3e886741',1,0,0,'file','^image/jpeg^,^application/pdf^,^image/png^',0,1,0),('40855f55-26d8-f1e6-6448-663277ca0d31','Curriculum vitae','2024-05-01 17:10:46','2024-05-01 17:10:46','1','1',NULL,0,NULL,'','dossier',0,NULL,1,0,NULL,0,NULL,0,'file','^application/pdf^',5,1,0),('455e62fe-c6c6-300b-da14-663277695358','Lettre de motivation','2024-05-01 17:10:46','2024-05-01 17:10:46','1','1',NULL,0,NULL,'','dossier',0,NULL,1,0,NULL,0,NULL,0,'file','^application/pdf^',5,1,0),('c7455c0d-9bc8-7589-3b9c-6633cf1494a7','Courrier','2024-05-02 17:36:41','2025-10-31 11:18:02','1','1',NULL,0,'',NULL,'dossier',0,NULL,1,0,'',0,0,0,'file','^image/jpeg^,^application/pdf^,^image/png^',5,1,0),('93def776-bde3-92d5-c0d1-66684869c270','Document test Patricia','2024-06-11 12:52:55','2024-06-11 12:52:55','604ce6b2-0113-9588-7fa6-65f42e2efabe','604ce6b2-0113-9588-7fa6-65f42e2efabe',NULL,0,NULL,'','dossier',0,'',1,0,'5bfe7606-5dcd-9122-540c-6223bca99933',0,0,0,'file','^image/jpeg^,^application/pdf^,^image/png^',0,1,0),('636d9a79-fda9-a160-2357-666c332f7ff3','DP2 - PV assemblée','2024-06-14 12:13:17','2024-06-14 12:14:26','604ce6b2-0113-9588-7fa6-65f42e2efabe','604ce6b2-0113-9588-7fa6-65f42e2efabe',NULL,0,'',NULL,'tiers',0,NULL,1,0,'ecdb7126-93a6-35c8-4deb-64b517eda4c3',1,0,0,'file','^image/jpeg^,^application/pdf^,^image/png^',0,1,0),('ca005519-5660-ebdd-fd30-66715ea6c839','Convention mise à disposition logiciel','2024-06-18 10:16:14','2025-10-06 08:07:52','1','604ce6b2-0113-9588-7fa6-65f42e2efabe',NULL,0,'',NULL,'dossier',0,NULL,1,0,'',0,0,0,'file','^image/jpeg^,^application/pdf^,^image/png^',0,1,0),('b94fec8f-785a-ab4c-ce93-674d82bc37dd','ED_Budget prévisionnel','2024-12-02 09:47:57','2024-12-02 09:47:57','984bab36-6ea9-3a3f-cc48-66e15b39ccb8','984bab36-6ea9-3a3f-cc48-66e15b39ccb8',NULL,0,NULL,'','dossier',0,'',1,0,'',0,NULL,0,'file','^image/jpeg^,^application/pdf^,^image/png^',NULL,1,0),('ef92826d-433f-fd25-96c9-674d822d0942','ED_Compte de résultat','2024-12-02 09:48:33','2024-12-02 09:48:33','984bab36-6ea9-3a3f-cc48-66e15b39ccb8','984bab36-6ea9-3a3f-cc48-66e15b39ccb8',NULL,0,NULL,'','tiers',0,'',1,0,'',0,NULL,0,'file','^image/jpeg^,^application/pdf^,^image/png^',NULL,1,0),('402194a8-6e36-7df0-5ea1-67a5cad24a5c','Justificatif domicile','2025-02-07 08:55:52','2025-02-07 08:55:52','1','1',NULL,0,NULL,'','dossier',0,'',1,0,'',0,NULL,0,'file','^image/jpeg^,^application/pdf^,^image/png^,^text/csv^',NULL,1,0),('122438f3-8d87-edf3-bc46-67a5cb2e7bb2','TG_Présentation_Projet','2025-02-07 09:01:27','2025-02-07 09:01:27','326c449b-a872-58d3-5ae2-66e15b07aa48','326c449b-a872-58d3-5ae2-66e15b07aa48',NULL,0,NULL,'','dossier',0,'',1,0,'',0,NULL,0,'file','^image/jpeg^,^application/pdf^,^image/png^',NULL,1,0),('4d553cff-9869-0d6a-2332-67a5cc3be30f','TG_Compte_Resultat','2025-02-07 09:02:22','2025-02-07 09:02:22','326c449b-a872-58d3-5ae2-66e15b07aa48','326c449b-a872-58d3-5ae2-66e15b07aa48',NULL,0,NULL,'','tiers',0,'',1,0,'f10f0f23-0d84-78f0-1bb0-643d37a98a34',1,2,0,'file','^image/jpeg^,^application/pdf^,^image/png^',NULL,1,0),('25e8703c-f466-d8ca-c2ca-67a5ccb38c66','QL Carte d\'identité','2025-02-07 09:02:28','2025-02-07 09:03:39','984bab36-6ea9-3a3f-cc48-66e15b39ccb8','984bab36-6ea9-3a3f-cc48-66e15b39ccb8',NULL,0,'',NULL,'tiers',0,NULL,1,0,'',0,NULL,0,'file','^image/jpeg^,^application/pdf^,^image/png^',5,1,0),('ecf2967b-75d3-06be-5558-67a5cca50d33','QL Justificatif de domicile','2025-02-07 09:02:59','2025-02-07 09:02:59','984bab36-6ea9-3a3f-cc48-66e15b39ccb8','984bab36-6ea9-3a3f-cc48-66e15b39ccb8',NULL,0,NULL,'','dossier',0,'',1,0,'',0,NULL,0,'file','^image/jpeg^,^application/pdf^,^image/png^',5,1,0),('1d5c17c5-aef6-8883-d9e7-67aa010823ad','NT_Statut','2025-02-10 13:38:50','2025-02-10 13:38:50','1','1',NULL,0,NULL,'','dossier',0,'',1,0,'e6335c94-4da6-26d3-66db-674dd5a5bd09',0,5,1,'file','^image/jpeg^,^application/pdf^,^image/png^',NULL,1,0),('556f2591-14a7-3202-c191-67aa0130e0c2','Test formation 1 LM','2025-02-10 13:39:03','2025-02-10 13:39:03','984bab36-6ea9-3a3f-cc48-66e15b39ccb8','984bab36-6ea9-3a3f-cc48-66e15b39ccb8',NULL,0,NULL,'','dossier',0,'',1,0,'e6335c94-4da6-26d3-66db-674dd5a5bd09',0,5,1,'file','^image/jpeg^,^application/pdf^,^image/png^',NULL,1,0),('c77a997b-c82f-ed5a-52d2-67aa01b4a2ab','SP_Statut','2025-02-10 13:39:03','2025-02-10 13:39:03','c4250303-bf3c-53d5-45a9-66e15bb9cb43','c4250303-bf3c-53d5-45a9-66e15bb9cb43',NULL,0,NULL,'','dossier',0,'',1,0,'',1,5,1,'file','^image/jpeg^,^application/pdf^,^image/png^',NULL,1,0),('954b01c2-09e4-e6c5-5322-67aa023f0406','Statut LM','2025-02-10 13:44:17','2025-02-10 13:44:46','984bab36-6ea9-3a3f-cc48-66e15b39ccb8','984bab36-6ea9-3a3f-cc48-66e15b39ccb8',NULL,0,'',NULL,'tiers',0,NULL,1,0,'',0,NULL,1,'file','^image/jpeg^,^application/pdf^,^image/png^',NULL,1,0),('1885cb00-562b-97a8-c70a-67aa02bcecf1','SP_StatutProfil','2025-02-10 13:44:34','2025-02-10 13:44:34','c4250303-bf3c-53d5-45a9-66e15bb9cb43','c4250303-bf3c-53d5-45a9-66e15bb9cb43',NULL,0,NULL,'','tiers',0,'',1,0,'ae3ad6db-64da-762d-7af6-649d9e531f97',1,5,0,'file','^image/jpeg^,^application/pdf^,^text/csv^',NULL,1,0),('41a4bdd0-b97c-b36f-5294-68e38dbcd929','CONVENTION NATALIA','2025-10-06 09:35:01','2025-10-06 09:35:01','1','1',NULL,0,NULL,'','dossier',0,'',1,0,'',0,NULL,0,'file','^image/jpeg^,^application/pdf^,^image/png^',NULL,1,0),('1e60e7bc-d87a-4bb9-5046-68233f7bc6af','CD36_DD_Facture acquittées','2025-05-13 12:47:17','2025-05-13 12:47:17','c4250303-bf3c-53d5-45a9-66e15bb9cb43','c4250303-bf3c-53d5-45a9-66e15bb9cb43',NULL,0,NULL,'','dossier',0,'',1,0,'',1,NULL,1,'file','^image/jpeg^,^application/pdf^,^image/png^',NULL,1,0),('a1258340-7bce-450a-57cf-68233fcb26bc','CD36_DD_RIB','2025-05-13 12:49:06','2025-05-13 12:49:06','c4250303-bf3c-53d5-45a9-66e15bb9cb43','c4250303-bf3c-53d5-45a9-66e15bb9cb43',NULL,0,NULL,'','tiers',0,'',1,0,'',0,NULL,0,'file','^image/jpeg^,^application/pdf^,^image/png^',NULL,1,0),('79d0bbfe-cd42-d20e-c60a-682340dba247','Justificatif apport en fond propres Marc','2025-05-13 12:50:34','2025-05-13 12:54:56','984bab36-6ea9-3a3f-cc48-66e15b39ccb8','984bab36-6ea9-3a3f-cc48-66e15b39ccb8',NULL,0,'',NULL,'dossier',0,NULL,1,0,'',0,NULL,0,'file','^image/jpeg^,^application/pdf^,^image/png^',NULL,1,0),('e62184c4-0f89-ff70-ef43-6823409c7c91','RIB Marc','2025-05-13 12:51:24','2025-05-13 12:55:46','984bab36-6ea9-3a3f-cc48-66e15b39ccb8','984bab36-6ea9-3a3f-cc48-66e15b39ccb8',NULL,0,'',NULL,'tiers',0,NULL,1,0,'',0,NULL,0,'file','^image/jpeg^,^application/pdf^,^image/png^',NULL,1,0),('cd62cf1b-e44c-96c0-f9ad-68b5a7529a5f','Budget prévisionnel test Alice','2025-09-01 14:02:29','2025-09-01 14:03:28','984bab36-6ea9-3a3f-cc48-66e15b39ccb8','984bab36-6ea9-3a3f-cc48-66e15b39ccb8',NULL,0,'',NULL,'dossier',0,NULL,1,1,'',1,NULL,1,'file','^image/jpeg^,^application/pdf^,^image/png^',10,1,0),('5d43673d-4eea-11d1-85d1-68b5a74bdec7','Justificatif apports en fonds propres test Alice','2025-09-01 14:03:55','2025-09-01 14:04:18','984bab36-6ea9-3a3f-cc48-66e15b39ccb8','984bab36-6ea9-3a3f-cc48-66e15b39ccb8',NULL,0,'',NULL,'dossier',0,NULL,1,1,'',1,NULL,1,'file','^image/jpeg^,^application/pdf^,^image/png^',10,1,0),('e58f3d72-2fe1-3b2f-50a6-68b5a7b2c90c','Justificatif de prêt bancaire test Alice','2025-09-01 14:04:39','2025-09-01 14:04:57','984bab36-6ea9-3a3f-cc48-66e15b39ccb8','984bab36-6ea9-3a3f-cc48-66e15b39ccb8',NULL,0,'',NULL,'dossier',0,NULL,1,0,'',1,NULL,1,'file','^image/jpeg^,^application/pdf^,^image/png^',10,1,0),('a40c5663-8d3f-0850-459f-68b5a8a1508b','Factures acquittées test Alice','2025-09-01 14:06:23','2025-09-01 14:07:58','984bab36-6ea9-3a3f-cc48-66e15b39ccb8','984bab36-6ea9-3a3f-cc48-66e15b39ccb8',NULL,0,'',NULL,'dossier',0,NULL,1,0,'',0,NULL,1,'file','^image/jpeg^,^application/pdf^,^image/png^',10,1,0),('9f9eb669-1bfe-9b27-a7bf-68b5a8fe591e','Présentation du projet test Alice','2025-09-01 14:08:15','2025-09-01 14:08:15','984bab36-6ea9-3a3f-cc48-66e15b39ccb8','984bab36-6ea9-3a3f-cc48-66e15b39ccb8',NULL,0,NULL,'','dossier',0,'',1,0,'',0,NULL,0,'file','^image/jpeg^,^application/pdf^,^image/png^',10,1,0),('73296640-26df-58a7-f510-68b5a834366a','Tableau des investissements envisagés test Alice','2025-09-01 14:08:35','2025-09-01 14:08:35','984bab36-6ea9-3a3f-cc48-66e15b39ccb8','984bab36-6ea9-3a3f-cc48-66e15b39ccb8',NULL,0,NULL,'','dossier',0,'',1,0,'',0,NULL,0,'file','^image/jpeg^,^application/pdf^,^image/png^',NULL,1,0),('8e15907f-f4b3-e9bf-cdc2-68b5a8c45b0d','Compte de résultat test Alice','2025-09-01 14:08:56','2025-09-01 14:08:56','984bab36-6ea9-3a3f-cc48-66e15b39ccb8','984bab36-6ea9-3a3f-cc48-66e15b39ccb8',NULL,0,NULL,'','tiers',0,'',1,0,'',0,NULL,0,'file','^image/jpeg^,^application/pdf^,^image/png^',NULL,1,0),('5e1198de-fcd5-9972-5c5b-68b5a9d6ab09','Justificatif apports en fonds propres test Alice','2025-09-01 14:10:19','2025-09-01 14:10:19','984bab36-6ea9-3a3f-cc48-66e15b39ccb8','984bab36-6ea9-3a3f-cc48-66e15b39ccb8',NULL,0,NULL,'','dossier',0,'',1,0,'',0,NULL,0,'file','^image/jpeg^,^application/pdf^,^image/png^',NULL,1,0),('9d007747-e227-8cf6-4ad2-68b5a972eb7d','Justificatif apports en fonds propres test Alice','2025-09-01 14:11:34','2025-09-01 14:11:52','984bab36-6ea9-3a3f-cc48-66e15b39ccb8','984bab36-6ea9-3a3f-cc48-66e15b39ccb8',NULL,0,'',NULL,'dossier',0,NULL,1,1,'',1,NULL,1,'file','^image/jpeg^,^application/pdf^,^image/png^',NULL,1,0),('359b9e78-3303-67e1-2d68-68b5a99f417f','Extrait KBIS test Alice','2025-09-01 14:12:44','2025-09-01 14:12:44','984bab36-6ea9-3a3f-cc48-66e15b39ccb8','984bab36-6ea9-3a3f-cc48-66e15b39ccb8',NULL,0,NULL,'','tiers',0,'',1,0,'',0,NULL,0,'file','^image/jpeg^,^application/pdf^,^image/png^',NULL,1,0),('79f8f56a-3ce9-24ed-68bc-68b5a9463b55','RIB test Alice','2025-09-01 14:13:13','2025-09-01 14:13:29','984bab36-6ea9-3a3f-cc48-66e15b39ccb8','984bab36-6ea9-3a3f-cc48-66e15b39ccb8',NULL,0,'',NULL,'tiers',0,NULL,1,0,'',0,NULL,0,'file','^image/jpeg^,^application/pdf^,^image/png^',NULL,1,0),('b5f2047a-5b32-cd41-5bdd-68b5aa3684d8','PV d’assemblée générale test Alice','2025-09-01 14:14:38','2025-09-01 14:14:46','984bab36-6ea9-3a3f-cc48-66e15b39ccb8','984bab36-6ea9-3a3f-cc48-66e15b39ccb8',NULL,0,'',NULL,'tiers',0,NULL,1,0,'',0,NULL,0,'file','^image/jpeg^,^application/pdf^,^image/png^',NULL,1,0),('20657039-fced-080c-6772-68b5aa72ab02','Statuts d’une association test Alice','2025-09-01 14:15:06','2025-09-01 14:15:06','984bab36-6ea9-3a3f-cc48-66e15b39ccb8','984bab36-6ea9-3a3f-cc48-66e15b39ccb8',NULL,0,NULL,'','tiers',0,'',1,0,'',0,NULL,0,'file','^image/jpeg^,^application/pdf^,^image/png^',NULL,1,0),('6fa90696-6890-3c4c-fc4f-68b6f48933bd','Photocopie de la carte nationale d’identité','2025-09-02 13:43:06','2025-09-02 13:44:05','984bab36-6ea9-3a3f-cc48-66e15b39ccb8','984bab36-6ea9-3a3f-cc48-66e15b39ccb8',NULL,0,'',NULL,'dossier',0,NULL,1,0,'',0,NULL,1,'file','^image/jpeg^,^application/pdf^,^image/png^',NULL,1,0),('dcfa0f53-8a16-565f-2f1f-68b6f411ccbf',' Photocopie(s) de licence(s)','2025-09-02 13:43:38','2025-09-02 13:43:38','984bab36-6ea9-3a3f-cc48-66e15b39ccb8','984bab36-6ea9-3a3f-cc48-66e15b39ccb8',NULL,0,NULL,'','dossier',0,'',1,0,'',0,NULL,1,'file','^image/jpeg^,^application/pdf^,^image/png^',NULL,1,0),('c8706e64-9849-41ca-75e3-68b6f44db2ba','RIB','2025-09-02 13:44:56','2025-09-02 13:44:56','984bab36-6ea9-3a3f-cc48-66e15b39ccb8','984bab36-6ea9-3a3f-cc48-66e15b39ccb8',NULL,0,NULL,'','dossier',0,'',1,0,'',0,NULL,0,'file','^image/jpeg^,^application/pdf^,^image/png^',NULL,1,0),('4dcc0dcb-aad9-c0cb-0bc5-68da378a4509','NT_Passeport','2025-09-29 07:37:12','2025-09-29 07:37:12','1','1',NULL,0,NULL,'','dossier',0,'',1,0,'5810f805-bd90-ac92-277b-654e3e886741',1,5,1,'file','^application/pdf^',NULL,1,0),('22500f79-8c72-acec-f3ce-68da37b2a511','DV_Budget_Prévisionnel','2025-09-29 07:40:15','2025-09-29 07:42:38','e64475cf-02f9-b7e1-4f19-66e15ba04a6c','e64475cf-02f9-b7e1-4f19-66e15ba04a6c',NULL,0,'',NULL,'dossier',0,NULL,1,0,'5810f805-bd90-ac92-277b-654e3e886741',1,3,0,'file','^application/pdf^',NULL,1,0),('65913d90-ad0d-1c69-d0e5-68da375a1870','CD Présentation du projet','2025-09-29 07:40:25','2025-09-29 07:40:25','c4250303-bf3c-53d5-45a9-66e15bb9cb43','c4250303-bf3c-53d5-45a9-66e15bb9cb43',NULL,0,NULL,'','dossier',0,'',1,0,'',0,NULL,1,'file','^image/jpeg^,^application/pdf^,^image/png^',NULL,1,0),('66d1dd6e-685b-a964-1e06-68da374a9322','DV_RIB','2025-09-29 07:40:46','2025-09-29 07:43:31','e64475cf-02f9-b7e1-4f19-66e15ba04a6c','e64475cf-02f9-b7e1-4f19-66e15ba04a6c',NULL,0,'',NULL,'tiers',0,NULL,1,0,'ecdb7126-93a6-35c8-4deb-64b517eda4c3',1,5,0,'file','^image/jpeg^,^application/pdf^,^image/png^',NULL,1,0),('2c33f9ec-0874-d78c-26eb-68da38d078df','GR_Factures acquités','2025-09-29 07:40:59','2025-09-29 07:40:59','984bab36-6ea9-3a3f-cc48-66e15b39ccb8','984bab36-6ea9-3a3f-cc48-66e15b39ccb8',NULL,0,NULL,'','dossier',0,'',1,0,'',0,NULL,0,'file','^application/pdf^',NULL,1,0),('3a4d06cd-f6ce-6de2-d5ba-68da385c0433','GR_RIB','2025-09-29 07:41:31','2025-09-29 07:41:53','984bab36-6ea9-3a3f-cc48-66e15b39ccb8','984bab36-6ea9-3a3f-cc48-66e15b39ccb8',NULL,0,'',NULL,'tiers',0,NULL,1,0,'',0,NULL,1,'file','^image/jpeg^,^application/pdf^,^image/png^',NULL,1,0),('1a9d2d0a-9171-196a-900f-68da38432e32','CD Statuts de l\'association','2025-09-29 07:42:33','2025-09-29 07:42:33','c4250303-bf3c-53d5-45a9-66e15bb9cb43','c4250303-bf3c-53d5-45a9-66e15bb9cb43',NULL,0,NULL,'','tiers',0,'',1,0,'5810f805-bd90-ac92-277b-654e3e886741',1,3,1,'file','^image/jpeg^,^application/pdf^,^image/png^',NULL,1,0),('ea839bbb-a2c8-00a8-71cf-68e3b606f0c1','Type document NT','2025-10-06 12:31:37','2025-10-06 12:31:37','1','1',NULL,0,NULL,'','dossier',0,'',1,0,'1d7983f2-f5e4-3215-e9f0-68e373154b6f',1,5,1,'file','^application/pdf^',NULL,1,0),('a2512ce7-149f-f863-f68f-68e3b85849a9','Kbis SC','2025-10-06 12:39:01','2025-10-06 12:39:01','c4250303-bf3c-53d5-45a9-66e15bb9cb43','c4250303-bf3c-53d5-45a9-66e15bb9cb43',NULL,0,NULL,'','dossier',0,'',1,0,'',0,NULL,0,'file','^application/pdf^',NULL,1,0),('74042094-a053-2a7a-3701-68e3b81717ee','Fiche INSEE SC','2025-10-06 12:39:32','2025-10-06 12:39:32','c4250303-bf3c-53d5-45a9-66e15bb9cb43','c4250303-bf3c-53d5-45a9-66e15bb9cb43',NULL,0,NULL,'','tiers',0,'',1,0,'',0,NULL,0,'file','^application/pdf^',NULL,1,0),('db665f7b-07d0-5f81-557d-68e3b8411b69','OP - Doc pour sub dossier dispos 1','2025-10-06 12:40:18','2025-10-06 12:40:18','984bab36-6ea9-3a3f-cc48-66e15b39ccb8','984bab36-6ea9-3a3f-cc48-66e15b39ccb8',NULL,0,NULL,'','dossier',0,'',1,0,'',0,NULL,1,'file','^image/jpeg^,^application/pdf^,^image/png^',5,1,0),('a0596549-4e97-de06-60e5-68e3b819a4bf','OP - Doc pour sub profil dispos 1','2025-10-06 12:41:16','2025-10-06 12:41:16','984bab36-6ea9-3a3f-cc48-66e15b39ccb8','984bab36-6ea9-3a3f-cc48-66e15b39ccb8',NULL,0,NULL,'','tiers',0,'',1,0,'',0,NULL,1,'file','^image/jpeg^,^application/pdf^,^image/png^',5,1,0),('63fe2536-82e8-fd53-9d86-68fa243c22f2','AB_Budget prévisionnel','2025-10-23 12:50:20','2025-10-23 13:17:11','81297ee7-4d44-54e8-1090-66e15bd4b75c','81297ee7-4d44-54e8-1090-66e15bd4b75c',NULL,0,'',NULL,'tiers',0,NULL,1,0,'',0,NULL,1,'file','^image/jpeg^,^application/pdf^,^image/png^',NULL,1,0),('873b4ce9-2d84-9425-a7dd-68fa2495f249','Compte de résultat','2025-10-23 12:51:22','2025-10-23 12:51:22','81297ee7-4d44-54e8-1090-66e15bd4b75c','81297ee7-4d44-54e8-1090-66e15bd4b75c',NULL,0,NULL,'','tiers',0,'',1,0,'',0,NULL,0,'file','^image/jpeg^,^application/pdf^,^image/png^',5000,1,0),('95030dfc-5385-2637-29e9-6909fd2e7d0e','Courrier signé à l’attention du Président','2025-11-04 13:19:09','2025-11-04 13:19:09','1','1',NULL,0,NULL,'','dossier',0,NULL,1,0,NULL,0,NULL,0,'file','^image/jpeg^,^application/pdf^,^image/png^',NULL,1,0),('a08f730b-1688-b510-8a9c-6909fd92dee1','Délibérations','2025-11-04 13:19:09','2025-11-04 13:19:09','1','1',NULL,0,NULL,'','dossier',0,NULL,1,0,NULL,0,NULL,0,'file','^image/jpeg^,^application/pdf^,^image/png^',5,1,0),('a491b612-4d6f-1f57-cd65-6909fd55d0c8','Notice explicative ','2025-11-04 13:19:09','2025-11-04 13:19:09','1','1',NULL,0,NULL,'','dossier',0,NULL,1,0,NULL,0,NULL,0,'file','^image/jpeg^,^application/pdf^,^image/png^',NULL,1,0),('ab4e40a7-c25c-c148-efe4-6909fdfcc54b','Dossier projet','2025-11-04 13:19:09','2025-11-04 13:19:09','1','1',NULL,0,NULL,'','dossier',0,NULL,1,0,NULL,0,NULL,1,'file','^image/jpeg^,^application/pdf^,^image/png^',20,1,0),('af7adfa4-2365-8a09-64ff-6909fd172017','justificatifs études','2025-11-04 13:19:09','2025-11-04 13:19:09','1','1',NULL,0,NULL,'','dossier',0,NULL,1,0,NULL,0,NULL,1,'file','^image/jpeg^,^application/pdf^,^image/png^',20,1,0),('b432b986-c6a9-d5af-04ae-6909fd7f1945','Résultat consultation entreprises','2025-11-04 13:19:09','2025-11-04 13:19:09','1','1',NULL,0,NULL,'','dossier',0,NULL,1,0,NULL,0,NULL,1,'file','^image/jpeg^,^application/pdf^,^image/png^',NULL,1,0),('b8320817-4d3a-7fd7-7173-6909fd20d970','Factures justificatives','2025-11-04 13:19:09','2025-11-04 13:19:09','1','1',NULL,0,NULL,'','dossier',0,NULL,1,0,NULL,0,NULL,1,'file','^image/jpeg^,^application/pdf^,^image/png^',NULL,1,0),('bbe35fc5-4974-c718-3d0a-6909fd708585','Prise en compte considérations environnementales ','2025-11-04 13:19:09','2025-11-04 13:19:09','1','1',NULL,0,NULL,'','dossier',0,NULL,1,0,NULL,0,NULL,1,'file','^image/jpeg^,^application/pdf^,^image/png^',NULL,1,0);

--
-- Table structure for table `ops_type_document_audit`
--

CREATE TABLE `ops_type_document_audit` (
  `id` char(36) NOT NULL,
  `parent_id` char(36) NOT NULL,
  `date_created` datetime DEFAULT NULL,
  `created_by` varchar(36) DEFAULT NULL,
  `field_name` varchar(100) DEFAULT NULL,
  `data_type` varchar(100) DEFAULT NULL,
  `before_value_string` varchar(255) DEFAULT NULL,
  `after_value_string` varchar(255) DEFAULT NULL,
  `before_value_text` text DEFAULT NULL,
  `after_value_text` text DEFAULT NULL,
  PRIMARY KEY (`id`),
  KEY `idx_ops_type_document_parent_id` (`parent_id`)
) ENGINE=MyISAM DEFAULT CHARSET=utf8mb3 COLLATE=utf8mb3_general_ci;

--
-- Dumping data for table `ops_type_document_audit`
--

INSERT INTO `ops_type_document_audit` VALUES ('5d946f60-09bf-7fc9-c1f3-67a5ccd715a3','25e8703c-f466-d8ca-c2ca-67a5ccb38c66','2025-02-07 09:03:39','984bab36-6ea9-3a3f-cc48-66e15b39ccb8','format','multienum',NULL,NULL,'^image/jpeg^,^application/pdf^,^image/png^,^text/csv^','^image/jpeg^,^application/pdf^,^image/png^'),('f3714503-d3e9-0de6-24e7-68da38b23fcc','22500f79-8c72-acec-f3ce-68da37b2a511','2025-09-29 07:42:38','e64475cf-02f9-b7e1-4f19-66e15ba04a6c','ops_notifications_email_id','id','','5810f805-bd90-ac92-277b-654e3e886741',NULL,NULL),('f3ca8312-a866-0393-6814-68da38544951','22500f79-8c72-acec-f3ce-68da37b2a511','2025-09-29 07:42:38','e64475cf-02f9-b7e1-4f19-66e15ba04a6c','email_notification','relate','','OPS - Complément relance',NULL,NULL),('ce039916-3000-c7d9-32c4-68da38190f4a','66d1dd6e-685b-a964-1e06-68da374a9322','2025-09-29 07:43:31','e64475cf-02f9-b7e1-4f19-66e15ba04a6c','ops_notifications_email_id','id','','ecdb7126-93a6-35c8-4deb-64b517eda4c3',NULL,NULL),('ce1a6f06-5398-424b-b59a-68da38cfc0d3','66d1dd6e-685b-a964-1e06-68da374a9322','2025-09-29 07:43:31','e64475cf-02f9-b7e1-4f19-66e15ba04a6c','email_notification','relate','','OPS - Partenaire externe - relance',NULL,NULL);

--
-- Table structure for table `ops_type_document_documents`
--

CREATE TABLE `ops_type_document_documents` (
  `id` varchar(36) NOT NULL,
  `date_modified` datetime DEFAULT NULL,
  `deleted` tinyint(1) DEFAULT 0,
  `ops_type_document_id` varchar(36) DEFAULT NULL,
  `document_id` varchar(36) DEFAULT NULL,
  `document_revision_id` varchar(36) DEFAULT NULL,
  PRIMARY KEY (`id`),
  KEY `ops_type_document_documents_ida1` (`ops_type_document_id`),
  KEY `ops_type_document_documents_alt` (`document_id`)
) ENGINE=MyISAM DEFAULT CHARSET=utf8mb3 COLLATE=utf8mb3_general_ci;

--
-- Dumping data for table `ops_type_document_documents`
--

INSERT INTO `ops_type_document_documents` VALUES ('526e452e-ab14-bcb1-2aea-6756ae59e86c','2024-12-09 08:44:57',0,'db752fbe-685e-ec86-eff7-6437072e5e9c','6d7c51f0-dae1-5fb2-792a-6756ae65c6aa',NULL),('d2b5a3d6-4886-85ab-a438-67a5c8f4a7dd','2025-02-07 08:45:32',0,'db752fbe-685e-ec86-eff7-6437072e5e9c','a46b132c-d84b-9b65-49ce-67a5c80af516',NULL),('721c4b0a-75d6-7bf5-a42a-67ae0e10dd4e','2025-02-13 15:24:10',0,'58b29456-8014-e966-3509-6426d61c1dd8','964157c2-4513-4719-a976-67ae0e465c05',NULL),('6d2b779f-64b4-c303-9ef9-67ae0f47a909','2025-02-13 15:26:21',0,'ca005519-5660-ebdd-fd30-66715ea6c839','9acadd4a-d0eb-bd28-d258-67ae0fff972a',NULL),('95a65a90-d276-1c57-0db8-67ae0fa15572','2025-02-13 15:28:02',0,'8fadb7cc-224a-e571-e57f-65f69837ca5f','4abff0d4-a6bd-ebf4-8fb8-67ae0fea3656',NULL),('a8c00a79-9fb6-1f4a-47ab-67ae0ffd3552','2025-02-13 15:28:29',0,'c7455c0d-9bc8-7589-3b9c-6633cf1494a7','dc24ae3f-da96-d3ed-0358-67ae0fa69a05',NULL),('7c1f2f50-818a-146c-a8c5-67b74502c910','2025-02-20 15:09:16',0,'8fadb7cc-224a-e571-e57f-65f69837ca5f','5e0a106f-f822-5111-7090-67b745ce6738',NULL),('47dd74e3-b699-61f9-3bd9-67b745d2330b','2025-02-20 15:09:40',0,'85f80a0e-0f2a-89bd-ef6c-66058d363218','48ab4bff-44e9-56df-4a48-67b745342063',NULL),('3dbc57ed-05f0-1d12-3ec9-67b746ad77b7','2025-02-20 15:13:17',0,'668a15e1-bf6b-62a2-0ddb-64e713e2ae45','7f0e2b45-af11-c01a-8da7-67b746877018',NULL),('8b88e5ce-cfc8-e457-f0b5-67b746a46236','2025-02-20 15:14:55',0,'db752fbe-685e-ec86-eff7-6437072e5e9c','9a220bea-f24c-31fa-b2bc-67b746bc3f19',NULL),('9e62cfa4-7d19-9d85-6146-683476bdaae5','2025-05-26 14:09:20',0,'58b29456-8014-e966-3509-6426d61c1dd8','9b03cb7c-6507-93ee-0a05-68347670f43b',NULL),('c63d0414-63b6-f5ed-1c47-683477713df4','2025-05-26 14:14:14',0,'8fadb7cc-224a-e571-e57f-65f69837ca5f','9c54092d-236c-160e-19e0-683477502e5b',NULL),('e58008a2-a775-c281-587a-6835aca7c2f6','2025-05-27 12:14:13',0,'8fadb7cc-224a-e571-e57f-65f69837ca5f','839b22d0-26f3-38d9-816a-6835ac59a9f6',NULL),('d7778960-5673-f9ec-db3f-6835ada89d60','2025-05-27 12:17:44',0,'db752fbe-685e-ec86-eff7-6437072e5e9c','d1e2e4ea-a1ab-27c7-737b-6835ad44b53c',NULL),('74316884-cdbe-c6b3-ddc0-6835ae579b87','2025-05-27 12:20:52',0,'db752fbe-685e-ec86-eff7-6437072e5e9c','7a2d1a7d-f79a-1bf6-377f-6835ae7ce740',NULL),('c0623b81-d9a5-7e2b-bc17-6835aec8a567','2025-05-27 12:21:20',0,'58b29456-8014-e966-3509-6426d61c1dd8','3bf8636d-3083-e82f-1373-6835aed714ab',NULL),('e4258aae-2881-716d-a4ed-6835ae050f92','2025-05-27 12:22:37',0,'58b29456-8014-e966-3509-6426d61c1dd8','264b7e6e-b13c-fb2b-11ec-6835aedd2c4e',NULL),('db561800-6b25-7fb6-dc24-68b8099d3f59','2025-09-03 09:26:57',0,'db752fbe-685e-ec86-eff7-6437072e5e9c','d8240724-3f90-fd26-a13a-68b809044a9e',NULL),('25244590-b77e-4acb-3d6c-68da526b4e01','2025-09-29 09:32:32',0,'db752fbe-685e-ec86-eff7-6437072e5e9c','22804d63-0a68-2733-5923-68da521f5aee',NULL),('e308ca69-e9e4-df23-7b38-68dcdbb54098','2025-10-01 07:43:22',0,'db752fbe-685e-ec86-eff7-6437072e5e9c','dff928bf-9643-3ac7-3705-68dcdb2dd094',NULL),('1e76c600-e0f9-734a-4d73-68e378135a4d','2025-10-06 08:06:27',0,'c7455c0d-9bc8-7589-3b9c-6633cf1494a7','d35223a0-235b-ff97-1ba0-68e378c6d567',NULL),('d7f2dcee-f495-826a-8b10-68e378bdf4bc','2025-10-06 08:07:52',0,'ca005519-5660-ebdd-fd30-66715ea6c839','7f7e9f08-d756-58cb-68de-68e378a37269',NULL),('6f40185f-c696-c541-4104-68e379408264','2025-10-06 08:09:29',0,'c7455c0d-9bc8-7589-3b9c-6633cf1494a7','9f934c77-ecd1-b7ea-81a1-68e379c61f1b',NULL),('9cb2bec3-89b3-130e-69cf-68e37a9864c0','2025-10-06 08:15:31',0,'cd62cf1b-e44c-96c0-f9ad-68b5a7529a5f','85511618-06ba-750d-62ab-68e37a30015c',NULL),('d0d90bf6-fbdc-cc2a-6acd-68e37b59282a','2025-10-06 08:20:22',0,'668a15e1-bf6b-62a2-0ddb-64e713e2ae45','6d220b88-4215-6bc0-6ad8-68e37b028fe0',NULL),('4cbd0ecb-d7b5-2d77-4db8-69049a024118','2025-10-31 11:18:02',0,'c7455c0d-9bc8-7589-3b9c-6633cf1494a7','943719ae-d17b-ef5c-c385-69049a0bc804',NULL),('9ffecf21-a8a8-17dd-66eb-69049bcb4fcf','2025-10-31 11:20:45',0,'db752fbe-685e-ec86-eff7-6437072e5e9c','38759951-58d0-84f4-7bf8-69049b42614e',NULL);

--
-- Table structure for table `ops_type_document_ops_justificatif`
--

CREATE TABLE `ops_type_document_ops_justificatif` (
  `id` varchar(36) NOT NULL,
  `date_modified` datetime DEFAULT NULL,
  `deleted` tinyint(1) DEFAULT 0,
  `ops_type_document_id` varchar(36) DEFAULT NULL,
  `ops_justificatif_id` varchar(36) DEFAULT NULL,
  PRIMARY KEY (`id`),
  KEY `ops_type_document_ops_justificatif_ida1` (`ops_type_document_id`),
  KEY `ops_type_document_ops_justificatif_alt` (`ops_justificatif_id`)
) ENGINE=InnoDB DEFAULT CHARSET=utf8mb3 COLLATE=utf8mb3_general_ci;

--
-- Dumping data for table `ops_type_document_ops_justificatif`
--

INSERT INTO `ops_type_document_ops_justificatif` VALUES ('17a5f3a8-b3e0-9f4e-dcfb-66e40509761f','2024-09-13 09:28:56',0,'d87e3d8a-3b7c-1d5f-7276-6425d1ddb78c','c94e0c01-10b9-2a22-6ced-66e405f3d54b'),('1bc06a08-11ff-e562-1f81-68b802db22e2','2025-09-03 08:55:03',0,'d87e3d8a-3b7c-1d5f-7276-6425d1ddb78c','14114bc5-e6ce-824f-a1a1-68b8027a6d46'),('1c002519-8b7d-d9a9-1785-68b84c6fd4fa','2025-09-03 14:11:10',0,'6fa90696-6890-3c4c-fc4f-68b6f48933bd','1314881b-cd0d-ff38-e0f7-68b84cc257ef'),('1c6e02c9-bc56-05e0-6d75-682c4607ef04','2025-05-20 09:07:10',0,'34d0eca2-5657-1c57-8cd7-64258e12f0be','e59f59e5-a031-caf5-4052-682c46b9776c'),('2a9a21d7-a3ad-5fe2-7e1c-66e404ad9c9d','2024-09-13 09:22:56',0,'db752fbe-685e-ec86-eff7-6437072e5e9c','26cb7b84-d1ac-8bdf-5c0a-66e404524177'),('3103c1e8-4d1b-c19b-4d43-68b854b946a4','2025-09-03 14:46:22',0,'6fa90696-6890-3c4c-fc4f-68b6f48933bd','28046b23-d1f0-7c4e-5135-68b854b71d31'),('33a73921-28c2-0fc4-a609-67a5ca50c046','2025-02-07 08:57:02',0,'45f09770-7511-a0fa-c29e-6426fa50637c','3018b1b6-83c4-b541-b9c5-67a5ca73322c'),('352004a7-af5c-2c10-8e35-682c4d12bc08','2025-05-20 09:38:22',0,'1e60e7bc-d87a-4bb9-5046-68233f7bc6af','27f61427-1e30-ddcc-b853-682c4d92adbc'),('356b3476-3670-d220-b422-67a5db411bc4','2025-02-07 10:06:23',0,'d87e3d8a-3b7c-1d5f-7276-6425d1ddb78c','28417693-be8c-9bad-e344-67a5db4561b8'),('3aa600c9-0dc5-a42b-eeca-682c47569455','2025-05-20 09:12:18',0,'34d0eca2-5657-1c57-8cd7-64258e12f0be','25cf0ec0-5ff6-7a6d-025f-682c4713bfc5'),('4267a2ef-233e-8e95-12d4-6706344efb80','2024-10-09 07:46:05',0,'877a58de-27d8-f712-f072-6591313668ee','39213ac8-69d0-aa99-59b8-6706340b9ac5'),('43ba3e38-ad33-6a31-57d5-68b802df253c','2025-09-03 08:54:54',0,'d87e3d8a-3b7c-1d5f-7276-6425d1ddb78c','3a482c6f-50d1-3592-7485-68b802f0e11a'),('4a000bf7-7300-b37e-8156-670507a1dc7d','2024-10-08 10:19:32',0,'877a58de-27d8-f712-f072-6591313668ee','14400c89-dbed-a4f2-5a22-670507510932'),('53464ff2-5e4f-4505-fbc2-68b957b496bf','2025-09-04 09:11:32',0,'6fa90696-6890-3c4c-fc4f-68b6f48933bd','483387bd-ea0e-09c4-127d-68b957f22967'),('5d7db4bf-5774-05a8-0174-67adf8758605','2025-02-13 13:50:53',0,'c77a997b-c82f-ed5a-52d2-67aa01b4a2ab','523b45dc-0a5b-8d0e-78c2-67adf8cedc90'),('5db14944-3eb3-740a-83bf-68b811f569e7','2025-09-03 10:00:56',0,'d87e3d8a-3b7c-1d5f-7276-6425d1ddb78c','53ea8884-0252-2c90-fec6-68b8119dcd29'),('5ec7cb20-0fdb-4a49-7077-67a5db11af01','2025-02-07 10:06:32',0,'d87e3d8a-3b7c-1d5f-7276-6425d1ddb78c','54130012-b94b-2d79-5a21-67a5db2cb8b9'),('64107359-e882-2e84-5556-68b9719e2e81','2025-09-04 11:02:14',0,'6fa90696-6890-3c4c-fc4f-68b6f48933bd','5b5c4a6b-e7dc-44cc-45d1-68b971710154'),('64cebd48-c2df-6b99-5f3f-68b8503d4853','2025-09-03 14:27:54',0,'6fa90696-6890-3c4c-fc4f-68b6f48933bd','59825be2-f0a5-3701-308b-68b85061f0d4'),('692fa7e5-8cf6-cf4c-5723-670633b51309','2024-10-09 07:38:43',0,'877a58de-27d8-f712-f072-6591313668ee','63f426f9-9d7e-6cd7-6f51-6706331d4959'),('6f42b26d-a6d9-7402-06b3-68b84407e67b','2025-09-03 13:36:33',0,'6fa90696-6890-3c4c-fc4f-68b6f48933bd','65cefb67-18dc-54d8-a20f-68b844087975'),('7193119d-01da-68fb-6d0b-68ba9f7f822a','2025-09-05 08:29:16',0,'6fa90696-6890-3c4c-fc4f-68b6f48933bd','31fcaf00-5db4-dc90-832a-68ba9f1225c3'),('728a6206-6233-6e31-4161-67ae0f90493b','2025-02-13 15:26:56',0,'ad4e836e-7b92-be6e-9593-666c324659ca','6f048de2-a4e6-0b06-c84c-67ae0f08facd'),('8011b0e1-bf29-5c30-1e90-682c4953308f','2025-05-20 09:18:58',0,'d2318489-de11-8ad0-7c45-6426f485d6d1','7d17bc55-4284-b216-54e4-682c49f40cec'),('829352ae-2670-3e7e-c593-68b9508e3083','2025-09-04 08:39:44',0,'6fa90696-6890-3c4c-fc4f-68b6f48933bd','6ec9ffd1-8572-be2b-2605-68b950786c12'),('8ad4e563-989a-d9a9-51c1-68e38ec37e67','2025-10-06 09:41:22',0,'7bf1c654-2e26-ce40-ffbe-66058df24ea3','ad3cf628-194c-3879-dab2-68e38efbb27a'),('9306e94e-1319-7b34-7dfe-68b8575efa5f','2025-09-03 14:57:03',0,'6fa90696-6890-3c4c-fc4f-68b6f48933bd','809d65cd-ec61-0972-1038-68b85782f7b1'),('98b738c6-aa91-13eb-efe4-682c45716701','2025-05-20 09:05:55',0,'1e60e7bc-d87a-4bb9-5046-68233f7bc6af','8cf9e735-f299-9d4c-3100-682c452b14ff'),('9a93395c-1665-f721-b9e2-68b9561f8b97','2025-09-04 09:07:14',0,'6fa90696-6890-3c4c-fc4f-68b6f48933bd','8ed97bac-4905-1e90-044d-68b95630d082'),('9bd6e4b2-0e8f-1ea3-a1b7-67adf7445515','2025-02-13 13:44:48',0,'c77a997b-c82f-ed5a-52d2-67aa01b4a2ab','92b6b551-680f-9d82-85b6-67adf74d3526'),('9f070790-84d7-4006-2491-673376bdb633','2024-11-12 15:36:37',0,'d87e3d8a-3b7c-1d5f-7276-6425d1ddb78c','ee527465-e07c-1870-f689-6733768dbf97'),('a21baeda-dbd8-8fdb-6fb1-67adf55e0556','2025-02-13 13:39:06',0,'556f2591-14a7-3202-c191-67aa0130e0c2','9716de0b-aeb5-d577-f18a-67adf516bbb3'),('b36e25da-2e89-f41d-f9cb-68e37a0f360b','2025-10-06 08:16:16',0,'90ee6d9d-6f99-45f1-66c4-6426f4bbf14b','afaae1ff-2b68-a814-68c6-68e37a0a4a07'),('b50df2a7-fd33-7ea4-655e-66e14e7f0a64','2024-09-11 08:00:13',0,'d87e3d8a-3b7c-1d5f-7276-6425d1ddb78c','9cf789b0-4fbc-6e36-9a9e-66e14e672fe5'),('b713d0c9-7122-36de-30d6-682c4dbd106b','2025-05-20 09:39:24',0,'34d0eca2-5657-1c57-8cd7-64258e12f0be','ae858a8b-60e4-a668-cf75-682c4dbfb7d0'),('bb2be46d-ba24-0e7b-459f-683463505ed8','2025-05-26 12:49:08',0,'34d0eca2-5657-1c57-8cd7-64258e12f0be','af74b3f8-f176-99ee-7d01-683463a5fc66'),('c2bb769e-6fe2-3f48-8368-68b84426659d','2025-09-03 13:38:04',0,'6fa90696-6890-3c4c-fc4f-68b6f48933bd','b41be350-c2e8-205a-36a7-68b844177e65'),('d15673b6-08e8-7d44-6593-682c4a9d645f','2025-05-20 09:24:13',0,'34d0eca2-5657-1c57-8cd7-64258e12f0be','c6ad2fa9-610a-e069-e7e9-682c4ae9925f'),('df606dfe-e553-a7c0-f677-68baa1a11e01','2025-09-05 08:40:28',0,'6fa90696-6890-3c4c-fc4f-68b6f48933bd','d32839ea-7292-9e5c-12e5-68baa1cfff0f'),('ea28bfc0-4055-b552-9791-68b9852d9e5a','2025-09-04 12:27:59',0,'6fa90696-6890-3c4c-fc4f-68b6f48933bd','e03dac65-dbb9-37fa-2923-68b985e30526'),('f11e2268-d434-67e8-d460-66e14e92c10c','2024-09-11 08:00:19',0,'34d0eca2-5657-1c57-8cd7-64258e12f0be','e66f8973-6a62-f72f-f8e4-66e14e291ce2');

--
-- Table structure for table `ops_type_document_ops_justificatif_historisation`
--

CREATE TABLE `ops_type_document_ops_justificatif_historisation` (
  `id` varchar(36) NOT NULL,
  `date_modified` datetime DEFAULT NULL,
  `deleted` tinyint(1) DEFAULT 0,
  `ops_type_document_id` varchar(36) DEFAULT NULL,
  `ops_justificatif_historisation_id` varchar(36) DEFAULT NULL,
  PRIMARY KEY (`id`),
  KEY `ops_type_document_ops_justificatif_historisation_ida1` (`ops_type_document_id`),
  KEY `ops_type_document_ops_justificatif_historisation_alt` (`ops_justificatif_historisation_id`)
) ENGINE=MyISAM DEFAULT CHARSET=utf8mb3 COLLATE=utf8mb3_general_ci;

--
-- Dumping data for table `ops_type_document_ops_justificatif_historisation`
--


--
-- Table structure for table `ops_type_document_ops_type_personne_type_document`
--

CREATE TABLE `ops_type_document_ops_type_personne_type_document` (
  `id` varchar(36) NOT NULL,
  `date_modified` datetime DEFAULT NULL,
  `deleted` tinyint(1) DEFAULT 0,
  `ops_type_document_id` varchar(36) DEFAULT NULL,
  `ops_type_personne_type_document_id` varchar(36) DEFAULT NULL,
  PRIMARY KEY (`id`),
  KEY `ops_type_document_ops_type_personne_type_document_ida1` (`ops_type_document_id`),
  KEY `ops_type_document_ops_type_personne_type_document_alt` (`ops_type_personne_type_document_id`)
) ENGINE=InnoDB DEFAULT CHARSET=utf8mb3 COLLATE=utf8mb3_general_ci;

--
-- Dumping data for table `ops_type_document_ops_type_personne_type_document`
--


--
-- Table structure for table `ops_type_personne`
--

CREATE TABLE `ops_type_personne` (
  `id` char(36) NOT NULL,
  `name` varchar(255) DEFAULT NULL,
  `date_entered` datetime DEFAULT NULL,
  `date_modified` datetime DEFAULT NULL,
  `modified_user_id` char(36) DEFAULT NULL,
  `created_by` char(36) DEFAULT NULL,
  `description` text DEFAULT NULL,
  `deleted` tinyint(1) DEFAULT 0,
  `assigned_user_id` char(36) DEFAULT NULL,
  `categorie_pes` varchar(255) DEFAULT NULL,
  `nature_juridique_pes` varchar(255) DEFAULT NULL,
  `type_tiers` varchar(100) DEFAULT NULL,
  `imposable` varchar(100) DEFAULT 'N',
  `gestion_interets_moratoires` varchar(100) DEFAULT 'O',
  `gestion_multi_collectivite` varchar(100) DEFAULT 'N',
  `classe_mouvement` varchar(100) DEFAULT 'P',
  `device` varchar(100) DEFAULT 'E',
  `code_pays` varchar(100) DEFAULT '250',
  `code_reglement` varchar(100) DEFAULT '22',
  `libelle_usager` varchar(255) DEFAULT NULL,
  `forme_juridique` varchar(100) DEFAULT NULL,
  `numero_rna` varchar(100) DEFAULT NULL,
  `siret` varchar(100) DEFAULT NULL,
  `numero_rne` varchar(100) DEFAULT NULL,
  `code_ape` varchar(100) DEFAULT NULL,
  `objet_social` varchar(100) DEFAULT NULL,
  `couleur` varchar(255) DEFAULT NULL,
  `visible_usager` tinyint(1) DEFAULT 1,
  `icone` varchar(255) DEFAULT 'user',
  `forme_juridique_liste` text DEFAULT NULL,
  `api` varchar(100) DEFAULT NULL,
  `creation_usager` tinyint(1) DEFAULT 1,
  `sigle` varchar(100) DEFAULT NULL,
  `date_declaration` varchar(100) DEFAULT NULL,
  `website` varchar(100) DEFAULT NULL,
  `role_liste` text DEFAULT NULL,
  `num_tahiti` varchar(100) DEFAULT NULL,
  `flag_valeur_1` tinyint(1) DEFAULT 0,
  `flag_valeur_2` tinyint(1) DEFAULT 0,
  `flag_valeur_3` tinyint(1) DEFAULT 0,
  `libelle_nom` varchar(100) DEFAULT NULL,
  `type_virement` varchar(100) DEFAULT NULL,
  `modification_usager` tinyint(1) DEFAULT 1,
  `creation_membre` tinyint(1) DEFAULT 1,
  `modification_membre` tinyint(1) DEFAULT 1,
  `situation_handicap` varchar(100) DEFAULT NULL,
  `libelle_effectif` varchar(255) DEFAULT NULL,
  `effectif_liste` text DEFAULT NULL,
  `effectif` varchar(100) DEFAULT NULL,
  `display_formule` tinyint(1) DEFAULT 0,
  `display_info_fiscales` tinyint(1) DEFAULT 0,
  `display_relation` tinyint(1) DEFAULT 0,
  `creation_enfant` tinyint(1) DEFAULT 1,
  `creation_contact` tinyint(1) DEFAULT 1,
  `secteur_activite` varchar(100) DEFAULT NULL,
  `categorie_tiers_libelle_pes` varchar(255) DEFAULT NULL,
  `editique_asap` tinyint(1) DEFAULT 0,
  `code_categorie_astre` varchar(255) DEFAULT NULL,
  `code_famille_astre` varchar(255) DEFAULT NULL,
  `nature` varchar(100) DEFAULT NULL,
  `nature_liste` text DEFAULT NULL,
  `ops_dispositif_annuaire_id` char(36) DEFAULT NULL,
  `display_annuaire` tinyint(1) DEFAULT 0,
  `bouton_passer_recherche` tinyint(1) DEFAULT 1,
  `adresse_date_validite` varchar(100) DEFAULT NULL,
  `adresse_hors_commune` varchar(100) DEFAULT NULL,
  PRIMARY KEY (`id`)
) ENGINE=MyISAM DEFAULT CHARSET=utf8mb3 COLLATE=utf8mb3_general_ci;

--
-- Dumping data for table `ops_type_personne`
--

INSERT INTO `ops_type_personne` VALUES ('85362f08-23a8-4ade-fe38-6421f07c83a9','Association','2023-03-27 19:38:40','2023-03-27 19:38:40','1','1',NULL,0,NULL,'','','T','N','O','N','P','E','250','22','Association','','required','','hidden','hidden','','rgb(158, 93, 187)',1,'handshake','^asso_agreee^,^asso_declaree^','',1,'','','','^administrateur^,^employe^,^membre^,^president^,^secretaire^,^tresorier^,^vice_president^','hidden',0,0,0,'nom','',1,1,1,'hidden',NULL,'^1^,^11^,^51^,^200^','',1,0,1,1,1,NULL,NULL,0,NULL,NULL,NULL,NULL,NULL,0,1,NULL,NULL),('d43a28af-de86-2c08-b827-6421f1d05761','Entreprise','2023-03-27 19:41:29','2023-03-27 19:41:29','1','1',NULL,0,NULL,'','','T','N','O','N','P','E','250','22','Entreprise','','hidden','required','hidden','','hidden','rgb(179, 201, 69)',1,'industry','^auto_entrepreneur^,^EURL^,^entreprise_individuelle^,^SA^,^SARL^,^SAS^,^SASU^,^SNC^','',1,'','','','^daf^,^drh^,^employe^,^gerant^,^president^,^vice_president^,^autre^','hidden',0,0,0,'raison_sociale','',1,1,1,'hidden',NULL,'^1^,^11^,^51^,^200^','',1,0,0,1,1,NULL,NULL,0,NULL,NULL,NULL,NULL,NULL,0,1,NULL,NULL),('9af5a4e9-fc79-4525-90c2-6421f10e5147','Commune','2023-03-27 19:43:55','2023-03-27 19:43:55','1','1',NULL,0,NULL,'','','T','N','O','N','P','E','250','22','Commune','','hidden','','hidden','hidden','hidden','rgb(223, 104, 199)',1,'city','^autre^','',1,'','hidden','','^administrateur^,^daf^,^drh^,^employe^,^autre^','hidden',0,0,0,'nom','',1,1,1,'hidden',NULL,'^10001^,^9999^','',0,0,0,1,1,NULL,NULL,0,NULL,NULL,NULL,NULL,NULL,0,1,NULL,NULL),('4084bb08-a134-c472-4713-6421f261cb11','Famille','2023-03-27 19:45:18','2025-02-07 09:23:20','1','1',NULL,0,'',NULL,NULL,'T','N','O','N','P','E','250','22','Famille','hidden','hidden','hidden','hidden','hidden','hidden','rgb(150, 244, 221)',1,'user',NULL,NULL,1,'hidden','hidden','hidden','^enfant^,^medecin^,^membre^,^parent^,^autre^','hidden',0,0,0,'nom','hidden',1,1,1,NULL,NULL,NULL,'hidden',0,1,0,1,1,NULL,NULL,0,NULL,NULL,NULL,NULL,'',0,1,NULL,NULL),('5e30bc03-cd04-cb00-6a55-6421f226db32','Agriculteur','2023-03-27 19:47:07','2025-02-10 13:53:45','1','1',NULL,0,'',NULL,NULL,'T','N','O','N','P','E','250','22','Agriculteur','hidden','hidden',NULL,'hidden',NULL,'hidden','rgb(97, 130, 122)',1,'horse',NULL,NULL,1,'hidden','hidden','hidden','^contact^,^daf^,^employe^,^gerant^,^autre^','hidden',0,0,0,'raison_sociale','hidden',1,1,1,'hidden',NULL,NULL,'hidden',1,1,1,1,1,NULL,NULL,0,NULL,NULL,NULL,NULL,'',1,1,NULL,NULL),('78b0bfc8-2854-d4ca-844f-64370ddcca97','Famille monoparentale','2023-04-12 19:59:29','2024-08-30 15:22:47','1','1',NULL,1,'',NULL,NULL,'T','N','O','N','P','E','250','22','Famille','hidden','hidden','hidden','hidden','hidden','hidden','rgb(150, 244, 221)',0,'user',NULL,NULL,1,'hidden','hidden','hidden','^enfant^,^medecin^,^membre^,^parent^,^autre^','hidden',0,0,0,'nom','hidden',1,1,1,NULL,NULL,NULL,'hidden',0,1,0,1,1,NULL,NULL,0,NULL,NULL,NULL,NULL,NULL,0,1,NULL,NULL),('dd14f152-af87-75ca-2e4f-64370d256dbc','Famille recomposée','2023-04-12 19:59:40','2024-08-30 15:22:47','1','1',NULL,1,'',NULL,NULL,'T','N','O','N','P','E','250','22','Famille','hidden','hidden','hidden','hidden','hidden','hidden','rgb(150, 244, 221)',0,'user',NULL,NULL,1,'hidden','hidden','hidden','^enfant^,^medecin^,^membre^,^parent^,^autre^','hidden',0,0,0,'nom','hidden',1,1,1,NULL,NULL,NULL,'hidden',0,1,0,1,1,NULL,NULL,0,NULL,NULL,NULL,NULL,NULL,0,1,NULL,NULL),('20d67a07-13a6-d783-e64a-64370d044d29','Foyer d\'accueil','2023-04-12 19:59:48','2024-08-30 15:22:47','1','1',NULL,1,'',NULL,NULL,'T','N','O','N','P','E','250','22','Foyer d\'accueil','hidden',NULL,NULL,'hidden','hidden','hidden','rgb(150, 244, 221)',1,'user',NULL,NULL,1,'hidden','hidden','hidden','^enfant^,^medecin^,^membre^,^parent^,^autre^','hidden',0,0,0,'nom','hidden',1,1,1,NULL,NULL,NULL,'hidden',0,1,1,1,1,NULL,NULL,0,NULL,NULL,NULL,NULL,NULL,0,1,NULL,NULL),('10206b24-3351-d76d-82b1-64370df92650','Village d’enfants','2023-04-12 20:00:53','2024-05-08 07:15:19','1','1',NULL,1,'',NULL,NULL,'T','N','O','N','P','E','250','22','Village d’enfants','hidden','hidden','hidden','hidden','hidden','hidden','rgb(150, 244, 221)',1,'user',NULL,NULL,1,'hidden','hidden','hidden','^enfant^,^medecin^,^membre^,^parent^,^autre^','hidden',0,0,0,'nom','hidden',1,1,1,NULL,NULL,NULL,'hidden',0,1,0,1,1,NULL,NULL,0,NULL,NULL,NULL,NULL,NULL,0,1,NULL,NULL),('4ecce581-d54e-64bc-26e4-64e7279374cb','Commerçant','2023-08-24 09:48:58','2023-09-24 17:00:47','1','1',NULL,1,NULL,'','','T','N','O','N','P','E','250','22','','','hidden','required','hidden','','','',1,'user','^auto_entrepreneur^,^asso_droit_local^,^asso_declaree^,^SARL^,^SAS^','',1,'','','','^daf^,^drh^,^membre^,^parent^','hidden',0,0,0,'raison_sociale',NULL,1,1,1,'hidden',NULL,'','hidden',1,1,0,1,1,'',NULL,0,NULL,NULL,NULL,NULL,NULL,0,1,NULL,NULL),('41bd50da-46cf-73ee-4b4b-65045900f959','Commerçant','2023-09-15 13:18:58','2023-09-15 13:18:58','1','1',NULL,0,NULL,'','','T','N','O','N','P','E','250','22','Commerçant','','hidden','','','','','rgb(156, 95, 183)',1,'user','^asso_droit_local^,^asso_utilite_publique^,^SARL^,^SAS^,^SASU^','',1,'','','','^administrateur^,^contact^,^daf^,^drh^','hidden',0,0,0,'nom',NULL,1,1,1,'hidden',NULL,'^1^,^11^,^51^','',1,0,0,0,1,'',NULL,0,NULL,NULL,NULL,NULL,NULL,0,1,NULL,NULL),('a4b92f04-1820-3e22-ea0c-651c17522136','Mon nouveau type','2023-10-03 13:31:46','2024-05-08 07:15:10','1','1',NULL,1,NULL,'','','T','N','O','N','P','E','250','22','','','hidden','required','','','','',1,'user','','',1,'','','','^administrateur^,^contact^,^daf^,^drh^','hidden',0,0,0,'nom',NULL,1,1,1,'',NULL,'','',0,0,0,1,1,'','',0,NULL,NULL,NULL,NULL,NULL,0,1,NULL,NULL),('cee19ee4-0991-fe51-adcc-652665e838a4','Mon type','2023-10-11 09:05:32','2024-08-30 15:22:47','1','1',NULL,1,NULL,'','','T','N','O','N','P','E','250','22','','','hidden','required','','','','',1,'user','^auto_entrepreneur^,^asso_droit_local^,^asso_declaree^,^EURL^','',1,'','','','^contact^,^daf^,^tresorier^,^vice_president^,^autre^','hidden',0,0,0,'raison_sociale',NULL,1,1,1,'hidden',NULL,'','',0,0,0,1,1,'','',0,NULL,NULL,NULL,NULL,NULL,0,1,NULL,NULL),('da19d45e-f059-51c7-35a7-66226572f03d','Animateurs jeunesse','2024-04-19 12:36:21','2024-05-08 07:14:48','1','1',NULL,1,'',NULL,NULL,'T','N','O','N','P','E','250','22','Animation jeunesse',NULL,NULL,NULL,'hidden',NULL,NULL,'rgb(179, 10, 212)',1,'user','^asso_agreee^','siva',1,NULL,NULL,NULL,'^administrateur^,^contact^,^daf^,^drh^,^employe^,^enfant^,^gerant^,^medecin^,^membre^,^parent^,^president^,^secretaire^,^tresorier^,^tuteur^,^vice_president^,^autre^','hidden',0,0,0,'raison_sociale',NULL,1,1,1,NULL,NULL,NULL,NULL,0,0,0,0,1,NULL,NULL,0,NULL,NULL,NULL,NULL,NULL,0,1,NULL,NULL),('a0163d88-d591-5347-4d7f-666c36a29916',' TEST MAIRIE','2024-06-14 12:26:13','2024-08-30 15:22:47','1','604ce6b2-0113-9588-7fa6-65f42e2efabe',NULL,1,'',NULL,NULL,'T','N','O','N','P','E','250','22','MA MAIRIE','required','hidden',NULL,'hidden',NULL,'required','rgb(25, 182, 24)',1,'user','^asso_utilite_publique^',NULL,1,'hidden','hidden','hidden','^administrateur^,^daf^,^employe^,^secretaire^','hidden',0,0,0,'raison_sociale',NULL,1,1,0,'hidden',NULL,NULL,NULL,1,0,1,0,1,'hidden',NULL,0,NULL,NULL,NULL,NULL,NULL,0,1,NULL,NULL),('af1a6322-0bc8-f205-750f-66e402a62926','Asso sport ','2024-09-13 09:16:45','2024-09-13 09:16:45','d84bd81b-83f8-4df1-9bf8-66e15cabfa6b','d84bd81b-83f8-4df1-9bf8-66e15cabfa6b',NULL,0,NULL,NULL,NULL,'','N','O','N','P','E','250','22','Association sportive de Blois','hidden','hidden','','hidden','hidden','','rgb(255, 255, 255)',1,'home','','gouv_association',1,'hidden','','hidden','^administrateur^','hidden',0,0,0,'nom',NULL,1,1,1,'',NULL,'^11^','',1,1,1,1,1,'',NULL,0,NULL,NULL,'','','',1,1,'',''),('2b911982-ac2a-91be-454e-674d868b5707','ED_Famille','2024-12-02 10:07:39','2024-12-02 10:15:13','984bab36-6ea9-3a3f-cc48-66e15b39ccb8','984bab36-6ea9-3a3f-cc48-66e15b39ccb8',NULL,0,'',NULL,NULL,'','N','O','N','P','E','250','22','ED_Famille','hidden','hidden','hidden','hidden','hidden','hidden',NULL,1,'user',NULL,NULL,1,'required','hidden','hidden','^enfant^,^parent^','hidden',0,0,0,'nom',NULL,1,1,0,NULL,NULL,NULL,'hidden',0,0,0,1,0,'hidden',NULL,0,NULL,NULL,'hidden','^accueil^','',0,1,'required','hidden'),('23d9e8e2-46f5-44f3-ce3c-67a5cfd33f8c','TG_Association','2025-02-07 09:18:04','2025-02-07 09:20:27','326c449b-a872-58d3-5ae2-66e15b07aa48','326c449b-a872-58d3-5ae2-66e15b07aa48',NULL,0,'',NULL,NULL,'','N','O','N','P','E','250','22','TG Association',NULL,'hidden','hidden','hidden','hidden','required',NULL,1,'user','^asso_agreee^,^autre^','gouv_association',1,NULL,NULL,NULL,'^administrateur^,^contact^,^membre^,^president^,^secretaire^,^tresorier^,^vice_president^,^autre^,^a_preciser^','hidden',0,0,0,'nom',NULL,1,1,1,'hidden',NULL,'^1^,^11^,^51^,^200^','required',0,0,0,0,1,'hidden',NULL,0,NULL,NULL,'hidden',NULL,'',0,1,NULL,NULL),('a076ee8c-b0b6-0710-47ff-67a5d24fc420','CP - Famille','2025-02-07 09:30:20','2025-02-07 09:39:35','c4250303-bf3c-53d5-45a9-66e15bb9cb43','c4250303-bf3c-53d5-45a9-66e15bb9cb43',NULL,0,'',NULL,NULL,'','N','O','N','P','E','250','22',NULL,'hidden','hidden','hidden','hidden','hidden','hidden','rgb(255, 255, 255)',1,'user',NULL,NULL,1,'hidden','hidden','hidden','^enfant^,^parent^','hidden',0,0,0,'nom',NULL,1,1,0,'hidden',NULL,NULL,'hidden',0,0,0,1,0,'hidden',NULL,0,NULL,NULL,NULL,'^monoparentale^','',0,0,NULL,NULL),('b3f6e4d1-1e94-dce3-41d4-67a5d3ca0dc4','QL Family ','2025-02-07 09:35:10','2025-02-07 09:45:40','984bab36-6ea9-3a3f-cc48-66e15b39ccb8','984bab36-6ea9-3a3f-cc48-66e15b39ccb8',NULL,0,'',NULL,NULL,'','N','O','N','P','E','250','22','QL Family ','hidden','hidden','hidden','hidden','hidden','hidden','rgb(255, 157, 0)',1,'crown','^asso_agreee^,^autre^','siva',1,'hidden','hidden',NULL,'^administrateur^,^membre^,^secretaire^,^tresorier^,^vice_president^,^autre^','hidden',0,0,0,'nom',NULL,1,0,1,'hidden',NULL,'^1^,^11^,^51^,^200^',NULL,0,0,0,0,1,'hidden',NULL,0,NULL,NULL,'hidden',NULL,'',0,1,NULL,'hidden'),('9c71439e-263b-7784-387b-67aa065ae221','Profil LM','2025-02-10 13:58:50','2025-02-10 13:58:50','984bab36-6ea9-3a3f-cc48-66e15b39ccb8','984bab36-6ea9-3a3f-cc48-66e15b39ccb8',NULL,0,NULL,NULL,NULL,'','N','O','N','P','E','250','22','Test de création de profil LM','required','hidden','','','','','rgb(255, 255, 255)',1,'sun','^asso_agreee^,^entreprise_individuelle^,^SA^,^SARL^','',1,'','','','^contact^','hidden',0,0,0,'raison_sociale',NULL,1,1,1,'',NULL,'^1^,^11^,^51^,^200^','',0,0,0,1,1,'',NULL,0,NULL,NULL,'hidden','','',0,1,'',''),('a8fddabe-e59f-da95-18d9-67aa060eabca','SP_Profil1 ASSO','2025-02-10 13:59:36','2025-02-10 14:00:19','c4250303-bf3c-53d5-45a9-66e15bb9cb43','c4250303-bf3c-53d5-45a9-66e15bb9cb43',NULL,0,'',NULL,NULL,'','N','O','N','P','E','250','22','SP_ASSO1',NULL,NULL,'required',NULL,NULL,NULL,NULL,1,'user','^asso_agreee^',NULL,1,NULL,NULL,NULL,'^administrateur^,^contact^,^employe^',NULL,0,0,0,'nom',NULL,1,1,1,NULL,NULL,'^11^',NULL,0,0,0,1,1,NULL,NULL,0,NULL,NULL,'hidden',NULL,'',0,1,NULL,NULL),('7e89100e-3ad8-76df-8f88-682345b03dc7','MG - Informatique','2025-05-13 13:14:53','2025-05-13 13:21:00','984bab36-6ea9-3a3f-cc48-66e15b39ccb8','984bab36-6ea9-3a3f-cc48-66e15b39ccb8',NULL,0,'',NULL,NULL,'','N','O','N','P','E','250','22','MG - Informatique','hidden','hidden','hidden','hidden','hidden','hidden','rgb(56, 56, 184)',1,'user','^autre^',NULL,1,NULL,NULL,NULL,'^a_preciser^','hidden',0,0,0,'nom',NULL,1,1,1,NULL,NULL,NULL,NULL,0,0,0,1,1,'hidden',NULL,0,NULL,NULL,'required',NULL,'',0,1,'required',NULL),('2399ea88-35a4-78c6-83e7-6823456dbaf7','CD36_DD_Association','2025-05-13 13:15:25','2025-05-13 13:23:56','c4250303-bf3c-53d5-45a9-66e15bb9cb43','c4250303-bf3c-53d5-45a9-66e15bb9cb43',NULL,0,'',NULL,NULL,'','N','O','N','P','E','250','22','CD36_DD_Association$',NULL,'hidden',NULL,'hidden',NULL,NULL,'rgb(237, 164, 233)',1,'user',NULL,NULL,1,NULL,NULL,NULL,'^president^','hidden',0,0,0,'raison_sociale',NULL,1,1,1,NULL,NULL,'^1^,^11^,^51^,^200^',NULL,1,1,1,0,1,NULL,NULL,0,NULL,NULL,'hidden',NULL,'',1,1,NULL,NULL),('b9f56500-b57b-a61b-4ab2-68b5ad555526','Association test Alice ','2025-09-01 14:29:40','2025-09-02 07:44:40','984bab36-6ea9-3a3f-cc48-66e15b39ccb8','984bab36-6ea9-3a3f-cc48-66e15b39ccb8',NULL,0,'',NULL,NULL,'','N','O','N','P','E','250','22','Association',NULL,NULL,NULL,'hidden',NULL,NULL,NULL,1,'user','^asso_agreee^','siva',1,NULL,NULL,NULL,'^administrateur^,^medecin^,^tuteur^,^a_preciser^','hidden',0,0,0,'nom',NULL,1,1,1,NULL,NULL,'^1^',NULL,0,0,0,0,1,NULL,NULL,0,NULL,NULL,'hidden',NULL,'',0,1,NULL,NULL),('2a0a581d-610a-8b49-1429-68da3d7c7294','DV_Profil_Entreprise','2025-09-29 08:03:00','2025-09-29 08:12:08','e64475cf-02f9-b7e1-4f19-66e15ba04a6c','e64475cf-02f9-b7e1-4f19-66e15ba04a6c',NULL,0,'',NULL,NULL,'','N','O','N','P','E','250','22',NULL,'required','hidden','required','hidden','hidden',NULL,'rgba(248, 131, 243, 0.87)',1,'horse','^autre^,^EURL^,^SA^',NULL,1,'hidden','hidden',NULL,'^tresorier^,^tuteur^,^vice_president^','hidden',0,0,0,'raison_sociale',NULL,1,1,1,'hidden',NULL,'^1^,^11^,^51^,^200^','required',0,0,0,1,1,NULL,NULL,0,NULL,NULL,'hidden',NULL,'',0,1,NULL,NULL),('a6260a29-5566-6b80-5e29-68da3e3789a9','CD Association','2025-09-29 08:06:30','2025-09-29 08:06:30','c4250303-bf3c-53d5-45a9-66e15bb9cb43','c4250303-bf3c-53d5-45a9-66e15bb9cb43',NULL,0,NULL,NULL,NULL,'','N','O','N','P','E','250','22','','','','','','','','rgb(255, 255, 255)',1,'user','^autre^','',1,'','','','^administrateur^','',0,0,0,'raison_sociale',NULL,1,1,1,'',NULL,'','',0,0,0,0,1,'',NULL,0,NULL,NULL,'','','',0,1,'',''),('6b93930a-521d-023c-f04c-68da3e77885c','GR_Profil Entreprise','2025-09-29 08:06:44','2025-09-29 08:19:23','984bab36-6ea9-3a3f-cc48-66e15b39ccb8','984bab36-6ea9-3a3f-cc48-66e15b39ccb8',NULL,0,'',NULL,NULL,'','N','O','N','P','E','250','22','GR_Entreprise PICSOU','required',NULL,NULL,NULL,'required',NULL,'rgb(132, 226, 247)',1,'user','^auto_entrepreneur^,^EURL^,^entreprise_individuelle^,^SA^,^SARL^',NULL,1,NULL,'required',NULL,'^administrateur^,^contact^',NULL,0,0,0,'raison_sociale',NULL,1,1,1,NULL,NULL,NULL,NULL,0,1,0,0,1,'hidden',NULL,0,NULL,NULL,'hidden',NULL,'',1,1,NULL,NULL),('6d6a3d44-3e9a-3685-ab43-68e3bba01938','NT_Entreprise','2025-10-06 12:51:59','2025-10-06 12:54:08','1','1',NULL,0,'',NULL,NULL,'','N','O','N','P','E','250','22',NULL,'required','required',NULL,NULL,'hidden','required','rgb(20, 21, 240)',1,'user','^auto_entrepreneur^,^EURL^,^SA^,^SARL^',NULL,1,NULL,NULL,NULL,'^administrateur^,^drh^,^employe^','hidden',0,0,0,'raison_sociale',NULL,1,1,1,'hidden',NULL,'^1^,^11^,^51^',NULL,0,0,0,0,1,'required',NULL,0,NULL,NULL,'hidden','^recomposee^','',0,1,NULL,'hidden'),('bcaee65b-9ece-41bb-410a-68e3bd2ecab8','Entreprise SC','2025-10-06 12:59:10','2025-10-06 13:09:10','1','c4250303-bf3c-53d5-45a9-66e15bb9cb43',NULL,0,'',NULL,NULL,'','N','O','N','P','E','250','22',NULL,'required','required','required','hidden','required',NULL,NULL,1,'user','^auto_entrepreneur^,^autre^,^EURL^,^entreprise_individuelle^,^SA^,^SARL^','gouv_etablissement',1,'hidden','required',NULL,'^gerant^,^autre^','hidden',0,0,0,'raison_sociale',NULL,1,1,1,'hidden',NULL,'^1^','required',0,0,0,1,1,'required',NULL,0,NULL,NULL,'required',NULL,'',0,1,'required','hidden'),('14195f39-ea5f-e782-64c2-68e3bd80800f','OP - Entreprise','2025-10-06 13:00:03','2025-10-06 13:09:10','984bab36-6ea9-3a3f-cc48-66e15b39ccb8','984bab36-6ea9-3a3f-cc48-66e15b39ccb8',NULL,0,'',NULL,NULL,'','N','O','N','P','E','250','22',NULL,NULL,'hidden','hidden',NULL,NULL,'required','rgb(255, 255, 255)',1,'user','^asso_agreee^,^auto_entrepreneur^,^EURL^,^entreprise_individuelle^,^SA^,^SARL^',NULL,1,NULL,NULL,NULL,'^administrateur^,^contact^,^daf^,^drh^,^employe^,^enfant^,^gerant^,^medecin^,^membre^,^parent^,^president^,^secretaire^,^tresorier^,^tuteur^,^vice_president^','hidden',0,0,0,'raison_sociale',NULL,1,1,1,'hidden',NULL,'^1^,^11^,^51^,^200^','required',0,0,1,1,1,NULL,NULL,0,NULL,NULL,'hidden',NULL,'',0,1,NULL,'hidden'),('d901798a-b283-339f-6ef5-68fa25dc9a2c','AB_ntreprise SAS','2025-10-23 12:56:30','2025-10-23 13:22:57','81297ee7-4d44-54e8-1090-66e15bd4b75c','81297ee7-4d44-54e8-1090-66e15bd4b75c',NULL,0,'',NULL,NULL,'','N','O','N','P','E','250','22',NULL,'required',NULL,'required',NULL,NULL,NULL,NULL,1,'user','^autre^,^EURL^,^entreprise_individuelle^,^SA^,^SARL^',NULL,1,NULL,NULL,NULL,'^administrateur^','hidden',0,0,0,'raison_sociale',NULL,1,1,1,NULL,NULL,NULL,NULL,0,0,0,1,1,NULL,NULL,0,NULL,NULL,'hidden',NULL,'',0,1,NULL,NULL);

--
-- Table structure for table `ops_type_personne_audit`
--

CREATE TABLE `ops_type_personne_audit` (
  `id` char(36) NOT NULL,
  `parent_id` char(36) NOT NULL,
  `date_created` datetime DEFAULT NULL,
  `created_by` varchar(36) DEFAULT NULL,
  `field_name` varchar(100) DEFAULT NULL,
  `data_type` varchar(100) DEFAULT NULL,
  `before_value_string` varchar(255) DEFAULT NULL,
  `after_value_string` varchar(255) DEFAULT NULL,
  `before_value_text` text DEFAULT NULL,
  `after_value_text` text DEFAULT NULL,
  PRIMARY KEY (`id`),
  KEY `idx_ops_type_personne_parent_id` (`parent_id`)
) ENGINE=MyISAM DEFAULT CHARSET=utf8mb3 COLLATE=utf8mb3_general_ci;

--
-- Dumping data for table `ops_type_personne_audit`
--

INSERT INTO `ops_type_personne_audit` VALUES ('455be8ad-2d37-952f-5ebe-6437129ae687','20d67a07-13a6-d783-e64a-64370d044d29','2023-04-12 20:19:17','1','name','name','Famille d\'accueil','Foyer d\'accueil',NULL,NULL),('30ff56a4-05d0-875a-3d63-643712dcee4e','20d67a07-13a6-d783-e64a-64370d044d29','2023-04-12 20:20:29','1','display_relation','bool','0','1',NULL,NULL),('513033f8-3c9c-4492-5f9f-64ba203e95c3','10206b24-3351-d76d-82b1-64370df92650','2023-07-21 06:08:50','6f8ff2e0-a1c9-778f-332a-643aa04a16d7','libelle_usager','varchar','Famille','Village d’enfants',NULL,NULL),('c8b1864f-c769-c951-fe8f-64ba217bde3d','20d67a07-13a6-d783-e64a-64370d044d29','2023-07-21 06:09:11','6f8ff2e0-a1c9-778f-332a-643aa04a16d7','libelle_usager','varchar','Famille','Foyer d\'accueil',NULL,NULL),('3218c342-8ad7-2a99-c5b7-66226887f981','da19d45e-f059-51c7-35a7-66226572f03d','2024-04-19 12:51:45','1','libelle_usager','varchar','','Animation jeunesse',NULL,NULL),('e06fbf7e-be3c-aac6-5577-666c371d2ea3','a0163d88-d591-5347-4d7f-666c36a29916','2024-06-14 12:27:15','604ce6b2-0113-9588-7fa6-65f42e2efabe','name','name','DP - MAIRIE',' TEST MAIRIE',NULL,NULL),('745c2a34-a18e-ecc7-6925-666c376f6d72','a0163d88-d591-5347-4d7f-666c36a29916','2024-06-14 12:29:14','604ce6b2-0113-9588-7fa6-65f42e2efabe','libelle_usager','varchar','NOM MAIRIE','MA MAIRIE',NULL,NULL),('8b7f6bd8-f109-8916-deb4-674d840c322e','5e30bc03-cd04-cb00-6a55-6421f226db32','2024-12-02 09:56:02','c4250303-bf3c-53d5-45a9-66e15bb9cb43','display_relation','bool','0','1',NULL,NULL),('8bd9b043-1131-ae32-2145-674d8411ac50','5e30bc03-cd04-cb00-6a55-6421f226db32','2024-12-02 09:56:02','c4250303-bf3c-53d5-45a9-66e15bb9cb43','display_formule','bool','0','1',NULL,NULL),('8bed308f-ac7b-959b-507a-674d841dc5f7','5e30bc03-cd04-cb00-6a55-6421f226db32','2024-12-02 09:56:02','c4250303-bf3c-53d5-45a9-66e15bb9cb43','display_info_fiscales','bool','0','1',NULL,NULL),('8bfd5c1a-703e-7f5d-490f-674d84367648','5e30bc03-cd04-cb00-6a55-6421f226db32','2024-12-02 09:56:02','c4250303-bf3c-53d5-45a9-66e15bb9cb43','display_annuaire','bool','0','1',NULL,NULL),('3a4aef3a-fbda-5d81-37a4-674d8765f048','2b911982-ac2a-91be-454e-674d868b5707','2024-12-02 10:11:24','984bab36-6ea9-3a3f-cc48-66e15b39ccb8','name','name','Famille','ED_Famille',NULL,NULL),('8253aea1-1f70-9089-b99e-674d88941be6','2b911982-ac2a-91be-454e-674d868b5707','2024-12-02 10:14:16','c4250303-bf3c-53d5-45a9-66e15bb9cb43','libelle_usager','varchar','','ED_Famille',NULL,NULL),('ba371d43-ab6e-4374-9a69-67a5d020eebc','23d9e8e2-46f5-44f3-ce3c-67a5cfd33f8c','2025-02-07 09:20:00','326c449b-a872-58d3-5ae2-66e15b07aa48','effectif_liste','multienum',NULL,NULL,'','^1^,^11^,^51^,^200^'),('84e5d714-7c71-e016-ae60-67a5d39d7a03','b3f6e4d1-1e94-dce3-41d4-67a5d3ca0dc4','2025-02-07 09:35:52','984bab36-6ea9-3a3f-cc48-66e15b39ccb8','couleur','varchar','','rgb(255, 157, 0)',NULL,NULL),('84ffccfa-794b-bf8d-9573-67a5d368a592','b3f6e4d1-1e94-dce3-41d4-67a5d3ca0dc4','2025-02-07 09:35:52','984bab36-6ea9-3a3f-cc48-66e15b39ccb8','icone','varchar','home','crown',NULL,NULL),('83397317-ef92-42c5-f04a-67a5d5d1e467','b3f6e4d1-1e94-dce3-41d4-67a5d3ca0dc4','2025-02-07 09:41:22','984bab36-6ea9-3a3f-cc48-66e15b39ccb8','libelle_usager','varchar','','QL Family ',NULL,NULL),('8d16b4b9-63d9-2573-26c9-67aa04d3e063','5e30bc03-cd04-cb00-6a55-6421f226db32','2025-02-10 13:53:45','1','role_liste','multienum',NULL,NULL,'^employe^,^gerant^,^autre^','^contact^,^daf^,^employe^,^gerant^,^autre^'),('d2f23ed5-c521-f332-0249-67aa0658bbb8','a8fddabe-e59f-da95-18d9-67aa060eabca','2025-02-10 14:00:19','c4250303-bf3c-53d5-45a9-66e15bb9cb43','libelle_usager','varchar','','SP_ASSO1',NULL,NULL),('9d5d09ca-e01e-2f47-e584-6823479fdaa8','7e89100e-3ad8-76df-8f88-682345b03dc7','2025-05-13 13:21:00','984bab36-6ea9-3a3f-cc48-66e15b39ccb8','libelle_usager','varchar','Informatique','MG - Informatique',NULL,NULL),('de812dff-3a98-c486-3d87-682347f46f69','2399ea88-35a4-78c6-83e7-6823456dbaf7','2025-05-13 13:23:56','c4250303-bf3c-53d5-45a9-66e15bb9cb43','effectif_liste','multienum',NULL,NULL,'','^1^,^11^,^51^,^200^'),('c1f34918-da9d-0a25-c77a-68b69f9d7226','b9f56500-b57b-a61b-4ab2-68b5ad555526','2025-09-02 07:42:06','984bab36-6ea9-3a3f-cc48-66e15b39ccb8','effectif_liste','multienum',NULL,NULL,'','^1^'),('c26c132c-34bb-28e8-c361-68b69f9a6a20','b9f56500-b57b-a61b-4ab2-68b5ad555526','2025-09-02 07:42:06','984bab36-6ea9-3a3f-cc48-66e15b39ccb8','role_liste','multienum',NULL,NULL,'^contact^','^administrateur^,^medecin^,^tuteur^,^a_preciser^'),('35d68c78-aaf1-843a-fc2c-68b6a07244cb','b9f56500-b57b-a61b-4ab2-68b5ad555526','2025-09-02 07:44:40','984bab36-6ea9-3a3f-cc48-66e15b39ccb8','libelle_usager','varchar','','Association',NULL,NULL),('2eff01c5-9ed1-d4a7-360f-68da3e23aab0','6b93930a-521d-023c-f04c-68da3e77885c','2025-09-29 08:10:17','984bab36-6ea9-3a3f-cc48-66e15b39ccb8','libelle_usager','varchar','','GR_Entreprise PICSOU',NULL,NULL),('7a2e5abe-ca17-e332-2fc9-68da3f51ef44','2a0a581d-610a-8b49-1429-68da3d7c7294','2025-09-29 08:12:08','e64475cf-02f9-b7e1-4f19-66e15ba04a6c','forme_juridique_liste','multienum',NULL,NULL,'','^autre^,^EURL^,^SA^'),('7a4d6c28-6f3d-afee-36db-68da3fa1fd92','2a0a581d-610a-8b49-1429-68da3d7c7294','2025-09-29 08:12:08','e64475cf-02f9-b7e1-4f19-66e15ba04a6c','effectif_liste','multienum',NULL,NULL,'','^1^,^11^,^51^,^200^'),('7a5cd451-e8b7-8b6f-db03-68da3f9168b8','2a0a581d-610a-8b49-1429-68da3d7c7294','2025-09-29 08:12:08','e64475cf-02f9-b7e1-4f19-66e15ba04a6c','role_liste','multienum',NULL,NULL,'^a_preciser^','^tresorier^,^tuteur^,^vice_president^'),('c142461d-27d4-183b-9344-68e3bbbf315f','6d6a3d44-3e9a-3685-ab43-68e3bba01938','2025-10-06 12:54:08','1','display_relation','bool','1','',NULL,NULL),('5f10f07d-0234-7194-3e75-68e3be1663ac','14195f39-ea5f-e782-64c2-68e3bd80800f','2025-10-06 13:05:27','984bab36-6ea9-3a3f-cc48-66e15b39ccb8','name','name','OP - Entrepise','OP - Entreprise',NULL,NULL),('357366f4-3ccc-274d-4840-68e3beca8b60','14195f39-ea5f-e782-64c2-68e3bd80800f','2025-10-06 13:06:01','984bab36-6ea9-3a3f-cc48-66e15b39ccb8','effectif_liste','multienum',NULL,NULL,'','^1^,^11^,^51^,^200^'),('75b951b0-e054-b2f1-2e4a-68e3bf2f13cf','14195f39-ea5f-e782-64c2-68e3bd80800f','2025-10-06 13:09:10','984bab36-6ea9-3a3f-cc48-66e15b39ccb8','couleur','varchar','','rgb(255, 255, 255)',NULL,NULL),('5c0b3b7b-64fe-79ac-c0fd-68fa266cdeb4','d901798a-b283-339f-6ef5-68fa25dc9a2c','2025-10-23 12:58:46','81297ee7-4d44-54e8-1090-66e15bd4b75c','name','name','Concessionnaire de voiture','Entreprise',NULL,NULL),('da3ee012-bd54-fd28-f7b2-68fa27063498','d901798a-b283-339f-6ef5-68fa25dc9a2c','2025-10-23 13:03:10','81297ee7-4d44-54e8-1090-66e15bd4b75c','name','name','Entreprise','Entreprise SAS',NULL,NULL),('367218d4-95d1-72cc-10af-68fa2767239a','d901798a-b283-339f-6ef5-68fa25dc9a2c','2025-10-23 13:04:26','81297ee7-4d44-54e8-1090-66e15bd4b75c','forme_juridique_liste','multienum',NULL,NULL,'^SA^','^auto_entrepreneur^'),('cddceca9-1177-77a3-d795-68fa2b71e0ea','d901798a-b283-339f-6ef5-68fa25dc9a2c','2025-10-23 13:20:45','81297ee7-4d44-54e8-1090-66e15bd4b75c','name','name','Entreprise SAS','AB_ntreprise SAS',NULL,NULL),('8b739368-25e8-5072-170e-68fa2cb23545','d901798a-b283-339f-6ef5-68fa25dc9a2c','2025-10-23 13:22:57','81297ee7-4d44-54e8-1090-66e15bd4b75c','forme_juridique_liste','multienum',NULL,NULL,'^auto_entrepreneur^','^autre^,^EURL^,^entreprise_individuelle^,^SA^,^SARL^');

--
-- Table structure for table `ops_type_personne_ops_dispositif`
--

CREATE TABLE `ops_type_personne_ops_dispositif` (
  `id` varchar(36) NOT NULL,
  `date_modified` datetime DEFAULT NULL,
  `deleted` tinyint(1) DEFAULT 0,
  `ops_dispositif_id` varchar(36) DEFAULT NULL,
  `ops_type_personne_id` varchar(36) DEFAULT NULL,
  PRIMARY KEY (`id`),
  KEY `ops_type_personne_ops_dispositif_alt` (`ops_dispositif_id`,`ops_type_personne_id`)
) ENGINE=InnoDB DEFAULT CHARSET=utf8mb3 COLLATE=utf8mb3_general_ci;

--
-- Dumping data for table `ops_type_personne_ops_dispositif`
--


--
-- Table structure for table `ops_type_personne_ops_individu`
--

CREATE TABLE `ops_type_personne_ops_individu` (
  `id` varchar(36) NOT NULL,
  `date_modified` datetime DEFAULT NULL,
  `deleted` tinyint(1) DEFAULT 0,
  `ops_type_personne_id` varchar(36) DEFAULT NULL,
  `ops_individu_id` varchar(36) DEFAULT NULL,
  PRIMARY KEY (`id`),
  KEY `ops_type_personne_ops_individu_ida1` (`ops_type_personne_id`),
  KEY `ops_type_personne_ops_individu_alt` (`ops_individu_id`)
) ENGINE=MyISAM DEFAULT CHARSET=utf8mb3 COLLATE=utf8mb3_general_ci;

--
-- Dumping data for table `ops_type_personne_ops_individu`
--


--
-- Table structure for table `ops_type_personne_ops_personne_morale`
--

CREATE TABLE `ops_type_personne_ops_personne_morale` (
  `id` varchar(36) NOT NULL,
  `date_modified` datetime DEFAULT NULL,
  `deleted` tinyint(1) DEFAULT 0,
  `ops_type_personne_id` varchar(36) DEFAULT NULL,
  `ops_personne_morale_id` varchar(36) DEFAULT NULL,
  PRIMARY KEY (`id`),
  KEY `ops_type_personne_ops_personne_morale_ida1` (`ops_type_personne_id`),
  KEY `ops_type_personne_ops_personne_morale_alt` (`ops_personne_morale_id`)
) ENGINE=MyISAM DEFAULT CHARSET=utf8mb3 COLLATE=utf8mb3_general_ci;

--
-- Dumping data for table `ops_type_personne_ops_personne_morale`
--

INSERT INTO `ops_type_personne_ops_personne_morale` VALUES ('e6d1f124-fa7b-4580-1746-66e3fa7f5d63','2024-09-13 08:39:29',0,'85362f08-23a8-4ade-fe38-6421f07c83a9','e2f49972-f8d6-8f88-ce30-66e3faa20320'),('66a93a25-6ef0-cddf-9beb-66e3ff6160d0','2024-09-13 09:01:40',0,'85362f08-23a8-4ade-fe38-6421f07c83a9','61bfa23d-bed6-48e4-77b0-66e3ff27c15a'),('41aab18a-283c-7447-1842-66e400d8a21f','2024-09-13 09:05:11',0,'41bd50da-46cf-73ee-4b4b-65045900f959','3776353d-ed20-8a5d-d3fb-66e40020ee6f'),('778d78bf-0c56-8392-4446-66e400c6259a','2024-09-13 09:07:43',0,'85362f08-23a8-4ade-fe38-6421f07c83a9','71492415-b84e-dda1-621b-66e400e031be'),('c9248e4b-f5b8-b27c-b026-66e402b6cc17','2024-09-13 09:14:15',0,'d43a28af-de86-2c08-b827-6421f1d05761','c540bcd9-c445-e66f-3c6d-66e402b720e2'),('f21ed8f0-5ac8-1750-2d58-66e402200772','2024-09-13 09:15:19',0,'d43a28af-de86-2c08-b827-6421f1d05761','ea8ec2fd-23d3-0858-353a-66e4023cfdb9'),('b44502ec-cdce-82d4-889c-66e4067d7624','2024-09-13 09:29:38',0,'85362f08-23a8-4ade-fe38-6421f07c83a9','ae3f3f23-a8b7-51e6-2ad9-66e406933c79'),('27687bb2-e2f5-7e05-6851-67078673c32b','2024-10-10 07:45:12',0,'4084bb08-a134-c472-4713-6421f261cb11','18a7d7b1-b308-603a-4768-67078602b2ef'),('cbcd77ff-c28f-712c-c8a0-670789a7ab9b','2024-10-10 08:00:21',0,'4084bb08-a134-c472-4713-6421f261cb11','c824a724-e6db-0834-a095-670789595a1c'),('7f4996d9-bc81-7fb0-c629-673367669491','2024-11-12 14:35:35',0,'85362f08-23a8-4ade-fe38-6421f07c83a9','7b350470-14ba-0c35-7ed9-673367d75d19'),('7933abbf-1c61-1691-2cca-673368fa8613','2024-11-12 14:38:42',0,'85362f08-23a8-4ade-fe38-6421f07c83a9','733523ec-91b4-fc4f-65c5-6733688525aa'),('1f0fdf9b-fbfa-bcf5-3ae7-67336802108e','2024-11-12 14:40:09',0,'41bd50da-46cf-73ee-4b4b-65045900f959','1b2c538e-64ce-1278-1fdf-673368cd4b12'),('8de68a89-7ec9-af81-9f7a-67336a754dde','2024-11-12 14:45:24',0,'41bd50da-46cf-73ee-4b4b-65045900f959','892916a6-fb24-05eb-105e-67336adff301'),('77a1067c-dd57-ef0c-cce5-6733726fa30b','2024-11-12 15:21:46',0,'d43a28af-de86-2c08-b827-6421f1d05761','35fa076b-b609-9291-c831-673372973600'),('d6196073-97e4-aaa5-ddad-674d893f2509','2024-12-02 10:19:37',0,'2b911982-ac2a-91be-454e-674d868b5707','c81b3ecf-92d8-7ba5-da59-674d89d16d9f'),('6c735520-60b3-16b4-8ee0-674d8a665a30','2024-12-02 10:20:49',0,'2b911982-ac2a-91be-454e-674d868b5707','650e0e0c-ae31-7695-766a-674d8a7c0195'),('8935d5ec-5475-3660-b447-67a5d1d75833','2025-02-07 09:24:12',0,'4084bb08-a134-c472-4713-6421f261cb11','853c9f6f-3b59-36df-9fb9-67a5d109c2c2'),('3c5905ab-852b-9142-b542-67a5d25289a4','2025-02-07 09:29:13',0,'23d9e8e2-46f5-44f3-ce3c-67a5cfd33f8c','ee50f578-e704-d9eb-2961-67a5d224e2f3'),('6bec7b7e-c020-6c57-6cd1-67a5d3b6d714','2025-02-07 09:31:56',0,'a076ee8c-b0b6-0710-47ff-67a5d24fc420','68436796-a537-430f-51c3-67a5d37fd8af'),('91a7f8fa-2afe-9db5-65ae-67a5d56457f5','2025-02-07 09:42:30',0,'b3f6e4d1-1e94-dce3-41d4-67a5d3ca0dc4','8d5b2138-a898-e0f6-2793-67a5d544248f'),('290b385c-df01-0c98-d2ec-67aa061d388c','2025-02-10 14:02:06',0,'9c71439e-263b-7784-387b-67aa065ae221','2526f1bf-75a8-abad-e04e-67aa06155727'),('27319cc7-3dd1-ed20-8733-67aa07394173','2025-02-10 14:05:34',0,'a8fddabe-e59f-da95-18d9-67aa060eabca','22cdea5d-431d-166d-d5ae-67aa073730fe'),('10d6fbdf-e1ce-cfe8-19cf-67aa073280f9','2025-02-10 14:05:59',0,'af1a6322-0bc8-f205-750f-66e402a62926','c33b0042-d742-6efb-2981-67aa0768099e'),('8fba7d9d-a5ba-ab17-d1da-68234718eb19','2025-05-13 13:23:51',0,'7e89100e-3ad8-76df-8f88-682345b03dc7','81b97988-eec6-8385-fdc0-6823477af871'),('549f271e-fe48-10f2-fbcb-682348dad3fc','2025-05-13 13:25:15',0,'2399ea88-35a4-78c6-83e7-6823456dbaf7','4eb8453f-d088-a217-cbb0-682348ddd5cd'),('a295d2b9-8281-f909-9072-68b6a0e8998c','2025-09-02 07:46:14',0,'b9f56500-b57b-a61b-4ab2-68b5ad555526','95cc217a-c46c-f5f9-7335-68b6a0f5c9e2'),('363973ca-a5c5-abf5-2de8-68b6f89ed6cb','2025-09-02 14:01:07',0,'4084bb08-a134-c472-4713-6421f261cb11','326718ed-cc95-7d92-bb50-68b6f8770ac4'),('a23f50bd-dde9-21ae-adac-68da3f65cb4e','2025-09-29 08:12:48',0,'2a0a581d-610a-8b49-1429-68da3d7c7294','9e6d9e0f-a093-b050-8acc-68da3fa18ccd'),('148b94c1-a6d4-e210-319d-68da3f807986','2025-09-29 08:14:54',0,'a6260a29-5566-6b80-5e29-68da3e3789a9','f3fe06ca-4619-ef03-67b4-68da3fe11506'),('e604569f-edf4-569c-04bb-68da419bd195','2025-09-29 08:20:50',0,'6b93930a-521d-023c-f04c-68da3e77885c','e21bd1f0-fb08-9e39-8a4a-68da4132f23a'),('44f9db60-3d18-cd8c-d313-68da42f03d5e','2025-09-29 08:25:50',0,'85362f08-23a8-4ade-fe38-6421f07c83a9','404e9648-e78b-3c2d-d850-68da420c18d2'),('370a9560-06be-0a4b-c756-68e3be679b7a','2025-10-06 13:06:33',0,'14195f39-ea5f-e782-64c2-68e3bd80800f','3303a4d7-1754-4491-8787-68e3be5c7faf'),('2ae21c0c-32d4-c4a7-bf54-68e3bff9abe5','2025-10-06 13:07:24',0,'14195f39-ea5f-e782-64c2-68e3bd80800f','26d45266-1b3f-3be2-39c7-68e3bf5ec1ce'),('c49afa6c-7025-e54d-e669-68fa2838fca0','2025-10-23 13:06:07',0,'d901798a-b283-339f-6ef5-68fa25dc9a2c','b8a5d114-c5b2-9721-646f-68fa2821399b'),('e8e79d04-1f78-2ffe-e98f-68fa2808786a','2025-10-23 13:07:07',0,'d901798a-b283-339f-6ef5-68fa25dc9a2c','e3672ffd-ac53-408a-adec-68fa2807e896'),('6d512c0f-0537-8940-4803-68fa28630c71','2025-10-23 13:08:11',0,'d901798a-b283-339f-6ef5-68fa25dc9a2c','5ff603bf-d60d-6566-a469-68fa28229162');

--
-- Table structure for table `ops_type_personne_ops_type_personne_type_document`
--

CREATE TABLE `ops_type_personne_ops_type_personne_type_document` (
  `id` varchar(36) NOT NULL,
  `date_modified` datetime DEFAULT NULL,
  `deleted` tinyint(1) DEFAULT 0,
  `ops_type_personne_id` varchar(36) DEFAULT NULL,
  `ops_type_personne_type_document_id` varchar(36) DEFAULT NULL,
  PRIMARY KEY (`id`),
  KEY `ops_type_personne_ops_type_personne_type_document_ida1` (`ops_type_personne_id`),
  KEY `ops_type_personne_ops_type_personne_type_document_alt` (`ops_type_personne_type_document_id`)
) ENGINE=InnoDB DEFAULT CHARSET=utf8mb3 COLLATE=utf8mb3_general_ci;

--
-- Dumping data for table `ops_type_personne_ops_type_personne_type_document`
--


--
-- Table structure for table `ops_type_personne_type_document`
--

CREATE TABLE `ops_type_personne_type_document` (
  `id` char(36) NOT NULL,
  `name` varchar(255) DEFAULT NULL,
  `date_entered` datetime DEFAULT NULL,
  `date_modified` datetime DEFAULT NULL,
  `modified_user_id` char(36) DEFAULT NULL,
  `created_by` char(36) DEFAULT NULL,
  `description` text DEFAULT NULL,
  `deleted` tinyint(1) DEFAULT 0,
  `facultatif` tinyint(1) DEFAULT 1,
  PRIMARY KEY (`id`)
) ENGINE=InnoDB DEFAULT CHARSET=utf8mb3 COLLATE=utf8mb3_general_ci;

--
-- Dumping data for table `ops_type_personne_type_document`
--


--
-- Table structure for table `ops_type_personne_type_document_audit`
--

CREATE TABLE `ops_type_personne_type_document_audit` (
  `id` char(36) NOT NULL,
  `parent_id` char(36) NOT NULL,
  `date_created` datetime DEFAULT NULL,
  `created_by` varchar(36) DEFAULT NULL,
  `field_name` varchar(100) DEFAULT NULL,
  `data_type` varchar(100) DEFAULT NULL,
  `before_value_string` varchar(255) DEFAULT NULL,
  `after_value_string` varchar(255) DEFAULT NULL,
  `before_value_text` text DEFAULT NULL,
  `after_value_text` text DEFAULT NULL,
  PRIMARY KEY (`id`),
  KEY `idx_ops_type_personne_type_document_parent_id` (`parent_id`)
) ENGINE=InnoDB DEFAULT CHARSET=utf8mb3 COLLATE=utf8mb3_general_ci;

--
-- Dumping data for table `ops_type_personne_type_document_audit`
--


--
-- Table structure for table `ops_type_territoire`
--

CREATE TABLE `ops_type_territoire` (
  `id` char(36) NOT NULL,
  `name` varchar(255) DEFAULT NULL,
  `date_entered` datetime DEFAULT NULL,
  `date_modified` datetime DEFAULT NULL,
  `modified_user_id` char(36) DEFAULT NULL,
  `created_by` char(36) DEFAULT NULL,
  `description` text DEFAULT NULL,
  `deleted` tinyint(1) DEFAULT 0,
  `assigned_user_id` char(36) DEFAULT NULL,
  PRIMARY KEY (`id`)
) ENGINE=MyISAM DEFAULT CHARSET=utf8mb3 COLLATE=utf8mb3_general_ci;

--
-- Dumping data for table `ops_type_territoire`
--

INSERT INTO `ops_type_territoire` VALUES ('6ffe1d03-39a0-ac08-aa36-6429964b42f4','Cantons','2023-04-02 14:51:39','2023-10-02 13:25:31','1','1',NULL,0,'1'),('1dc37759-4ef8-3353-3946-68347b5ee058','Type de territoire NT','2025-05-26 14:30:38','2025-05-26 14:30:38','1','1','',0,'1'),('3196aacf-390d-fbb3-cfe8-68dcfae2e738','Type territoire','2025-10-01 09:54:56','2025-10-01 09:54:56','1','1','',0,'1'),('41e10643-5277-4e84-918b-68dcfbb8d013','DV_Canton','2025-10-01 10:00:37','2025-10-01 10:00:37','e64475cf-02f9-b7e1-4f19-66e15ba04a6c','e64475cf-02f9-b7e1-4f19-66e15ba04a6c','sdfvbfeb',0,'e64475cf-02f9-b7e1-4f19-66e15ba04a6c'),('6eb330a6-c483-5bf1-b0f9-68dcfbaaf1fb','CD_TERRITOIRE','2025-10-01 10:01:26','2025-10-01 10:01:26','c4250303-bf3c-53d5-45a9-66e15bb9cb43','c4250303-bf3c-53d5-45a9-66e15bb9cb43','',0,'c4250303-bf3c-53d5-45a9-66e15bb9cb43'),('eb2e6489-ee36-5cb8-41d3-68dcfce69454','GR _ Type formation','2025-10-01 10:02:03','2025-10-01 10:02:03','984bab36-6ea9-3a3f-cc48-66e15b39ccb8','984bab36-6ea9-3a3f-cc48-66e15b39ccb8','type de territoire GR 20251001',0,'984bab36-6ea9-3a3f-cc48-66e15b39ccb8');

--
-- Table structure for table `ops_type_territoire_audit`
--

CREATE TABLE `ops_type_territoire_audit` (
  `id` char(36) NOT NULL,
  `parent_id` char(36) NOT NULL,
  `date_created` datetime DEFAULT NULL,
  `created_by` varchar(36) DEFAULT NULL,
  `field_name` varchar(100) DEFAULT NULL,
  `data_type` varchar(100) DEFAULT NULL,
  `before_value_string` varchar(255) DEFAULT NULL,
  `after_value_string` varchar(255) DEFAULT NULL,
  `before_value_text` text DEFAULT NULL,
  `after_value_text` text DEFAULT NULL,
  PRIMARY KEY (`id`),
  KEY `idx_ops_type_territoire_parent_id` (`parent_id`)
) ENGINE=MyISAM DEFAULT CHARSET=utf8mb3 COLLATE=utf8mb3_general_ci;

--
-- Dumping data for table `ops_type_territoire_audit`
--


--
-- Table structure for table `ops_type_traitement`
--

CREATE TABLE `ops_type_traitement` (
  `id` char(36) NOT NULL,
  `name` varchar(255) DEFAULT NULL,
  `date_entered` datetime DEFAULT NULL,
  `date_modified` datetime DEFAULT NULL,
  `modified_user_id` char(36) DEFAULT NULL,
  `created_by` char(36) DEFAULT NULL,
  `description` text DEFAULT NULL,
  `deleted` tinyint(1) DEFAULT 0,
  `assigned_user_id` char(36) DEFAULT NULL,
  `pause` tinyint(1) DEFAULT 0,
  `connecteur` varchar(100) DEFAULT NULL,
  PRIMARY KEY (`id`)
) ENGINE=InnoDB DEFAULT CHARSET=utf8mb3 COLLATE=utf8mb3_general_ci;

--
-- Dumping data for table `ops_type_traitement`
--


--
-- Table structure for table `ops_type_traitement_audit`
--

CREATE TABLE `ops_type_traitement_audit` (
  `id` char(36) NOT NULL,
  `parent_id` char(36) NOT NULL,
  `date_created` datetime DEFAULT NULL,
  `created_by` varchar(36) DEFAULT NULL,
  `field_name` varchar(100) DEFAULT NULL,
  `data_type` varchar(100) DEFAULT NULL,
  `before_value_string` varchar(255) DEFAULT NULL,
  `after_value_string` varchar(255) DEFAULT NULL,
  `before_value_text` text DEFAULT NULL,
  `after_value_text` text DEFAULT NULL,
  PRIMARY KEY (`id`),
  KEY `idx_ops_type_traitement_parent_id` (`parent_id`)
) ENGINE=InnoDB DEFAULT CHARSET=utf8mb3 COLLATE=utf8mb3_general_ci;

--
-- Dumping data for table `ops_type_traitement_audit`
--


--
-- Table structure for table `ops_type_traitement_etapes`
--

CREATE TABLE `ops_type_traitement_etapes` (
  `id` char(36) NOT NULL,
  `name` varchar(255) DEFAULT NULL,
  `date_entered` datetime DEFAULT NULL,
  `date_modified` datetime DEFAULT NULL,
  `modified_user_id` char(36) DEFAULT NULL,
  `created_by` char(36) DEFAULT NULL,
  `description` text DEFAULT NULL,
  `deleted` tinyint(1) DEFAULT 0,
  `assigned_user_id` char(36) DEFAULT NULL,
  `etape` int(255) DEFAULT NULL,
  PRIMARY KEY (`id`)
) ENGINE=InnoDB DEFAULT CHARSET=utf8mb3 COLLATE=utf8mb3_general_ci;

--
-- Dumping data for table `ops_type_traitement_etapes`
--


--
-- Table structure for table `ops_type_traitement_etapes_audit`
--

CREATE TABLE `ops_type_traitement_etapes_audit` (
  `id` char(36) NOT NULL,
  `parent_id` char(36) NOT NULL,
  `date_created` datetime DEFAULT NULL,
  `created_by` varchar(36) DEFAULT NULL,
  `field_name` varchar(100) DEFAULT NULL,
  `data_type` varchar(100) DEFAULT NULL,
  `before_value_string` varchar(255) DEFAULT NULL,
  `after_value_string` varchar(255) DEFAULT NULL,
  `before_value_text` text DEFAULT NULL,
  `after_value_text` text DEFAULT NULL,
  PRIMARY KEY (`id`),
  KEY `idx_ops_type_traitement_etapes_parent_id` (`parent_id`)
) ENGINE=InnoDB DEFAULT CHARSET=utf8mb3 COLLATE=utf8mb3_general_ci;

--
-- Dumping data for table `ops_type_traitement_etapes_audit`
--


--
-- Table structure for table `ops_type_traitement_etapes_ops_traitement`
--

CREATE TABLE `ops_type_traitement_etapes_ops_traitement` (
  `id` varchar(36) NOT NULL,
  `date_modified` datetime DEFAULT NULL,
  `deleted` tinyint(1) DEFAULT 0,
  `ops_type_traitement_etapes_id` varchar(36) DEFAULT NULL,
  `ops_traitement_id` varchar(36) DEFAULT NULL,
  PRIMARY KEY (`id`),
  KEY `ops_type_traitement_etapes_ops_traitement_ida1` (`ops_type_traitement_etapes_id`),
  KEY `ops_type_traitement_etapes_ops_traitement_alt` (`ops_traitement_id`)
) ENGINE=InnoDB DEFAULT CHARSET=utf8mb3 COLLATE=utf8mb3_general_ci;

--
-- Dumping data for table `ops_type_traitement_etapes_ops_traitement`
--


--
-- Table structure for table `ops_type_traitement_ops_traitement`
--

CREATE TABLE `ops_type_traitement_ops_traitement` (
  `id` varchar(36) NOT NULL,
  `date_modified` datetime DEFAULT NULL,
  `deleted` tinyint(1) DEFAULT 0,
  `ops_type_traitement_id` varchar(36) DEFAULT NULL,
  `ops_traitement_id` varchar(36) DEFAULT NULL,
  PRIMARY KEY (`id`),
  KEY `ops_type_traitement_ops_traitement_ida1` (`ops_type_traitement_id`),
  KEY `ops_type_traitement_ops_traitement_alt` (`ops_traitement_id`)
) ENGINE=InnoDB DEFAULT CHARSET=utf8mb3 COLLATE=utf8mb3_general_ci;

--
-- Dumping data for table `ops_type_traitement_ops_traitement`
--


--
-- Table structure for table `ops_type_traitement_ops_type_traitement_etapes`
--

CREATE TABLE `ops_type_traitement_ops_type_traitement_etapes` (
  `id` varchar(36) NOT NULL,
  `date_modified` datetime DEFAULT NULL,
  `deleted` tinyint(1) DEFAULT 0,
  `ops_type_traitement_id` varchar(36) DEFAULT NULL,
  `ops_type_traitement_etapes_id` varchar(36) DEFAULT NULL,
  PRIMARY KEY (`id`),
  KEY `ops_type_traitement_ops_type_traitement_etapes_ida1` (`ops_type_traitement_id`),
  KEY `ops_type_traitement_ops_type_traitement_etapes_alt` (`ops_type_traitement_etapes_id`)
) ENGINE=InnoDB DEFAULT CHARSET=utf8mb3 COLLATE=utf8mb3_general_ci;

--
-- Dumping data for table `ops_type_traitement_ops_type_traitement_etapes`
--


--
-- Table structure for table `ops_typologie`
--

CREATE TABLE `ops_typologie` (
  `id` char(36) NOT NULL,
  `name` varchar(255) DEFAULT NULL,
  `date_entered` datetime DEFAULT NULL,
  `date_modified` datetime DEFAULT NULL,
  `modified_user_id` char(36) DEFAULT NULL,
  `created_by` char(36) DEFAULT NULL,
  `description` text DEFAULT NULL,
  `deleted` tinyint(1) DEFAULT 0,
  `assigned_user_id` char(36) DEFAULT NULL,
  `libelle_usager` varchar(255) DEFAULT NULL,
  `forme_juridique` text DEFAULT NULL,
  `numero_rna` varchar(100) DEFAULT 'T',
  `siret` varchar(100) DEFAULT 'T',
  `numero_rne` varchar(100) DEFAULT 'T',
  `code_ape` varchar(100) DEFAULT 'T',
  `objet_social` varchar(100) DEFAULT 'T',
  PRIMARY KEY (`id`)
) ENGINE=MyISAM DEFAULT CHARSET=utf8mb3 COLLATE=utf8mb3_general_ci;

--
-- Dumping data for table `ops_typologie`
--


--
-- Table structure for table `ops_typologie_audit`
--

CREATE TABLE `ops_typologie_audit` (
  `id` char(36) NOT NULL,
  `parent_id` char(36) NOT NULL,
  `date_created` datetime DEFAULT NULL,
  `created_by` varchar(36) DEFAULT NULL,
  `field_name` varchar(100) DEFAULT NULL,
  `data_type` varchar(100) DEFAULT NULL,
  `before_value_string` varchar(255) DEFAULT NULL,
  `after_value_string` varchar(255) DEFAULT NULL,
  `before_value_text` text DEFAULT NULL,
  `after_value_text` text DEFAULT NULL,
  PRIMARY KEY (`id`),
  KEY `idx_ops_typologie_parent_id` (`parent_id`)
) ENGINE=MyISAM DEFAULT CHARSET=utf8mb3 COLLATE=utf8mb3_general_ci;

--
-- Dumping data for table `ops_typologie_audit`
--


--
-- Table structure for table `ops_typologie_ops_dispositif`
--

CREATE TABLE `ops_typologie_ops_dispositif` (
  `id` varchar(36) NOT NULL,
  `date_modified` datetime DEFAULT NULL,
  `deleted` tinyint(1) DEFAULT 0,
  `ops_dispositif_id` varchar(36) DEFAULT NULL,
  `ops_typologie_id` varchar(36) DEFAULT NULL,
  PRIMARY KEY (`id`),
  KEY `ops_typologie_ops_dispositif_alt` (`ops_dispositif_id`,`ops_typologie_id`)
) ENGINE=MyISAM DEFAULT CHARSET=utf8mb3 COLLATE=utf8mb3_general_ci;

--
-- Dumping data for table `ops_typologie_ops_dispositif`
--


--
-- Table structure for table `ops_typologie_ops_type_personne`
--

CREATE TABLE `ops_typologie_ops_type_personne` (
  `id` varchar(36) NOT NULL,
  `date_modified` datetime DEFAULT NULL,
  `deleted` tinyint(1) DEFAULT 0,
  `ops_typologie_id` varchar(36) DEFAULT NULL,
  `ops_type_personne_id` varchar(36) DEFAULT NULL,
  PRIMARY KEY (`id`),
  KEY `ops_typologie_ops_type_personne_ida1` (`ops_typologie_id`),
  KEY `ops_typologie_ops_type_personne_alt` (`ops_type_personne_id`)
) ENGINE=MyISAM DEFAULT CHARSET=utf8mb3 COLLATE=utf8mb3_general_ci;

--
-- Dumping data for table `ops_typologie_ops_type_personne`
--


--
-- Table structure for table `ops_valeurs_nomenclature`
--

CREATE TABLE `ops_valeurs_nomenclature` (
  `id` char(36) NOT NULL,
  `name` varchar(255) DEFAULT NULL,
  `date_entered` datetime DEFAULT NULL,
  `date_modified` datetime DEFAULT NULL,
  `modified_user_id` char(36) DEFAULT NULL,
  `created_by` char(36) DEFAULT NULL,
  `description` text DEFAULT NULL,
  `deleted` tinyint(1) DEFAULT 0,
  `assigned_user_id` char(36) DEFAULT NULL,
  `libelle_court` varchar(255) DEFAULT NULL,
  `libelle_long` varchar(255) DEFAULT NULL,
  `date_ouverture` date DEFAULT NULL,
  `date_fermeture` date DEFAULT NULL,
  PRIMARY KEY (`id`)
) ENGINE=InnoDB DEFAULT CHARSET=utf8mb3 COLLATE=utf8mb3_general_ci;

--
-- Dumping data for table `ops_valeurs_nomenclature`
--


--
-- Table structure for table `ops_valeurs_nomenclature_audit`
--

CREATE TABLE `ops_valeurs_nomenclature_audit` (
  `id` char(36) NOT NULL,
  `parent_id` char(36) NOT NULL,
  `date_created` datetime DEFAULT NULL,
  `created_by` varchar(36) DEFAULT NULL,
  `field_name` varchar(100) DEFAULT NULL,
  `data_type` varchar(100) DEFAULT NULL,
  `before_value_string` varchar(255) DEFAULT NULL,
  `after_value_string` varchar(255) DEFAULT NULL,
  `before_value_text` text DEFAULT NULL,
  `after_value_text` text DEFAULT NULL,
  PRIMARY KEY (`id`),
  KEY `idx_ops_valeurs_nomenclature_parent_id` (`parent_id`)
) ENGINE=InnoDB DEFAULT CHARSET=utf8mb3 COLLATE=utf8mb3_general_ci;

--
-- Dumping data for table `ops_valeurs_nomenclature_audit`
--


--
-- Table structure for table `outbound_email`
--

CREATE TABLE `outbound_email` (
  `id` char(36) NOT NULL,
  `name` varchar(255) DEFAULT NULL,
  `type` varchar(15) DEFAULT 'user',
  `user_id` char(36) DEFAULT NULL,
  `smtp_from_name` varchar(255) DEFAULT NULL,
  `smtp_from_addr` varchar(255) DEFAULT NULL,
  `mail_sendtype` varchar(8) DEFAULT 'smtp',
  `mail_smtptype` varchar(20) DEFAULT 'other',
  `mail_smtpserver` varchar(100) DEFAULT NULL,
  `mail_smtpport` varchar(5) DEFAULT '0',
  `mail_smtpuser` varchar(100) DEFAULT NULL,
  `mail_smtppass` varchar(100) DEFAULT NULL,
  `mail_smtpauth_req` tinyint(1) DEFAULT 0,
  `mail_smtpssl` varchar(1) DEFAULT '0',
  `date_entered` datetime DEFAULT NULL,
  `date_modified` datetime DEFAULT NULL,
  `modified_user_id` char(36) DEFAULT NULL,
  `created_by` char(36) DEFAULT NULL,
  `deleted` tinyint(1) DEFAULT 0,
  `assigned_user_id` char(36) DEFAULT NULL,
  `reply_to_name` varchar(255) DEFAULT NULL,
  `reply_to_addr` varchar(255) DEFAULT NULL,
  `signature` text DEFAULT NULL,
  PRIMARY KEY (`id`)
) ENGINE=MyISAM DEFAULT CHARSET=utf8mb3 COLLATE=utf8mb3_general_ci;

--
-- Dumping data for table `outbound_email`
--

INSERT INTO `outbound_email` VALUES ('b4d27de0-988f-4708-5ed2-64218b48bca0','system','system','1','Open CRM','nepasrepondre@opensub.fr','SMTP','other','localhost','25','','',0,'0',NULL,NULL,NULL,NULL,0,NULL,NULL,NULL,NULL);

--
-- Table structure for table `outbound_email_audit`
--

CREATE TABLE `outbound_email_audit` (
  `id` char(36) NOT NULL,
  `parent_id` char(36) NOT NULL,
  `date_created` datetime DEFAULT NULL,
  `created_by` varchar(36) DEFAULT NULL,
  `field_name` varchar(100) DEFAULT NULL,
  `data_type` varchar(100) DEFAULT NULL,
  `before_value_string` varchar(255) DEFAULT NULL,
  `after_value_string` varchar(255) DEFAULT NULL,
  `before_value_text` text DEFAULT NULL,
  `after_value_text` text DEFAULT NULL,
  PRIMARY KEY (`id`),
  KEY `idx_outbound_email_parent_id` (`parent_id`)
) ENGINE=MyISAM DEFAULT CHARSET=utf8mb3 COLLATE=utf8mb3_general_ci;

--
-- Dumping data for table `outbound_email_audit`
--


--
-- Table structure for table `project`
--

CREATE TABLE `project` (
  `id` char(36) NOT NULL,
  `date_entered` datetime DEFAULT NULL,
  `date_modified` datetime DEFAULT NULL,
  `assigned_user_id` char(36) DEFAULT NULL,
  `modified_user_id` char(36) DEFAULT NULL,
  `created_by` char(36) DEFAULT NULL,
  `name` varchar(50) DEFAULT NULL,
  `description` text DEFAULT NULL,
  `deleted` tinyint(1) DEFAULT 0,
  `estimated_start_date` date DEFAULT NULL,
  `estimated_end_date` date DEFAULT NULL,
  `status` varchar(255) DEFAULT NULL,
  `priority` varchar(255) DEFAULT NULL,
  `override_business_hours` tinyint(1) DEFAULT 0,
  PRIMARY KEY (`id`)
) ENGINE=MyISAM DEFAULT CHARSET=utf8mb3 COLLATE=utf8mb3_general_ci;

--
-- Dumping data for table `project`
--


--
-- Table structure for table `project_contacts_1_c`
--

CREATE TABLE `project_contacts_1_c` (
  `id` varchar(36) NOT NULL,
  `date_modified` datetime DEFAULT NULL,
  `deleted` tinyint(1) DEFAULT 0,
  `project_contacts_1project_ida` varchar(36) DEFAULT NULL,
  `project_contacts_1contacts_idb` varchar(36) DEFAULT NULL,
  PRIMARY KEY (`id`),
  KEY `project_contacts_1_alt` (`project_contacts_1project_ida`,`project_contacts_1contacts_idb`)
) ENGINE=MyISAM DEFAULT CHARSET=utf8mb3 COLLATE=utf8mb3_general_ci;

--
-- Dumping data for table `project_contacts_1_c`
--


--
-- Table structure for table `project_cstm`
--

CREATE TABLE `project_cstm` (
  `id_c` char(36) NOT NULL,
  `jjwg_maps_lng_c` float(11,8) DEFAULT 0.00000000,
  `jjwg_maps_lat_c` float(10,8) DEFAULT 0.00000000,
  `jjwg_maps_geocode_status_c` varchar(255) DEFAULT NULL,
  `jjwg_maps_address_c` varchar(255) DEFAULT NULL,
  PRIMARY KEY (`id_c`)
) ENGINE=MyISAM DEFAULT CHARSET=utf8mb3 COLLATE=utf8mb3_general_ci;

--
-- Dumping data for table `project_cstm`
--


--
-- Table structure for table `project_task`
--

CREATE TABLE `project_task` (
  `id` char(36) NOT NULL,
  `date_entered` datetime DEFAULT NULL,
  `date_modified` datetime DEFAULT NULL,
  `project_id` char(36) NOT NULL,
  `project_task_id` int(11) DEFAULT NULL,
  `name` varchar(50) DEFAULT NULL,
  `status` varchar(255) DEFAULT NULL,
  `relationship_type` varchar(255) DEFAULT NULL,
  `description` text DEFAULT NULL,
  `predecessors` text DEFAULT NULL,
  `date_start` date DEFAULT NULL,
  `time_start` int(11) DEFAULT NULL,
  `time_finish` int(11) DEFAULT NULL,
  `date_finish` date DEFAULT NULL,
  `duration` int(11) DEFAULT NULL,
  `duration_unit` text DEFAULT NULL,
  `actual_duration` int(11) DEFAULT NULL,
  `percent_complete` int(11) DEFAULT NULL,
  `date_due` date DEFAULT NULL,
  `time_due` time DEFAULT NULL,
  `parent_task_id` int(11) DEFAULT NULL,
  `assigned_user_id` char(36) DEFAULT NULL,
  `modified_user_id` char(36) DEFAULT NULL,
  `priority` varchar(255) DEFAULT NULL,
  `created_by` char(36) DEFAULT NULL,
  `milestone_flag` tinyint(1) DEFAULT NULL,
  `order_number` int(11) DEFAULT 1,
  `task_number` int(11) DEFAULT NULL,
  `estimated_effort` int(11) DEFAULT NULL,
  `actual_effort` int(11) DEFAULT NULL,
  `deleted` tinyint(1) DEFAULT 0,
  `utilization` int(11) DEFAULT 100,
  PRIMARY KEY (`id`)
) ENGINE=MyISAM DEFAULT CHARSET=utf8mb3 COLLATE=utf8mb3_general_ci;

--
-- Dumping data for table `project_task`
--


--
-- Table structure for table `project_task_audit`
--

CREATE TABLE `project_task_audit` (
  `id` char(36) NOT NULL,
  `parent_id` char(36) NOT NULL,
  `date_created` datetime DEFAULT NULL,
  `created_by` varchar(36) DEFAULT NULL,
  `field_name` varchar(100) DEFAULT NULL,
  `data_type` varchar(100) DEFAULT NULL,
  `before_value_string` varchar(255) DEFAULT NULL,
  `after_value_string` varchar(255) DEFAULT NULL,
  `before_value_text` text DEFAULT NULL,
  `after_value_text` text DEFAULT NULL,
  PRIMARY KEY (`id`),
  KEY `idx_project_task_parent_id` (`parent_id`)
) ENGINE=MyISAM DEFAULT CHARSET=utf8mb3 COLLATE=utf8mb3_general_ci;

--
-- Dumping data for table `project_task_audit`
--


--
-- Table structure for table `project_users_1_c`
--

CREATE TABLE `project_users_1_c` (
  `id` varchar(36) NOT NULL,
  `date_modified` datetime DEFAULT NULL,
  `deleted` tinyint(1) DEFAULT 0,
  `project_users_1project_ida` varchar(36) DEFAULT NULL,
  `project_users_1users_idb` varchar(36) DEFAULT NULL,
  PRIMARY KEY (`id`),
  KEY `project_users_1_alt` (`project_users_1project_ida`,`project_users_1users_idb`)
) ENGINE=MyISAM DEFAULT CHARSET=utf8mb3 COLLATE=utf8mb3_general_ci;

--
-- Dumping data for table `project_users_1_c`
--

INSERT INTO `project_users_1_c` VALUES ('e95054cc-f8d8-fe54-ff94-60efeb070018','2021-07-15 08:02:23',0,'6d70f8a3-6530-d3b5-d657-60efebb60bd6','1');

--
-- Table structure for table `projects_accounts`
--

CREATE TABLE `projects_accounts` (
  `id` varchar(36) NOT NULL,
  `account_id` varchar(36) DEFAULT NULL,
  `project_id` varchar(36) DEFAULT NULL,
  `date_modified` datetime DEFAULT NULL,
  `deleted` tinyint(1) DEFAULT 0,
  PRIMARY KEY (`id`),
  KEY `idx_proj_acct_proj` (`project_id`),
  KEY `idx_proj_acct_acct` (`account_id`),
  KEY `projects_accounts_alt` (`project_id`,`account_id`)
) ENGINE=MyISAM DEFAULT CHARSET=utf8mb3 COLLATE=utf8mb3_general_ci;

--
-- Dumping data for table `projects_accounts`
--


--
-- Table structure for table `projects_bugs`
--

CREATE TABLE `projects_bugs` (
  `id` varchar(36) NOT NULL,
  `bug_id` varchar(36) DEFAULT NULL,
  `project_id` varchar(36) DEFAULT NULL,
  `date_modified` datetime DEFAULT NULL,
  `deleted` tinyint(1) DEFAULT 0,
  PRIMARY KEY (`id`),
  KEY `idx_proj_bug_proj` (`project_id`),
  KEY `idx_proj_bug_bug` (`bug_id`),
  KEY `projects_bugs_alt` (`project_id`,`bug_id`)
) ENGINE=MyISAM DEFAULT CHARSET=utf8mb3 COLLATE=utf8mb3_general_ci;

--
-- Dumping data for table `projects_bugs`
--


--
-- Table structure for table `projects_cases`
--

CREATE TABLE `projects_cases` (
  `id` varchar(36) NOT NULL,
  `case_id` varchar(36) DEFAULT NULL,
  `project_id` varchar(36) DEFAULT NULL,
  `date_modified` datetime DEFAULT NULL,
  `deleted` tinyint(1) DEFAULT 0,
  PRIMARY KEY (`id`),
  KEY `idx_proj_case_proj` (`project_id`),
  KEY `idx_proj_case_case` (`case_id`),
  KEY `projects_cases_alt` (`project_id`,`case_id`)
) ENGINE=MyISAM DEFAULT CHARSET=utf8mb3 COLLATE=utf8mb3_general_ci;

--
-- Dumping data for table `projects_cases`
--


--
-- Table structure for table `projects_contacts`
--

CREATE TABLE `projects_contacts` (
  `id` varchar(36) NOT NULL,
  `contact_id` varchar(36) DEFAULT NULL,
  `project_id` varchar(36) DEFAULT NULL,
  `date_modified` datetime DEFAULT NULL,
  `deleted` tinyint(1) DEFAULT 0,
  PRIMARY KEY (`id`),
  KEY `idx_proj_con_proj` (`project_id`),
  KEY `idx_proj_con_con` (`contact_id`),
  KEY `projects_contacts_alt` (`project_id`,`contact_id`)
) ENGINE=MyISAM DEFAULT CHARSET=utf8mb3 COLLATE=utf8mb3_general_ci;

--
-- Dumping data for table `projects_contacts`
--


--
-- Table structure for table `projects_opportunities`
--

CREATE TABLE `projects_opportunities` (
  `id` varchar(36) NOT NULL,
  `opportunity_id` varchar(36) DEFAULT NULL,
  `project_id` varchar(36) DEFAULT NULL,
  `date_modified` datetime DEFAULT NULL,
  `deleted` tinyint(1) DEFAULT 0,
  PRIMARY KEY (`id`),
  KEY `idx_proj_opp_proj` (`project_id`),
  KEY `idx_proj_opp_opp` (`opportunity_id`),
  KEY `projects_opportunities_alt` (`project_id`,`opportunity_id`)
) ENGINE=MyISAM DEFAULT CHARSET=utf8mb3 COLLATE=utf8mb3_general_ci;

--
-- Dumping data for table `projects_opportunities`
--


--
-- Table structure for table `projects_products`
--

CREATE TABLE `projects_products` (
  `id` varchar(36) NOT NULL,
  `product_id` varchar(36) DEFAULT NULL,
  `project_id` varchar(36) DEFAULT NULL,
  `date_modified` datetime DEFAULT NULL,
  `deleted` tinyint(1) DEFAULT 0,
  PRIMARY KEY (`id`),
  KEY `idx_proj_prod_project` (`project_id`),
  KEY `idx_proj_prod_product` (`product_id`),
  KEY `projects_products_alt` (`project_id`,`product_id`)
) ENGINE=MyISAM DEFAULT CHARSET=utf8mb3 COLLATE=utf8mb3_general_ci;

--
-- Dumping data for table `projects_products`
--


--
-- Table structure for table `prospect_list_campaigns`
--

CREATE TABLE `prospect_list_campaigns` (
  `id` varchar(36) NOT NULL,
  `prospect_list_id` varchar(36) DEFAULT NULL,
  `campaign_id` varchar(36) DEFAULT NULL,
  `date_modified` datetime DEFAULT NULL,
  `deleted` tinyint(1) DEFAULT 0,
  PRIMARY KEY (`id`),
  KEY `idx_pro_id` (`prospect_list_id`),
  KEY `idx_cam_id` (`campaign_id`),
  KEY `idx_prospect_list_campaigns` (`prospect_list_id`,`campaign_id`)
) ENGINE=MyISAM DEFAULT CHARSET=utf8mb3 COLLATE=utf8mb3_general_ci;

--
-- Dumping data for table `prospect_list_campaigns`
--

INSERT INTO `prospect_list_campaigns` VALUES ('bcce1b6f-bea0-a792-efca-60a7c561b738','3bf1aca1-2e6e-4edf-0d56-60a7c3d0b717','2d220c35-60f5-768d-873a-60a7c58d6428','2021-05-21 14:36:43',0),('4db68295-df2a-aac3-68e8-60a7c62fa91b','3bf1aca1-2e6e-4edf-0d56-60a7c3d0b717','b5ea029f-a3cb-ba25-42c8-60a7c620de16','2021-05-21 14:39:07',0);

--
-- Table structure for table `prospect_lists`
--

CREATE TABLE `prospect_lists` (
  `assigned_user_id` char(36) DEFAULT NULL,
  `id` char(36) NOT NULL,
  `name` varchar(255) DEFAULT NULL,
  `list_type` varchar(100) DEFAULT NULL,
  `date_entered` datetime DEFAULT NULL,
  `date_modified` datetime DEFAULT NULL,
  `modified_user_id` char(36) DEFAULT NULL,
  `created_by` char(36) DEFAULT NULL,
  `deleted` tinyint(1) DEFAULT NULL,
  `description` text DEFAULT NULL,
  `domain_name` varchar(255) DEFAULT NULL,
  PRIMARY KEY (`id`),
  KEY `idx_prospect_list_name` (`name`)
) ENGINE=MyISAM DEFAULT CHARSET=utf8mb3 COLLATE=utf8mb3_general_ci;

--
-- Dumping data for table `prospect_lists`
--

INSERT INTO `prospect_lists` VALUES ('1','e038873a-0565-9153-6643-65bfc7e98ada','Ma liste','default','2024-02-04 17:20:56','2024-02-04 17:20:56','1','1',0,'','');

--
-- Table structure for table `prospect_lists_prospects`
--

CREATE TABLE `prospect_lists_prospects` (
  `id` varchar(36) NOT NULL,
  `prospect_list_id` varchar(36) DEFAULT NULL,
  `related_id` varchar(36) DEFAULT NULL,
  `related_type` varchar(25) DEFAULT NULL,
  `date_modified` datetime DEFAULT NULL,
  `deleted` tinyint(1) DEFAULT 0,
  PRIMARY KEY (`id`),
  KEY `idx_plp_pro_id` (`prospect_list_id`,`deleted`),
  KEY `idx_plp_rel_id` (`related_id`,`related_type`,`prospect_list_id`)
) ENGINE=MyISAM DEFAULT CHARSET=utf8mb3 COLLATE=utf8mb3_general_ci;

--
-- Dumping data for table `prospect_lists_prospects`
--


--
-- Table structure for table `prospects`
--

CREATE TABLE `prospects` (
  `id` char(36) NOT NULL,
  `date_entered` datetime DEFAULT NULL,
  `date_modified` datetime DEFAULT NULL,
  `modified_user_id` char(36) DEFAULT NULL,
  `created_by` char(36) DEFAULT NULL,
  `description` text DEFAULT NULL,
  `deleted` tinyint(1) DEFAULT 0,
  `assigned_user_id` char(36) DEFAULT NULL,
  `salutation` varchar(255) DEFAULT NULL,
  `first_name` varchar(100) DEFAULT NULL,
  `last_name` varchar(100) DEFAULT NULL,
  `title` varchar(100) DEFAULT NULL,
  `photo` varchar(255) DEFAULT NULL,
  `department` varchar(255) DEFAULT NULL,
  `do_not_call` tinyint(1) DEFAULT 0,
  `phone_home` varchar(100) DEFAULT NULL,
  `phone_mobile` varchar(100) DEFAULT NULL,
  `phone_work` varchar(100) DEFAULT NULL,
  `phone_other` varchar(100) DEFAULT NULL,
  `phone_fax` varchar(100) DEFAULT NULL,
  `lawful_basis` text DEFAULT NULL,
  `date_reviewed` date DEFAULT NULL,
  `lawful_basis_source` varchar(100) DEFAULT NULL,
  `primary_address_street` varchar(150) DEFAULT NULL,
  `primary_address_city` varchar(100) DEFAULT NULL,
  `primary_address_state` varchar(100) DEFAULT NULL,
  `primary_address_postalcode` varchar(20) DEFAULT NULL,
  `primary_address_country` varchar(255) DEFAULT NULL,
  `alt_address_street` varchar(150) DEFAULT NULL,
  `alt_address_city` varchar(100) DEFAULT NULL,
  `alt_address_state` varchar(100) DEFAULT NULL,
  `alt_address_postalcode` varchar(20) DEFAULT NULL,
  `alt_address_country` varchar(255) DEFAULT NULL,
  `assistant` varchar(75) DEFAULT NULL,
  `assistant_phone` varchar(100) DEFAULT NULL,
  `tracker_key` int(11) NOT NULL AUTO_INCREMENT,
  `birthdate` date DEFAULT NULL,
  `lead_id` char(36) DEFAULT NULL,
  `account_name` varchar(150) DEFAULT NULL,
  `campaign_id` char(36) DEFAULT NULL,
  PRIMARY KEY (`id`),
  KEY `prospect_auto_tracker_key` (`tracker_key`),
  KEY `idx_prospects_last_first` (`last_name`,`first_name`,`deleted`),
  KEY `idx_prospecs_del_last` (`last_name`,`deleted`),
  KEY `idx_prospects_id_del` (`id`,`deleted`),
  KEY `idx_prospects_assigned` (`assigned_user_id`)
) ENGINE=MyISAM DEFAULT CHARSET=utf8mb3 COLLATE=utf8mb3_general_ci;

--
-- Dumping data for table `prospects`
--


--
-- Table structure for table `prospects_cstm`
--

CREATE TABLE `prospects_cstm` (
  `id_c` char(36) NOT NULL,
  `jjwg_maps_lng_c` float(11,8) DEFAULT 0.00000000,
  `jjwg_maps_lat_c` float(10,8) DEFAULT 0.00000000,
  `jjwg_maps_geocode_status_c` varchar(255) DEFAULT NULL,
  `jjwg_maps_address_c` varchar(255) DEFAULT NULL,
  PRIMARY KEY (`id_c`)
) ENGINE=MyISAM DEFAULT CHARSET=utf8mb3 COLLATE=utf8mb3_general_ci;

--
-- Dumping data for table `prospects_cstm`
--


--
-- Table structure for table `relationships`
--

CREATE TABLE `relationships` (
  `id` char(36) NOT NULL,
  `relationship_name` varchar(150) DEFAULT NULL,
  `lhs_module` varchar(100) DEFAULT NULL,
  `lhs_table` varchar(64) DEFAULT NULL,
  `lhs_key` varchar(64) DEFAULT NULL,
  `rhs_module` varchar(100) DEFAULT NULL,
  `rhs_table` varchar(64) DEFAULT NULL,
  `rhs_key` varchar(64) DEFAULT NULL,
  `join_table` varchar(64) DEFAULT NULL,
  `join_key_lhs` varchar(64) DEFAULT NULL,
  `join_key_rhs` varchar(64) DEFAULT NULL,
  `relationship_type` varchar(64) DEFAULT NULL,
  `relationship_role_column` varchar(64) DEFAULT NULL,
  `relationship_role_column_value` varchar(50) DEFAULT NULL,
  `reverse` tinyint(1) DEFAULT 0,
  `deleted` tinyint(1) DEFAULT 0,
  PRIMARY KEY (`id`),
  KEY `idx_rel_name` (`relationship_name`)
) ENGINE=MyISAM DEFAULT CHARSET=utf8mb3 COLLATE=utf8mb3_general_ci;

--
-- Dumping data for table `relationships`
--

INSERT INTO `relationships` VALUES ('2c300208-8d6c-64c5-4bd4-6798de623b19','leads_modified_user','Users','users','id','Leads','leads','modified_user_id',NULL,NULL,NULL,'one-to-many',NULL,NULL,0,0),('5730078b-1ab8-672a-3464-6798de9ff600','leads_created_by','Users','users','id','Leads','leads','created_by',NULL,NULL,NULL,'one-to-many',NULL,NULL,0,0),('79a006fc-1d81-0575-e986-6798debea9d8','leads_assigned_user','Users','users','id','Leads','leads','assigned_user_id',NULL,NULL,NULL,'one-to-many',NULL,NULL,0,0),('9960028c-0253-b2b4-639e-6798dee250f4','securitygroups_leads','SecurityGroups','securitygroups','id','Leads','leads','id','securitygroups_records','securitygroup_id','record_id','many-to-many','module','Leads',0,0),('b8900fcc-8853-9319-62d2-6798de988b53','leads_email_addresses','Leads','leads','id','EmailAddresses','email_addresses','id','email_addr_bean_rel','bean_id','email_address_id','many-to-many','bean_module','Leads',0,0),('da4009ed-4c95-4f48-b38f-6798de9d16e2','leads_email_addresses_primary','Leads','leads','id','EmailAddresses','email_addresses','id','email_addr_bean_rel','bean_id','email_address_id','many-to-many','primary_address','1',0,0),('ff7005c5-14ef-ba30-42a8-6798de1549bb','lead_direct_reports','Leads','leads','id','Leads','leads','reports_to_id',NULL,NULL,NULL,'one-to-many',NULL,NULL,0,0),('11f30bab-c352-115a-3766-6798de833d2e','lead_tasks','Leads','leads','id','Tasks','tasks','parent_id',NULL,NULL,NULL,'one-to-many','parent_type','Leads',0,0),('13f40537-5bcf-2e65-2258-6798defa62a4','lead_notes','Leads','leads','id','Notes','notes','parent_id',NULL,NULL,NULL,'one-to-many','parent_type','Leads',0,0),('165f05f1-806c-4eed-4e69-6798de656fd7','lead_meetings','Leads','leads','id','Meetings','meetings','parent_id',NULL,NULL,NULL,'one-to-many','parent_type','Leads',0,0),('18c10573-0b57-eb20-ebac-6798dea78078','lead_calls','Leads','leads','id','Calls','calls','parent_id',NULL,NULL,NULL,'one-to-many','parent_type','Leads',0,0),('1aca0e7e-35ad-d131-0b8a-6798de56b30c','lead_emails','Leads','leads','id','Emails','emails','parent_id',NULL,NULL,NULL,'one-to-many','parent_type','Leads',0,0),('1cf0029d-a2c9-3d7a-63c2-6798deb5ea48','lead_campaign_log','Leads','leads','id','CampaignLog','campaign_log','target_id',NULL,NULL,NULL,'one-to-many','target_type','Leads',0,0),('2f22079a-2c71-ce01-6cb1-6798def587d3','cases_modified_user','Users','users','id','Cases','cases','modified_user_id',NULL,NULL,NULL,'one-to-many',NULL,NULL,0,0),('313801ee-fdd9-b209-802d-6798de33b72d','cases_created_by','Users','users','id','Cases','cases','created_by',NULL,NULL,NULL,'one-to-many',NULL,NULL,0,0),('3370003b-c2dc-9901-50b1-6798de40418d','cases_assigned_user','Users','users','id','Cases','cases','assigned_user_id',NULL,NULL,NULL,'one-to-many',NULL,NULL,0,0),('359705d5-3b42-365c-a40a-6798de2d6e68','securitygroups_cases','SecurityGroups','securitygroups','id','Cases','cases','id','securitygroups_records','securitygroup_id','record_id','many-to-many','module','Cases',0,0),('37bd0c66-e3d8-abf8-9cc2-6798de763f94','case_calls','Cases','cases','id','Calls','calls','parent_id',NULL,NULL,NULL,'one-to-many','parent_type','Cases',0,0),('39dd0870-0662-6bd4-8f06-6798de8f76b8','case_tasks','Cases','cases','id','Tasks','tasks','parent_id',NULL,NULL,NULL,'one-to-many','parent_type','Cases',0,0),('3be3071d-4b36-aa17-b002-6798de9fca72','case_notes','Cases','cases','id','Notes','notes','parent_id',NULL,NULL,NULL,'one-to-many','parent_type','Cases',0,0),('3dc50772-e7a7-2034-12a0-6798de8a67b7','case_meetings','Cases','cases','id','Meetings','meetings','parent_id',NULL,NULL,NULL,'one-to-many','parent_type','Cases',0,0),('3fae0690-aa33-fc08-a9bf-6798de6d4a63','case_emails','Cases','cases','id','Emails','emails','parent_id',NULL,NULL,NULL,'one-to-many','parent_type','Cases',0,0),('41cc0ead-ea5d-68a5-969d-6798de7c60a7','cases_created_contact','Contacts','contacts','id','Cases','cases','contact_created_by_id',NULL,NULL,NULL,'one-to-many',NULL,NULL,0,0),('51bd04b5-482a-e5d8-98ac-6798de288783','bugs_modified_user','Users','users','id','Bugs','bugs','modified_user_id',NULL,NULL,NULL,'one-to-many',NULL,NULL,0,0),('543e08e9-0284-4d5d-994b-6798dedddd0f','bugs_created_by','Users','users','id','Bugs','bugs','created_by',NULL,NULL,NULL,'one-to-many',NULL,NULL,0,0),('56420286-a4f3-38f2-ec5b-6798de9569a8','bugs_assigned_user','Users','users','id','Bugs','bugs','assigned_user_id',NULL,NULL,NULL,'one-to-many',NULL,NULL,0,0),('585305f0-17ea-d621-6c67-6798de5594ce','securitygroups_bugs','SecurityGroups','securitygroups','id','Bugs','bugs','id','securitygroups_records','securitygroup_id','record_id','many-to-many','module','Bugs',0,0),('5a550a4a-ab03-0156-67c7-6798de1f1878','bug_tasks','Bugs','bugs','id','Tasks','tasks','parent_id',NULL,NULL,NULL,'one-to-many','parent_type','Bugs',0,0),('5c5601d0-ebfd-77be-2d91-6798de04207b','bug_meetings','Bugs','bugs','id','Meetings','meetings','parent_id',NULL,NULL,NULL,'one-to-many','parent_type','Bugs',0,0),('5e5202cd-8177-6b29-f93f-6798dece8d01','bug_calls','Bugs','bugs','id','Calls','calls','parent_id',NULL,NULL,NULL,'one-to-many','parent_type','Bugs',0,0),('6056063f-2fae-dd8f-f2f8-6798de1003ea','bug_emails','Bugs','bugs','id','Emails','emails','parent_id',NULL,NULL,NULL,'one-to-many','parent_type','Bugs',0,0),('62710419-c712-0e41-b6fb-6798de4acbc9','bug_notes','Bugs','bugs','id','Notes','notes','parent_id',NULL,NULL,NULL,'one-to-many','parent_type','Bugs',0,0),('648f025d-5dd5-4310-3f68-6798de0f3a4a','bugs_release','Releases','releases','id','Bugs','bugs','found_in_release',NULL,NULL,NULL,'one-to-many',NULL,NULL,0,0),('66b00770-29be-002d-39ad-6798debb0d36','bugs_fixed_in_release','Releases','releases','id','Bugs','bugs','fixed_in_release',NULL,NULL,NULL,'one-to-many',NULL,NULL,0,0),('6a31042e-3baf-0094-c9a0-6798de271b54','user_direct_reports','Users','users','id','Users','users','reports_to_id',NULL,NULL,NULL,'one-to-many',NULL,NULL,0,0),('6c4d0393-36b7-b5c8-4ddc-6798de0b1a72','users_users_password_link','Users','users','id',NULL,'users_signatures','user_id',NULL,NULL,NULL,'one-to-many',NULL,NULL,0,0),('6e7307c8-da75-07d7-f930-6798dec778a8','users_email_addresses','Users','users','id','EmailAddresses','email_addresses','id','email_addr_bean_rel','bean_id','email_address_id','many-to-many','bean_module','Users',0,0),('7067085a-99ce-5f5d-4f81-6798de140514','users_email_addresses_primary','Users','users','id','EmailAddresses','email_addresses','id','email_addr_bean_rel','bean_id','email_address_id','many-to-many','primary_address','1',0,0),('78ce0a15-fbdb-ebc5-980f-6798de8961cf','campaignlog_contact','CampaignLog','campaign_log','related_id','Contacts','contacts','id',NULL,NULL,NULL,'one-to-many',NULL,NULL,0,0),('7af201d4-05b9-1ac8-6024-6798de3cf1bd','campaignlog_lead','CampaignLog','campaign_log','related_id','Leads','leads','id',NULL,NULL,NULL,'one-to-many',NULL,NULL,0,0),('7d130c15-cb54-f7c2-b91e-6798de5e23e4','campaignlog_created_opportunities','CampaignLog','campaign_log','related_id','Opportunities','opportunities','id',NULL,NULL,NULL,'one-to-many',NULL,NULL,0,0),('7f0b0eae-7c9a-ba35-dda9-6798de6e9983','campaignlog_targeted_users','CampaignLog','campaign_log','target_id','Users','users','id',NULL,NULL,NULL,'one-to-many',NULL,NULL,0,0),('8118030d-6936-8545-8d68-6798deb694e3','campaignlog_sent_emails','CampaignLog','campaign_log','related_id','Emails','emails','id',NULL,NULL,NULL,'one-to-many',NULL,NULL,0,0),('84ee0177-47e9-d82c-9f1f-6798de676b54','securitygroups_project','SecurityGroups','securitygroups','id','Project','project','id','securitygroups_records','securitygroup_id','record_id','many-to-many','module','Project',0,0),('873c0e5e-4b4d-ed13-20ce-6798de629a65','projects_notes','Project','project','id','Notes','notes','parent_id',NULL,NULL,NULL,'one-to-many','parent_type','Project',0,0),('894c0f8c-0baf-6999-05cb-6798de9d5ac5','projects_tasks','Project','project','id','Tasks','tasks','parent_id',NULL,NULL,NULL,'one-to-many','parent_type','Project',0,0),('8b600318-7e3e-125c-37f7-6798defc9ec6','projects_meetings','Project','project','id','Meetings','meetings','parent_id',NULL,NULL,NULL,'one-to-many','parent_type','Project',0,0),('8d700ffe-e8f3-dfb0-58d0-6798de7889a3','projects_calls','Project','project','id','Calls','calls','parent_id',NULL,NULL,NULL,'one-to-many','parent_type','Project',0,0),('901d0a95-d412-ddd0-c0c3-6798de45296d','projects_emails','Project','project','id','Emails','emails','parent_id',NULL,NULL,NULL,'one-to-many','parent_type','Project',0,0),('923b05d3-c765-74eb-a775-6798dea2a063','projects_project_tasks','Project','project','id','ProjectTask','project_task','project_id',NULL,NULL,NULL,'one-to-many',NULL,NULL,0,0),('94500369-9cb1-963f-a635-6798de5432e6','projects_assigned_user','Users','users','id','Project','project','assigned_user_id',NULL,NULL,NULL,'one-to-many',NULL,NULL,0,0),('96630a12-ae68-ca25-f260-6798de60cbd0','projects_modified_user','Users','users','id','Project','project','modified_user_id',NULL,NULL,NULL,'one-to-many',NULL,NULL,0,0),('9896009a-5f4b-7f0d-c0d7-6798deb7bd3f','projects_created_by','Users','users','id','Project','project','created_by',NULL,NULL,NULL,'one-to-many',NULL,NULL,0,0),('a7ec0e54-502e-faee-28cb-6798de8d3e23','securitygroups_projecttask','SecurityGroups','securitygroups','id','ProjectTask','project_task','id','securitygroups_records','securitygroup_id','record_id','many-to-many','module','ProjectTask',0,0),('aa440a5c-f854-43c1-e045-6798de323b9a','project_tasks_notes','ProjectTask','project_task','id','Notes','notes','parent_id',NULL,NULL,NULL,'one-to-many','parent_type','ProjectTask',0,0),('ac60001b-c44a-38c4-a427-6798dee8cfd8','project_tasks_tasks','ProjectTask','project_task','id','Tasks','tasks','parent_id',NULL,NULL,NULL,'one-to-many','parent_type','ProjectTask',0,0),('ae800f11-373a-edb5-a1b4-6798debf6633','project_tasks_meetings','ProjectTask','project_task','id','Meetings','meetings','parent_id',NULL,NULL,NULL,'one-to-many','parent_type','ProjectTask',0,0),('b0860a33-0b70-f864-ea75-6798de1cd78e','project_tasks_calls','ProjectTask','project_task','id','Calls','calls','parent_id',NULL,NULL,NULL,'one-to-many','parent_type','ProjectTask',0,0),('b3160eef-dac9-ab17-6002-6798deba0972','project_tasks_emails','ProjectTask','project_task','id','Emails','emails','parent_id',NULL,NULL,NULL,'one-to-many','parent_type','ProjectTask',0,0),('b56c0bb9-7fe5-7442-daa0-6798de5999ff','project_tasks_assigned_user','Users','users','id','ProjectTask','project_task','assigned_user_id',NULL,NULL,NULL,'one-to-many',NULL,NULL,0,0),('b77e0fe3-9957-424f-02d3-6798dee15a36','project_tasks_modified_user','Users','users','id','ProjectTask','project_task','modified_user_id',NULL,NULL,NULL,'one-to-many',NULL,NULL,0,0),('b9950c67-b5a5-c474-227b-6798de0f87b3','project_tasks_created_by','Users','users','id','ProjectTask','project_task','created_by',NULL,NULL,NULL,'one-to-many',NULL,NULL,0,0),('bd4e0af9-afac-0ecc-2f46-6798deb559e4','campaigns_modified_user','Users','users','id','Campaigns','campaigns','modified_user_id',NULL,NULL,NULL,'one-to-many',NULL,NULL,0,0),('bff90f2f-fffa-8be1-0122-6798de27ef98','campaigns_created_by','Users','users','id','Campaigns','campaigns','created_by',NULL,NULL,NULL,'one-to-many',NULL,NULL,0,0),('c1f80886-0f2b-98d2-fcab-6798dea6cdd8','campaigns_assigned_user','Users','users','id','Campaigns','campaigns','assigned_user_id',NULL,NULL,NULL,'one-to-many',NULL,NULL,0,0),('c3f20420-5cfe-2190-8edd-6798dea998ae','securitygroups_campaigns','SecurityGroups','securitygroups','id','Campaigns','campaigns','id','securitygroups_records','securitygroup_id','record_id','many-to-many','module','Campaigns',0,0),('c5ff045b-769a-ae23-982c-6798de123137','campaign_accounts','Campaigns','campaigns','id','Accounts','accounts','campaign_id',NULL,NULL,NULL,'one-to-many',NULL,NULL,0,0),('c7fc069f-c957-1492-e980-6798de766785','campaign_contacts','Campaigns','campaigns','id','Contacts','contacts','campaign_id',NULL,NULL,NULL,'one-to-many',NULL,NULL,0,0),('c9f60b23-10d3-22a3-ce4e-6798de3015ca','campaign_leads','Campaigns','campaigns','id','Leads','leads','campaign_id',NULL,NULL,NULL,'one-to-many',NULL,NULL,0,0),('cbda0fee-7320-37af-86e8-6798de94ad83','campaign_prospects','Campaigns','campaigns','id','Prospects','prospects','campaign_id',NULL,NULL,NULL,'one-to-many',NULL,NULL,0,0),('cdd801eb-4414-68f4-a3db-6798de2ecc37','campaign_opportunities','Campaigns','campaigns','id','Opportunities','opportunities','campaign_id',NULL,NULL,NULL,'one-to-many',NULL,NULL,0,0),('cfd606d6-f91b-2f0d-3950-6798de8cff65','campaign_notes','Campaigns','campaigns','id','Notes','notes','parent_id',NULL,NULL,NULL,'one-to-many','parent_type','Campaigns',0,0),('d1eb0655-b49a-7c4d-a5a9-6798deab4fc9','campaign_email_marketing','Campaigns','campaigns','id','EmailMarketing','email_marketing','campaign_id',NULL,NULL,NULL,'one-to-many',NULL,NULL,0,0),('d3d006a9-feec-2d2e-00b9-6798de597340','campaign_emailman','Campaigns','campaigns','id','EmailMan','emailman','campaign_id',NULL,NULL,NULL,'one-to-many',NULL,NULL,0,0),('d5c10573-a6c4-2760-0579-6798de9e5173','campaign_campaignlog','Campaigns','campaigns','id','CampaignLog','campaign_log','campaign_id',NULL,NULL,NULL,'one-to-many',NULL,NULL,0,0),('d8010d20-c53a-f697-fe6f-6798dec908b7','campaign_assigned_user','Users','users','id','Campaigns','campaigns','assigned_user_id',NULL,NULL,NULL,'one-to-many',NULL,NULL,0,0),('d9e1040c-bea4-ced6-86b5-6798def2472b','campaign_modified_user','Users','users','id','Campaigns','campaigns','modified_user_id',NULL,NULL,NULL,'one-to-many',NULL,NULL,0,0),('dc320598-db3d-f45a-11f0-6798de15e04a','surveyresponses_campaigns','Campaigns','campaigns','id','SurveyResponses','surveyresponses','campaign_id',NULL,NULL,NULL,'one-to-many',NULL,NULL,0,0),('e03d0c78-5337-6c56-0dd2-6798dee09f74','prospectlists_assigned_user','Users','users','id','ProspectLists','prospect_lists','assigned_user_id',NULL,NULL,NULL,'one-to-many',NULL,NULL,0,0),('e24e0546-6d9a-6eb6-3b6e-6798de7125b5','securitygroups_prospectlists','SecurityGroups','securitygroups','id','ProspectLists','prospect_lists','id','securitygroups_records','securitygroup_id','record_id','many-to-many','module','ProspectLists',0,0),('e6ee0861-4156-a384-b243-6798def1d53f','prospects_modified_user','Users','users','id','Prospects','prospects','modified_user_id',NULL,NULL,NULL,'one-to-many',NULL,NULL,0,0),('e8fa016e-866b-3cbe-728a-6798deb013f8','prospects_created_by','Users','users','id','Prospects','prospects','created_by',NULL,NULL,NULL,'one-to-many',NULL,NULL,0,0),('eaf20765-ca57-0107-9736-6798de483673','prospects_assigned_user','Users','users','id','Prospects','prospects','assigned_user_id',NULL,NULL,NULL,'one-to-many',NULL,NULL,0,0),('ece30593-c635-70bb-f374-6798dee60a82','securitygroups_prospects','SecurityGroups','securitygroups','id','Prospects','prospects','id','securitygroups_records','securitygroup_id','record_id','many-to-many','module','Prospects',0,0),('eee10fce-89f8-b228-9190-6798dedc5cba','prospects_email_addresses','Prospects','prospects','id','EmailAddresses','email_addresses','id','email_addr_bean_rel','bean_id','email_address_id','many-to-many','bean_module','Prospects',0,0),('f0d70c23-e58f-e484-d9eb-6798deeea035','prospects_email_addresses_primary','Prospects','prospects','id','EmailAddresses','email_addresses','id','email_addr_bean_rel','bean_id','email_address_id','many-to-many','primary_address','1',0,0),('f2dc07bb-c5d4-edff-49e9-6798de50c9f2','prospect_tasks','Prospects','prospects','id','Tasks','tasks','parent_id',NULL,NULL,NULL,'one-to-many','parent_type','Prospects',0,0),('f4e60eab-8e23-0d53-2032-6798de9b107f','prospect_notes','Prospects','prospects','id','Notes','notes','parent_id',NULL,NULL,NULL,'one-to-many','parent_type','Prospects',0,0),('f6ce08e5-9b58-cfa7-f6f1-6798de763451','prospect_meetings','Prospects','prospects','id','Meetings','meetings','parent_id',NULL,NULL,NULL,'one-to-many','parent_type','Prospects',0,0),('f8c803c8-207f-520c-6a41-6798de3607cb','prospect_calls','Prospects','prospects','id','Calls','calls','parent_id',NULL,NULL,NULL,'one-to-many','parent_type','Prospects',0,0),('fab40647-b51a-c509-5c66-6798de1d29fc','prospect_emails','Prospects','prospects','id','Emails','emails','parent_id',NULL,NULL,NULL,'one-to-many','parent_type','Prospects',0,0),('fc9f091a-a30a-98b9-5158-6798de8f8698','prospect_campaign_log','Prospects','prospects','id','CampaignLog','campaign_log','target_id',NULL,NULL,NULL,'one-to-many','target_type','Prospects',0,0),('10d6a54c-075d-100d-b240-6798ded2f2a6','securitygroups_emailmarketing','SecurityGroups','securitygroups','id','EmailMarketing','email_marketing','id','securitygroups_records','securitygroup_id','record_id','many-to-many','module','EmailMarketing',0,0),('10f8aef8-f03e-6678-c90a-6798de35bb9c','email_template_email_marketings','EmailTemplates','email_templates','id','EmailMarketing','email_marketing','template_id',NULL,NULL,NULL,'one-to-many',NULL,NULL,0,0),('112939f1-f244-ecea-be1b-6798de295213','campaign_campaigntrakers','Campaigns','campaigns','id','CampaignTrackers','campaign_trkrs','campaign_id',NULL,NULL,NULL,'one-to-many',NULL,NULL,0,0),('118179aa-3b35-5e82-355b-6798deb680da','schedulers_created_by_rel','Users','users','id','Schedulers','schedulers','created_by',NULL,NULL,NULL,'one-to-one',NULL,NULL,0,0),('11a0f4e2-fe8c-bd3f-f1ca-6798dec3091c','schedulers_modified_user_id_rel','Users','users','id','Schedulers','schedulers','modified_user_id',NULL,NULL,NULL,'one-to-many',NULL,NULL,0,0),('11c02b6a-9f7b-efe6-8b84-6798defb718f','schedulers_jobs_rel','Schedulers','schedulers','id','SchedulersJobs','job_queue','scheduler_id',NULL,NULL,NULL,'one-to-many',NULL,NULL,0,0),('11eb3444-8374-9163-f5d3-6798de757fdf','schedulersjobs_assigned_user','Users','users','id','SchedulersJobs','job_queue','assigned_user_id',NULL,NULL,NULL,'one-to-many',NULL,NULL,0,0),('122918e0-27c3-8685-503d-6798de8f506d','contacts_modified_user','Users','users','id','Contacts','contacts','modified_user_id',NULL,NULL,NULL,'one-to-many',NULL,NULL,0,0),('1247c044-ddc3-a99c-b481-6798debf15a6','contacts_created_by','Users','users','id','Contacts','contacts','created_by',NULL,NULL,NULL,'one-to-many',NULL,NULL,0,0),('12670146-161a-9f88-8944-6798de4e58fe','contacts_assigned_user','Users','users','id','Contacts','contacts','assigned_user_id',NULL,NULL,NULL,'one-to-many',NULL,NULL,0,0),('12859b1f-8900-5cb5-e241-6798de54c862','securitygroups_contacts','SecurityGroups','securitygroups','id','Contacts','contacts','id','securitygroups_records','securitygroup_id','record_id','many-to-many','module','Contacts',0,0),('12a4c3e9-f891-d5eb-f505-6798de7aebd7','contacts_email_addresses','Contacts','contacts','id','EmailAddresses','email_addresses','id','email_addr_bean_rel','bean_id','email_address_id','many-to-many','bean_module','Contacts',0,0),('12c40160-63bc-ad9e-2f0a-6798de1d53b9','contacts_email_addresses_primary','Contacts','contacts','id','EmailAddresses','email_addresses','id','email_addr_bean_rel','bean_id','email_address_id','many-to-many','primary_address','1',0,0),('12e3ab3e-cf9a-be9c-abb3-6798dea989aa','contact_direct_reports','Contacts','contacts','id','Contacts','contacts','reports_to_id',NULL,NULL,NULL,'one-to-many',NULL,NULL,0,0),('130399d2-98fd-3a3b-46f4-6798de947ba1','contact_leads','Contacts','contacts','id','Leads','leads','contact_id',NULL,NULL,NULL,'one-to-many',NULL,NULL,0,0),('13220eaf-29f1-c498-5cd0-6798de50f56f','contact_notes','Contacts','contacts','id','Notes','notes','contact_id',NULL,NULL,NULL,'one-to-many',NULL,NULL,0,0),('134092ab-4230-6a0b-8c72-6798de66a50c','contact_tasks','Contacts','contacts','id','Tasks','tasks','contact_id',NULL,NULL,NULL,'one-to-many',NULL,NULL,0,0),('135f9573-f2de-aec2-996a-6798de40d86f','contact_tasks_parent','Contacts','contacts','id','Tasks','tasks','parent_id',NULL,NULL,NULL,'one-to-many','parent_type','Contacts',0,0),('137e6e87-95c7-ea7f-3deb-6798de4bdb88','contact_notes_parent','Contacts','contacts','id','Notes','notes','parent_id',NULL,NULL,NULL,'one-to-many','parent_type','Contacts',0,0),('139d1457-a3cf-b3bc-a550-6798de90db90','contact_campaign_log','Contacts','contacts','id','CampaignLog','campaign_log','target_id',NULL,NULL,NULL,'one-to-many','target_type','Contacts',0,0),('13bc5869-4255-fa4d-53ad-6798dee05771','contact_aos_quotes','Contacts','contacts','id','AOS_Quotes','aos_quotes','billing_contact_id',NULL,NULL,NULL,'one-to-many',NULL,NULL,0,0),('13db0cad-ec95-4e71-fa47-6798decea936','contact_aos_invoices','Contacts','contacts','id','AOS_Invoices','aos_invoices','billing_contact_id',NULL,NULL,NULL,'one-to-many',NULL,NULL,0,0),('13f9e9fb-106b-8e56-0ea8-6798dec085f8','contact_aos_contracts','Contacts','contacts','id','AOS_Contracts','aos_contracts','contact_id',NULL,NULL,NULL,'one-to-many',NULL,NULL,0,0),('14182d91-b036-036e-1464-6798deb65206','contacts_aop_case_updates','Contacts','contacts','id','AOP_Case_Updates','aop_case_updates','contact_id',NULL,NULL,NULL,'one-to-many',NULL,NULL,0,0),('157acd17-e8ad-a792-040c-6798de402f58','accounts_modified_user','Users','users','id','Accounts','accounts','modified_user_id',NULL,NULL,NULL,'one-to-many',NULL,NULL,0,0),('159cd21a-6429-7d70-6e91-6798de258123','accounts_created_by','Users','users','id','Accounts','accounts','created_by',NULL,NULL,NULL,'one-to-many',NULL,NULL,0,0),('15bce015-e372-d8ab-be13-6798dee034c6','accounts_assigned_user','Users','users','id','Accounts','accounts','assigned_user_id',NULL,NULL,NULL,'one-to-many',NULL,NULL,0,0),('15dc4fdb-3e8d-d1f8-31a6-6798deacd653','securitygroups_accounts','SecurityGroups','securitygroups','id','Accounts','accounts','id','securitygroups_records','securitygroup_id','record_id','many-to-many','module','Accounts',0,0),('15fd0209-156c-0201-427a-6798de2f0d1c','accounts_email_addresses','Accounts','accounts','id','EmailAddresses','email_addresses','id','email_addr_bean_rel','bean_id','email_address_id','many-to-many','bean_module','Accounts',0,0),('161c13bc-2f97-c6a5-fe79-6798de11eb7f','accounts_email_addresses_primary','Accounts','accounts','id','EmailAddresses','email_addresses','id','email_addr_bean_rel','bean_id','email_address_id','many-to-many','primary_address','1',0,0),('163e1212-4d57-0354-8f13-6798dec7cac5','member_accounts','Accounts','accounts','id','Accounts','accounts','parent_id',NULL,NULL,NULL,'one-to-many',NULL,NULL,0,0),('1661775d-3aff-018b-027c-6798dee13030','account_cases','Accounts','accounts','id','Cases','cases','account_id',NULL,NULL,NULL,'one-to-many',NULL,NULL,0,0),('16830d71-96ab-cb93-7b9c-6798de7de3ff','account_tasks','Accounts','accounts','id','Tasks','tasks','parent_id',NULL,NULL,NULL,'one-to-many','parent_type','Accounts',0,0),('16a30983-0d8a-3df7-c823-6798de273ef0','account_notes','Accounts','accounts','id','Notes','notes','parent_id',NULL,NULL,NULL,'one-to-many','parent_type','Accounts',0,0),('16c1e271-a6df-c6c3-3142-6798de99f62e','account_meetings','Accounts','accounts','id','Meetings','meetings','parent_id',NULL,NULL,NULL,'one-to-many','parent_type','Accounts',0,0),('16e2a2ed-bf53-a161-90b3-6798de67a2ea','account_calls','Accounts','accounts','id','Calls','calls','parent_id',NULL,NULL,NULL,'one-to-many','parent_type','Accounts',0,0),('170469a0-9cbd-2feb-cd8c-6798de18f928','account_emails','Accounts','accounts','id','Emails','emails','parent_id',NULL,NULL,NULL,'one-to-many','parent_type','Accounts',0,0),('1722946c-6dad-a8af-13df-6798de8d740d','account_leads','Accounts','accounts','id','Leads','leads','account_id',NULL,NULL,NULL,'one-to-many',NULL,NULL,0,0),('1741f096-8b87-2b7b-c399-6798deeb42f4','account_campaign_log','Accounts','accounts','id','CampaignLog','campaign_log','target_id',NULL,NULL,NULL,'one-to-many','target_type','Accounts',0,0),('176025dd-9a3e-9c97-aaa1-6798deaca0c6','account_aos_quotes','Accounts','accounts','id','AOS_Quotes','aos_quotes','billing_account_id',NULL,NULL,NULL,'one-to-many',NULL,NULL,0,0),('1784b8a2-09ea-e38c-9d5e-6798de3bb6bf','account_aos_invoices','Accounts','accounts','id','AOS_Invoices','aos_invoices','billing_account_id',NULL,NULL,NULL,'one-to-many',NULL,NULL,0,0),('17a4e3c4-2243-4378-e637-6798de63c7bc','account_aos_contracts','Accounts','accounts','id','AOS_Contracts','aos_contracts','contract_account_id',NULL,NULL,NULL,'one-to-many',NULL,NULL,0,0),('1928a650-ae99-17f4-ca40-6798deefd0e9','opportunities_modified_user','Users','users','id','Opportunities','opportunities','modified_user_id',NULL,NULL,NULL,'one-to-many',NULL,NULL,0,0),('194e157a-0765-254d-ce94-6798de531aeb','opportunities_created_by','Users','users','id','Opportunities','opportunities','created_by',NULL,NULL,NULL,'one-to-many',NULL,NULL,0,0),('196c9150-05d7-5a52-561e-6798dec4a797','opportunities_assigned_user','Users','users','id','Opportunities','opportunities','assigned_user_id',NULL,NULL,NULL,'one-to-many',NULL,NULL,0,0),('198be2a4-d301-e1b1-a054-6798de9c15b9','securitygroups_opportunities','SecurityGroups','securitygroups','id','Opportunities','opportunities','id','securitygroups_records','securitygroup_id','record_id','many-to-many','module','Opportunities',0,0),('19aaa62b-c7de-63e1-2806-6798dee1b53b','opportunity_calls','Opportunities','opportunities','id','Calls','calls','parent_id',NULL,NULL,NULL,'one-to-many','parent_type','Opportunities',0,0),('19cc876f-dff5-2ac2-41ea-6798de7f1b08','opportunity_meetings','Opportunities','opportunities','id','Meetings','meetings','parent_id',NULL,NULL,NULL,'one-to-many','parent_type','Opportunities',0,0),('19ede458-da2b-acb0-d998-6798de055639','opportunity_tasks','Opportunities','opportunities','id','Tasks','tasks','parent_id',NULL,NULL,NULL,'one-to-many','parent_type','Opportunities',0,0),('1a0e8734-1adf-920b-4810-6798de57908b','opportunity_notes','Opportunities','opportunities','id','Notes','notes','parent_id',NULL,NULL,NULL,'one-to-many','parent_type','Opportunities',0,0),('1a2cbdc3-6959-e0a7-f46d-6798dece4c93','opportunity_emails','Opportunities','opportunities','id','Emails','emails','parent_id',NULL,NULL,NULL,'one-to-many','parent_type','Opportunities',0,0),('1a4b9863-8194-41c6-4d32-6798dee4b67f','opportunity_leads','Opportunities','opportunities','id','Leads','leads','opportunity_id',NULL,NULL,NULL,'one-to-many',NULL,NULL,0,0),('1a6a7349-f004-e19d-b856-6798dea56c64','opportunity_currencies','Opportunities','opportunities','currency_id','Currencies','currencies','id',NULL,NULL,NULL,'one-to-many',NULL,NULL,0,0),('1a8adc85-1570-4be0-8b10-6798decda93e','opportunities_campaign','Campaigns','campaigns','id','Opportunities','opportunities','campaign_id',NULL,NULL,NULL,'one-to-many',NULL,NULL,0,0),('1aa88ac4-423b-31a2-3457-6798deebf9d5','opportunity_aos_quotes','Opportunities','opportunities','id','AOS_Quotes','aos_quotes','opportunity_id',NULL,NULL,NULL,'one-to-many',NULL,NULL,0,0),('1ac6e3ff-fa54-f3c0-6bd4-6798dede102e','opportunity_aos_contracts','Opportunities','opportunities','id','AOS_Contracts','aos_contracts','opportunity_id',NULL,NULL,NULL,'one-to-many',NULL,NULL,0,0),('1beb2646-4f6f-3d30-75c2-6798de953c6e','securitygroups_emailtemplates','SecurityGroups','securitygroups','id','EmailTemplates','email_templates','id','securitygroups_records','securitygroup_id','record_id','many-to-many','module','EmailTemplates',0,0),('1c0cd776-8da4-103f-17af-6798de386cd8','emailtemplates_assigned_user','Users','users','id','EmailTemplates','email_templates','assigned_user_id',NULL,NULL,NULL,'one-to-many',NULL,NULL,0,0),('1c46e3b4-ed15-78f4-cdb0-6798de22cc8e','notes_assigned_user','Users','users','id','Notes','notes','assigned_user_id',NULL,NULL,NULL,'one-to-many',NULL,NULL,0,0),('1c6b9dbc-8eed-2761-822e-6798de4eabd1','securitygroups_notes','SecurityGroups','securitygroups','id','Notes','notes','id','securitygroups_records','securitygroup_id','record_id','many-to-many','module','Notes',0,0),('1c8df6db-ecd0-7012-e102-6798dea5fbb7','notes_modified_user','Users','users','id','Notes','notes','modified_user_id',NULL,NULL,NULL,'one-to-many',NULL,NULL,0,0),('1cacec1e-34ff-b3e1-f197-6798dec9fa31','notes_created_by','Users','users','id','Notes','notes','created_by',NULL,NULL,NULL,'one-to-many',NULL,NULL,0,0),('1d3ee88e-4112-8792-f95d-6798de17f96c','calls_modified_user','Users','users','id','Calls','calls','modified_user_id',NULL,NULL,NULL,'one-to-many',NULL,NULL,0,0),('1d60e8d7-d8aa-a1f3-f859-6798debe5b52','calls_created_by','Users','users','id','Calls','calls','created_by',NULL,NULL,NULL,'one-to-many',NULL,NULL,0,0),('1d7feb5a-b0a4-3b2b-9c07-6798de7655b1','calls_assigned_user','Users','users','id','Calls','calls','assigned_user_id',NULL,NULL,NULL,'one-to-many',NULL,NULL,0,0),('1da00347-8548-2dff-813c-6798dee2573e','securitygroups_calls','SecurityGroups','securitygroups','id','Calls','calls','id','securitygroups_records','securitygroup_id','record_id','many-to-many','module','Calls',0,0),('1dc30074-37f2-8097-f78b-6798dec37e74','calls_notes','Calls','calls','id','Notes','notes','parent_id',NULL,NULL,NULL,'one-to-many','parent_type','Calls',0,0),('1de3e3f6-e286-445a-c837-6798def42559','calls_reschedule','Calls','calls','id','Calls_Reschedule','calls_reschedule','call_id',NULL,NULL,NULL,'one-to-many',NULL,NULL,0,0),('1e855a5e-25b4-960b-34ea-6798de9a2f4b','emails_modified_user','Users','users','id','Emails','emails','modified_user_id',NULL,NULL,NULL,'one-to-many',NULL,NULL,0,0),('1ea83bf1-9c83-bf63-57cb-6798dea65eac','emails_created_by','Users','users','id','Emails','emails','created_by',NULL,NULL,NULL,'one-to-many',NULL,NULL,0,0),('1ec9ef45-cee2-483c-2f5e-6798deee1a03','emails_assigned_user','Users','users','id','Emails','emails','assigned_user_id',NULL,NULL,NULL,'one-to-many',NULL,NULL,0,0),('1eec5d54-5ebc-5cb8-935c-6798deec1b36','securitygroups_emails','SecurityGroups','securitygroups','id','Emails','emails','id','securitygroups_records','securitygroup_id','record_id','many-to-many','module','Emails',0,0),('1f0c6d3e-f28f-d9c6-d2d2-6798ded106db','emails_notes_rel','Emails','emails','id','Notes','notes','parent_id',NULL,NULL,NULL,'one-to-many',NULL,NULL,0,0),('1f2cb4b1-8f1b-7d9a-3474-6798dec8a3ce','emails_contacts_rel','Emails','emails','id','Contacts','contacts','id','emails_beans','email_id','bean_id','many-to-many','bean_module','Contacts',0,0),('1f4bd376-dad9-95ff-77ab-6798dee8c143','emails_accounts_rel','Emails','emails','id','Accounts','accounts','id','emails_beans','email_id','bean_id','many-to-many','bean_module','Accounts',0,0),('1f6cc400-38e2-62cc-be03-6798de097af5','emails_leads_rel','Emails','emails','id','Leads','leads','id','emails_beans','email_id','bean_id','many-to-many','bean_module','Leads',0,0),('1f8b9841-11ae-41a7-c40d-6798de9c110f','emails_aos_contracts_rel','Emails','emails','id','AOS_Contracts','aos_contracts','id','emails_beans','email_id','bean_id','many-to-many','bean_module','AOS_Contracts',0,0),('1fad9ee8-9379-0979-c539-6798de27847a','emails_meetings_rel','Emails','emails','id','Meetings','meetings','id','emails_beans','email_id','bean_id','many-to-many','bean_module','Meetings',0,0),('20a151ae-7cd0-5ecb-a51e-6798de73dd72','meetings_modified_user','Users','users','id','Meetings','meetings','modified_user_id',NULL,NULL,NULL,'one-to-many',NULL,NULL,0,0),('20c1e64e-e893-b225-a24e-6798ded4d018','meetings_created_by','Users','users','id','Meetings','meetings','created_by',NULL,NULL,NULL,'one-to-many',NULL,NULL,0,0),('20e09c0b-e4d9-5fdc-3f8f-6798deefc059','meetings_assigned_user','Users','users','id','Meetings','meetings','assigned_user_id',NULL,NULL,NULL,'one-to-many',NULL,NULL,0,0),('20fe9a21-6891-0160-f4e7-6798de133cce','securitygroups_meetings','SecurityGroups','securitygroups','id','Meetings','meetings','id','securitygroups_records','securitygroup_id','record_id','many-to-many','module','Meetings',0,0),('211e92f5-2ab3-3152-4ff8-6798de818f36','meetings_notes','Meetings','meetings','id','Notes','notes','parent_id',NULL,NULL,NULL,'one-to-many','parent_type','Meetings',0,0),('21e01fa5-e179-8a6b-7870-6798de0dddaf','tasks_modified_user','Users','users','id','Tasks','tasks','modified_user_id',NULL,NULL,NULL,'one-to-many',NULL,NULL,0,0),('2201c382-a37d-f5f3-3e06-6798def1a6f6','tasks_created_by','Users','users','id','Tasks','tasks','created_by',NULL,NULL,NULL,'one-to-many',NULL,NULL,0,0),('2220163a-e91c-3c34-267f-6798de4b4c5b','tasks_assigned_user','Users','users','id','Tasks','tasks','assigned_user_id',NULL,NULL,NULL,'one-to-many',NULL,NULL,0,0),('2242081a-a444-b53e-6472-6798dea6c8aa','securitygroups_tasks','SecurityGroups','securitygroups','id','Tasks','tasks','id','securitygroups_records','securitygroup_id','record_id','many-to-many','module','Tasks',0,0),('226204fc-669b-2d81-6d40-6798de788f13','tasks_notes','Tasks','tasks','id','Notes','notes','parent_id',NULL,NULL,NULL,'one-to-many',NULL,NULL,0,0),('242c4c73-0c2d-b1cc-85e1-6798de54614b','alerts_modified_user','Users','users','id','Alerts','alerts','modified_user_id',NULL,NULL,NULL,'one-to-many',NULL,NULL,0,0),('2450165d-0aeb-dba2-ef3f-6798de270707','alerts_created_by','Users','users','id','Alerts','alerts','created_by',NULL,NULL,NULL,'one-to-many',NULL,NULL,0,0),('246e3556-0f29-4ec7-a01d-6798de8a079e','alerts_assigned_user','Users','users','id','Alerts','alerts','assigned_user_id',NULL,NULL,NULL,'one-to-many',NULL,NULL,0,0),('24cfdb05-aa65-03fc-1e57-6798de5b6d23','documents_modified_user','Users','users','id','Documents','documents','modified_user_id',NULL,NULL,NULL,'one-to-many',NULL,NULL,0,0),('24f28313-9ccc-4acf-72bf-6798defd85e4','documents_created_by','Users','users','id','Documents','documents','created_by',NULL,NULL,NULL,'one-to-many',NULL,NULL,0,0),('251311c0-83dd-075b-7936-6798de78e44d','documents_assigned_user','Users','users','id','Documents','documents','assigned_user_id',NULL,NULL,NULL,'one-to-many',NULL,NULL,0,0),('25328f7f-0481-c364-51e2-6798de7ed3a8','securitygroups_documents','SecurityGroups','securitygroups','id','Documents','documents','id','securitygroups_records','securitygroup_id','record_id','many-to-many','module','Documents',0,0),('25521800-4937-aaa1-be9d-6798decf22a6','document_revisions','Documents','documents','id','DocumentRevisions','document_revisions','document_id',NULL,NULL,NULL,'one-to-many',NULL,NULL,0,0),('25ff33d8-6a55-f26a-b6ff-6798dec608db','revisions_created_by','Users','users','id','DocumentRevisions','document_revisions','created_by',NULL,NULL,NULL,'one-to-many',NULL,NULL,0,0),('273bee9e-33b4-2a8f-d455-6798debefb9d','securitygroups_inboundemail','SecurityGroups','securitygroups','id','InboundEmail','inbound_email','id','securitygroups_records','securitygroup_id','record_id','many-to-many','module','InboundEmail',0,0),('2760b4bd-7a4b-3b7d-7e43-6798dee11a2d','inbound_emails_distribution_user','Users','users','id','InboundEmail','inbound_email','distribution_user_id',NULL,NULL,NULL,'one-to-many',NULL,NULL,0,0),('277f5fb9-dfd7-2993-ea30-6798de8604a9','inbound_emails_autoreply_email_templates','EmailTemplates','email_templates','id','InboundEmail','inbound_email','template_id',NULL,NULL,NULL,'one-to-many',NULL,NULL,0,0),('27a0382b-33a0-66d3-63db-6798de015165','inbound_emails_case_email_templates','EmailTemplates','email_templates','id','InboundEmail','inbound_email','create_case_template_id',NULL,NULL,NULL,'one-to-many',NULL,NULL,0,0),('27c0a9d0-37b7-d748-1ad6-6798de5f809d','inbound_emails_external_oauth_connections','ExternalOAuthConnection','external_oauth_connections','id','InboundEmail','inbound_email','external_oauth_connection_id',NULL,NULL,NULL,'one-to-many',NULL,NULL,0,0),('27e13e1b-a63c-57e1-4f5b-6798decea50e','inbound_outbound_email_accounts','OutboundEmailAccounts','outbound_email','id','InboundEmail','inbound_email','outbound_email_id',NULL,NULL,NULL,'one-to-many',NULL,NULL,0,0),('2800ef43-bc4e-e778-7e39-6798de9f2c97','inbound_email_created_by','Users','users','id','InboundEmail','inbound_email','created_by',NULL,NULL,NULL,'one-to-one',NULL,NULL,0,0),('2824d9dd-7849-33fb-9a32-6798def6c5a1','inbound_email_modified_user_id','Users','users','id','InboundEmail','inbound_email','modified_user_id',NULL,NULL,NULL,'one-to-one',NULL,NULL,0,0),('285a4220-8f77-6b01-ff3e-6798de4806c4','saved_search_assigned_user','Users','users','id','SavedSearch','saved_search','assigned_user_id',NULL,NULL,NULL,'one-to-many',NULL,NULL,0,0),('28b41d90-c60a-abd8-0d86-6798de389630','spots_modified_user','Users','users','id','Spots','spots','modified_user_id',NULL,NULL,NULL,'one-to-many',NULL,NULL,0,0),('28d4f03f-cf99-f1d6-a529-6798de6b26d3','spots_created_by','Users','users','id','Spots','spots','created_by',NULL,NULL,NULL,'one-to-many',NULL,NULL,0,0),('28f3b8c2-0aef-ed4c-8a6a-6798de6fe284','spots_assigned_user','Users','users','id','Spots','spots','assigned_user_id',NULL,NULL,NULL,'one-to-many',NULL,NULL,0,0),('291443c0-e57d-f00b-ab59-6798decf2e85','securitygroups_spots','SecurityGroups','securitygroups','id','Spots','spots','id','securitygroups_records','securitygroup_id','record_id','many-to-many','module','Spots',0,0),('2944e37e-686c-e23a-f339-6798deeed512','aobh_businesshours_modified_user','Users','users','id','AOBH_BusinessHours','aobh_businesshours','modified_user_id',NULL,NULL,NULL,'one-to-many',NULL,NULL,0,0),('2969d2e8-c2bc-6d67-856f-6798de69482c','aobh_businesshours_created_by','Users','users','id','AOBH_BusinessHours','aobh_businesshours','created_by',NULL,NULL,NULL,'one-to-many',NULL,NULL,0,0),('29a21dae-4c3c-544b-380d-6798de55fded','sugarfeed_modified_user','Users','users','id','SugarFeed','sugarfeed','modified_user_id',NULL,NULL,NULL,'one-to-many',NULL,NULL,0,0),('29c37e21-2795-0935-79e8-6798deeca14e','sugarfeed_created_by','Users','users','id','SugarFeed','sugarfeed','created_by',NULL,NULL,NULL,'one-to-many',NULL,NULL,0,0),('29e41215-01ea-d1bb-f7d7-6798dea7cba9','sugarfeed_assigned_user','Users','users','id','SugarFeed','sugarfeed','assigned_user_id',NULL,NULL,NULL,'one-to-many',NULL,NULL,0,0),('2a1fddb2-45f8-57c5-3b93-6798ded13fbd','eapm_modified_user','Users','users','id','EAPM','eapm','modified_user_id',NULL,NULL,NULL,'one-to-many',NULL,NULL,0,0),('2a40a559-b371-567b-9ce8-6798de0eb18d','eapm_created_by','Users','users','id','EAPM','eapm','created_by',NULL,NULL,NULL,'one-to-many',NULL,NULL,0,0),('2a60572c-9f60-45bd-08fa-6798de2a2d75','eapm_assigned_user','Users','users','id','EAPM','eapm','assigned_user_id',NULL,NULL,NULL,'one-to-many',NULL,NULL,0,0),('2a9b3313-5dd9-0ca4-c2e2-6798deac7934','oauthkeys_modified_user','Users','users','id','OAuthKeys','oauth_consumer','modified_user_id',NULL,NULL,NULL,'one-to-many',NULL,NULL,0,0),('2abb6acc-5100-8965-b292-6798dec4b7d9','oauthkeys_created_by','Users','users','id','OAuthKeys','oauth_consumer','created_by',NULL,NULL,NULL,'one-to-many',NULL,NULL,0,0),('2ada6c37-ba44-b2b6-82ba-6798de48ef84','oauthkeys_assigned_user','Users','users','id','OAuthKeys','oauth_consumer','assigned_user_id',NULL,NULL,NULL,'one-to-many',NULL,NULL,0,0),('2b086bcf-0f95-cba7-dc8e-6798decc6b9c','consumer_tokens','OAuthKeys','oauth_consumer','id','OAuthTokens','oauth_tokens','consumer',NULL,NULL,NULL,'one-to-many',NULL,NULL,0,0),('2b260672-0738-3021-8c00-6798defa1564','oauthtokens_assigned_user','Users','users','id','OAuthTokens','oauth_tokens','assigned_user_id',NULL,NULL,NULL,'one-to-many',NULL,NULL,0,0),('2b57f885-e9a0-a6fb-8bf0-6798de0e9143','am_projecttemplates_modified_user','Users','users','id','AM_ProjectTemplates','am_projecttemplates','modified_user_id',NULL,NULL,NULL,'one-to-many',NULL,NULL,0,0),('2b76578d-6040-3fed-325d-6798de553080','am_projecttemplates_created_by','Users','users','id','AM_ProjectTemplates','am_projecttemplates','created_by',NULL,NULL,NULL,'one-to-many',NULL,NULL,0,0),('2b956340-ae47-b86d-fb95-6798de878f6e','am_projecttemplates_assigned_user','Users','users','id','AM_ProjectTemplates','am_projecttemplates','assigned_user_id',NULL,NULL,NULL,'one-to-many',NULL,NULL,0,0),('2bc99d05-b905-27bf-a36b-6798debbbe89','am_tasktemplates_modified_user','Users','users','id','AM_TaskTemplates','am_tasktemplates','modified_user_id',NULL,NULL,NULL,'one-to-many',NULL,NULL,0,0),('2be810c8-6187-16fa-97da-6798dea138ca','am_tasktemplates_created_by','Users','users','id','AM_TaskTemplates','am_tasktemplates','created_by',NULL,NULL,NULL,'one-to-many',NULL,NULL,0,0),('2c067f19-598b-222d-84c4-6798defed3c9','am_tasktemplates_assigned_user','Users','users','id','AM_TaskTemplates','am_tasktemplates','assigned_user_id',NULL,NULL,NULL,'one-to-many',NULL,NULL,0,0),('2c303475-2c9d-7c53-3617-6798de42a6fc','favorites_modified_user','Users','users','id','Favorites','favorites','modified_user_id',NULL,NULL,NULL,'one-to-many',NULL,NULL,0,0),('2c509a4a-bb4a-ee9f-4269-6798defa6086','favorites_created_by','Users','users','id','Favorites','favorites','created_by',NULL,NULL,NULL,'one-to-many',NULL,NULL,0,0),('2c7000fc-3888-8d0f-d76b-6798de2ba084','favorites_assigned_user','Users','users','id','Favorites','favorites','assigned_user_id',NULL,NULL,NULL,'one-to-many',NULL,NULL,0,0),('2ca1fc6d-2a4f-5072-3048-6798dedaf8ca','aok_knowledge_base_categories_modified_user','Users','users','id','AOK_Knowledge_Base_Categories','aok_knowledge_base_categories','modified_user_id',NULL,NULL,NULL,'one-to-many',NULL,NULL,0,0),('2cc0b1ad-b77d-92bd-29cc-6798de1835a6','aok_knowledge_base_categories_created_by','Users','users','id','AOK_Knowledge_Base_Categories','aok_knowledge_base_categories','created_by',NULL,NULL,NULL,'one-to-many',NULL,NULL,0,0),('2cdefdad-19b2-92de-a3e5-6798de89c2e5','aok_knowledge_base_categories_assigned_user','Users','users','id','AOK_Knowledge_Base_Categories','aok_knowledge_base_categories','assigned_user_id',NULL,NULL,NULL,'one-to-many',NULL,NULL,0,0),('2d154d10-99a4-561d-452f-6798de4e4b67','aok_knowledgebase_modified_user','Users','users','id','AOK_KnowledgeBase','aok_knowledgebase','modified_user_id',NULL,NULL,NULL,'one-to-many',NULL,NULL,0,0),('2d33bf37-facb-b09c-457b-6798decaa35b','aok_knowledgebase_created_by','Users','users','id','AOK_KnowledgeBase','aok_knowledgebase','created_by',NULL,NULL,NULL,'one-to-many',NULL,NULL,0,0),('2d52259c-330a-23e8-f594-6798de78312b','aok_knowledgebase_assigned_user','Users','users','id','AOK_KnowledgeBase','aok_knowledgebase','assigned_user_id',NULL,NULL,NULL,'one-to-many',NULL,NULL,0,0),('2d703901-3c70-1e54-f46e-6798deac8eab','securitygroups_aok_knowledgebase','SecurityGroups','securitygroups','id','AOK_KnowledgeBase','aok_knowledgebase','id','securitygroups_records','securitygroup_id','record_id','many-to-many','module','AOK_KnowledgeBase',0,0),('2da1d04d-32e4-a0e1-08d4-6798de70a044','reminders_modified_user','Users','users','id','Reminders','reminders','modified_user_id',NULL,NULL,NULL,'one-to-many',NULL,NULL,0,0),('2dbfb57f-f4ea-5228-7d11-6798de4a77e3','reminders_created_by','Users','users','id','Reminders','reminders','created_by',NULL,NULL,NULL,'one-to-many',NULL,NULL,0,0),('2ddda2fb-e0e7-dafe-a1e7-6798de3284b7','reminders_assigned_user','Users','users','id','Reminders','reminders','assigned_user_id',NULL,NULL,NULL,'one-to-many',NULL,NULL,0,0),('2e0f1a9b-bc37-e58f-dacb-6798de09f0d3','reminders_invitees_modified_user','Users','users','id','Reminders_Invitees','reminders_invitees','modified_user_id',NULL,NULL,NULL,'one-to-many',NULL,NULL,0,0),('2e345e66-bf5f-16cc-219a-6798de90c2ab','reminders_invitees_created_by','Users','users','id','Reminders_Invitees','reminders_invitees','created_by',NULL,NULL,NULL,'one-to-many',NULL,NULL,0,0),('2e52f076-f405-988c-487c-6798de2f83de','reminders_invitees_assigned_user','Users','users','id','Reminders_Invitees','reminders_invitees','assigned_user_id',NULL,NULL,NULL,'one-to-many',NULL,NULL,0,0),('2e96fabb-ae0f-ee27-b286-6798deb47f72','fp_events_modified_user','Users','users','id','FP_events','fp_events','modified_user_id',NULL,NULL,NULL,'one-to-many',NULL,NULL,0,0),('2eb774c0-bda9-043f-5a6a-6798de2dcb27','fp_events_created_by','Users','users','id','FP_events','fp_events','created_by',NULL,NULL,NULL,'one-to-many',NULL,NULL,0,0),('2ed78133-c7af-854e-7a0b-6798de5aeca5','fp_events_assigned_user','Users','users','id','FP_events','fp_events','assigned_user_id',NULL,NULL,NULL,'one-to-many',NULL,NULL,0,0),('2ef60653-1608-13d9-7099-6798de27eed8','securitygroups_fp_events','SecurityGroups','securitygroups','id','FP_events','fp_events','id','securitygroups_records','securitygroup_id','record_id','many-to-many','module','FP_events',0,0),('2f2f3c33-f8df-629d-4cb3-6798deb8d891','fp_event_locations_modified_user','Users','users','id','FP_Event_Locations','fp_event_locations','modified_user_id',NULL,NULL,NULL,'one-to-many',NULL,NULL,0,0),('2f4dbab2-22aa-8238-c8fd-6798def0ad31','fp_event_locations_created_by','Users','users','id','FP_Event_Locations','fp_event_locations','created_by',NULL,NULL,NULL,'one-to-many',NULL,NULL,0,0),('2f6e8848-c7d0-234e-3b79-6798de782c78','fp_event_locations_assigned_user','Users','users','id','FP_Event_Locations','fp_event_locations','assigned_user_id',NULL,NULL,NULL,'one-to-many',NULL,NULL,0,0),('2f8ffeb3-d92d-6aa3-cdc7-6798de6165c0','securitygroups_fp_event_locations','SecurityGroups','securitygroups','id','FP_Event_Locations','fp_event_locations','id','securitygroups_records','securitygroup_id','record_id','many-to-many','module','FP_Event_Locations',0,0),('2faee213-fe12-760e-b8c2-6798dec94008','optimistic_locking',NULL,NULL,NULL,NULL,NULL,NULL,NULL,NULL,NULL,NULL,NULL,NULL,0,0),('2fcca2f5-6321-1120-c04e-6798de360a63','unified_search',NULL,NULL,NULL,NULL,NULL,NULL,NULL,NULL,NULL,NULL,NULL,NULL,0,0),('2fffc9a1-8180-8530-0590-6798def921c4','aod_indexevent_modified_user','Users','users','id','AOD_IndexEvent','aod_indexevent','modified_user_id',NULL,NULL,NULL,'one-to-many',NULL,NULL,0,0),('301f12c9-57e9-1e8b-7348-6798de4e43e6','aod_indexevent_created_by','Users','users','id','AOD_IndexEvent','aod_indexevent','created_by',NULL,NULL,NULL,'one-to-many',NULL,NULL,0,0),('30426366-a572-9a72-8481-6798dee8da9e','aod_indexevent_assigned_user','Users','users','id','AOD_IndexEvent','aod_indexevent','assigned_user_id',NULL,NULL,NULL,'one-to-many',NULL,NULL,0,0),('309758e1-066f-9579-7798-6798dee89c2e','aod_index_modified_user','Users','users','id','AOD_Index','aod_index','modified_user_id',NULL,NULL,NULL,'one-to-many',NULL,NULL,0,0),('30b8f2a6-2945-cca2-70db-6798deecdee9','aod_index_created_by','Users','users','id','AOD_Index','aod_index','created_by',NULL,NULL,NULL,'one-to-many',NULL,NULL,0,0),('30d8db1b-2d2f-b902-4c9d-6798de52d604','aod_index_assigned_user','Users','users','id','AOD_Index','aod_index','assigned_user_id',NULL,NULL,NULL,'one-to-many',NULL,NULL,0,0),('310b0453-a347-2deb-e3cc-6798de7c890c','aop_case_events_modified_user','Users','users','id','AOP_Case_Events','aop_case_events','modified_user_id',NULL,NULL,NULL,'one-to-many',NULL,NULL,0,0),('312bf28e-715b-eb64-f2ef-6798de69aea2','aop_case_events_created_by','Users','users','id','AOP_Case_Events','aop_case_events','created_by',NULL,NULL,NULL,'one-to-many',NULL,NULL,0,0),('314b1e05-5f62-6547-318a-6798de998bb6','aop_case_events_assigned_user','Users','users','id','AOP_Case_Events','aop_case_events','assigned_user_id',NULL,NULL,NULL,'one-to-many',NULL,NULL,0,0),('316c3c1d-509e-81da-b0e3-6798dec3a99b','cases_aop_case_events','Cases','cases','id','AOP_Case_Events','aop_case_events','case_id',NULL,NULL,NULL,'one-to-many',NULL,NULL,0,0),('31a39231-2098-682a-ae19-6798deb5edec','aop_case_updates_modified_user','Users','users','id','AOP_Case_Updates','aop_case_updates','modified_user_id',NULL,NULL,NULL,'one-to-many',NULL,NULL,0,0),('31c36bb6-2447-9929-a953-6798de35fc30','aop_case_updates_created_by','Users','users','id','AOP_Case_Updates','aop_case_updates','created_by',NULL,NULL,NULL,'one-to-many',NULL,NULL,0,0),('31e7d337-a9ad-8e43-6ff7-6798deb15944','aop_case_updates_assigned_user','Users','users','id','AOP_Case_Updates','aop_case_updates','assigned_user_id',NULL,NULL,NULL,'one-to-many',NULL,NULL,0,0),('320c0770-6b93-8863-bea5-6798de0cc5a1','cases_aop_case_updates','Cases','cases','id','AOP_Case_Updates','aop_case_updates','case_id',NULL,NULL,NULL,'one-to-many',NULL,NULL,0,0),('32453520-0af7-19cb-584a-6798deea4e7a','aop_case_updates_notes','AOP_Case_Updates','aop_case_updates','id','Notes','notes','parent_id',NULL,NULL,NULL,'one-to-many','parent_type','AOP_Case_Updates',0,0),('328842a1-7a7c-ed1b-94c1-6798de257398','aor_reports_modified_user','Users','users','id','AOR_Reports','aor_reports','modified_user_id',NULL,NULL,NULL,'one-to-many',NULL,NULL,0,0),('32a9d60f-376a-d437-ecff-6798de24b331','aor_reports_created_by','Users','users','id','AOR_Reports','aor_reports','created_by',NULL,NULL,NULL,'one-to-many',NULL,NULL,0,0),('32c8f401-974c-b8f7-fa4e-6798dede3208','aor_reports_assigned_user','Users','users','id','AOR_Reports','aor_reports','assigned_user_id',NULL,NULL,NULL,'one-to-many',NULL,NULL,0,0),('32ea1358-9029-69fb-c551-6798de49096f','securitygroups_aor_reports','SecurityGroups','securitygroups','id','AOR_Reports','aor_reports','id','securitygroups_records','securitygroup_id','record_id','many-to-many','module','AOR_Reports',0,0),('3309f9dd-bd82-bad9-b80a-6798de23bd15','aor_reports_aor_fields','AOR_Reports','aor_reports','id','AOR_Fields','aor_fields','aor_report_id',NULL,NULL,NULL,'one-to-many',NULL,NULL,0,0),('3329d4b9-68f3-74a0-b4a1-6798de800249','aor_reports_aor_conditions','AOR_Reports','aor_reports','id','AOR_Conditions','aor_conditions','aor_report_id',NULL,NULL,NULL,'one-to-many',NULL,NULL,0,0),('3348ecc3-69f8-d523-f901-6798de666ef5','aor_scheduled_reports_aor_reports','AOR_Reports','aor_reports','id','AOR_Scheduled_Reports','aor_scheduled_reports','aor_report_id',NULL,NULL,NULL,'one-to-many',NULL,NULL,0,0),('33799fcd-b305-c96c-4a36-6798defccecd','aor_fields_modified_user','Users','users','id','AOR_Fields','aor_fields','modified_user_id',NULL,NULL,NULL,'one-to-many',NULL,NULL,0,0),('339a11ff-9b32-4d33-2851-6798dee987bd','aor_fields_created_by','Users','users','id','AOR_Fields','aor_fields','created_by',NULL,NULL,NULL,'one-to-many',NULL,NULL,0,0),('33cc60c7-9533-29b3-b9f0-6798de5d2f98','aor_charts_modified_user','Users','users','id','AOR_Charts','aor_charts','modified_user_id',NULL,NULL,NULL,'one-to-many',NULL,NULL,0,0),('33ec3151-8687-8908-023b-6798de2d9163','aor_charts_created_by','Users','users','id','AOR_Charts','aor_charts','created_by',NULL,NULL,NULL,'one-to-many',NULL,NULL,0,0),('3409fbb7-29d8-cde9-1199-6798de75786b','aor_charts_aor_reports','AOR_Reports','aor_reports','id','AOR_Charts','aor_charts','aor_report_id',NULL,NULL,NULL,'one-to-many',NULL,NULL,0,0),('34397442-4b46-3333-ca3f-6798ded9f39c','aor_conditions_modified_user','Users','users','id','AOR_Conditions','aor_conditions','modified_user_id',NULL,NULL,NULL,'one-to-many',NULL,NULL,0,0),('345acf7b-e027-22b6-7e4d-6798deb1a95f','aor_conditions_created_by','Users','users','id','AOR_Conditions','aor_conditions','created_by',NULL,NULL,NULL,'one-to-many',NULL,NULL,0,0),('349eb1a5-977b-7c0f-aa74-6798de07cd42','aor_scheduled_reports_modified_user','Users','users','id','AOR_Scheduled_Reports','aor_scheduled_reports','modified_user_id',NULL,NULL,NULL,'one-to-many',NULL,NULL,0,0),('34bdd300-bfb3-2249-4d61-6798de4e29a9','aor_scheduled_reports_created_by','Users','users','id','AOR_Scheduled_Reports','aor_scheduled_reports','created_by',NULL,NULL,NULL,'one-to-many',NULL,NULL,0,0),('34dd3510-e5c8-2f19-f1be-6798deaae140','securitygroups_aor_scheduled_reports','SecurityGroups','securitygroups','id','AOR_Scheduled_Reports','aor_scheduled_reports','id','securitygroups_records','securitygroup_id','record_id','many-to-many','module','AOR_Scheduled_Reports',0,0),('351dba4b-d51c-ca90-9304-6798de8a0287','aos_contracts_modified_user','Users','users','id','AOS_Contracts','aos_contracts','modified_user_id',NULL,NULL,NULL,'one-to-many',NULL,NULL,0,0),('353c8c4c-1477-e68b-3e2b-6798de816fbc','aos_contracts_created_by','Users','users','id','AOS_Contracts','aos_contracts','created_by',NULL,NULL,NULL,'one-to-many',NULL,NULL,0,0),('355b9a99-215f-088b-0dea-6798de269960','aos_contracts_assigned_user','Users','users','id','AOS_Contracts','aos_contracts','assigned_user_id',NULL,NULL,NULL,'one-to-many',NULL,NULL,0,0),('357a5789-5432-7f54-3956-6798ded2f171','securitygroups_aos_contracts','SecurityGroups','securitygroups','id','AOS_Contracts','aos_contracts','id','securitygroups_records','securitygroup_id','record_id','many-to-many','module','AOS_Contracts',0,0),('359d930b-61b7-a777-f213-6798dee20e66','aos_contracts_tasks','AOS_Contracts','aos_contracts','id','Tasks','tasks','parent_id',NULL,NULL,NULL,'one-to-many','parent_type','AOS_Contracts',0,0),('35c1d9d9-64bd-e7de-5dfb-6798dea1523f','aos_contracts_notes','AOS_Contracts','aos_contracts','id','Notes','notes','parent_id',NULL,NULL,NULL,'one-to-many','parent_type','AOS_Contracts',0,0),('35e24d29-a7c7-8d4d-8763-6798de4aa070','aos_contracts_meetings','AOS_Contracts','aos_contracts','id','Meetings','meetings','parent_id',NULL,NULL,NULL,'one-to-many','parent_type','AOS_Contracts',0,0),('36008ccd-f081-26f6-b53e-6798ded7e707','aos_contracts_calls','AOS_Contracts','aos_contracts','id','Calls','calls','parent_id',NULL,NULL,NULL,'one-to-many','parent_type','AOS_Contracts',0,0),('362030ee-ed47-11a9-da1c-6798deda8887','aos_contracts_aos_products_quotes','AOS_Contracts','aos_contracts','id','AOS_Products_Quotes','aos_products_quotes','parent_id',NULL,NULL,NULL,'one-to-many',NULL,NULL,0,0),('363ff76c-bb5f-4975-4790-6798ded229a5','aos_contracts_aos_line_item_groups','AOS_Contracts','aos_contracts','id','AOS_Line_Item_Groups','aos_line_item_groups','parent_id',NULL,NULL,NULL,'one-to-many',NULL,NULL,0,0),('3679ee93-c5fb-c477-3180-6798deea8c18','aos_invoices_modified_user','Users','users','id','AOS_Invoices','aos_invoices','modified_user_id',NULL,NULL,NULL,'one-to-many',NULL,NULL,0,0),('369ba804-9efc-3c26-6fa0-6798de879e5b','aos_invoices_created_by','Users','users','id','AOS_Invoices','aos_invoices','created_by',NULL,NULL,NULL,'one-to-many',NULL,NULL,0,0),('36bcc913-c62d-7570-4593-6798de60f811','aos_invoices_assigned_user','Users','users','id','AOS_Invoices','aos_invoices','assigned_user_id',NULL,NULL,NULL,'one-to-many',NULL,NULL,0,0),('36e037d2-d38c-7206-0017-6798def837c2','securitygroups_aos_invoices','SecurityGroups','securitygroups','id','AOS_Invoices','aos_invoices','id','securitygroups_records','securitygroup_id','record_id','many-to-many','module','AOS_Invoices',0,0),('37010164-3ebc-4a96-1372-6798de3f0c6e','aos_invoices_aos_product_quotes','AOS_Invoices','aos_invoices','id','AOS_Products_Quotes','aos_products_quotes','parent_id',NULL,NULL,NULL,'one-to-many',NULL,NULL,0,0),('3724c896-3eac-7b8c-c25a-6798def42742','aos_invoices_aos_line_item_groups','AOS_Invoices','aos_invoices','id','AOS_Line_Item_Groups','aos_line_item_groups','parent_id',NULL,NULL,NULL,'one-to-many',NULL,NULL,0,0),('375cebf1-0948-93ce-aedb-6798deafe2b7','aos_pdf_templates_modified_user','Users','users','id','AOS_PDF_Templates','aos_pdf_templates','modified_user_id',NULL,NULL,NULL,'one-to-many',NULL,NULL,0,0),('3784001b-e34b-2a45-15e8-6798de8b9cc6','aos_pdf_templates_created_by','Users','users','id','AOS_PDF_Templates','aos_pdf_templates','created_by',NULL,NULL,NULL,'one-to-many',NULL,NULL,0,0),('37a404f5-027c-ae3e-8f52-6798de0eb635','aos_pdf_templates_assigned_user','Users','users','id','AOS_PDF_Templates','aos_pdf_templates','assigned_user_id',NULL,NULL,NULL,'one-to-many',NULL,NULL,0,0),('37c3e784-2985-0a56-3b11-6798deb19a2b','securitygroups_aos_pdf_templates','SecurityGroups','securitygroups','id','AOS_PDF_Templates','aos_pdf_templates','id','securitygroups_records','securitygroup_id','record_id','many-to-many','module','AOS_PDF_Templates',0,0),('38579b71-3562-4a91-443b-6798deb3bec4','aos_product_categories_modified_user','Users','users','id','AOS_Product_Categories','aos_product_categories','modified_user_id',NULL,NULL,NULL,'one-to-many',NULL,NULL,0,0),('387a0a33-91b1-2978-f948-6798de7b0d5a','aos_product_categories_created_by','Users','users','id','AOS_Product_Categories','aos_product_categories','created_by',NULL,NULL,NULL,'one-to-many',NULL,NULL,0,0),('3898a073-8baa-4e8e-e189-6798dee8e16f','aos_product_categories_assigned_user','Users','users','id','AOS_Product_Categories','aos_product_categories','assigned_user_id',NULL,NULL,NULL,'one-to-many',NULL,NULL,0,0),('38b9c1c4-cee7-0435-ec4d-6798de0d2f2d','securitygroups_aos_product_categories','SecurityGroups','securitygroups','id','AOS_Product_Categories','aos_product_categories','id','securitygroups_records','securitygroup_id','record_id','many-to-many','module','AOS_Product_Categories',0,0),('38d9f817-22ae-60da-a42c-6798defb0801','sub_product_categories','AOS_Product_Categories','aos_product_categories','id','AOS_Product_Categories','aos_product_categories','parent_category_id',NULL,NULL,NULL,'one-to-many',NULL,NULL,0,0),('390c052a-5a5d-d61c-1ef5-6798de131325','aos_products_modified_user','Users','users','id','AOS_Products','aos_products','modified_user_id',NULL,NULL,NULL,'one-to-many',NULL,NULL,0,0),('392ac7ae-ace6-d9ad-0780-6798de9e2c65','aos_products_created_by','Users','users','id','AOS_Products','aos_products','created_by',NULL,NULL,NULL,'one-to-many',NULL,NULL,0,0),('394b2f7e-cac6-2e2c-5c83-6798defb1a75','aos_products_assigned_user','Users','users','id','AOS_Products','aos_products','assigned_user_id',NULL,NULL,NULL,'one-to-many',NULL,NULL,0,0),('396a97d9-2bee-1eb7-e3cf-6798deb5bc83','securitygroups_aos_products','SecurityGroups','securitygroups','id','AOS_Products','aos_products','id','securitygroups_records','securitygroup_id','record_id','many-to-many','module','AOS_Products',0,0),('3989ef55-1188-a1bc-754a-6798de0e71b4','product_categories','AOS_Product_Categories','aos_product_categories','id','AOS_Products','aos_products','aos_product_category_id',NULL,NULL,NULL,'one-to-many',NULL,NULL,0,0),('39c1aac9-62c2-a9ea-6fe9-6798de21da2e','aos_products_quotes_modified_user','Users','users','id','AOS_Products_Quotes','aos_products_quotes','modified_user_id',NULL,NULL,NULL,'one-to-many',NULL,NULL,0,0),('39e03fd4-6ddb-39af-f952-6798de8089ec','aos_products_quotes_created_by','Users','users','id','AOS_Products_Quotes','aos_products_quotes','created_by',NULL,NULL,NULL,'one-to-many',NULL,NULL,0,0),('39fe892f-a9be-e31d-e9d4-6798de9aa124','aos_products_quotes_assigned_user','Users','users','id','AOS_Products_Quotes','aos_products_quotes','assigned_user_id',NULL,NULL,NULL,'one-to-many',NULL,NULL,0,0),('3a1d3119-d271-6929-3104-6798de7c5991','aos_product_quotes_aos_products','AOS_Products','aos_products','id','AOS_Products_Quotes','aos_products_quotes','product_id',NULL,NULL,NULL,'one-to-many',NULL,NULL,0,0),('3a4b0571-402c-9977-feb7-6798de22214d','aos_line_item_groups_modified_user','Users','users','id','AOS_Line_Item_Groups','aos_line_item_groups','modified_user_id',NULL,NULL,NULL,'one-to-many',NULL,NULL,0,0),('3a6aa225-e89f-46b7-3105-6798dee448ff','aos_line_item_groups_created_by','Users','users','id','AOS_Line_Item_Groups','aos_line_item_groups','created_by',NULL,NULL,NULL,'one-to-many',NULL,NULL,0,0),('3a888cbb-b1cc-afc5-9d44-6798de0aa0bd','aos_line_item_groups_assigned_user','Users','users','id','AOS_Line_Item_Groups','aos_line_item_groups','assigned_user_id',NULL,NULL,NULL,'one-to-many',NULL,NULL,0,0),('3aa5e3a8-7bd1-e49b-a3e8-6798de0db9ef','groups_aos_product_quotes','AOS_Line_Item_Groups','aos_line_item_groups','id','AOS_Products_Quotes','aos_products_quotes','group_id',NULL,NULL,NULL,'one-to-many',NULL,NULL,0,0),('3aea3c4b-79b1-af8b-7bb6-6798de003bbe','aos_quotes_modified_user','Users','users','id','AOS_Quotes','aos_quotes','modified_user_id',NULL,NULL,NULL,'one-to-many',NULL,NULL,0,0),('3b0cc3db-002f-dadf-f577-6798dea5402f','aos_quotes_created_by','Users','users','id','AOS_Quotes','aos_quotes','created_by',NULL,NULL,NULL,'one-to-many',NULL,NULL,0,0),('3b33543f-766a-bc97-e27a-6798dea546d8','aos_quotes_assigned_user','Users','users','id','AOS_Quotes','aos_quotes','assigned_user_id',NULL,NULL,NULL,'one-to-many',NULL,NULL,0,0),('3b527657-2b61-234d-810d-6798deac9478','securitygroups_aos_quotes','SecurityGroups','securitygroups','id','AOS_Quotes','aos_quotes','id','securitygroups_records','securitygroup_id','record_id','many-to-many','module','AOS_Quotes',0,0),('3b719aee-fcb5-f27f-1386-6798de82f064','aos_quotes_aos_product_quotes','AOS_Quotes','aos_quotes','id','AOS_Products_Quotes','aos_products_quotes','parent_id',NULL,NULL,NULL,'one-to-many',NULL,NULL,0,0),('3b916e7e-688a-8dbe-992a-6798de6623c6','aos_quotes_aos_line_item_groups','AOS_Quotes','aos_quotes','id','AOS_Line_Item_Groups','aos_line_item_groups','parent_id',NULL,NULL,NULL,'one-to-many',NULL,NULL,0,0),('3bc054ea-ef3a-2e3a-6b25-6798def7b5fc','aow_actions_modified_user','Users','users','id','AOW_Actions','aow_actions','modified_user_id',NULL,NULL,NULL,'one-to-many',NULL,NULL,0,0),('3be39cda-99ff-627e-6a50-6798deaa7be3','aow_actions_created_by','Users','users','id','AOW_Actions','aow_actions','created_by',NULL,NULL,NULL,'one-to-many',NULL,NULL,0,0),('3c20cfa6-b47b-67bf-15c6-6798de250916','aow_workflow_modified_user','Users','users','id','AOW_WorkFlow','aow_workflow','modified_user_id',NULL,NULL,NULL,'one-to-many',NULL,NULL,0,0),('3c3edb34-5c59-c4ac-05d1-6798de850af1','aow_workflow_created_by','Users','users','id','AOW_WorkFlow','aow_workflow','created_by',NULL,NULL,NULL,'one-to-many',NULL,NULL,0,0),('3c5e0040-e3c9-1803-4e8e-6798deb2e00a','aow_workflow_assigned_user','Users','users','id','AOW_WorkFlow','aow_workflow','assigned_user_id',NULL,NULL,NULL,'one-to-many',NULL,NULL,0,0),('3c7c840c-b6bc-505a-6fff-6798de6f7c0d','securitygroups_aow_workflow','SecurityGroups','securitygroups','id','AOW_WorkFlow','aow_workflow','id','securitygroups_records','securitygroup_id','record_id','many-to-many','module','AOW_WorkFlow',0,0),('3c9d8bb3-2321-0036-c781-6798de700994','aow_workflow_aow_conditions','AOW_WorkFlow','aow_workflow','id','AOW_Conditions','aow_conditions','aow_workflow_id',NULL,NULL,NULL,'one-to-many',NULL,NULL,0,0),('3cbb4ca9-4176-6c24-4981-6798de6d46a8','aow_workflow_aow_actions','AOW_WorkFlow','aow_workflow','id','AOW_Actions','aow_actions','aow_workflow_id',NULL,NULL,NULL,'one-to-many',NULL,NULL,0,0),('3cdac90a-2938-ca17-0217-6798de729174','aow_workflow_aow_processed','AOW_WorkFlow','aow_workflow','id','AOW_Processed','aow_processed','aow_workflow_id',NULL,NULL,NULL,'one-to-many',NULL,NULL,0,0),('3d0c17bc-872d-131d-33fc-6798de1ba43a','aow_processed_modified_user','Users','users','id','AOW_Processed','aow_processed','modified_user_id',NULL,NULL,NULL,'one-to-many',NULL,NULL,0,0),('3d2e6682-02e5-1d52-14e1-6798de54220e','aow_processed_created_by','Users','users','id','AOW_Processed','aow_processed','created_by',NULL,NULL,NULL,'one-to-many',NULL,NULL,0,0),('3d5e9cc6-dfc3-ecb1-8920-6798de761878','aow_conditions_modified_user','Users','users','id','AOW_Conditions','aow_conditions','modified_user_id',NULL,NULL,NULL,'one-to-many',NULL,NULL,0,0),('3d7ca3d3-7ec1-6053-b73e-6798de07d718','aow_conditions_created_by','Users','users','id','AOW_Conditions','aow_conditions','created_by',NULL,NULL,NULL,'one-to-many',NULL,NULL,0,0),('3deb0530-da64-f0f6-fbf7-6798de794d73','jjwg_maps_modified_user','Users','users','id','jjwg_Maps','jjwg_maps','modified_user_id',NULL,NULL,NULL,'one-to-many',NULL,NULL,0,0),('3e0a0e32-0358-a8b9-b4b0-6798de459d79','jjwg_maps_created_by','Users','users','id','jjwg_Maps','jjwg_maps','created_by',NULL,NULL,NULL,'one-to-many',NULL,NULL,0,0),('3e2c8494-1019-aef2-dad9-6798de30b8b8','jjwg_maps_assigned_user','Users','users','id','jjwg_Maps','jjwg_maps','assigned_user_id',NULL,NULL,NULL,'one-to-many',NULL,NULL,0,0),('3e541504-6c57-c195-f1a2-6798de7065df','securitygroups_jjwg_maps','SecurityGroups','securitygroups','id','jjwg_Maps','jjwg_maps','id','securitygroups_records','securitygroup_id','record_id','many-to-many','module','jjwg_Maps',0,0),('3e72655b-880d-5443-4f63-6798decdddb5','jjwg_Maps_accounts','jjwg_Maps','jjwg_Maps','parent_id','Accounts','accounts','id',NULL,NULL,NULL,'one-to-many','parent_type','Accounts',0,0),('3e92b146-308e-754d-c3e3-6798de4d092f','jjwg_Maps_contacts','jjwg_Maps','jjwg_Maps','parent_id','Contacts','contacts','id',NULL,NULL,NULL,'one-to-many','parent_type','Contacts',0,0),('3eb1dcc0-ee7a-635d-e077-6798de366752','jjwg_Maps_leads','jjwg_Maps','jjwg_Maps','parent_id','Leads','leads','id',NULL,NULL,NULL,'one-to-many','parent_type','Leads',0,0),('3ed91ac3-6ca3-a6d5-a559-6798de4a881c','jjwg_Maps_opportunities','jjwg_Maps','jjwg_Maps','parent_id','Opportunities','opportunities','id',NULL,NULL,NULL,'one-to-many','parent_type','Opportunities',0,0),('3ef9624a-4bef-c14b-2c64-6798de60059c','jjwg_Maps_cases','jjwg_Maps','jjwg_Maps','parent_id','Cases','cases','id',NULL,NULL,NULL,'one-to-many','parent_type','Cases',0,0),('3f190333-3957-1cfc-3ad3-6798deb012f8','jjwg_Maps_projects','jjwg_Maps','jjwg_Maps','parent_id','Project','project','id',NULL,NULL,NULL,'one-to-many','parent_type','Project',0,0),('3f4221bc-5b1d-b007-4351-6798def0aae6','jjwg_Maps_meetings','jjwg_Maps','jjwg_Maps','parent_id','Meetings','meetings','id',NULL,NULL,NULL,'one-to-many','parent_type','Meetings',0,0),('3f64ceaf-5500-6226-e13b-6798de92e2e9','jjwg_Maps_prospects','jjwg_Maps','jjwg_Maps','parent_id','Prospects','prospects','id',NULL,NULL,NULL,'one-to-many','parent_type','Prospects',0,0),('3fdcb364-f3f5-e9d2-38b5-6798dea8c581','jjwg_markers_modified_user','Users','users','id','jjwg_Markers','jjwg_markers','modified_user_id',NULL,NULL,NULL,'one-to-many',NULL,NULL,0,0),('4008a5d5-16e6-ee0f-5a32-6798de36c81d','jjwg_markers_created_by','Users','users','id','jjwg_Markers','jjwg_markers','created_by',NULL,NULL,NULL,'one-to-many',NULL,NULL,0,0),('402d10c5-4cc6-a5f9-58c1-6798de73a561','jjwg_markers_assigned_user','Users','users','id','jjwg_Markers','jjwg_markers','assigned_user_id',NULL,NULL,NULL,'one-to-many',NULL,NULL,0,0),('4057bc86-9c33-470d-0626-6798dea6f4f0','securitygroups_jjwg_markers','SecurityGroups','securitygroups','id','jjwg_Markers','jjwg_markers','id','securitygroups_records','securitygroup_id','record_id','many-to-many','module','jjwg_Markers',0,0),('40d31533-5249-ba3f-6b5d-6798de3afce3','jjwg_areas_modified_user','Users','users','id','jjwg_Areas','jjwg_areas','modified_user_id',NULL,NULL,NULL,'one-to-many',NULL,NULL,0,0),('40f31306-752c-4b80-4afe-6798deb52448','jjwg_areas_created_by','Users','users','id','jjwg_Areas','jjwg_areas','created_by',NULL,NULL,NULL,'one-to-many',NULL,NULL,0,0),('41139e9b-6c90-11df-34c8-6798de4128d5','jjwg_areas_assigned_user','Users','users','id','jjwg_Areas','jjwg_areas','assigned_user_id',NULL,NULL,NULL,'one-to-many',NULL,NULL,0,0),('4131d994-0ff1-f9b2-f34f-6798de55202e','securitygroups_jjwg_areas','SecurityGroups','securitygroups','id','jjwg_Areas','jjwg_areas','id','securitygroups_records','securitygroup_id','record_id','many-to-many','module','jjwg_Areas',0,0),('419d20ba-cf94-b5c8-6182-6798de872a10','jjwg_address_cache_modified_user','Users','users','id','jjwg_Address_Cache','jjwg_address_cache','modified_user_id',NULL,NULL,NULL,'one-to-many',NULL,NULL,0,0),('41be4142-e177-19f6-d743-6798def99a17','jjwg_address_cache_created_by','Users','users','id','jjwg_Address_Cache','jjwg_address_cache','created_by',NULL,NULL,NULL,'one-to-many',NULL,NULL,0,0),('41dcd72c-67bc-1013-4b83-6798de23643a','jjwg_address_cache_assigned_user','Users','users','id','jjwg_Address_Cache','jjwg_address_cache','assigned_user_id',NULL,NULL,NULL,'one-to-many',NULL,NULL,0,0),('42173518-be2d-88b2-c911-6798de69327e','calls_reschedule_modified_user','Users','users','id','Calls_Reschedule','calls_reschedule','modified_user_id',NULL,NULL,NULL,'one-to-many',NULL,NULL,0,0),('4236d928-1907-acf0-b6f5-6798de1e7743','calls_reschedule_created_by','Users','users','id','Calls_Reschedule','calls_reschedule','created_by',NULL,NULL,NULL,'one-to-many',NULL,NULL,0,0),('4256eb89-40f6-ddf8-fb9d-6798de39d770','calls_reschedule_assigned_user','Users','users','id','Calls_Reschedule','calls_reschedule','assigned_user_id',NULL,NULL,NULL,'one-to-many',NULL,NULL,0,0),('42908314-da11-c8b0-b486-6798de10dcb1','securitygroups_modified_user','Users','users','id','SecurityGroups','securitygroups','modified_user_id',NULL,NULL,NULL,'one-to-many',NULL,NULL,0,0),('42afb60c-e06f-1106-773b-6798deb67c49','securitygroups_created_by','Users','users','id','SecurityGroups','securitygroups','created_by',NULL,NULL,NULL,'one-to-many',NULL,NULL,0,0),('42d00d4a-5a3c-9772-99ed-6798de0f0b54','securitygroups_assigned_user','Users','users','id','SecurityGroups','securitygroups','assigned_user_id',NULL,NULL,NULL,'one-to-many',NULL,NULL,0,0),('434f8657-0d6f-e16b-6faa-6798de9e9f54','securitygroups_outboundemailaccounts','SecurityGroups','securitygroups','id','OutboundEmailAccounts','outbound_email','id','securitygroups_records','securitygroup_id','record_id','many-to-many','module','OutboundEmailAccounts',0,0),('43720757-15ca-1926-a945-6798dea2c5cf','outbound_email_owner_user','Users','users','id','OutboundEmailAccounts','outbound_email','user_id',NULL,NULL,NULL,'one-to-many',NULL,NULL,0,0),('438fc409-f846-ea99-13d0-6798dee58858','outbound_email_modified_user','Users','users','id','OutboundEmailAccounts','outbound_email','modified_user_id',NULL,NULL,NULL,'one-to-many',NULL,NULL,0,0),('43bb89fc-41ba-e8e3-890a-6798def33175','outbound_email_created_by','Users','users','id','OutboundEmailAccounts','outbound_email','created_by',NULL,NULL,NULL,'one-to-many',NULL,NULL,0,0),('43dd71f8-0e61-4d1f-96e7-6798de33102c','outbound_email_assigned_user','Users','users','id','OutboundEmailAccounts','outbound_email','assigned_user_id',NULL,NULL,NULL,'one-to-many',NULL,NULL,0,0),('4411b811-18f0-599f-4df1-6798de5f97cb','externaloauthconnection_modified_user','Users','users','id','ExternalOAuthConnection','external_oauth_connections','modified_user_id',NULL,NULL,NULL,'one-to-many',NULL,NULL,0,0),('443190cb-8470-b039-c6c3-6798decabc21','externaloauthconnection_created_by','Users','users','id','ExternalOAuthConnection','external_oauth_connections','created_by',NULL,NULL,NULL,'one-to-many',NULL,NULL,0,0),('4450da71-a071-0357-6121-6798de0c66e3','securitygroups_externaloauthconnection','SecurityGroups','securitygroups','id','ExternalOAuthConnection','external_oauth_connections','id','securitygroups_records','securitygroup_id','record_id','many-to-many','module','ExternalOAuthConnection',0,0),('44704f05-a597-0764-a214-6798de886805','external_oauth_connections_external_oauth_providers','ExternalOAuthProvider','external_oauth_providers','id','ExternalOAuthConnection','external_oauth_connections','external_oauth_provider_id',NULL,NULL,NULL,'one-to-many',NULL,NULL,0,0),('44ac58bf-c382-b573-598b-6798deea2b4d','externaloauthprovider_modified_user','Users','users','id','ExternalOAuthProvider','external_oauth_providers','modified_user_id',NULL,NULL,NULL,'one-to-many',NULL,NULL,0,0),('44cd5d00-dfaf-cb78-7018-6798ded62596','externaloauthprovider_created_by','Users','users','id','ExternalOAuthProvider','external_oauth_providers','created_by',NULL,NULL,NULL,'one-to-many',NULL,NULL,0,0),('44eec2b0-7f98-489a-ba7f-6798def684ba','securitygroups_externaloauthprovider','SecurityGroups','securitygroups','id','ExternalOAuthProvider','external_oauth_providers','id','securitygroups_records','securitygroup_id','record_id','many-to-many','module','ExternalOAuthProvider',0,0),('4522e50d-9b92-c5e2-ddd0-6798defa806d','templatesectionline_modified_user','Users','users','id','TemplateSectionLine','templatesectionline','modified_user_id',NULL,NULL,NULL,'one-to-many',NULL,NULL,0,0),('4542c313-3576-b882-6c31-6798def93041','templatesectionline_created_by','Users','users','id','TemplateSectionLine','templatesectionline','created_by',NULL,NULL,NULL,'one-to-many',NULL,NULL,0,0),('45770715-73d3-5ca8-d3fe-6798de77f278','oauth2tokens_modified_user','Users','users','id','OAuth2Tokens','oauth2tokens','modified_user_id',NULL,NULL,NULL,'one-to-many',NULL,NULL,0,0),('4596231f-035a-c615-b399-6798ded8256b','oauth2tokens_created_by','Users','users','id','OAuth2Tokens','oauth2tokens','created_by',NULL,NULL,NULL,'one-to-many',NULL,NULL,0,0),('45b7e3e3-3418-5d59-57ad-6798de792bbd','oauth2tokens_assigned_user','Users','users','id','OAuth2Tokens','oauth2tokens','assigned_user_id',NULL,NULL,NULL,'one-to-many',NULL,NULL,0,0),('45ec0cde-1db3-83e9-a4a9-6798ded36691','oauth2clients_modified_user','Users','users','id','OAuth2Clients','oauth2clients','modified_user_id',NULL,NULL,NULL,'one-to-many',NULL,NULL,0,0),('46125a32-fe0c-d807-b4a8-6798def748c6','oauth2clients_created_by','Users','users','id','OAuth2Clients','oauth2clients','created_by',NULL,NULL,NULL,'one-to-many',NULL,NULL,0,0),('46324fd7-3f11-2a84-bfe8-6798dea584ea','oauth2clients_oauth2tokens','OAuth2Clients','oauth2clients','id','OAuth2Tokens','oauth2tokens','client',NULL,NULL,NULL,'one-to-many',NULL,NULL,0,0),('46515de5-4aed-476d-b525-6798de43ec30','oauth2clients_assigned_user','Users','users','id','OAuth2Clients','oauth2clients','assigned_user_id',NULL,NULL,NULL,'one-to-many',NULL,NULL,0,0),('468d6cc9-7fe2-2edd-d077-6798def1773c','surveyresponses_modified_user','Users','users','id','SurveyResponses','surveyresponses','modified_user_id',NULL,NULL,NULL,'one-to-many',NULL,NULL,0,0),('46ad8431-ca1c-1941-ad6a-6798def856de','surveyresponses_created_by','Users','users','id','SurveyResponses','surveyresponses','created_by',NULL,NULL,NULL,'one-to-many',NULL,NULL,0,0),('46cd293a-30d8-0490-7b80-6798ded67bc7','surveyresponses_assigned_user','Users','users','id','SurveyResponses','surveyresponses','assigned_user_id',NULL,NULL,NULL,'one-to-many',NULL,NULL,0,0),('46ed9481-5d19-98a4-eae4-6798de8dfcbd','securitygroups_surveyresponses','SecurityGroups','securitygroups','id','SurveyResponses','surveyresponses','id','securitygroups_records','securitygroup_id','record_id','many-to-many','module','SurveyResponses',0,0),('47108691-12cd-36ce-d442-6798de533cde','surveyresponses_surveyquestionresponses','SurveyResponses','surveyresponses','id','SurveyQuestionResponses','surveyquestionresponses','surveyresponse_id',NULL,NULL,NULL,'one-to-many',NULL,NULL,0,0),('4730714e-5d04-5613-14bf-6798debe5e41','surveyresponses_contacts','Contacts','contacts','id','SurveyResponses','surveyresponses','contact_id',NULL,NULL,NULL,'one-to-many',NULL,NULL,0,0),('4751cfc9-49d0-910b-5ce1-6798de8a6026','surveyresponses_accounts','Accounts','accounts','id','SurveyResponses','surveyresponses','account_id',NULL,NULL,NULL,'one-to-many',NULL,NULL,0,0),('478a7865-5cbc-db7c-a5b8-6798ded994b5','surveys_modified_user','Users','users','id','Surveys','surveys','modified_user_id',NULL,NULL,NULL,'one-to-many',NULL,NULL,0,0),('47abae61-07f4-69eb-77ae-6798de1d5afc','surveys_created_by','Users','users','id','Surveys','surveys','created_by',NULL,NULL,NULL,'one-to-many',NULL,NULL,0,0),('47cb1ea6-beb5-42e6-045b-6798de81f34e','surveys_assigned_user','Users','users','id','Surveys','surveys','assigned_user_id',NULL,NULL,NULL,'one-to-many',NULL,NULL,0,0),('47f77566-28e4-3a87-9ac6-6798de70cebc','securitygroups_surveys','SecurityGroups','securitygroups','id','Surveys','surveys','id','securitygroups_records','securitygroup_id','record_id','many-to-many','module','Surveys',0,0),('481b737f-9973-2000-4748-6798de485bd1','surveys_surveyquestions','Surveys','surveys','id','SurveyQuestions','surveyquestions','survey_id',NULL,NULL,NULL,'one-to-many',NULL,NULL,0,0),('483e7a85-2722-75a4-b290-6798de15b435','surveys_surveyresponses','Surveys','surveys','id','SurveyResponses','surveyresponses','survey_id',NULL,NULL,NULL,'one-to-many',NULL,NULL,0,0),('485eb8d4-1af5-0596-ee44-6798de1e6e32','surveys_campaigns','Surveys','surveys','id','Campaigns','campaigns','survey_id',NULL,NULL,NULL,'one-to-many',NULL,NULL,0,0),('4898f4c5-249a-515a-6b9c-6798deeb7f2f','surveyquestionresponses_modified_user','Users','users','id','SurveyQuestionResponses','surveyquestionresponses','modified_user_id',NULL,NULL,NULL,'one-to-many',NULL,NULL,0,0),('48b8664a-810d-12c1-df43-6798de1e9b9b','surveyquestionresponses_created_by','Users','users','id','SurveyQuestionResponses','surveyquestionresponses','created_by',NULL,NULL,NULL,'one-to-many',NULL,NULL,0,0),('48d7f751-123b-9d59-6d4c-6798de042743','surveyquestionresponses_assigned_user','Users','users','id','SurveyQuestionResponses','surveyquestionresponses','assigned_user_id',NULL,NULL,NULL,'one-to-many',NULL,NULL,0,0),('48f7b340-f3cb-0193-49ba-6798de163181','securitygroups_surveyquestionresponses','SecurityGroups','securitygroups','id','SurveyQuestionResponses','surveyquestionresponses','id','securitygroups_records','securitygroup_id','record_id','many-to-many','module','SurveyQuestionResponses',0,0),('4933f779-9a48-ac0f-20a6-6798deb21829','surveyquestions_modified_user','Users','users','id','SurveyQuestions','surveyquestions','modified_user_id',NULL,NULL,NULL,'one-to-many',NULL,NULL,0,0),('4953117f-9dd7-aaee-bb69-6798de6d4769','surveyquestions_created_by','Users','users','id','SurveyQuestions','surveyquestions','created_by',NULL,NULL,NULL,'one-to-many',NULL,NULL,0,0),('4971f729-5a1a-18b6-8dbd-6798deffb111','surveyquestions_assigned_user','Users','users','id','SurveyQuestions','surveyquestions','assigned_user_id',NULL,NULL,NULL,'one-to-many',NULL,NULL,0,0),('49914a21-2ef6-f6b5-539a-6798de203727','securitygroups_surveyquestions','SecurityGroups','securitygroups','id','SurveyQuestions','surveyquestions','id','securitygroups_records','securitygroup_id','record_id','many-to-many','module','SurveyQuestions',0,0),('49b0f0b4-cc52-b81d-1678-6798def9b64c','surveyquestions_surveyquestionoptions','SurveyQuestions','surveyquestions','id','SurveyQuestionOptions','surveyquestionoptions','survey_question_id',NULL,NULL,NULL,'one-to-many',NULL,NULL,0,0),('49d1f426-1397-a744-e2f2-6798de46554c','surveyquestions_surveyquestionresponses','SurveyQuestions','surveyquestions','id','SurveyQuestionResponses','surveyquestionresponses','surveyquestion_id',NULL,NULL,NULL,'one-to-many',NULL,NULL,0,0),('4a0b4c25-7f70-97f2-310c-6798de1c8a4b','surveyquestionoptions_modified_user','Users','users','id','SurveyQuestionOptions','surveyquestionoptions','modified_user_id',NULL,NULL,NULL,'one-to-many',NULL,NULL,0,0),('4a2a02a5-4167-ab33-66cf-6798deeef6e9','surveyquestionoptions_created_by','Users','users','id','SurveyQuestionOptions','surveyquestionoptions','created_by',NULL,NULL,NULL,'one-to-many',NULL,NULL,0,0),('4a4c1ade-febc-6626-5787-6798dea84145','surveyquestionoptions_assigned_user','Users','users','id','SurveyQuestionOptions','surveyquestionoptions','assigned_user_id',NULL,NULL,NULL,'one-to-many',NULL,NULL,0,0),('4a6eac9f-1ebf-5c1f-16b7-6798de80ee72','securitygroups_surveyquestionoptions','SecurityGroups','securitygroups','id','SurveyQuestionOptions','surveyquestionoptions','id','securitygroups_records','securitygroup_id','record_id','many-to-many','module','SurveyQuestionOptions',0,0),('4b97c18a-30a8-ee5f-6580-6798de2484a5','ops_registre_suppression_dossier_modified_user','Users','users','id','OPS_registre_suppression_dossier','ops_registre_suppression_dossier','modified_user_id',NULL,NULL,NULL,'one-to-many',NULL,NULL,0,0),('4bbb991d-9269-1f80-440a-6798de47d396','ops_registre_suppression_dossier_created_by','Users','users','id','OPS_registre_suppression_dossier','ops_registre_suppression_dossier','created_by',NULL,NULL,NULL,'one-to-many',NULL,NULL,0,0),('4bddab6e-f668-566b-20a1-6798de03d02d','ops_registre_suppression_dossier_assigned_user','Users','users','id','OPS_registre_suppression_dossier','ops_registre_suppression_dossier','assigned_user_id',NULL,NULL,NULL,'one-to-many',NULL,NULL,0,0),('4bfef5ff-82bf-bb20-1158-6798dee0d60a','securitygroups_ops_registre_suppression_dossier','SecurityGroups','securitygroups','id','OPS_registre_suppression_dossier','ops_registre_suppression_dossier','id','securitygroups_records','securitygroup_id','record_id','many-to-many','module','OPS_registre_suppression_dossier',0,0),('4c3b4c6c-56ce-8504-61a3-6798de62d120','ops_registre_suppression_individu_modified_user','Users','users','id','OPS_registre_suppression_individu','ops_registre_suppression_individu','modified_user_id',NULL,NULL,NULL,'one-to-many',NULL,NULL,0,0),('4c5aa4c3-ecd7-4423-de07-6798dee89b74','ops_registre_suppression_individu_created_by','Users','users','id','OPS_registre_suppression_individu','ops_registre_suppression_individu','created_by',NULL,NULL,NULL,'one-to-many',NULL,NULL,0,0),('4c7b88a9-4824-7707-a425-6798de8720f7','ops_registre_suppression_individu_assigned_user','Users','users','id','OPS_registre_suppression_individu','ops_registre_suppression_individu','assigned_user_id',NULL,NULL,NULL,'one-to-many',NULL,NULL,0,0),('4c9dfe46-d3f3-4337-ab00-6798de937482','securitygroups_ops_registre_suppression_individu','SecurityGroups','securitygroups','id','OPS_registre_suppression_individu','ops_registre_suppression_individu','id','securitygroups_records','securitygroup_id','record_id','many-to-many','module','OPS_registre_suppression_individu',0,0),('4cd9705a-0990-2ab3-4595-6798de852775','ops_justificatif_historisation_modified_user','Users','users','id','OPS_justificatif_historisation','ops_justificatif_historisation','modified_user_id',NULL,NULL,NULL,'one-to-many',NULL,NULL,0,0),('4cfa26ea-0177-06e5-e3b8-6798de04eb9a','ops_justificatif_historisation_created_by','Users','users','id','OPS_justificatif_historisation','ops_justificatif_historisation','created_by',NULL,NULL,NULL,'one-to-many',NULL,NULL,0,0),('4d183be0-0d03-5776-5cb2-6798de8014b1','ops_justificatif_historisation_assigned_user','Users','users','id','OPS_justificatif_historisation','ops_justificatif_historisation','assigned_user_id',NULL,NULL,NULL,'one-to-many',NULL,NULL,0,0),('4d3a5ad9-7294-af0f-0b5a-6798deae6f9f','securitygroups_ops_justificatif_historisation','SecurityGroups','securitygroups','id','OPS_justificatif_historisation','ops_justificatif_historisation','id','securitygroups_records','securitygroup_id','record_id','many-to-many','module','OPS_justificatif_historisation',0,0),('4dc336d8-3ee8-0b88-73ff-6798de753778','ops_dispositif_modified_user','Users','users','id','OPS_dispositif','ops_dispositif','modified_user_id',NULL,NULL,NULL,'one-to-many',NULL,NULL,0,0),('4de25302-44c6-efbd-6d50-6798de6016b0','ops_dispositif_created_by','Users','users','id','OPS_dispositif','ops_dispositif','created_by',NULL,NULL,NULL,'one-to-many',NULL,NULL,0,0),('4e018c31-ce85-6701-e9f9-6798deb6725b','ops_dispositif_assigned_user','Users','users','id','OPS_dispositif','ops_dispositif','assigned_user_id',NULL,NULL,NULL,'one-to-many',NULL,NULL,0,0),('4e22e140-6353-c5e9-b5d4-6798de87409f','securitygroups_ops_dispositif','SecurityGroups','securitygroups','id','OPS_dispositif','ops_dispositif','id','securitygroups_records','securitygroup_id','record_id','many-to-many','module','OPS_dispositif',0,0),('4ea88183-4128-ff61-8333-6798de578a9d','ops_statut_modified_user','Users','users','id','OPS_statut','ops_statut','modified_user_id',NULL,NULL,NULL,'one-to-many',NULL,NULL,0,0),('4ec832e6-c13d-080a-d1f3-6798dec9b4d0','ops_statut_created_by','Users','users','id','OPS_statut','ops_statut','created_by',NULL,NULL,NULL,'one-to-many',NULL,NULL,0,0),('4ee8eb2e-2e41-4da5-a096-6798de2b2799','ops_statut_assigned_user','Users','users','id','OPS_statut','ops_statut','assigned_user_id',NULL,NULL,NULL,'one-to-many',NULL,NULL,0,0),('4f0999aa-a4bd-0857-2005-6798deae4c4a','securitygroups_ops_statut','SecurityGroups','securitygroups','id','OPS_statut','ops_statut','id','securitygroups_records','securitygroup_id','record_id','many-to-many','module','OPS_statut',0,0),('4f861304-dbec-1e6e-0042-6798dee721f0','ops_etape_modified_user','Users','users','id','OPS_etape','ops_etape','modified_user_id',NULL,NULL,NULL,'one-to-many',NULL,NULL,0,0),('4fa7656f-88c0-46e3-0955-6798dedd046c','ops_etape_created_by','Users','users','id','OPS_etape','ops_etape','created_by',NULL,NULL,NULL,'one-to-many',NULL,NULL,0,0),('4fc6c109-8628-8d8b-c5d4-6798de01b5da','ops_etape_assigned_user','Users','users','id','OPS_etape','ops_etape','assigned_user_id',NULL,NULL,NULL,'one-to-many',NULL,NULL,0,0),('4fe71927-bf40-3af3-14ee-6798defb04de','securitygroups_ops_etape','SecurityGroups','securitygroups','id','OPS_etape','ops_etape','id','securitygroups_records','securitygroup_id','record_id','many-to-many','module','OPS_etape',0,0),('506541e0-e71b-165a-3df0-6798de34d376','ops_guide_instruction_modified_user','Users','users','id','OPS_guide_instruction','ops_guide_instruction','modified_user_id',NULL,NULL,NULL,'one-to-many',NULL,NULL,0,0),('5083df98-e154-79f9-3471-6798dec49723','ops_guide_instruction_created_by','Users','users','id','OPS_guide_instruction','ops_guide_instruction','created_by',NULL,NULL,NULL,'one-to-many',NULL,NULL,0,0),('50a432f9-d233-dbc9-657c-6798de46b64a','ops_guide_instruction_assigned_user','Users','users','id','OPS_guide_instruction','ops_guide_instruction','assigned_user_id',NULL,NULL,NULL,'one-to-many',NULL,NULL,0,0),('50c2eb17-f59c-1b73-da52-6798de6c1ba0','securitygroups_ops_guide_instruction','SecurityGroups','securitygroups','id','OPS_guide_instruction','ops_guide_instruction','id','securitygroups_records','securitygroup_id','record_id','many-to-many','module','OPS_guide_instruction',0,0),('5149b807-4875-23d7-f494-6798de3981fd','ops_formule_modified_user','Users','users','id','OPS_formule','ops_formule','modified_user_id',NULL,NULL,NULL,'one-to-many',NULL,NULL,0,0),('516a7764-6d19-cfb6-37aa-6798de2a6957','ops_formule_created_by','Users','users','id','OPS_formule','ops_formule','created_by',NULL,NULL,NULL,'one-to-many',NULL,NULL,0,0),('5188e357-9625-7291-6bcf-6798dece2f92','ops_formule_assigned_user','Users','users','id','OPS_formule','ops_formule','assigned_user_id',NULL,NULL,NULL,'one-to-many',NULL,NULL,0,0),('51a83bfb-73c6-d25b-d67a-6798de82f3b6','securitygroups_ops_formule','SecurityGroups','securitygroups','id','OPS_formule','ops_formule','id','securitygroups_records','securitygroup_id','record_id','many-to-many','module','OPS_formule',0,0),('51daa824-98b9-db0b-67f5-6798de4b4db3','ops_appairage_modified_user','Users','users','id','OPS_appairage','ops_appairage','modified_user_id',NULL,NULL,NULL,'one-to-many',NULL,NULL,0,0),('51f986c2-64c4-88c3-1f70-6798de5fa32f','ops_appairage_created_by','Users','users','id','OPS_appairage','ops_appairage','created_by',NULL,NULL,NULL,'one-to-many',NULL,NULL,0,0),('526f6887-ecac-1720-83f9-6798de29754f','ops_individu_modified_user','Users','users','id','OPS_individu','ops_individu','modified_user_id',NULL,NULL,NULL,'one-to-many',NULL,NULL,0,0),('528e16ca-a895-73bf-474e-6798de64fde7','ops_individu_created_by','Users','users','id','OPS_individu','ops_individu','created_by',NULL,NULL,NULL,'one-to-many',NULL,NULL,0,0),('52af9c6d-19e5-4451-5ef8-6798dec5570d','ops_individu_assigned_user','Users','users','id','OPS_individu','ops_individu','assigned_user_id',NULL,NULL,NULL,'one-to-many',NULL,NULL,0,0),('52d4444b-5183-861f-a56e-6798de0f288b','securitygroups_ops_individu','SecurityGroups','securitygroups','id','OPS_individu','ops_individu','id','securitygroups_records','securitygroup_id','record_id','many-to-many','module','OPS_individu',0,0),('52f52b53-3733-72ab-6812-6798de76d61a','ops_individu_email_addresses','OPS_individu','ops_individu','id','EmailAddresses','email_addresses','id','email_addr_bean_rel','bean_id','email_address_id','many-to-many','bean_module','OPS_individu',0,0),('5315f5a0-171d-8468-0c4a-6798de7b205e','ops_individu_email_addresses_primary','OPS_individu','ops_individu','id','EmailAddresses','email_addresses','id','email_addr_bean_rel','bean_id','email_address_id','many-to-many','primary_address','1',0,0),('53c7d93f-5bc4-286b-e314-6798de66f5d7','ops_historisation_modified_user','Users','users','id','OPS_historisation','ops_historisation','modified_user_id',NULL,NULL,NULL,'one-to-many',NULL,NULL,0,0),('53e9bea1-6b9e-45f0-d119-6798debe2ccc','ops_historisation_created_by','Users','users','id','OPS_historisation','ops_historisation','created_by',NULL,NULL,NULL,'one-to-many',NULL,NULL,0,0),('5408b61b-293a-e234-b38b-6798de80a0c1','ops_historisation_assigned_user','Users','users','id','OPS_historisation','ops_historisation','assigned_user_id',NULL,NULL,NULL,'one-to-many',NULL,NULL,0,0),('5429907e-082c-a9a1-6f78-6798de5af3fc','securitygroups_ops_historisation','SecurityGroups','securitygroups','id','OPS_historisation','ops_historisation','id','securitygroups_records','securitygroup_id','record_id','many-to-many','module','OPS_historisation',0,0),('54b0476d-dbf9-d16b-04c2-6798de60e165','ops_type_document_modified_user','Users','users','id','OPS_type_document','ops_type_document','modified_user_id',NULL,NULL,NULL,'one-to-many',NULL,NULL,0,0),('54d1e7f7-db70-5392-7aba-6798de2ac356','ops_type_document_created_by','Users','users','id','OPS_type_document','ops_type_document','created_by',NULL,NULL,NULL,'one-to-many',NULL,NULL,0,0),('54f3d048-8e1f-a7a3-8b5e-6798de4e802c','ops_type_document_assigned_user','Users','users','id','OPS_type_document','ops_type_document','assigned_user_id',NULL,NULL,NULL,'one-to-many',NULL,NULL,0,0),('55165716-22f7-49ef-e015-6798de5724c4','securitygroups_ops_type_document','SecurityGroups','securitygroups','id','OPS_type_document','ops_type_document','id','securitygroups_records','securitygroup_id','record_id','many-to-many','module','OPS_type_document',0,0),('5598d657-6c3f-c85c-7490-6798deaee892','ops_action_statut_modified_user','Users','users','id','OPS_action_statut','ops_action_statut','modified_user_id',NULL,NULL,NULL,'one-to-many',NULL,NULL,0,0),('55b87f0f-0868-2dd0-ed87-6798de577c9a','ops_action_statut_created_by','Users','users','id','OPS_action_statut','ops_action_statut','created_by',NULL,NULL,NULL,'one-to-many',NULL,NULL,0,0),('55d7eda7-1914-b98d-8ce2-6798de15edc5','ops_action_statut_assigned_user','Users','users','id','OPS_action_statut','ops_action_statut','assigned_user_id',NULL,NULL,NULL,'one-to-many',NULL,NULL,0,0),('55f68908-c464-bc28-01ed-6798de863155','securitygroups_ops_action_statut','SecurityGroups','securitygroups','id','OPS_action_statut','ops_action_statut','id','securitygroups_records','securitygroup_id','record_id','many-to-many','module','OPS_action_statut',0,0),('5678e5f3-7200-2a93-a72f-6798dec7dc7c','ops_journal_modified_user','Users','users','id','OPS_journal','ops_journal','modified_user_id',NULL,NULL,NULL,'one-to-many',NULL,NULL,0,0),('569a5f26-5a3f-b58e-4974-6798de1e742b','ops_journal_created_by','Users','users','id','OPS_journal','ops_journal','created_by',NULL,NULL,NULL,'one-to-many',NULL,NULL,0,0),('56b91dfc-9e99-9c54-1c4f-6798def88f83','ops_journal_assigned_user','Users','users','id','OPS_journal','ops_journal','assigned_user_id',NULL,NULL,NULL,'one-to-many',NULL,NULL,0,0),('56d862ff-e179-dc2d-c87e-6798decf465a','securitygroups_ops_journal','SecurityGroups','securitygroups','id','OPS_journal','ops_journal','id','securitygroups_records','securitygroup_id','record_id','many-to-many','module','OPS_journal',0,0),('575fbc31-517f-fc34-9813-6798dee25cd6','ops_journal_detail_modified_user','Users','users','id','OPS_journal_detail','ops_journal_detail','modified_user_id',NULL,NULL,NULL,'one-to-many',NULL,NULL,0,0),('57810978-c9b6-d073-8453-6798de13cd58','ops_journal_detail_created_by','Users','users','id','OPS_journal_detail','ops_journal_detail','created_by',NULL,NULL,NULL,'one-to-many',NULL,NULL,0,0),('57a0a50e-a088-3002-0034-6798dede1a10','ops_journal_detail_assigned_user','Users','users','id','OPS_journal_detail','ops_journal_detail','assigned_user_id',NULL,NULL,NULL,'one-to-many',NULL,NULL,0,0),('57c01f2c-ac76-e074-bb45-6798dec7d58a','securitygroups_ops_journal_detail','SecurityGroups','securitygroups','id','OPS_journal_detail','ops_journal_detail','id','securitygroups_records','securitygroup_id','record_id','many-to-many','module','OPS_journal_detail',0,0),('584add0d-96b1-18e3-5a3e-6798de8feb39','ops_dossier_modified_user','Users','users','id','OPS_dossier','ops_dossier','modified_user_id',NULL,NULL,NULL,'one-to-many',NULL,NULL,0,0),('586a0479-815f-2070-cb2d-6798deabf4b3','ops_dossier_created_by','Users','users','id','OPS_dossier','ops_dossier','created_by',NULL,NULL,NULL,'one-to-many',NULL,NULL,0,0),('588959bc-1212-41c8-0549-6798def9f5eb','ops_dossier_assigned_user','Users','users','id','OPS_dossier','ops_dossier','assigned_user_id',NULL,NULL,NULL,'one-to-many',NULL,NULL,0,0),('58a87756-aa75-545d-cf5e-6798de8b5f24','securitygroups_ops_dossier','SecurityGroups','securitygroups','id','OPS_dossier','ops_dossier','id','securitygroups_records','securitygroup_id','record_id','many-to-many','module','OPS_dossier',0,0),('58c80484-a8e5-3fa3-d29f-6798de8d443a','statut_relationship','OPS_statut','ops_statut','id','OPS_dossier','ops_dossier','ops_statut_id',NULL,NULL,NULL,'one-to-many',NULL,NULL,0,0),('58e60980-5703-0793-aed5-6798de781ed5','etape_relationship','OPS_etape','ops_etape','id','OPS_dossier','ops_dossier','ops_etape_id',NULL,NULL,NULL,'one-to-many',NULL,NULL,0,0),('59a12cb7-1db2-1f8a-f79f-6798dea5ec3f','ops_integrites_modified_user','Users','users','id','OPS_integrites','ops_integrites','modified_user_id',NULL,NULL,NULL,'one-to-many',NULL,NULL,0,0),('59c0dd76-6daa-ff1e-32d3-6798decf3d57','ops_integrites_created_by','Users','users','id','OPS_integrites','ops_integrites','created_by',NULL,NULL,NULL,'one-to-many',NULL,NULL,0,0),('59ded8c7-ca80-c437-baf9-6798de6bef3e','ops_integrites_assigned_user','Users','users','id','OPS_integrites','ops_integrites','assigned_user_id',NULL,NULL,NULL,'one-to-many',NULL,NULL,0,0),('59fe4404-7b07-826b-aafb-6798de88ec42','securitygroups_ops_integrites','SecurityGroups','securitygroups','id','OPS_integrites','ops_integrites','id','securitygroups_records','securitygroup_id','record_id','many-to-many','module','OPS_integrites',0,0),('5a7ef563-fb51-71a1-f758-6798de3a1160','ops_integrites_req_modified_user','Users','users','id','OPS_integrites_req','ops_integrites_req','modified_user_id',NULL,NULL,NULL,'one-to-many',NULL,NULL,0,0),('5a9e53b3-209c-3650-29ff-6798de36c378','ops_integrites_req_created_by','Users','users','id','OPS_integrites_req','ops_integrites_req','created_by',NULL,NULL,NULL,'one-to-many',NULL,NULL,0,0),('5abf068a-dbc4-fe89-09ac-6798de25b8e4','ops_integrites_req_assigned_user','Users','users','id','OPS_integrites_req','ops_integrites_req','assigned_user_id',NULL,NULL,NULL,'one-to-many',NULL,NULL,0,0),('5ade5b48-c5c7-2b09-e25b-6798de871e27','securitygroups_ops_integrites_req','SecurityGroups','securitygroups','id','OPS_integrites_req','ops_integrites_req','id','securitygroups_records','securitygroup_id','record_id','many-to-many','module','OPS_integrites_req',0,0),('5b63a882-21a3-800b-2a5a-6798de9788d5','ops_connecteur_modified_user','Users','users','id','OPS_connecteur','ops_connecteur','modified_user_id',NULL,NULL,NULL,'one-to-many',NULL,NULL,0,0),('5b82decd-a5cb-7124-0d2c-6798dec37f80','ops_connecteur_created_by','Users','users','id','OPS_connecteur','ops_connecteur','created_by',NULL,NULL,NULL,'one-to-many',NULL,NULL,0,0),('5ba3ab37-ec27-29a6-b87a-6798de3da086','ops_connecteur_assigned_user','Users','users','id','OPS_connecteur','ops_connecteur','assigned_user_id',NULL,NULL,NULL,'one-to-many',NULL,NULL,0,0),('5bc2fbe8-60de-721f-8202-6798de5582f9','securitygroups_ops_connecteur','SecurityGroups','securitygroups','id','OPS_connecteur','ops_connecteur','id','securitygroups_records','securitygroup_id','record_id','many-to-many','module','OPS_connecteur',0,0),('5c44beec-ca1a-e4c8-533a-6798dede73c3','ops_flux_element_modified_user','Users','users','id','OPS_flux_element','ops_flux_element','modified_user_id',NULL,NULL,NULL,'one-to-many',NULL,NULL,0,0),('5c64db62-ae36-5db6-ae8e-6798dea69393','ops_flux_element_created_by','Users','users','id','OPS_flux_element','ops_flux_element','created_by',NULL,NULL,NULL,'one-to-many',NULL,NULL,0,0),('5c845db5-effd-bbd9-9a99-6798de90264a','ops_flux_element_assigned_user','Users','users','id','OPS_flux_element','ops_flux_element','assigned_user_id',NULL,NULL,NULL,'one-to-many',NULL,NULL,0,0),('5ca3a04b-9046-a2ff-8ea7-6798de27a8b2','securitygroups_ops_flux_element','SecurityGroups','securitygroups','id','OPS_flux_element','ops_flux_element','id','securitygroups_records','securitygroup_id','record_id','many-to-many','module','OPS_flux_element',0,0),('5d2a17f4-1e38-32ad-5cc1-6798de13c296','ops_flux_modified_user','Users','users','id','OPS_flux','ops_flux','modified_user_id',NULL,NULL,NULL,'one-to-many',NULL,NULL,0,0),('5d4d1bad-a237-0c75-d309-6798de47aff1','ops_flux_created_by','Users','users','id','OPS_flux','ops_flux','created_by',NULL,NULL,NULL,'one-to-many',NULL,NULL,0,0),('5d6cb73d-deab-510c-19e8-6798decf1fde','ops_flux_assigned_user','Users','users','id','OPS_flux','ops_flux','assigned_user_id',NULL,NULL,NULL,'one-to-many',NULL,NULL,0,0),('5d8beac5-6dc4-8228-eaea-6798de420299','securitygroups_ops_flux','SecurityGroups','securitygroups','id','OPS_flux','ops_flux','id','securitygroups_records','securitygroup_id','record_id','many-to-many','module','OPS_flux',0,0),('5e0c0339-2be8-f5ce-d79e-6798de836c22','ops_territoire_modified_user','Users','users','id','OPS_territoire','ops_territoire','modified_user_id',NULL,NULL,NULL,'one-to-many',NULL,NULL,0,0),('5e2ebd94-7d4b-f4be-ae3f-6798de9deeb1','ops_territoire_created_by','Users','users','id','OPS_territoire','ops_territoire','created_by',NULL,NULL,NULL,'one-to-many',NULL,NULL,0,0),('5e51b9ed-8dc7-89e2-f376-6798dee93c42','ops_territoire_assigned_user','Users','users','id','OPS_territoire','ops_territoire','assigned_user_id',NULL,NULL,NULL,'one-to-many',NULL,NULL,0,0),('5e74787d-d347-8c00-104b-6798def03b74','securitygroups_ops_territoire','SecurityGroups','securitygroups','id','OPS_territoire','ops_territoire','id','securitygroups_records','securitygroup_id','record_id','many-to-many','module','OPS_territoire',0,0),('5ef4764f-2e59-131c-c6ea-6798de0776b9','ops_type_territoire_modified_user','Users','users','id','OPS_type_territoire','ops_type_territoire','modified_user_id',NULL,NULL,NULL,'one-to-many',NULL,NULL,0,0),('5f143318-bc1b-8c2b-2780-6798de5fb87f','ops_type_territoire_created_by','Users','users','id','OPS_type_territoire','ops_type_territoire','created_by',NULL,NULL,NULL,'one-to-many',NULL,NULL,0,0),('5f32bdb2-3d1c-0c0c-8979-6798deb4dc7d','ops_type_territoire_assigned_user','Users','users','id','OPS_type_territoire','ops_type_territoire','assigned_user_id',NULL,NULL,NULL,'one-to-many',NULL,NULL,0,0),('5f533ff9-0b76-a007-4e1e-6798de395607','securitygroups_ops_type_territoire','SecurityGroups','securitygroups','id','OPS_type_territoire','ops_type_territoire','id','securitygroups_records','securitygroup_id','record_id','many-to-many','module','OPS_type_territoire',0,0),('5fc9b62c-5112-2069-02fc-6798de54a6cb','ops_sous_territoire_modified_user','Users','users','id','OPS_sous_territoire','ops_sous_territoire','modified_user_id',NULL,NULL,NULL,'one-to-many',NULL,NULL,0,0),('5fe7e69a-9412-4bd5-372f-6798de1a911c','ops_sous_territoire_created_by','Users','users','id','OPS_sous_territoire','ops_sous_territoire','created_by',NULL,NULL,NULL,'one-to-many',NULL,NULL,0,0),('60089d53-b7da-3a85-2084-6798de508dd1','ops_sous_territoire_assigned_user','Users','users','id','OPS_sous_territoire','ops_sous_territoire','assigned_user_id',NULL,NULL,NULL,'one-to-many',NULL,NULL,0,0),('6027c467-a38c-dc9f-9655-6798deba95d8','securitygroups_ops_sous_territoire','SecurityGroups','securitygroups','id','OPS_sous_territoire','ops_sous_territoire','id','securitygroups_records','securitygroup_id','record_id','many-to-many','module','OPS_sous_territoire',0,0),('60ad1c73-7227-7b60-41c5-6798de9bfa42','ops_habilitation_dispositif_modified_user','Users','users','id','OPS_habilitation_dispositif','ops_habilitation_dispositif','modified_user_id',NULL,NULL,NULL,'one-to-many',NULL,NULL,0,0),('60ce6c06-b32f-5700-56db-6798ded03a3d','ops_habilitation_dispositif_created_by','Users','users','id','OPS_habilitation_dispositif','ops_habilitation_dispositif','created_by',NULL,NULL,NULL,'one-to-many',NULL,NULL,0,0),('60efb855-7ab4-10cc-e71f-6798dea8acf9','ops_habilitation_dispositif_assigned_user','Users','users','id','OPS_habilitation_dispositif','ops_habilitation_dispositif','assigned_user_id',NULL,NULL,NULL,'one-to-many',NULL,NULL,0,0),('61127656-6e46-214c-f025-6798de12e11a','securitygroups_ops_habilitation_dispositif','SecurityGroups','securitygroups','id','OPS_habilitation_dispositif','ops_habilitation_dispositif','id','securitygroups_records','securitygroup_id','record_id','many-to-many','module','OPS_habilitation_dispositif',0,0),('619f933d-5a05-c52e-24b6-6798debc60eb','ops_habilitation_etape_modified_user','Users','users','id','OPS_habilitation_etape','ops_habilitation_etape','modified_user_id',NULL,NULL,NULL,'one-to-many',NULL,NULL,0,0),('62db0c2a-0195-55d0-a5e7-6798deb37af4','ops_habilitation_etape_created_by','Users','users','id','OPS_habilitation_etape','ops_habilitation_etape','created_by',NULL,NULL,NULL,'one-to-many',NULL,NULL,0,0),('62fb182c-f634-6fdb-6de3-6798deb90442','ops_habilitation_etape_assigned_user','Users','users','id','OPS_habilitation_etape','ops_habilitation_etape','assigned_user_id',NULL,NULL,NULL,'one-to-many',NULL,NULL,0,0),('631d1883-2571-ff3f-eaf5-6798deca5b92','securitygroups_ops_habilitation_etape','SecurityGroups','securitygroups','id','OPS_habilitation_etape','ops_habilitation_etape','id','securitygroups_records','securitygroup_id','record_id','many-to-many','module','OPS_habilitation_etape',0,0),('63ace90f-973a-2e5a-02b0-6798deadda03','ops_dashlet_modified_user','Users','users','id','OPS_dashlet','ops_dashlet','modified_user_id',NULL,NULL,NULL,'one-to-many',NULL,NULL,0,0),('63cb6730-ddef-8140-a74d-6798de7f2349','ops_dashlet_created_by','Users','users','id','OPS_dashlet','ops_dashlet','created_by',NULL,NULL,NULL,'one-to-many',NULL,NULL,0,0),('63ed0bab-1abd-b655-b3b8-6798de3599a5','ops_dashlet_assigned_user','Users','users','id','OPS_dashlet','ops_dashlet','assigned_user_id',NULL,NULL,NULL,'one-to-many',NULL,NULL,0,0),('640e143a-ebda-554c-ca68-6798de8727ac','securitygroups_ops_dashlet','SecurityGroups','securitygroups','id','OPS_dashlet','ops_dashlet','id','securitygroups_records','securitygroup_id','record_id','many-to-many','module','OPS_dashlet',0,0),('648bfac8-8d33-b4bd-5e84-6798de5da7e9','ops_dashlet_onglet_modified_user','Users','users','id','OPS_dashlet_onglet','ops_dashlet_onglet','modified_user_id',NULL,NULL,NULL,'one-to-many',NULL,NULL,0,0),('64ac0caa-3d5d-d8ed-524e-6798de19e5e3','ops_dashlet_onglet_created_by','Users','users','id','OPS_dashlet_onglet','ops_dashlet_onglet','created_by',NULL,NULL,NULL,'one-to-many',NULL,NULL,0,0),('64cb65ed-b95d-6338-0897-6798deb9c675','ops_dashlet_onglet_assigned_user','Users','users','id','OPS_dashlet_onglet','ops_dashlet_onglet','assigned_user_id',NULL,NULL,NULL,'one-to-many',NULL,NULL,0,0),('64ebe8ea-f773-e6c4-e5cc-6798dedd82c9','securitygroups_ops_dashlet_onglet','SecurityGroups','securitygroups','id','OPS_dashlet_onglet','ops_dashlet_onglet','id','securitygroups_records','securitygroup_id','record_id','many-to-many','module','OPS_dashlet_onglet',0,0),('6571a844-561d-b441-7440-6798de5e0e50','ops_onglet_modified_user','Users','users','id','OPS_onglet','ops_onglet','modified_user_id',NULL,NULL,NULL,'one-to-many',NULL,NULL,0,0),('6595db35-5695-a6ce-f1c9-6798de7d2b2f','ops_onglet_created_by','Users','users','id','OPS_onglet','ops_onglet','created_by',NULL,NULL,NULL,'one-to-many',NULL,NULL,0,0),('65b5faf0-6acb-fca1-bc6c-6798de814182','ops_onglet_assigned_user','Users','users','id','OPS_onglet','ops_onglet','assigned_user_id',NULL,NULL,NULL,'one-to-many',NULL,NULL,0,0),('65d4c93c-65d3-6343-e870-6798def63ac4','securitygroups_ops_onglet','SecurityGroups','securitygroups','id','OPS_onglet','ops_onglet','id','securitygroups_records','securitygroup_id','record_id','many-to-many','module','OPS_onglet',0,0),('6659601e-0c3d-ff3d-26c0-6798dee71128','ops_onglet_securitygroups_modified_user','Users','users','id','OPS_onglet_securitygroups','ops_onglet_securitygroups','modified_user_id',NULL,NULL,NULL,'one-to-many',NULL,NULL,0,0),('667ab7e8-68f3-6359-7abb-6798deb73197','ops_onglet_securitygroups_created_by','Users','users','id','OPS_onglet_securitygroups','ops_onglet_securitygroups','created_by',NULL,NULL,NULL,'one-to-many',NULL,NULL,0,0),('669f451e-6da3-7b2a-b48b-6798deaa530d','ops_onglet_securitygroups_assigned_user','Users','users','id','OPS_onglet_securitygroups','ops_onglet_securitygroups','assigned_user_id',NULL,NULL,NULL,'one-to-many',NULL,NULL,0,0),('66c4a8f3-22c0-a215-f970-6798de33daa9','securitygroups_ops_onglet_securitygroups','SecurityGroups','securitygroups','id','OPS_onglet_securitygroups','ops_onglet_securitygroups','id','securitygroups_records','securitygroup_id','record_id','many-to-many','module','OPS_onglet_securitygroups',0,0),('674dbc16-3309-6ffa-8ca0-6798de84fd7d','ops_generateur_vue_modified_user','Users','users','id','OPS_generateur_vue','ops_generateur_vue','modified_user_id',NULL,NULL,NULL,'one-to-many',NULL,NULL,0,0),('676f188e-ee83-7ac4-5980-6798de4b70e8','ops_generateur_vue_created_by','Users','users','id','OPS_generateur_vue','ops_generateur_vue','created_by',NULL,NULL,NULL,'one-to-many',NULL,NULL,0,0),('6791a5e5-7ec1-5a5f-fe8d-6798de146d38','ops_generateur_vue_assigned_user','Users','users','id','OPS_generateur_vue','ops_generateur_vue','assigned_user_id',NULL,NULL,NULL,'one-to-many',NULL,NULL,0,0),('67b21af6-a548-91da-3c04-6798de15d579','securitygroups_ops_generateur_vue','SecurityGroups','securitygroups','id','OPS_generateur_vue','ops_generateur_vue','id','securitygroups_records','securitygroup_id','record_id','many-to-many','module','OPS_generateur_vue',0,0),('6841a2c8-b5f5-4c0c-7157-6798de14e888','ops_generateur_onglet_modified_user','Users','users','id','OPS_generateur_onglet','ops_generateur_onglet','modified_user_id',NULL,NULL,NULL,'one-to-many',NULL,NULL,0,0),('6868159f-7c01-962b-cd92-6798de68b55b','ops_generateur_onglet_created_by','Users','users','id','OPS_generateur_onglet','ops_generateur_onglet','created_by',NULL,NULL,NULL,'one-to-many',NULL,NULL,0,0),('688da238-dcea-f0c0-283b-6798de27f26e','ops_generateur_onglet_assigned_user','Users','users','id','OPS_generateur_onglet','ops_generateur_onglet','assigned_user_id',NULL,NULL,NULL,'one-to-many',NULL,NULL,0,0),('68ad5f35-d206-2e1c-cd8b-6798de89d716','securitygroups_ops_generateur_onglet','SecurityGroups','securitygroups','id','OPS_generateur_onglet','ops_generateur_onglet','id','securitygroups_records','securitygroup_id','record_id','many-to-many','module','OPS_generateur_onglet',0,0),('6946063a-6ab1-6abe-bfab-6798de4cfc72','ops_generateur_champ_modified_user','Users','users','id','OPS_generateur_champ','ops_generateur_champ','modified_user_id',NULL,NULL,NULL,'one-to-many',NULL,NULL,0,0),('696930b1-921f-329e-056a-6798deead8b8','ops_generateur_champ_created_by','Users','users','id','OPS_generateur_champ','ops_generateur_champ','created_by',NULL,NULL,NULL,'one-to-many',NULL,NULL,0,0),('698c4e30-d984-399f-6b2f-6798dea7fd59','ops_generateur_champ_assigned_user','Users','users','id','OPS_generateur_champ','ops_generateur_champ','assigned_user_id',NULL,NULL,NULL,'one-to-many',NULL,NULL,0,0),('69ac9347-19b7-b2b1-eff0-6798de61edb2','securitygroups_ops_generateur_champ','SecurityGroups','securitygroups','id','OPS_generateur_champ','ops_generateur_champ','id','securitygroups_records','securitygroup_id','record_id','many-to-many','module','OPS_generateur_champ',0,0),('6a3b000d-0dda-abcf-4a42-6798de53b34e','ops_generateur_referentiel_modified_user','Users','users','id','OPS_generateur_referentiel','ops_generateur_referentiel','modified_user_id',NULL,NULL,NULL,'one-to-many',NULL,NULL,0,0),('6a5efa1a-79ff-8bd1-a96c-6798dea01378','ops_generateur_referentiel_created_by','Users','users','id','OPS_generateur_referentiel','ops_generateur_referentiel','created_by',NULL,NULL,NULL,'one-to-many',NULL,NULL,0,0),('6a82c2c2-423e-ccee-cb21-6798deb36158','ops_generateur_referentiel_assigned_user','Users','users','id','OPS_generateur_referentiel','ops_generateur_referentiel','assigned_user_id',NULL,NULL,NULL,'one-to-many',NULL,NULL,0,0),('6aa2f7d0-7ca7-3f05-9c6b-6798dec03401','securitygroups_ops_generateur_referentiel','SecurityGroups','securitygroups','id','OPS_generateur_referentiel','ops_generateur_referentiel','id','securitygroups_records','securitygroup_id','record_id','many-to-many','module','OPS_generateur_referentiel',0,0),('6adf6efc-b696-b78d-c8cc-6798de0690f5','ops_generateur_version_modified_user','Users','users','id','OPS_generateur_version','ops_generateur_version','modified_user_id',NULL,NULL,NULL,'one-to-many',NULL,NULL,0,0),('6b03a7db-bcba-81b9-2a94-6798deb33c1f','ops_generateur_version_created_by','Users','users','id','OPS_generateur_version','ops_generateur_version','created_by',NULL,NULL,NULL,'one-to-many',NULL,NULL,0,0),('6b245cc5-1d8b-3053-cb38-6798de48bca0','ops_generateur_version_assigned_user','Users','users','id','OPS_generateur_version','ops_generateur_version','assigned_user_id',NULL,NULL,NULL,'one-to-many',NULL,NULL,0,0),('6b4b6bf7-1213-9512-a975-6798debb97ca','securitygroups_ops_generateur_version','SecurityGroups','securitygroups','id','OPS_generateur_version','ops_generateur_version','id','securitygroups_records','securitygroup_id','record_id','many-to-many','module','OPS_generateur_version',0,0),('6be9d865-95b5-c820-03cc-6798de4e2287','ops_generateur_formulaire_modified_user','Users','users','id','OPS_generateur_formulaire','ops_generateur_formulaire','modified_user_id',NULL,NULL,NULL,'one-to-many',NULL,NULL,0,0),('6c0d0ee0-8df6-9c1b-4948-6798de135bfa','ops_generateur_formulaire_created_by','Users','users','id','OPS_generateur_formulaire','ops_generateur_formulaire','created_by',NULL,NULL,NULL,'one-to-many',NULL,NULL,0,0),('6c2d34f6-bde9-8881-4c30-6798ded19781','ops_generateur_formulaire_assigned_user','Users','users','id','OPS_generateur_formulaire','ops_generateur_formulaire','assigned_user_id',NULL,NULL,NULL,'one-to-many',NULL,NULL,0,0),('6c50feec-eba2-d473-0e1d-6798de2c2829','securitygroups_ops_generateur_formulaire','SecurityGroups','securitygroups','id','OPS_generateur_formulaire','ops_generateur_formulaire','id','securitygroups_records','securitygroup_id','record_id','many-to-many','module','OPS_generateur_formulaire',0,0),('6ce5b1ec-43ed-885c-f77e-6798de1f54f8','ops_historique_connexion_modified_user','Users','users','id','OPS_historique_connexion','ops_historique_connexion','modified_user_id',NULL,NULL,NULL,'one-to-many',NULL,NULL,0,0),('6d09c53e-802c-121d-aa32-6798deafa4b2','ops_historique_connexion_created_by','Users','users','id','OPS_historique_connexion','ops_historique_connexion','created_by',NULL,NULL,NULL,'one-to-many',NULL,NULL,0,0),('6d32c6b0-41bd-653e-417c-6798dea13ca2','ops_historique_connexion_assigned_user','Users','users','id','OPS_historique_connexion','ops_historique_connexion','assigned_user_id',NULL,NULL,NULL,'one-to-many',NULL,NULL,0,0),('6d520b07-10db-eac6-de42-6798de2442ac','securitygroups_ops_historique_connexion','SecurityGroups','securitygroups','id','OPS_historique_connexion','ops_historique_connexion','id','securitygroups_records','securitygroup_id','record_id','many-to-many','module','OPS_historique_connexion',0,0),('6de27506-9265-e62d-e0bf-6798de084a57','ops_personne_morale_modified_user','Users','users','id','OPS_personne_morale','ops_personne_morale','modified_user_id',NULL,NULL,NULL,'one-to-many',NULL,NULL,0,0),('6e068d35-079f-5b3b-8211-6798de463f1b','ops_personne_morale_created_by','Users','users','id','OPS_personne_morale','ops_personne_morale','created_by',NULL,NULL,NULL,'one-to-many',NULL,NULL,0,0),('6e2861bc-fae9-e3f4-7ee9-6798ded27597','ops_personne_morale_assigned_user','Users','users','id','OPS_personne_morale','ops_personne_morale','assigned_user_id',NULL,NULL,NULL,'one-to-many',NULL,NULL,0,0),('6e4901ba-95ab-8e01-8cf2-6798deca7fd0','securitygroups_ops_personne_morale','SecurityGroups','securitygroups','id','OPS_personne_morale','ops_personne_morale','id','securitygroups_records','securitygroup_id','record_id','many-to-many','module','OPS_personne_morale',0,0),('6e6cc858-9e25-3e27-da2f-6798de022d92','ops_personne_morale_email_addresses','OPS_personne_morale','ops_personne_morale','id','EmailAddresses','email_addresses','id','email_addr_bean_rel','bean_id','email_address_id','many-to-many','bean_module','OPS_personne_morale',0,0),('6e999225-91c2-64e5-148c-6798dea1173c','ops_personne_morale_email_addresses_primary','OPS_personne_morale','ops_personne_morale','id','EmailAddresses','email_addresses','id','email_addr_bean_rel','bean_id','email_address_id','many-to-many','primary_address','1',0,0),('6f5e4315-a913-f5b0-6151-6798de1622a4','ops_type_personne_modified_user','Users','users','id','OPS_type_personne','ops_type_personne','modified_user_id',NULL,NULL,NULL,'one-to-many',NULL,NULL,0,0),('6f80c981-0ce8-39aa-a9c9-6798de94189d','ops_type_personne_created_by','Users','users','id','OPS_type_personne','ops_type_personne','created_by',NULL,NULL,NULL,'one-to-many',NULL,NULL,0,0),('6fa2ae40-3f0f-a5f3-b756-6798dea81032','ops_type_personne_assigned_user','Users','users','id','OPS_type_personne','ops_type_personne','assigned_user_id',NULL,NULL,NULL,'one-to-many',NULL,NULL,0,0),('6fc2d34c-8a3d-e42d-43c2-6798deeb280c','securitygroups_ops_type_personne','SecurityGroups','securitygroups','id','OPS_type_personne','ops_type_personne','id','securitygroups_records','securitygroup_id','record_id','many-to-many','module','OPS_type_personne',0,0),('70742018-abb5-0980-421f-6798de362732','ops_suivi_dossier_modified_user','Users','users','id','OPS_suivi_dossier','ops_suivi_dossier','modified_user_id',NULL,NULL,NULL,'one-to-many',NULL,NULL,0,0),('70a59387-f817-6227-89dd-6798de1c3868','ops_suivi_dossier_created_by','Users','users','id','OPS_suivi_dossier','ops_suivi_dossier','created_by',NULL,NULL,NULL,'one-to-many',NULL,NULL,0,0),('70d4aa6a-1203-e046-79d7-6798de01312c','ops_suivi_dossier_assigned_user','Users','users','id','OPS_suivi_dossier','ops_suivi_dossier','assigned_user_id',NULL,NULL,NULL,'one-to-many',NULL,NULL,0,0),('71027e49-6980-9b57-b662-6798de54be39','securitygroups_ops_suivi_dossier','SecurityGroups','securitygroups','id','OPS_suivi_dossier','ops_suivi_dossier','id','securitygroups_records','securitygroup_id','record_id','many-to-many','module','OPS_suivi_dossier',0,0),('71d6eed0-348d-29ac-eabd-6798de39055e','ops_personne_morale_individu_modified_user','Users','users','id','OPS_personne_morale_individu','ops_personne_morale_individu','modified_user_id',NULL,NULL,NULL,'one-to-many',NULL,NULL,0,0),('7209dffb-e151-9538-b841-6798de35c356','ops_personne_morale_individu_created_by','Users','users','id','OPS_personne_morale_individu','ops_personne_morale_individu','created_by',NULL,NULL,NULL,'one-to-many',NULL,NULL,0,0),('72a42c96-0757-c110-5ae2-6798decc097b','ops_type_personne_type_document_modified_user','Users','users','id','OPS_type_personne_type_document','ops_type_personne_type_document','modified_user_id',NULL,NULL,NULL,'one-to-many',NULL,NULL,0,0),('72d804cb-1986-e87b-798b-6798de8c7d4c','ops_type_personne_type_document_created_by','Users','users','id','OPS_type_personne_type_document','ops_type_personne_type_document','created_by',NULL,NULL,NULL,'one-to-many',NULL,NULL,0,0),('738bd4f1-3c6e-dcb3-b7c0-6798de93d8ec','ops_justificatif_modified_user','Users','users','id','OPS_justificatif','ops_justificatif','modified_user_id',NULL,NULL,NULL,'one-to-many',NULL,NULL,0,0),('73bdb19b-c9d4-702a-e8c6-6798de6225f2','ops_justificatif_created_by','Users','users','id','OPS_justificatif','ops_justificatif','created_by',NULL,NULL,NULL,'one-to-many',NULL,NULL,0,0),('73eae52c-bd1b-1969-51fa-6798dede9220','ops_justificatif_assigned_user','Users','users','id','OPS_justificatif','ops_justificatif','assigned_user_id',NULL,NULL,NULL,'one-to-many',NULL,NULL,0,0),('741a03e2-a927-5007-3e75-6798de56978e','securitygroups_ops_justificatif','SecurityGroups','securitygroups','id','OPS_justificatif','ops_justificatif','id','securitygroups_records','securitygroup_id','record_id','many-to-many','module','OPS_justificatif',0,0),('74de9dc1-48ea-1a5a-5908-6798de70aa53','ops_commission_modified_user','Users','users','id','OPS_commission','ops_commission','modified_user_id',NULL,NULL,NULL,'one-to-many',NULL,NULL,0,0),('75125a43-3e98-74fa-e29d-6798de1b59c2','ops_commission_created_by','Users','users','id','OPS_commission','ops_commission','created_by',NULL,NULL,NULL,'one-to-many',NULL,NULL,0,0),('754481e9-fef1-6068-59da-6798ded114e7','ops_commission_assigned_user','Users','users','id','OPS_commission','ops_commission','assigned_user_id',NULL,NULL,NULL,'one-to-many',NULL,NULL,0,0),('757a9c3b-bc74-6085-08ff-6798de0018e8','securitygroups_ops_commission','SecurityGroups','securitygroups','id','OPS_commission','ops_commission','id','securitygroups_records','securitygroup_id','record_id','many-to-many','module','OPS_commission',0,0),('7648e153-0c1f-dd87-b8da-6798de25d254','ops_elu_modified_user','Users','users','id','OPS_elu','ops_elu','modified_user_id',NULL,NULL,NULL,'one-to-many',NULL,NULL,0,0),('767c4e82-e52d-e2c6-a896-6798de6b7ff1','ops_elu_created_by','Users','users','id','OPS_elu','ops_elu','created_by',NULL,NULL,NULL,'one-to-many',NULL,NULL,0,0),('76a9b5f7-4494-d67b-ec56-6798dee02957','ops_elu_assigned_user','Users','users','id','OPS_elu','ops_elu','assigned_user_id',NULL,NULL,NULL,'one-to-many',NULL,NULL,0,0),('76d8f99c-a0d5-91ba-f7f2-6798de4928f6','securitygroups_ops_elu','SecurityGroups','securitygroups','id','OPS_elu','ops_elu','id','securitygroups_records','securitygroup_id','record_id','many-to-many','module','OPS_elu',0,0),('7708e4e0-ccc8-c2e4-278c-6798de8aa6fa','ops_elu_email_addresses','OPS_elu','ops_elu','id','EmailAddresses','email_addresses','id','email_addr_bean_rel','bean_id','email_address_id','many-to-many','bean_module','OPS_elu',0,0),('7739919d-5c8b-770c-50c1-6798de01f8ec','ops_elu_email_addresses_primary','OPS_elu','ops_elu','id','EmailAddresses','email_addresses','id','email_addr_bean_rel','bean_id','email_address_id','many-to-many','primary_address','1',0,0),('784aa6a1-6000-5f33-6f8b-6798dee89d75','ops_rapport_modified_user','Users','users','id','OPS_rapport','ops_rapport','modified_user_id',NULL,NULL,NULL,'one-to-many',NULL,NULL,0,0),('788ccbc4-d430-c355-1d32-6798de103d4c','ops_rapport_created_by','Users','users','id','OPS_rapport','ops_rapport','created_by',NULL,NULL,NULL,'one-to-many',NULL,NULL,0,0),('78b66835-853a-347b-f93e-6798dedee7a3','ops_rapport_assigned_user','Users','users','id','OPS_rapport','ops_rapport','assigned_user_id',NULL,NULL,NULL,'one-to-many',NULL,NULL,0,0),('78d9edb7-f422-b831-76bc-6798defd7dab','securitygroups_ops_rapport','SecurityGroups','securitygroups','id','OPS_rapport','ops_rapport','id','securitygroups_records','securitygroup_id','record_id','many-to-many','module','OPS_rapport',0,0),('797a549b-c7f7-c1af-209c-6798decb4b25','ops_reunion_modified_user','Users','users','id','OPS_reunion','ops_reunion','modified_user_id',NULL,NULL,NULL,'one-to-many',NULL,NULL,0,0),('799e1616-bdd0-5b5d-bad2-6798deb4f499','ops_reunion_created_by','Users','users','id','OPS_reunion','ops_reunion','created_by',NULL,NULL,NULL,'one-to-many',NULL,NULL,0,0),('79c26d0c-d2f6-89ae-0ace-6798de1156ee','ops_reunion_assigned_user','Users','users','id','OPS_reunion','ops_reunion','assigned_user_id',NULL,NULL,NULL,'one-to-many',NULL,NULL,0,0),('79e60558-2f7d-4a8b-2b3e-6798de43933f','securitygroups_ops_reunion','SecurityGroups','securitygroups','id','OPS_reunion','ops_reunion','id','securitygroups_records','securitygroup_id','record_id','many-to-many','module','OPS_reunion',0,0),('7a77f894-61c0-adf8-9edc-6798def8f666','ops_action_retarde_modified_user','Users','users','id','OPS_action_retarde','ops_action_retarde','modified_user_id',NULL,NULL,NULL,'one-to-many',NULL,NULL,0,0),('7aa0da30-c036-410c-f632-6798dedc8ae0','ops_action_retarde_created_by','Users','users','id','OPS_action_retarde','ops_action_retarde','created_by',NULL,NULL,NULL,'one-to-many',NULL,NULL,0,0),('7ac03ac5-cf01-2c62-f705-6798deec5312','ops_action_retarde_assigned_user','Users','users','id','OPS_action_retarde','ops_action_retarde','assigned_user_id',NULL,NULL,NULL,'one-to-many',NULL,NULL,0,0),('7ae9b0ff-eac2-8762-ea67-6798de6dbd05','securitygroups_ops_action_retarde','SecurityGroups','securitygroups','id','OPS_action_retarde','ops_action_retarde','id','securitygroups_records','securitygroup_id','record_id','many-to-many','module','OPS_action_retarde',0,0),('7b3487b1-b436-714c-11e6-6798de3c0a50','ops_type_traitement_modified_user','Users','users','id','OPS_type_traitement','ops_type_traitement','modified_user_id',NULL,NULL,NULL,'one-to-many',NULL,NULL,0,0),('7b553ec1-34aa-3eda-779e-6798debfda2f','ops_type_traitement_created_by','Users','users','id','OPS_type_traitement','ops_type_traitement','created_by',NULL,NULL,NULL,'one-to-many',NULL,NULL,0,0),('7b77b32c-407b-71e2-67b2-6798de7f8467','ops_type_traitement_assigned_user','Users','users','id','OPS_type_traitement','ops_type_traitement','assigned_user_id',NULL,NULL,NULL,'one-to-many',NULL,NULL,0,0),('7b9a602c-45b1-385f-ea13-6798de02982b','securitygroups_ops_type_traitement','SecurityGroups','securitygroups','id','OPS_type_traitement','ops_type_traitement','id','securitygroups_records','securitygroup_id','record_id','many-to-many','module','OPS_type_traitement',0,0),('7c2ac6f5-5650-78eb-c977-6798de5668e7','ops_type_traitement_etapes_modified_user','Users','users','id','OPS_type_traitement_etapes','ops_type_traitement_etapes','modified_user_id',NULL,NULL,NULL,'one-to-many',NULL,NULL,0,0),('7c55f0c7-b708-bba9-e603-6798de6079ab','ops_type_traitement_etapes_created_by','Users','users','id','OPS_type_traitement_etapes','ops_type_traitement_etapes','created_by',NULL,NULL,NULL,'one-to-many',NULL,NULL,0,0),('7c7a0060-3e6f-0251-be71-6798de7a030b','ops_type_traitement_etapes_assigned_user','Users','users','id','OPS_type_traitement_etapes','ops_type_traitement_etapes','assigned_user_id',NULL,NULL,NULL,'one-to-many',NULL,NULL,0,0),('7c9c346f-63ab-8872-af75-6798dea19865','securitygroups_ops_type_traitement_etapes','SecurityGroups','securitygroups','id','OPS_type_traitement_etapes','ops_type_traitement_etapes','id','securitygroups_records','securitygroup_id','record_id','many-to-many','module','OPS_type_traitement_etapes',0,0),('7d2bf218-1f64-1698-92d3-6798deecd7ff','ops_traitement_modified_user','Users','users','id','OPS_traitement','ops_traitement','modified_user_id',NULL,NULL,NULL,'one-to-many',NULL,NULL,0,0),('7d4c1c91-265c-0f29-e282-6798de24bc82','ops_traitement_created_by','Users','users','id','OPS_traitement','ops_traitement','created_by',NULL,NULL,NULL,'one-to-many',NULL,NULL,0,0),('7d7632a3-3c58-6a2f-2ad1-6798de2ebbef','ops_traitement_assigned_user','Users','users','id','OPS_traitement','ops_traitement','assigned_user_id',NULL,NULL,NULL,'one-to-many',NULL,NULL,0,0),('7d96541c-762e-85a6-4e7b-6798dee842b5','securitygroups_ops_traitement','SecurityGroups','securitygroups','id','OPS_traitement','ops_traitement','id','securitygroups_records','securitygroup_id','record_id','many-to-many','module','OPS_traitement',0,0),('7e2658aa-7fd0-6748-7574-6798de62fb19','ops_traitement_valeurs_modified_user','Users','users','id','OPS_traitement_valeurs','ops_traitement_valeurs','modified_user_id',NULL,NULL,NULL,'one-to-many',NULL,NULL,0,0),('7e4a31db-b22c-71ed-dbd9-6798def5077d','ops_traitement_valeurs_created_by','Users','users','id','OPS_traitement_valeurs','ops_traitement_valeurs','created_by',NULL,NULL,NULL,'one-to-many',NULL,NULL,0,0),('7e6edbb5-15b2-c446-c8d2-6798de037457','ops_traitement_valeurs_assigned_user','Users','users','id','OPS_traitement_valeurs','ops_traitement_valeurs','assigned_user_id',NULL,NULL,NULL,'one-to-many',NULL,NULL,0,0),('7e8fe804-dafe-8482-d8ae-6798def0c7f0','securitygroups_ops_traitement_valeurs','SecurityGroups','securitygroups','id','OPS_traitement_valeurs','ops_traitement_valeurs','id','securitygroups_records','securitygroup_id','record_id','many-to-many','module','OPS_traitement_valeurs',0,0),('7f471ace-5d9e-59a5-5f0a-6798de7cd930','ops_traitement_historique_modified_user','Users','users','id','OPS_traitement_historique','ops_traitement_historique','modified_user_id',NULL,NULL,NULL,'one-to-many',NULL,NULL,0,0),('7f762680-7108-bad7-5577-6798de654cfa','ops_traitement_historique_created_by','Users','users','id','OPS_traitement_historique','ops_traitement_historique','created_by',NULL,NULL,NULL,'one-to-many',NULL,NULL,0,0),('7f9a951d-bac0-a675-303f-6798de8991b3','ops_traitement_historique_assigned_user','Users','users','id','OPS_traitement_historique','ops_traitement_historique','assigned_user_id',NULL,NULL,NULL,'one-to-many',NULL,NULL,0,0),('7fbaa6a3-6af1-cd56-9d91-6798de1061f2','securitygroups_ops_traitement_historique','SecurityGroups','securitygroups','id','OPS_traitement_historique','ops_traitement_historique','id','securitygroups_records','securitygroup_id','record_id','many-to-many','module','OPS_traitement_historique',0,0),('804e5801-2d0e-f7a2-4996-6798de1f49cc','ops_lien_parente_modified_user','Users','users','id','OPS_lien_parente','ops_lien_parente','modified_user_id',NULL,NULL,NULL,'one-to-many',NULL,NULL,0,0),('80753d77-03a9-1940-3d41-6798deb92834','ops_lien_parente_created_by','Users','users','id','OPS_lien_parente','ops_lien_parente','created_by',NULL,NULL,NULL,'one-to-many',NULL,NULL,0,0),('80967523-1a4d-7498-4998-6798ded4e23e','ops_lien_parente_assigned_user','Users','users','id','OPS_lien_parente','ops_lien_parente','assigned_user_id',NULL,NULL,NULL,'one-to-many',NULL,NULL,0,0),('80b662a1-01f7-27b7-6659-6798de00ff4d','securitygroups_ops_lien_parente','SecurityGroups','securitygroups','id','OPS_lien_parente','ops_lien_parente','id','securitygroups_records','securitygroup_id','record_id','many-to-many','module','OPS_lien_parente',0,0),('814553d3-a2fc-bf31-6b60-6798de5658d9','ops_information_fiscale_modified_user','Users','users','id','OPS_information_fiscale','ops_information_fiscale','modified_user_id',NULL,NULL,NULL,'one-to-many',NULL,NULL,0,0),('8166b33d-dbed-1dc5-9774-6798dedf4811','ops_information_fiscale_created_by','Users','users','id','OPS_information_fiscale','ops_information_fiscale','created_by',NULL,NULL,NULL,'one-to-many',NULL,NULL,0,0),('81895f70-84de-383b-aaad-6798de5cab2c','ops_information_fiscale_assigned_user','Users','users','id','OPS_information_fiscale','ops_information_fiscale','assigned_user_id',NULL,NULL,NULL,'one-to-many',NULL,NULL,0,0),('81ab4cbf-0884-0640-e3c3-6798deac053a','securitygroups_ops_information_fiscale','SecurityGroups','securitygroups','id','OPS_information_fiscale','ops_information_fiscale','id','securitygroups_records','securitygroup_id','record_id','many-to-many','module','OPS_information_fiscale',0,0),('82396a96-302f-9bc9-80f1-6798de6103d0','ops_historique_adresse_modified_user','Users','users','id','OPS_historique_adresse','ops_historique_adresse','modified_user_id',NULL,NULL,NULL,'one-to-many',NULL,NULL,0,0),('825bc022-96eb-3589-9c42-6798de19efcd','ops_historique_adresse_created_by','Users','users','id','OPS_historique_adresse','ops_historique_adresse','created_by',NULL,NULL,NULL,'one-to-many',NULL,NULL,0,0),('827b039a-da07-afc1-22c5-6798de79635a','ops_historique_adresse_assigned_user','Users','users','id','OPS_historique_adresse','ops_historique_adresse','assigned_user_id',NULL,NULL,NULL,'one-to-many',NULL,NULL,0,0),('829a9a99-98b7-1bb8-185e-6798dec8bf6c','securitygroups_ops_historique_adresse','SecurityGroups','securitygroups','id','OPS_historique_adresse','ops_historique_adresse','id','securitygroups_records','securitygroup_id','record_id','many-to-many','module','OPS_historique_adresse',0,0),('832bb1ef-b9ae-791e-be0a-6798de0342bd','ops_domiciliation_modified_user','Users','users','id','OPS_domiciliation','ops_domiciliation','modified_user_id',NULL,NULL,NULL,'one-to-many',NULL,NULL,0,0),('834e299b-aa03-2071-acd5-6798de7e29e2','ops_domiciliation_created_by','Users','users','id','OPS_domiciliation','ops_domiciliation','created_by',NULL,NULL,NULL,'one-to-many',NULL,NULL,0,0),('836d80c9-03e9-0e46-ef3a-6798de277ae2','ops_domiciliation_assigned_user','Users','users','id','OPS_domiciliation','ops_domiciliation','assigned_user_id',NULL,NULL,NULL,'one-to-many',NULL,NULL,0,0),('838dacc1-3994-d1ce-491e-6798defa9e3b','securitygroups_ops_domiciliation','SecurityGroups','securitygroups','id','OPS_domiciliation','ops_domiciliation','id','securitygroups_records','securitygroup_id','record_id','many-to-many','module','OPS_domiciliation',0,0),('8557a89f-25ca-4648-dc06-6798de168908','ops_calendrier_garde_modified_user','Users','users','id','OPS_calendrier_garde','ops_calendrier_garde','modified_user_id',NULL,NULL,NULL,'one-to-many',NULL,NULL,0,0),('89c41fd3-2b8b-a09a-7d44-6798dea94d36','ops_calendrier_garde_created_by','Users','users','id','OPS_calendrier_garde','ops_calendrier_garde','created_by',NULL,NULL,NULL,'one-to-many',NULL,NULL,0,0),('89f3358d-5b1a-8dbc-28b5-6798de626340','ops_calendrier_garde_assigned_user','Users','users','id','OPS_calendrier_garde','ops_calendrier_garde','assigned_user_id',NULL,NULL,NULL,'one-to-many',NULL,NULL,0,0),('8a26d78c-a72d-5a80-2f04-6798deb6cd9e','securitygroups_ops_calendrier_garde','SecurityGroups','securitygroups','id','OPS_calendrier_garde','ops_calendrier_garde','id','securitygroups_records','securitygroup_id','record_id','many-to-many','module','OPS_calendrier_garde',0,0),('8af0044b-e961-785c-5bec-6798de32fb21','ops_classement_modified_user','Users','users','id','OPS_classement','ops_classement','modified_user_id',NULL,NULL,NULL,'one-to-many',NULL,NULL,0,0),('8b1ee8f8-8849-8d17-75b1-6798de983637','ops_classement_created_by','Users','users','id','OPS_classement','ops_classement','created_by',NULL,NULL,NULL,'one-to-many',NULL,NULL,0,0),('8b4adbaf-b8d9-3351-cc0e-6798de67a486','ops_classement_assigned_user','Users','users','id','OPS_classement','ops_classement','assigned_user_id',NULL,NULL,NULL,'one-to-many',NULL,NULL,0,0),('8b6d928e-14ab-27bc-1005-6798de8295f9','securitygroups_ops_classement','SecurityGroups','securitygroups','id','OPS_classement','ops_classement','id','securitygroups_records','securitygroup_id','record_id','many-to-many','module','OPS_classement',0,0),('8bfc4f47-76fd-2035-1af9-6798de94e849','ops_classement_type_modified_user','Users','users','id','OPS_classement_type','ops_classement_type','modified_user_id',NULL,NULL,NULL,'one-to-many',NULL,NULL,0,0),('8c214d50-14d4-99ff-fa03-6798ded34c3a','ops_classement_type_created_by','Users','users','id','OPS_classement_type','ops_classement_type','created_by',NULL,NULL,NULL,'one-to-many',NULL,NULL,0,0),('8c4176e0-d3a8-9273-35aa-6798de561439','ops_classement_type_assigned_user','Users','users','id','OPS_classement_type','ops_classement_type','assigned_user_id',NULL,NULL,NULL,'one-to-many',NULL,NULL,0,0),('8c674115-5103-792d-4d8a-6798de23ff21','securitygroups_ops_classement_type','SecurityGroups','securitygroups','id','OPS_classement_type','ops_classement_type','id','securitygroups_records','securitygroup_id','record_id','many-to-many','module','OPS_classement_type',0,0),('8cfa9f70-a96f-73b6-1d79-6798ded14950','ops_niveau_1_modified_user','Users','users','id','OPS_niveau_1','ops_niveau_1','modified_user_id',NULL,NULL,NULL,'one-to-many',NULL,NULL,0,0),('8d1d1b4c-7db0-e8b9-bdf7-6798de030d04','ops_niveau_1_created_by','Users','users','id','OPS_niveau_1','ops_niveau_1','created_by',NULL,NULL,NULL,'one-to-many',NULL,NULL,0,0),('8d3c5294-d5a6-1300-57c4-6798de8aeeb1','ops_niveau_1_assigned_user','Users','users','id','OPS_niveau_1','ops_niveau_1','assigned_user_id',NULL,NULL,NULL,'one-to-many',NULL,NULL,0,0),('8d5cfdf4-de0b-d628-c357-6798dee2cc00','securitygroups_ops_niveau_1','SecurityGroups','securitygroups','id','OPS_niveau_1','ops_niveau_1','id','securitygroups_records','securitygroup_id','record_id','many-to-many','module','OPS_niveau_1',0,0),('8defd907-0c72-275a-b1f8-6798dee36340','ops_niveau_2_modified_user','Users','users','id','OPS_niveau_2','ops_niveau_2','modified_user_id',NULL,NULL,NULL,'one-to-many',NULL,NULL,0,0),('8e1293d8-a353-931a-38b6-6798de0cec89','ops_niveau_2_created_by','Users','users','id','OPS_niveau_2','ops_niveau_2','created_by',NULL,NULL,NULL,'one-to-many',NULL,NULL,0,0),('8e31fb39-a968-072c-8cc1-6798dee972ce','ops_niveau_2_assigned_user','Users','users','id','OPS_niveau_2','ops_niveau_2','assigned_user_id',NULL,NULL,NULL,'one-to-many',NULL,NULL,0,0),('8e52bc6d-add1-9286-e1b3-6798de7d6355','securitygroups_ops_niveau_2','SecurityGroups','securitygroups','id','OPS_niveau_2','ops_niveau_2','id','securitygroups_records','securitygroup_id','record_id','many-to-many','module','OPS_niveau_2',0,0),('8ee29e16-7fd0-87bd-57fe-6798de54f7a0','ops_niveau_3_modified_user','Users','users','id','OPS_niveau_3','ops_niveau_3','modified_user_id',NULL,NULL,NULL,'one-to-many',NULL,NULL,0,0),('8f036e9d-19dc-9265-cf68-6798dee5a3bb','ops_niveau_3_created_by','Users','users','id','OPS_niveau_3','ops_niveau_3','created_by',NULL,NULL,NULL,'one-to-many',NULL,NULL,0,0),('8f2681cf-e26d-eadd-a5b3-6798de802d15','ops_niveau_3_assigned_user','Users','users','id','OPS_niveau_3','ops_niveau_3','assigned_user_id',NULL,NULL,NULL,'one-to-many',NULL,NULL,0,0),('8f46f07b-2b33-7f58-474b-6798de047046','securitygroups_ops_niveau_3','SecurityGroups','securitygroups','id','OPS_niveau_3','ops_niveau_3','id','securitygroups_records','securitygroup_id','record_id','many-to-many','module','OPS_niveau_3',0,0),('8fe22d65-79ef-cf3c-801e-6798de11c172','ops_niveau_4_modified_user','Users','users','id','OPS_niveau_4','ops_niveau_4','modified_user_id',NULL,NULL,NULL,'one-to-many',NULL,NULL,0,0),('90037e5b-b891-19c3-05d3-6798debfc1a2','ops_niveau_4_created_by','Users','users','id','OPS_niveau_4','ops_niveau_4','created_by',NULL,NULL,NULL,'one-to-many',NULL,NULL,0,0),('90244efb-4427-1893-02b7-6798de172d47','ops_niveau_4_assigned_user','Users','users','id','OPS_niveau_4','ops_niveau_4','assigned_user_id',NULL,NULL,NULL,'one-to-many',NULL,NULL,0,0),('90467d46-bc9e-8cf4-cb95-6798dee58318','securitygroups_ops_niveau_4','SecurityGroups','securitygroups','id','OPS_niveau_4','ops_niveau_4','id','securitygroups_records','securitygroup_id','record_id','many-to-many','module','OPS_niveau_4',0,0),('91111c5c-8751-b1db-e4d9-6798dee81e2f','ops_template_sms_modified_user','Users','users','id','OPS_template_sms','ops_template_sms','modified_user_id',NULL,NULL,NULL,'one-to-many',NULL,NULL,0,0),('9144700b-64d2-fe44-c7b4-6798de0261e1','ops_template_sms_created_by','Users','users','id','OPS_template_sms','ops_template_sms','created_by',NULL,NULL,NULL,'one-to-many',NULL,NULL,0,0),('91741352-e348-eb55-6bbb-6798de9d3188','ops_template_sms_assigned_user','Users','users','id','OPS_template_sms','ops_template_sms','assigned_user_id',NULL,NULL,NULL,'one-to-many',NULL,NULL,0,0),('91a12d90-86b6-8014-2c6a-6798de947795','securitygroups_ops_template_sms','SecurityGroups','securitygroups','id','OPS_template_sms','ops_template_sms','id','securitygroups_records','securitygroup_id','record_id','many-to-many','module','OPS_template_sms',0,0),('91f02542-78c0-b5fd-ed4c-6798de418b1f','ops_liste_referentiel_modified_user','Users','users','id','OPS_liste_referentiel','ops_liste_referentiel','modified_user_id',NULL,NULL,NULL,'one-to-many',NULL,NULL,0,0),('921fe4b8-6d8c-1639-2433-6798de1e4ecf','ops_liste_referentiel_created_by','Users','users','id','OPS_liste_referentiel','ops_liste_referentiel','created_by',NULL,NULL,NULL,'one-to-many',NULL,NULL,0,0),('9248c8df-2ee7-cfb8-b84b-6798de635004','ops_liste_referentiel_assigned_user','Users','users','id','OPS_liste_referentiel','ops_liste_referentiel','assigned_user_id',NULL,NULL,NULL,'one-to-many',NULL,NULL,0,0),('927e3bfe-996a-ede9-fe05-6798de30a33e','securitygroups_ops_liste_referentiel','SecurityGroups','securitygroups','id','OPS_liste_referentiel','ops_liste_referentiel','id','securitygroups_records','securitygroup_id','record_id','many-to-many','module','OPS_liste_referentiel',0,0),('9339ae14-384c-cd67-5aaa-6798de23245e','ops_liste_valeur_modified_user','Users','users','id','OPS_liste_valeur','ops_liste_valeur','modified_user_id',NULL,NULL,NULL,'one-to-many',NULL,NULL,0,0),('9363ced1-881e-7899-f0fd-6798de55a298','ops_liste_valeur_created_by','Users','users','id','OPS_liste_valeur','ops_liste_valeur','created_by',NULL,NULL,NULL,'one-to-many',NULL,NULL,0,0),('938e8b16-07eb-a492-81c7-6798de7f2f17','ops_liste_valeur_assigned_user','Users','users','id','OPS_liste_valeur','ops_liste_valeur','assigned_user_id',NULL,NULL,NULL,'one-to-many',NULL,NULL,0,0),('93b85046-1366-ce95-6b1f-6798de65136e','securitygroups_ops_liste_valeur','SecurityGroups','securitygroups','id','OPS_liste_valeur','ops_liste_valeur','id','securitygroups_records','securitygroup_id','record_id','many-to-many','module','OPS_liste_valeur',0,0),('94799228-e292-2358-cbad-6798de431d8b','ops_periode_modified_user','Users','users','id','OPS_periode','ops_periode','modified_user_id',NULL,NULL,NULL,'one-to-many',NULL,NULL,0,0),('94af9274-d394-4555-18d9-6798dea1f5f4','ops_periode_created_by','Users','users','id','OPS_periode','ops_periode','created_by',NULL,NULL,NULL,'one-to-many',NULL,NULL,0,0),('94ddd943-3e40-32a3-ef72-6798de83a256','ops_periode_assigned_user','Users','users','id','OPS_periode','ops_periode','assigned_user_id',NULL,NULL,NULL,'one-to-many',NULL,NULL,0,0),('950de0a5-49c7-eadf-584d-6798dee4090c','securitygroups_ops_periode','SecurityGroups','securitygroups','id','OPS_periode','ops_periode','id','securitygroups_records','securitygroup_id','record_id','many-to-many','module','OPS_periode',0,0),('95623425-3b35-5bfa-039b-6798de10a00e','ops_conversation_modified_user','Users','users','id','OPS_conversation','ops_conversation','modified_user_id',NULL,NULL,NULL,'one-to-many',NULL,NULL,0,0),('9591e4b4-6b33-b60b-5e41-6798dee9d7f1','ops_conversation_created_by','Users','users','id','OPS_conversation','ops_conversation','created_by',NULL,NULL,NULL,'one-to-many',NULL,NULL,0,0),('95c185be-2c24-7230-8928-6798de700a35','ops_conversation_assigned_user','Users','users','id','OPS_conversation','ops_conversation','assigned_user_id',NULL,NULL,NULL,'one-to-many',NULL,NULL,0,0),('95f2eee9-0167-eea1-02c3-6798de0da0d2','securitygroups_ops_conversation','SecurityGroups','securitygroups','id','OPS_conversation','ops_conversation','id','securitygroups_records','securitygroup_id','record_id','many-to-many','module','OPS_conversation',0,0),('9654c71f-332f-a7b9-24ee-6798deca9b9a','ops_modele_document_modified_user','Users','users','id','OPS_modele_document','ops_modele_document','modified_user_id',NULL,NULL,NULL,'one-to-many',NULL,NULL,0,0),('9686ae16-e15a-35a8-3d9d-6798de9098a3','ops_modele_document_created_by','Users','users','id','OPS_modele_document','ops_modele_document','created_by',NULL,NULL,NULL,'one-to-many',NULL,NULL,0,0),('96b301e3-2400-f9f9-8301-6798deff46ad','ops_modele_document_assigned_user','Users','users','id','OPS_modele_document','ops_modele_document','assigned_user_id',NULL,NULL,NULL,'one-to-many',NULL,NULL,0,0),('96dc5f36-fb57-6692-3a25-6798de200c68','securitygroups_ops_modele_document','SecurityGroups','securitygroups','id','OPS_modele_document','ops_modele_document','id','securitygroups_records','securitygroup_id','record_id','many-to-many','module','OPS_modele_document',0,0),('97ac8e21-7c01-f1ce-222d-6798de8d0c6c','ops_lieux_modified_user','Users','users','id','OPS_lieux','ops_lieux','modified_user_id',NULL,NULL,NULL,'one-to-many',NULL,NULL,0,0),('97d936f0-a8ae-0abc-a906-6798de6b51f1','ops_lieux_created_by','Users','users','id','OPS_lieux','ops_lieux','created_by',NULL,NULL,NULL,'one-to-many',NULL,NULL,0,0),('9802e3e1-a914-1be2-41b6-6798de8e2f5a','ops_lieux_assigned_user','Users','users','id','OPS_lieux','ops_lieux','assigned_user_id',NULL,NULL,NULL,'one-to-many',NULL,NULL,0,0),('98357033-aa74-6439-1231-6798de41d86d','securitygroups_ops_lieux','SecurityGroups','securitygroups','id','OPS_lieux','ops_lieux','id','securitygroups_records','securitygroup_id','record_id','many-to-many','module','OPS_lieux',0,0),('9b5cc876-f2e1-6d5d-0607-6798de712504','accounts_bugs','Accounts','accounts','id','Bugs','bugs','id','accounts_bugs','account_id','bug_id','many-to-many',NULL,NULL,0,0),('9b9dd81d-1a72-d425-ef5b-6798de7517d9','accounts_contacts','Accounts','accounts','id','Contacts','contacts','id','accounts_contacts','account_id','contact_id','many-to-many',NULL,NULL,0,0),('9bce2778-4573-1468-ca6f-6798de97d714','accounts_opportunities','Accounts','accounts','id','Opportunities','opportunities','id','accounts_opportunities','account_id','opportunity_id','many-to-many',NULL,NULL,0,0),('9c00207b-f36f-9936-1b49-6798de37cb8c','calls_contacts','Calls','calls','id','Contacts','contacts','id','calls_contacts','call_id','contact_id','many-to-many',NULL,NULL,0,0),('9c304748-cc6a-436d-ad90-6798deaadead','calls_users','Calls','calls','id','Users','users','id','calls_users','call_id','user_id','many-to-many',NULL,NULL,0,0),('9c68fda2-1ad2-7eda-ace9-6798de986180','calls_leads','Calls','calls','id','Leads','leads','id','calls_leads','call_id','lead_id','many-to-many',NULL,NULL,0,0),('9c9a406d-1d16-3b98-5eee-6798de2a9686','cases_bugs','Cases','cases','id','Bugs','bugs','id','cases_bugs','case_id','bug_id','many-to-many',NULL,NULL,0,0),('9cd2b4be-2a07-38e1-caf3-6798de258399','contacts_bugs','Contacts','contacts','id','Bugs','bugs','id','contacts_bugs','contact_id','bug_id','many-to-many',NULL,NULL,0,0),('9d05c6e1-ab45-273f-20ef-6798decadcf6','contacts_cases','Contacts','contacts','id','Cases','cases','id','contacts_cases','contact_id','case_id','many-to-many',NULL,NULL,0,0),('9d3926bc-f099-afbf-4989-6798de68ee68','contacts_users','Contacts','contacts','id','Users','users','id','contacts_users','contact_id','user_id','many-to-many',NULL,NULL,0,0),('9d86c97b-cb78-3282-73d7-6798de263044','emails_bugs_rel','Emails','emails','id','Bugs','bugs','id','emails_beans','email_id','bean_id','many-to-many','bean_module','Bugs',0,0),('9db8dccb-acd2-4a74-d5b8-6798de5c889a','emails_cases_rel','Emails','emails','id','Cases','cases','id','emails_beans','email_id','bean_id','many-to-many','bean_module','Cases',0,0),('9e16bde2-3ed1-d0d3-c460-6798dea35008','emails_opportunities_rel','Emails','emails','id','Opportunities','opportunities','id','emails_beans','email_id','bean_id','many-to-many','bean_module','Opportunities',0,0),('9e45340a-06ec-4cb3-1c84-6798de165382','emails_tasks_rel','Emails','emails','id','Tasks','tasks','id','emails_beans','email_id','bean_id','many-to-many','bean_module','Tasks',0,0),('9e7e73af-e9c5-ac9a-0e56-6798de2e7a9d','emails_users_rel','Emails','emails','id','Users','users','id','emails_beans','email_id','bean_id','many-to-many','bean_module','Users',0,0),('9ebc7db6-05f9-b45a-804e-6798deae2f79','emails_project_task_rel','Emails','emails','id','ProjectTask','project_task','id','emails_beans','email_id','bean_id','many-to-many','bean_module','ProjectTask',0,0),('9ef57109-a33d-b8f6-a33f-6798dea78be3','emails_projects_rel','Emails','emails','id','Project','project','id','emails_beans','email_id','bean_id','many-to-many','bean_module','Project',0,0),('9f28882b-a381-80b8-e93c-6798de29f854','emails_prospects_rel','Emails','emails','id','Prospects','prospects','id','emails_beans','email_id','bean_id','many-to-many','bean_module','Prospects',0,0),('9f5bdfd9-ef9f-4008-bde8-6798de3c5510','meetings_contacts','Meetings','meetings','id','Contacts','contacts','id','meetings_contacts','meeting_id','contact_id','many-to-many',NULL,NULL,0,0),('9f955937-5367-e370-a827-6798de0f2e00','meetings_users','Meetings','meetings','id','Users','users','id','meetings_users','meeting_id','user_id','many-to-many',NULL,NULL,0,0),('9fc80b3f-1b0c-05e2-c5d1-6798de4be269','meetings_leads','Meetings','meetings','id','Leads','leads','id','meetings_leads','meeting_id','lead_id','many-to-many',NULL,NULL,0,0),('9ffbd4c1-2ec9-8950-6c93-6798de2749ca','opportunities_contacts','Opportunities','opportunities','id','Contacts','contacts','id','opportunities_contacts','opportunity_id','contact_id','many-to-many',NULL,NULL,0,0),('a030772f-9744-8a1b-f363-6798de7296c8','prospect_list_campaigns','ProspectLists','prospect_lists','id','Campaigns','campaigns','id','prospect_list_campaigns','prospect_list_id','campaign_id','many-to-many',NULL,NULL,0,0),('a064bb70-c678-f49e-9a7c-6798de7abfa3','prospect_list_contacts','ProspectLists','prospect_lists','id','Contacts','contacts','id','prospect_lists_prospects','prospect_list_id','related_id','many-to-many','related_type','Contacts',0,0),('a0941051-0a6b-35c1-004f-6798de44e873','prospect_list_prospects','ProspectLists','prospect_lists','id','Prospects','prospects','id','prospect_lists_prospects','prospect_list_id','related_id','many-to-many','related_type','Prospects',0,0),('a0c3b506-a898-4292-1265-6798de894f4f','prospect_list_leads','ProspectLists','prospect_lists','id','Leads','leads','id','prospect_lists_prospects','prospect_list_id','related_id','many-to-many','related_type','Leads',0,0),('a0f4c2c2-c0ef-ec9a-53ed-6798de129085','prospect_list_users','ProspectLists','prospect_lists','id','Users','users','id','prospect_lists_prospects','prospect_list_id','related_id','many-to-many','related_type','Users',0,0),('a127791f-696a-e71d-d5bb-6798def011c0','prospect_list_accounts','ProspectLists','prospect_lists','id','Accounts','accounts','id','prospect_lists_prospects','prospect_list_id','related_id','many-to-many','related_type','Accounts',0,0),('a158d0da-7038-ded3-e213-6798de1c6d96','roles_users','Roles','roles','id','Users','users','id','roles_users','role_id','user_id','many-to-many',NULL,NULL,0,0),('a1894388-65da-7ca1-122a-6798de1e416c','projects_bugs','Project','project','id','Bugs','bugs','id','projects_bugs','project_id','bug_id','many-to-many',NULL,NULL,0,0),('a1b9e673-5561-33e2-0db7-6798ded01354','projects_cases','Project','project','id','Cases','cases','id','projects_cases','project_id','case_id','many-to-many',NULL,NULL,0,0),('a20c8e4a-287b-93d7-5675-6798de3f5d46','projects_accounts','Project','project','id','Accounts','accounts','id','projects_accounts','project_id','account_id','many-to-many',NULL,NULL,0,0),('a23e75db-b161-4ea3-ff81-6798de966272','projects_contacts','Project','project','id','Contacts','contacts','id','projects_contacts','project_id','contact_id','many-to-many',NULL,NULL,0,0),('a271286a-88fe-63f8-c2c5-6798debf5a23','projects_opportunities','Project','project','id','Opportunities','opportunities','id','projects_opportunities','project_id','opportunity_id','many-to-many',NULL,NULL,0,0),('a2a2ae0c-d20d-bcda-40d6-6798de08b5fd','acl_roles_actions','ACLRoles','acl_roles','id','ACLActions','acl_actions','id','acl_roles_actions','role_id','action_id','many-to-many',NULL,NULL,0,0),('a2d4ed98-1060-3615-bc45-6798ded13088','acl_roles_users','ACLRoles','acl_roles','id','Users','users','id','acl_roles_users','role_id','user_id','many-to-many',NULL,NULL,0,0),('a30c2727-697a-c25f-4633-6798dec26691','email_marketing_prospect_lists','EmailMarketing','email_marketing','id','ProspectLists','prospect_lists','id','email_marketing_prospect_lists','email_marketing_id','prospect_list_id','many-to-many',NULL,NULL,0,0),('a33e21fe-722f-cfc9-9a86-6798debca7d4','leads_documents','Leads','leads','id','Documents','documents','id','linked_documents','parent_id','document_id','many-to-many','parent_type','Leads',0,0),('a370aaf0-f718-ee16-bc6f-6798def30ae1','documents_accounts','Documents','documents','id','Accounts','accounts','id','documents_accounts','document_id','account_id','many-to-many',NULL,NULL,0,0),('a3a64a39-101a-60e1-7a99-6798de9a5198','documents_contacts','Documents','documents','id','Contacts','contacts','id','documents_contacts','document_id','contact_id','many-to-many',NULL,NULL,0,0),('a3d90973-d27e-dd4c-7ecf-6798def76773','documents_opportunities','Documents','documents','id','Opportunities','opportunities','id','documents_opportunities','document_id','opportunity_id','many-to-many',NULL,NULL,0,0),('a40bc74f-4457-4b23-0a98-6798def1c562','documents_cases','Documents','documents','id','Cases','cases','id','documents_cases','document_id','case_id','many-to-many',NULL,NULL,0,0),('a4d63767-c75f-2788-6cb6-6798de293d0c','documents_bugs','Documents','documents','id','Bugs','bugs','id','documents_bugs','document_id','bug_id','many-to-many',NULL,NULL,0,0),('a50b4e13-1f8d-c9b7-e1f8-6798dec5452f','aok_knowledgebase_categories','AOK_KnowledgeBase','aok_knowledgebase','id','AOK_Knowledge_Base_Categories','aok_knowledge_base_categories','id','aok_knowledgebase_categories','aok_knowledgebase_id','aok_knowledge_base_categories_id','many-to-many',NULL,NULL,0,0),('a5428749-2deb-6a28-ac6c-6798de1cf153','am_projecttemplates_project_1','AM_ProjectTemplates','am_projecttemplates','id','Project','project','id','am_projecttemplates_project_1_c','am_projecttemplates_project_1am_projecttemplates_ida','am_projecttemplates_project_1project_idb','many-to-many',NULL,NULL,0,0),('a578cbeb-9c15-4d4e-1a48-6798defadc33','am_projecttemplates_contacts_1','AM_ProjectTemplates','am_projecttemplates','id','Contacts','contacts','id','am_projecttemplates_contacts_1_c','am_projecttemplates_ida','contacts_idb','many-to-many',NULL,NULL,0,0),('a5b60bd2-a5e9-7078-528e-6798dec4737d','am_projecttemplates_users_1','AM_ProjectTemplates','am_projecttemplates','id','Users','users','id','am_projecttemplates_users_1_c','am_projecttemplates_ida','users_idb','many-to-many',NULL,NULL,0,0),('a5f45bf8-d46f-b7e9-5769-6798dea40cba','am_tasktemplates_am_projecttemplates','AM_ProjectTemplates','am_projecttemplates','id','AM_TaskTemplates','am_tasktemplates','id','am_tasktemplates_am_projecttemplates_c','am_tasktemplates_am_projecttemplatesam_projecttemplates_ida','am_tasktemplates_am_projecttemplatesam_tasktemplates_idb','many-to-many',NULL,NULL,0,0),('a62a1acd-f068-cc82-a081-6798deda9101','aos_contracts_documents','AOS_Contracts','aos_contracts','id','Documents','documents','id','aos_contracts_documents','aos_contracts_id','documents_id','many-to-many',NULL,NULL,0,0),('a65f8574-e467-1f57-0a84-6798de7e2861','aos_quotes_aos_contracts','AOS_Quotes','aos_quotes','id','AOS_Contracts','aos_contracts','id','aos_quotes_os_contracts_c','aos_quotese81e_quotes_ida','aos_quotes4dc0ntracts_idb','many-to-many',NULL,NULL,0,0),('a6a4e144-b65c-62aa-7a98-6798de707312','aos_quotes_aos_invoices','AOS_Quotes','aos_quotes','id','AOS_Invoices','aos_invoices','id','aos_quotes_aos_invoices_c','aos_quotes77d9_quotes_ida','aos_quotes6b83nvoices_idb','many-to-many',NULL,NULL,0,0),('a6e24379-4459-5f63-40b1-6798de0f85c5','aos_quotes_project','AOS_Quotes','aos_quotes','id','Project','project','id','aos_quotes_project_c','aos_quotes1112_quotes_ida','aos_quotes7207project_idb','many-to-many',NULL,NULL,0,0),('a719a94a-35cc-8580-3fdd-6798ded661ce','aow_processed_aow_actions','AOW_Processed','aow_processed','id','AOW_Actions','aow_actions','id','aow_processed_aow_actions','aow_processed_id','aow_action_id','many-to-many',NULL,NULL,0,0),('a7593e4e-7d15-8ca8-05c9-6798de964531','fp_event_locations_fp_events_1','FP_Event_Locations','fp_event_locations','id','FP_events','fp_events','id','fp_event_locations_fp_events_1_c','fp_event_locations_fp_events_1fp_event_locations_ida','fp_event_locations_fp_events_1fp_events_idb','many-to-many',NULL,NULL,0,0),('a78dae8e-817d-b614-2284-6798decad0f6','fp_events_contacts','FP_events','fp_events','id','Contacts','contacts','id','fp_events_contacts_c','fp_events_contactsfp_events_ida','fp_events_contactscontacts_idb','many-to-many',NULL,NULL,0,0),('a7c68718-c9ff-4ad7-d10c-6798def49615','fp_events_fp_event_locations_1','FP_events','fp_events','id','FP_Event_Locations','fp_event_locations','id','fp_events_fp_event_locations_1_c','fp_events_fp_event_locations_1fp_events_ida','fp_events_fp_event_locations_1fp_event_locations_idb','many-to-many',NULL,NULL,0,0),('a7fbdd87-5a2a-9b07-fb1b-6798dee6c7c8','fp_events_leads_1','FP_events','fp_events','id','Leads','leads','id','fp_events_leads_1_c','fp_events_leads_1fp_events_ida','fp_events_leads_1leads_idb','many-to-many',NULL,NULL,0,0),('a83a9dda-9c79-0597-264d-6798ded1b7fd','fp_events_prospects_1','FP_events','fp_events','id','Prospects','prospects','id','fp_events_prospects_1_c','fp_events_prospects_1fp_events_ida','fp_events_prospects_1prospects_idb','many-to-many',NULL,NULL,0,0),('a8713fcd-f8dc-da78-3d80-6798de19d51a','jjwg_maps_jjwg_areas','jjwg_Maps','jjwg_maps','id','jjwg_Areas','jjwg_areas','id','jjwg_maps_jjwg_areas_c','jjwg_maps_5304wg_maps_ida','jjwg_maps_41f2g_areas_idb','many-to-many',NULL,NULL,0,0),('a8d5b377-55f4-f5c0-9e7c-6798de86ede1','jjwg_maps_jjwg_markers','jjwg_Maps','jjwg_maps','id','jjwg_Markers','jjwg_markers','id','jjwg_maps_jjwg_markers_c','jjwg_maps_b229wg_maps_ida','jjwg_maps_2e31markers_idb','many-to-many',NULL,NULL,0,0),('a913d082-0171-37b7-d906-6798de293445','project_contacts_1','Project','project','id','Contacts','contacts','id','project_contacts_1_c','project_contacts_1project_ida','project_contacts_1contacts_idb','many-to-many',NULL,NULL,0,0),('a9a69af4-0d75-72b2-cfdc-6798de767434','project_users_1','Project','project','id','Users','users','id','project_users_1_c','project_users_1project_ida','project_users_1users_idb','many-to-many',NULL,NULL,0,0),('a9df9a1e-812e-e574-cacb-6798de3ceaae','securitygroups_acl_roles','SecurityGroups','securitygroups','id','ACLRoles','acl_roles','id','securitygroups_acl_roles','securitygroup_id','role_id','many-to-many',NULL,NULL,0,0),('ae5e2b22-aa5a-9a90-3885-6798de6c123a','securitygroups_project_task','SecurityGroups','securitygroups','id','ProjectTask','project_task','id','securitygroups_records','securitygroup_id','record_id','many-to-many','module','ProjectTask',0,0),('ae9d0e12-b521-a71b-4bbe-6798ded8215c','securitygroups_prospect_lists','SecurityGroups','securitygroups','id','ProspectLists','prospect_lists','id','securitygroups_records','securitygroup_id','record_id','many-to-many','module','ProspectLists',0,0),('af05a8b5-23ab-a574-7916-6798de3d9d89','securitygroups_users','SecurityGroups','securitygroups','id','Users','users','id','securitygroups_users','securitygroup_id','user_id','many-to-many',NULL,NULL,0,0),('af31ba7d-760d-aeac-1e3c-6798de79e133','surveyquestionoptions_surveyquestionresponses','SurveyQuestionOptions','surveyquestionoptions','id','SurveyQuestionResponses','surveyquestionresponses','id','surveyquestionoptions_surveyquestionresponses','surveyq72c7options_ida','surveyq10d4sponses_idb','many-to-many',NULL,NULL,0,0),('af6147dc-7749-8278-0b10-6798deae026e','ops_etape_ops_statut','OPS_etape','ops_etape','id','OPS_statut','ops_statut','id','ops_etape_ops_statut','ops_etape_id','ops_statut_id','many-to-many',NULL,NULL,0,0),('af8c1b37-efb5-e114-115e-6798de9cc792','ops_guide_instruction_ops_etape','OPS_guide_instruction','ops_guide_instruction','id','OPS_etape','ops_etape','id','ops_guide_instruction_ops_etape','ops_guide_instruction_id','ops_etape_id','many-to-many',NULL,NULL,0,0),('afb7b727-d659-5278-eed6-6798de330966','ops_guide_instruction_ops_dispositif','OPS_guide_instruction','ops_guide_instruction','id','OPS_dispositif','ops_dispositif','id','ops_guide_instruction_ops_dispositif','ops_guide_instruction_id','ops_dispositif_id','many-to-many',NULL,NULL,0,0),('afe4fc6e-d545-3ab5-8625-6798de9487cb','ops_individu_ops_appairage','OPS_individu','ops_individu','id','OPS_appairage','ops_appairage','parent_id',NULL,NULL,NULL,'one-to-many',NULL,NULL,0,0),('b0182fce-0f97-9c03-fee1-6798de1e69db','ops_individu_activities_calls','OPS_individu','ops_individu','id','Calls','calls','parent_id',NULL,NULL,NULL,'one-to-many','parent_type','OPS_individu',0,0),('b047b36d-b4e9-5051-52b3-6798deb1bb71','ops_dossier_documents','OPS_dossier','ops_dossier','id','Documents','documents','id','ops_dossier_documents','ops_dossier_id','document_id','many-to-many',NULL,NULL,0,0),('b07b6609-dbb2-6022-d0b5-6798de09c8e6','ops_dossier_ops_justificatif','OPS_dossier','ops_dossier','id','OPS_justificatif','ops_justificatif','id','ops_dossier_ops_justificatif','ops_dossier_id','ops_justificatif_id','many-to-many',NULL,NULL,0,0),('b0ab768b-785d-5c0b-7bc8-6798dee8508a','ops_commission_documents','OPS_commission','ops_commission','id','Documents','documents','id','ops_commission_documents','ops_commission_id','document_id','many-to-many',NULL,NULL,0,0),('b0e1baee-580a-39b4-1577-6798de14dc91','ops_action_statut_ops_statut','OPS_statut','ops_statut','id','OPS_action_statut','ops_action_statut','id','ops_action_statut_ops_statut','ops_statut_id','ops_action_statut_id','many-to-many',NULL,NULL,0,0),('b1180982-e416-da61-42ef-6798de7b6e6c','ops_journal_detail_ops_journal','OPS_journal','ops_journal','id','OPS_journal_detail','ops_journal_detail','id','ops_journal_detail_ops_journal','ops_journal_id','ops_journal_detail_id','many-to-many',NULL,NULL,0,0),('b14aae2b-1473-17b0-8171-6798def53053','ops_appairage_ops_journal','OPS_appairage','ops_appairage','id','OPS_journal','ops_journal','parent_id',NULL,NULL,NULL,'one-to-many',NULL,NULL,0,0),('b184e11a-4c1b-80bb-9a1b-6798de02b0a5','ops_individu_activities_tasks','OPS_individu','ops_individu','id','Tasks','tasks','parent_id',NULL,NULL,NULL,'one-to-many','parent_type','OPS_individu',0,0),('b1c0b3bd-7baf-8a95-c8e9-6798de7f726b','ops_personne_morale_ops_personne_morale_individu','OPS_personne_morale','ops_personne_morale','id','OPS_personne_morale_individu','ops_personne_morale_individu','id','ops_personne_morale_ops_personne_morale_individu','ops_personne_morale_id','ops_personne_morale_individu_id','many-to-many',NULL,NULL,0,0),('b20e9942-8995-a900-ff23-6798de31ab1f','ops_dossier_ops_suivi_dossier','OPS_dossier','ops_dossier','id','OPS_suivi_dossier','ops_suivi_dossier','id','ops_dossier_ops_suivi_dossier','ops_dossier_id','ops_suivi_dossier_id','many-to-many',NULL,NULL,0,0),('b2b3d22c-2672-3576-57d5-6798deaef7f4','ops_type_document_documents','OPS_type_document','ops_type_document','id','Documents','documents','id','ops_type_document_documents','ops_type_document_id','document_id','many-to-many',NULL,NULL,0,0),('b2f2e6ba-2629-6241-4b48-6798de54dab0','ops_dispositif_ops_dossier','OPS_dispositif','ops_dispositif','id','OPS_dossier','ops_dossier','id','ops_dispositif_ops_dossier','ops_dispositif_id','ops_dossier_id','many-to-many',NULL,NULL,0,0),('b329a133-84e3-b127-3661-6798de9344d1','ops_individu_ops_dossier','OPS_individu','ops_individu','id','OPS_dossier','ops_dossier','id','ops_individu_ops_dossier','ops_individu_id','ops_dossier_id','many-to-many',NULL,NULL,0,0),('b361def3-399f-fde2-0ffa-6798de118581','ops_dossier_ops_appairage','OPS_dossier','ops_dossier','id','OPS_appairage','ops_appairage','parent_id',NULL,NULL,NULL,'one-to-many',NULL,NULL,0,0),('b3961ff7-f33c-e23b-37fd-6798de2cbfb9','ops_historisation_ops_dossier','OPS_dossier','ops_dossier','id','OPS_historisation','ops_historisation','id','ops_historisation_ops_dossier','ops_dossier_id','ops_historisation_id','many-to-many',NULL,NULL,0,0),('b3c6ff8b-eacc-5332-a74d-6798de98193f','ops_historique_connexion_ops_individu','OPS_individu','ops_individu','id','OPS_historique_connexion','ops_historique_connexion','id','ops_historique_connexion_ops_individu','ops_individu_id','ops_historique_connexion_id','many-to-many',NULL,NULL,0,0),('b3ed7b0a-e1ab-8595-45ba-6798de1774ec','ops_integrites_req_ops_integrites','OPS_integrites','ops_integrites','id','OPS_integrites_req','ops_integrites_req','id','ops_integrites_req_ops_integrites','ops_integrites_id','ops_integrites_req_id','many-to-many',NULL,NULL,0,0),('b40fe57f-6117-b7c8-68e0-6798defddd4a','ops_connecteur_ops_flux','OPS_connecteur','ops_connecteur','id','OPS_flux','ops_flux','id','ops_connecteur_ops_flux','ops_connecteur_id','ops_flux_id','many-to-many',NULL,NULL,0,0),('b43645ad-af46-46d1-a8d4-6798de7492de','ops_flux_ops_flux_element','OPS_flux','ops_flux','id','OPS_flux_element','ops_flux_element','id','ops_flux_ops_flux_element','ops_flux_id','ops_flux_element_id','many-to-many',NULL,NULL,0,0),('b45b2d45-fb50-6e71-4c2a-6798dee0a003','ops_dossier_ops_journal','OPS_dossier','ops_dossier','id','OPS_journal','ops_journal','parent_id',NULL,NULL,NULL,'one-to-many',NULL,NULL,0,0),('b48284e5-afea-18db-c5c3-6798de9d10a6','ops_territoire_ops_type_territoire','OPS_type_territoire','ops_type_territoire','id','OPS_territoire','ops_territoire','id','ops_territoire_ops_type_territoire','ops_type_territoire_id','ops_territoire_id','many-to-many',NULL,NULL,0,0),('b4a7a6ea-b6bd-b1fa-7267-6798de99a880','ops_sous_territoire_ops_territoire','OPS_territoire','ops_territoire','id','OPS_sous_territoire','ops_sous_territoire','id','ops_sous_territoire_ops_territoire','ops_territoire_id','ops_sous_territoire_id','many-to-many',NULL,NULL,0,0),('b4cabfa8-1c0f-b373-4575-6798de5caabb','ops_sous_territoire_ops_dossier','OPS_sous_territoire','ops_sous_territoire','id','OPS_dossier','ops_dossier','id','ops_sous_territoire_ops_dossier','ops_sous_territoire_id','ops_dossier_id','many-to-many',NULL,NULL,0,0),('b4f00425-762b-5837-fc87-6798ded56bfc','ops_habilitation_dispositif_ops_dispositif','OPS_dispositif','ops_dispositif','id','OPS_habilitation_dispositif','ops_habilitation_dispositif','id','ops_habilitation_dispositif_ops_dispositif','ops_dispositif_id','ops_habilitation_dispositif_id','many-to-many',NULL,NULL,0,0),('b51532ac-bef0-ccba-3dff-6798de7b05eb','ops_habilitation_etape_ops_habilitation_dispositif','OPS_habilitation_dispositif','ops_habilitation_dispositif','id','OPS_habilitation_etape','ops_habilitation_etape','id','ops_habilitation_etape_ops_habilitation_dispositif','ops_habilitation_dispositif_id','ops_habilitation_etape_id','many-to-many',NULL,NULL,0,0),('b539a447-a1d6-0414-ef20-6798decf7916','ops_habilitation_etape_ops_etape','OPS_habilitation_etape','ops_habilitation_etape','id','OPS_etape','ops_etape','id','ops_habilitation_etape_ops_etape','ops_habilitation_etape_id','ops_etape_id','many-to-many',NULL,NULL,0,0),('b55dba70-7d77-e407-a784-6798de54570f','ops_dashlet_onglet_ops_onglet','OPS_onglet','ops_onglet','id','OPS_dashlet_onglet','ops_dashlet_onglet','id','ops_dashlet_onglet_ops_onglet','ops_onglet_id','ops_dashlet_onglet_id','many-to-many',NULL,NULL,0,0),('b5808b17-d545-04a7-c600-6798debe7f0c','ops_dashlet_onglet_ops_dashlet','OPS_dashlet','ops_dashlet','id','OPS_dashlet_onglet','ops_dashlet_onglet','id','ops_dashlet_onglet_ops_dashlet','ops_dashlet_id','ops_dashlet_onglet_id','many-to-many',NULL,NULL,0,0),('b5a4d05a-d6e1-5a87-a2f9-6798dedce089','ops_onglet_securitygroups_ops_onglet','OPS_onglet','ops_onglet','id','OPS_onglet_securitygroups','ops_onglet_securitygroups','id','ops_onglet_securitygroups_ops_onglet','ops_onglet_id','securitygroups_id','many-to-many',NULL,NULL,0,0),('b5c51fe0-4589-03b3-e20f-6798de864dba','ops_elu_ops_dossier','OPS_elu','ops_elu','id','OPS_dossier','ops_dossier','id','ops_elu_ops_dossier','ops_elu_id','ops_dossier_id','many-to-many',NULL,NULL,0,0),('b5ea2501-da63-a723-7af0-6798dec13ab4','ops_reunion_ops_dossier','OPS_reunion','ops_reunion','id','OPS_dossier','ops_dossier','id','ops_reunion_ops_dossier','ops_reunion_id','ops_dossier_id','many-to-many',NULL,NULL,0,0),('b60c663c-46a0-afca-03fa-6798de876c79','ops_dossier_ops_dossier','OPS_dossier','ops_dossier','id','OPS_dossier','ops_dossier','id','ops_dossier_ops_dossier','ops_dossier_id','ops_dossier_id2','many-to-many',NULL,NULL,0,0),('b6325e8f-4a98-0134-c81e-6798de1556b0','ops_sous_territoire_ops_personne_morale','OPS_sous_territoire','ops_sous_territoire','id','OPS_personne_morale','ops_personne_morale','id','ops_sous_territoire_ops_personne_morale','ops_sous_territoire_id','ops_personne_morale_id','many-to-many',NULL,NULL,0,0),('b653597f-12b1-fd82-5b85-6798deebe630','ops_individu_ops_personne_morale_individu','OPS_individu','ops_individu','id','OPS_personne_morale_individu','ops_personne_morale_individu','id','ops_individu_ops_personne_morale_individu','ops_individu_id','ops_personne_morale_individu_id','many-to-many',NULL,NULL,0,0),('b679767d-97a2-6918-1a36-6798de84bcbc','ops_personne_morale_ops_appairage','OPS_personne_morale','ops_personne_morale','id','OPS_appairage','ops_appairage','parent_id',NULL,NULL,NULL,'one-to-many',NULL,NULL,0,0),('b69de7f2-f3c9-ae95-5f9b-6798de747ff7','ops_personne_morale_ops_journal','OPS_personne_morale','ops_personne_morale','id','OPS_journal','ops_journal','parent_id',NULL,NULL,NULL,'one-to-many',NULL,NULL,0,0),('b6bfef7d-c5af-f71b-2588-6798de9b990b','ops_type_personne_ops_personne_morale','OPS_type_personne','ops_type_personne','id','OPS_personne_morale','ops_personne_morale','id','ops_type_personne_ops_personne_morale','ops_type_personne_id','ops_personne_morale_id','many-to-many',NULL,NULL,0,0),('b6e2f829-dacc-2966-f329-6798de1d9b73','ops_type_personne_ops_individu','OPS_type_personne','ops_type_personne','id','OPS_individu','ops_individu','id','ops_type_personne_ops_individu','ops_type_personne_id','ops_individu_id','many-to-many',NULL,NULL,0,0),('b705dfac-b41d-40b3-3e53-6798de8459ba','ops_generateur_vue_ops_generateur_onglet','OPS_generateur_vue','ops_generateur_vue','id','OPS_generateur_onglet','ops_generateur_onglet','id','ops_generateur_vue_ops_generateur_onglet','ops_generateur_vue_id','ops_generateur_onglet_id','many-to-many',NULL,NULL,0,0),('b72b89c3-51fe-e781-42c1-6798de41f494','ops_generateur_vue_ops_dispositif','OPS_generateur_vue','ops_generateur_vue','id','OPS_dispositif','ops_dispositif','id','ops_generateur_vue_ops_dispositif','ops_generateur_vue_id','ops_dispositif_id','many-to-many',NULL,NULL,0,0),('b750f147-532b-725c-27fd-6798de3ac668','ops_generateur_onglet_ops_generateur_champ','OPS_generateur_onglet','ops_generateur_onglet','id','OPS_generateur_champ','ops_generateur_champ','id','ops_generateur_onglet_ops_generateur_champ','ops_generateur_onglet_id','ops_generateur_champ_id','many-to-many',NULL,NULL,0,0),('b77322e5-145d-6754-1000-6798dedf4bfd','ops_generateur_formulaire_ops_dispositif','OPS_generateur_formulaire','ops_generateur_formulaire','id','OPS_dispositif','ops_dispositif','id','ops_generateur_formulaire_ops_dispositif','ops_generateur_formulaire_id','ops_dispositif_id','many-to-many',NULL,NULL,0,0),('b796bbcc-4e25-f387-d25e-6798de654f72','ops_personne_morale_ops_justificatif','OPS_personne_morale','ops_personne_morale','id','OPS_justificatif','ops_justificatif','id','ops_personne_morale_ops_justificatif','ops_personne_morale_id','ops_justificatif_id','many-to-many',NULL,NULL,0,0),('b7b82577-7559-3081-6673-6798def030c5','ops_individu_documents','OPS_individu','ops_individu','id','Documents','documents','id','ops_individu_documents','ops_individu_id','document_id','many-to-many',NULL,NULL,0,0),('b7dac70d-63c0-b615-b106-6798de3dcdc2','ops_type_document_ops_justificatif','OPS_type_document','ops_type_document','id','OPS_justificatif','ops_justificatif','id','ops_type_document_ops_justificatif','ops_type_document_id','ops_justificatif_id','many-to-many',NULL,NULL,0,0),('b7fc88f8-1028-070f-54c0-6798de3c9720','ops_commission_ops_dossier','OPS_dossier','ops_dossier','id','OPS_commission','ops_commission','id','ops_commission_ops_dossier','ops_dossier_id','ops_commission_id','many-to-many',NULL,NULL,0,0),('b821d58a-ba48-ec7f-6805-6798de729e7b','ops_individu_activities_meetings','OPS_individu','ops_individu','id','Meetings','meetings','parent_id',NULL,NULL,NULL,'one-to-many','parent_type','OPS_individu',0,0),('b8442a61-250f-36e9-d95d-6798de8e6150','ops_dossier_notes','OPS_dossier','ops_dossier','id','Notes','notes','id','ops_dossier_notes','ops_dossier_id','note_id','many-to-many',NULL,NULL,0,0),('b86a380d-d659-2a4c-b4d5-6798de8a315d','ops_type_personne_ops_dispositif','OPS_dispositif','ops_dispositif','id','OPS_type_personne','ops_type_personne','id','ops_type_personne_ops_dispositif','ops_dispositif_id','ops_type_personne_id','many-to-many',NULL,NULL,0,0),('b88b99ea-2350-abd9-2d2f-6798de6ea18e','ops_individu_activities_emails','OPS_individu','ops_individu','id','Emails','emails','parent_id',NULL,NULL,NULL,'one-to-many','parent_type','OPS_individu',0,0),('b8acc0db-74a0-db1e-6250-6798decf4e5b','ops_individu_activities_notes','OPS_individu','ops_individu','id','Notes','notes','parent_id',NULL,NULL,NULL,'one-to-many','parent_type','OPS_individu',0,0),('b8ceb094-e203-4cab-7c8b-6798de8321e3','ops_territoire_users','OPS_territoire','ops_territoire','id','Users','users','id','ops_territoire_users','ops_territoire_id','users_id','many-to-many',NULL,NULL,0,0),('b8f1b97c-56ef-06f6-f185-6798dee5e838','ops_type_document_ops_justificatif_historisation','OPS_type_document','ops_type_document','id','OPS_justificatif_historisation','ops_justificatif_historisation','id','ops_type_document_ops_justificatif_historisation','ops_type_document_id','ops_justificatif_historisation_id','many-to-many',NULL,NULL,0,0),('b91307a8-13c9-e847-170e-6798deda7167','ops_domiciliation_ops_appairage','OPS_domiciliation','ops_domiciliation','id','OPS_appairage','ops_appairage','parent_id',NULL,NULL,NULL,'one-to-many',NULL,NULL,0,0),('b9338702-84ed-c5e3-48f2-6798de036597','ops_domiciliation_ops_journal','OPS_domiciliation','ops_domiciliation','id','OPS_journal','ops_journal','parent_id',NULL,NULL,NULL,'one-to-many',NULL,NULL,0,0),('b956f68c-fa12-27f0-422c-6798de814efb','ops_generateur_version_ops_generateur_formulaire','OPS_generateur_formulaire','ops_generateur_formulaire','id','OPS_generateur_version','ops_generateur_version','id','ops_generateur_version_ops_generateur_formulaire','ops_generateur_formulaire_id','ops_generateur_version_id','many-to-many',NULL,NULL,0,0),('b97df93a-241d-63da-b3a3-6798deb10c8f','ops_type_personne_ops_type_personne_type_document','OPS_type_personne','ops_type_personne','id','OPS_type_personne_type_document','ops_type_personne_type_document','id','ops_type_personne_ops_type_personne_type_document','ops_type_personne_id','ops_type_personne_type_document_id','many-to-many',NULL,NULL,0,0),('b9a21a12-1a1a-56ec-da97-6798de208d05','ops_type_document_ops_type_personne_type_document','OPS_type_document','ops_type_document','id','OPS_type_personne_type_document','ops_type_personne_type_document','id','ops_type_document_ops_type_personne_type_document','ops_type_document_id','ops_type_personne_type_document_id','many-to-many',NULL,NULL,0,0),('b9c33fbf-8de2-11ea-6ac4-6798deabf96e','ops_type_traitement_ops_type_traitement_etapes','OPS_type_traitement','ops_type_traitement','id','OPS_type_traitement_etapes','ops_type_traitement_etapes','id','ops_type_traitement_ops_type_traitement_etapes','ops_type_traitement_id','ops_type_traitement_etapes_id','many-to-many',NULL,NULL,0,0),('b9e76de6-61dc-c0b9-994c-6798de61da2d','ops_type_traitement_ops_traitement','OPS_type_traitement','ops_type_traitement','id','OPS_traitement','ops_traitement','id','ops_type_traitement_ops_traitement','ops_type_traitement_id','ops_traitement_id','many-to-many',NULL,NULL,0,0),('ba08b8e2-5ce4-e5d9-2128-6798de123578','ops_type_traitement_etapes_ops_traitement','OPS_type_traitement_etapes','ops_type_traitement_etapes','id','OPS_traitement','ops_traitement','id','ops_type_traitement_etapes_ops_traitement','ops_type_traitement_etapes_id','ops_traitement_id','many-to-many',NULL,NULL,0,0),('ba2a42b7-9796-4595-0844-6798deb601c8','ops_traitement_ops_traitement_valeurs','OPS_traitement','ops_traitement','id','OPS_traitement_valeurs','ops_traitement_valeurs','id','ops_traitement_ops_traitement_valeurs','ops_traitement_id','ops_traitement_valeurs_id','many-to-many',NULL,NULL,0,0),('ba513f52-0ed7-31c5-83f9-6798deb8303e','ops_traitement_ops_traitement_historique','OPS_traitement','ops_traitement','id','OPS_traitement_historique','ops_traitement_historique','id','ops_traitement_ops_traitement_historique','ops_traitement_id','ops_traitement_historique_id','many-to-many',NULL,NULL,0,0),('ba73847d-4b41-ed9a-ce8d-6798de4879de','ops_lien_parente_ops_individu','OPS_individu','ops_individu','id','OPS_lien_parente','ops_lien_parente','id','ops_lien_parente_ops_individu','ops_individu_id','ops_lien_parente_id','many-to-many',NULL,NULL,0,0),('ba9a3665-7e51-b4c8-11c2-6798de941e23','ops_lien_parente_ops_individu_2','OPS_individu','ops_individu','id','OPS_lien_parente','ops_lien_parente','id','ops_lien_parente_ops_individu_2','ops_individu_id2','ops_lien_parente_id','many-to-many',NULL,NULL,0,0),('babd3992-e687-2b11-f764-6798de699667','ops_personne_morale_ops_information_fiscale','OPS_personne_morale','ops_personne_morale','id','OPS_information_fiscale','ops_information_fiscale','id','ops_personne_morale_ops_information_fiscale','ops_personne_morale_id','ops_information_fiscale_id','many-to-many',NULL,NULL,0,0),('bae146ba-ef07-d602-97fb-6798de91384e','ops_personne_morale_ops_historique_adresse','OPS_personne_morale','ops_personne_morale','id','OPS_historique_adresse','ops_historique_adresse','id','ops_personne_morale_ops_historique_adresse','ops_personne_morale_id','ops_historique_adresse_id','many-to-many',NULL,NULL,0,0),('bb042e43-4660-750d-22c0-6798def675e2','ops_personne_morale_ops_domiciliation','OPS_personne_morale','ops_personne_morale','id','OPS_domiciliation','ops_domiciliation','id','ops_personne_morale_ops_domiciliation','ops_personne_morale_id','ops_domiciliation_id','many-to-many',NULL,NULL,0,0),('bb2fbc14-a249-667f-135a-6798deb89bdd','ops_personne_morale_individu_ops_calendrier_garde','OPS_personne_morale_individu','ops_personne_morale_individu','id','OPS_calendrier_garde','ops_calendrier_garde','id','ops_personne_morale_individu_ops_calendrier_garde','ops_personne_morale_individu_id','ops_calendrier_garde_id','many-to-many',NULL,NULL,0,0),('bb55712f-ef1a-8526-b1a3-6798de53cfad','ops_personne_morale_individu_2_ops_calendrier_garde','OPS_personne_morale_individu','ops_personne_morale_individu','id','OPS_calendrier_garde','ops_calendrier_garde','id','ops_personne_morale_individu_2_ops_calendrier_garde','ops_personne_morale_individu_id2','ops_calendrier_garde_id','many-to-many',NULL,NULL,0,0),('bb771ffe-1f33-b443-e96c-6798de7933b4','ops_classement_ops_dossier','OPS_dossier','ops_dossier','id','OPS_classement','ops_classement','id','ops_classement_ops_dossier','ops_dossier_id','ops_classement_id','many-to-many',NULL,NULL,0,0),('bb9aa852-6a8f-ddee-2b43-6798deeb9ebf','ops_niveau_2_ops_niveau_1','OPS_niveau_1','ops_niveau_1','id','OPS_niveau_2','ops_niveau_2','id','ops_niveau_2_ops_niveau_1_c','ops_niveau_1_id','ops_niveau_2_id','many-to-many',NULL,NULL,0,0),('bbc09db5-858f-270e-d714-6798dedf8ad7','ops_niveau_3_ops_niveau_2','OPS_niveau_2','ops_niveau_2','id','OPS_niveau_3','ops_niveau_3','id','ops_niveau_3_ops_niveau_2','ops_niveau_2_id','ops_niveau_3_id','many-to-many',NULL,NULL,0,0),('bbe6d330-a4a8-6314-e560-6798dedc97ca','ops_niveau_1_ops_classement_type','OPS_classement_type','ops_classement_type','id','OPS_niveau_1','ops_niveau_1','id','ops_niveau_1_ops_classement_type','ops_classement_type_id','ops_niveau_1_id','many-to-many',NULL,NULL,0,0),('bc097f01-d226-4156-ae4f-6798de9c22a4','ops_niveau_4_ops_niveau_3','OPS_niveau_3','ops_niveau_3','id','OPS_niveau_4','ops_niveau_4','id','ops_niveau_4_ops_niveau_3','ops_niveau_3_id','ops_niveau_4_id','many-to-many',NULL,NULL,0,0),('bc2d4fce-895e-dc28-f833-6798de261e9d','ops_individu_ops_domiciliation','OPS_individu','ops_individu','id','OPS_domiciliation','ops_domiciliation','id','ops_individu_ops_domiciliation','ops_individu_id','ops_domiciliation_id','many-to-many',NULL,NULL,0,0),('bc4fabde-750d-6427-270e-6798deb46a77','ops_liste_valeur_ops_liste_referentiel','OPS_liste_referentiel','ops_liste_referentiel','id','OPS_liste_valeur','ops_liste_valeur','id','ops_liste_valeur_ops_liste_referentiel','ops_liste_referentiel_id','ops_liste_valeur_id','many-to-many',NULL,NULL,0,0),('bc70e872-ad8b-63fa-bd29-6798de622581','ops_modele_document_ops_type_personne','OPS_modele_document','ops_modele_document','id','OPS_type_personne','ops_type_personne','id','ops_modele_document_ops_type_personne','ops_modele_document_id','ops_type_personne_id','many-to-many',NULL,NULL,0,0),('bc925ad6-340c-b9d6-77d8-6798de8abc50','ops_modele_document_ops_dispositif','OPS_modele_document','ops_modele_document','id','OPS_dispositif','ops_dispositif','id','ops_modele_document_ops_dispositif','ops_modele_document_id','ops_dispositif_id','many-to-many',NULL,NULL,0,0),('bcb4febc-67d0-62bb-4f88-6798de22e60f','ops_justificatif_historisation_ops_justificatif','OPS_justificatif','ops_justificatif','id','OPS_justificatif_historisation','ops_justificatif_historisation','id','ops_justificatif_historisation_ops_justificatif','ops_justificatif_id','ops_justificatif_historisation_id','many-to-many',NULL,NULL,0,0),('bcda7e0b-724a-b9d7-3137-6798de72e112','ops_dossier_activities_calls','OPS_dossier','ops_dossier','id','Calls','calls','parent_id',NULL,NULL,NULL,'one-to-many','parent_type','OPS_dossier',0,0),('bcfda76e-bea4-1087-5230-6798de8d1f15','ops_dossier_activities_meetings','OPS_dossier','ops_dossier','id','Meetings','meetings','parent_id',NULL,NULL,NULL,'one-to-many','parent_type','OPS_dossier',0,0),('bd1f2f2d-d0c5-1494-c6d1-6798dec4b75c','ops_dossier_activities_notes','OPS_dossier','ops_dossier','id','Notes','notes','parent_id',NULL,NULL,NULL,'one-to-many','parent_type','OPS_dossier',0,0),('bd3fbcc1-5cab-1cb6-eefd-6798de7482a7','ops_dossier_activities_tasks','OPS_dossier','ops_dossier','id','Tasks','tasks','parent_id',NULL,NULL,NULL,'one-to-many','parent_type','OPS_dossier',0,0),('bd62985c-8cf2-696f-f1a2-6798de00d3fe','ops_dossier_activities_emails','OPS_dossier','ops_dossier','id','Emails','emails','parent_id',NULL,NULL,NULL,'one-to-many','parent_type','OPS_dossier',0,0),('bd86e264-0aa7-9afd-f74b-6798de7d5b76','ops_personne_morale_notes','OPS_personne_morale','ops_personne_morale','id','Notes','notes','id','ops_personne_morale_notes','ops_personne_morale_id','note_id','many-to-many',NULL,NULL,0,0),('bda93ed5-a526-bea5-76be-6798dedbf099','ops_habilitation_dispositif_securitygroups','OPS_habilitation_dispositif','ops_habilitation_dispositif','id','SecurityGroups','securitygroups','id','ops_habilitation_dispositif_securitygroups','ops_habilitation_dispositif_id','securitygroups_id','many-to-many',NULL,NULL,0,0),('bdcbe3b8-e369-824e-1258-6798de604d5a','ops_onglet_securitygroups_securitygroups','SecurityGroups','securitygroups','id','OPS_onglet_securitygroups','ops_onglet_securitygroups','id','ops_onglet_securitygroups_securitygroups','securitygroups_id','ops_onglet_securitygroups_id','many-to-many',NULL,NULL,0,0),('bdef69bb-8005-312e-9929-6798defb20b3','ops_personne_morale_activities_calls','OPS_personne_morale','ops_personne_morale','id','Calls','calls','parent_id',NULL,NULL,NULL,'one-to-many','parent_type','OPS_personne_morale',0,0),('be105d8a-63f6-086c-bae9-6798de00aa67','ops_personne_morale_activities_emails','OPS_personne_morale','ops_personne_morale','id','Emails','emails','parent_id',NULL,NULL,NULL,'one-to-many','parent_type','OPS_personne_morale',0,0),('be32ccd3-26ad-5175-56bf-6798de4ddac0','ops_personne_morale_activities_meetings','OPS_personne_morale','ops_personne_morale','id','Meetings','meetings','parent_id',NULL,NULL,NULL,'one-to-many','parent_type','OPS_personne_morale',0,0),('be54abb4-4339-ae1e-4673-6798de1e0223','ops_personne_morale_activities_notes','OPS_personne_morale','ops_personne_morale','id','Notes','notes','parent_id',NULL,NULL,NULL,'one-to-many','parent_type','OPS_personne_morale',0,0),('be75f371-2537-4644-98cb-6798de0d8de4','ops_personne_morale_activities_tasks','OPS_personne_morale','ops_personne_morale','id','Tasks','tasks','parent_id',NULL,NULL,NULL,'one-to-many','parent_type','OPS_personne_morale',0,0),('be995ebd-a7aa-980b-629d-6798de504d4c','ops_personne_morale_documents','OPS_personne_morale','ops_personne_morale','id','Documents','documents','id','ops_personne_morale_documents','ops_personne_morale_id','document_id','many-to-many',NULL,NULL,0,0),('beba907b-c7ab-6179-3212-6798de8a1d60','ops_rapport_securitygroups','OPS_rapport','ops_rapport','id','SecurityGroups','securitygroups','id','ops_rapport_securitygroups','ops_rapport_id','securitygroups_id','many-to-many',NULL,NULL,0,0);

--
